Jul 03 05:19:18.679023 np0000004373 nova-conductor[95589]: DEBUG cotyledon.oslo_config_glue [-] oslo_messaging_notifications.transport_url = **** {{(pid=95589) log_opt_values /opt/stack/data/venv/lib/python3.12/site-packages/oslo_config/cfg.py:3253}}
Jul 03 05:19:18.679023 np0000004373 nova-conductor[95589]: DEBUG cotyledon.oslo_config_glue [-] oslo_limit.auth_section = None {{(pid=95589) log_opt_values /opt/stack/data/venv/lib/python3.12/site-packages/oslo_config/cfg.py:3253}}
Jul 03 05:19:18.679023 np0000004373 nova-conductor[95589]: DEBUG cotyledon.oslo_config_glue [-] oslo_limit.auth_type = None {{(pid=95589) log_opt_values /opt/stack/data/venv/lib/python3.12/site-packages/oslo_config/cfg.py:3253}}
Jul 03 05:19:18.679023 np0000004373 nova-conductor[95589]: DEBUG cotyledon.oslo_config_glue [-] oslo_limit.cafile = None {{(pid=95589) log_opt_values /opt/stack/data/venv/lib/python3.12/site-packages/oslo_config/cfg.py:3253}}
Jul 03 05:19:18.679023 np0000004373 nova-conductor[95589]: DEBUG cotyledon.oslo_config_glue [-] oslo_limit.certfile = None {{(pid=95589) log_opt_values /opt/stack/data/venv/lib/python3.12/site-packages/oslo_config/cfg.py:3253}}
Jul 03 05:19:18.679023 np0000004373 nova-conductor[95589]: DEBUG cotyledon.oslo_config_glue [-] oslo_limit.collect_timing = False {{(pid=95589) log_opt_values /opt/stack/data/venv/lib/python3.12/site-packages/oslo_config/cfg.py:3253}}
Jul 03 05:19:18.679023 np0000004373 nova-conductor[95589]: DEBUG cotyledon.oslo_config_glue [-] oslo_limit.connect_retries = None {{(pid=95589) log_opt_values /opt/stack/data/venv/lib/python3.12/site-packages/oslo_config/cfg.py:3253}}
Jul 03 05:19:18.679023 np0000004373 nova-conductor[95589]: DEBUG cotyledon.oslo_config_glue [-] oslo_limit.connect_retry_delay = None {{(pid=95589) log_opt_values /opt/stack/data/venv/lib/python3.12/site-packages/oslo_config/cfg.py:3253}}
Jul 03 05:19:18.679023 np0000004373 nova-conductor[95589]: DEBUG cotyledon.oslo_config_glue [-] oslo_limit.endpoint_id = None {{(pid=95589) log_opt_values /opt/stack/data/venv/lib/python3.12/site-packages/oslo_config/cfg.py:3253}}
Jul 03 05:19:18.679188 np0000004373 nova-conductor[95589]: DEBUG cotyledon.oslo_config_glue [-] oslo_limit.endpoint_interface = public {{(pid=95589) log_opt_values /opt/stack/data/venv/lib/python3.12/site-packages/oslo_config/cfg.py:3253}}
Jul 03 05:19:18.679188 np0000004373 nova-conductor[95589]: DEBUG cotyledon.oslo_config_glue [-] oslo_limit.endpoint_override = None {{(pid=95589) log_opt_values /opt/stack/data/venv/lib/python3.12/site-packages/oslo_config/cfg.py:3253}}
Jul 03 05:19:18.679188 np0000004373 nova-conductor[95589]: DEBUG cotyledon.oslo_config_glue [-] oslo_limit.endpoint_region_name = None {{(pid=95589) log_opt_values /opt/stack/data/venv/lib/python3.12/site-packages/oslo_config/cfg.py:3253}}
Jul 03 05:19:18.679188 np0000004373 nova-conductor[95589]: DEBUG cotyledon.oslo_config_glue [-] oslo_limit.endpoint_service_name = None {{(pid=95589) log_opt_values /opt/stack/data/venv/lib/python3.12/site-packages/oslo_config/cfg.py:3253}}
Jul 03 05:19:18.679188 np0000004373 nova-conductor[95589]: DEBUG cotyledon.oslo_config_glue [-] oslo_limit.endpoint_service_type = None {{(pid=95589) log_opt_values /opt/stack/data/venv/lib/python3.12/site-packages/oslo_config/cfg.py:3253}}
Jul 03 05:19:18.679188 np0000004373 nova-conductor[95589]: DEBUG cotyledon.oslo_config_glue [-] oslo_limit.insecure = False {{(pid=95589) log_opt_values /opt/stack/data/venv/lib/python3.12/site-packages/oslo_config/cfg.py:3253}}
Jul 03 05:19:18.679188 np0000004373 nova-conductor[95589]: DEBUG cotyledon.oslo_config_glue [-] oslo_limit.keyfile = None {{(pid=95589) log_opt_values /opt/stack/data/venv/lib/python3.12/site-packages/oslo_config/cfg.py:3253}}
Jul 03 05:19:18.679188 np0000004373 nova-conductor[95589]: DEBUG cotyledon.oslo_config_glue [-] oslo_limit.max_version = None {{(pid=95589) log_opt_values /opt/stack/data/venv/lib/python3.12/site-packages/oslo_config/cfg.py:3253}}
Jul 03 05:19:18.679188 np0000004373 nova-conductor[95589]: DEBUG cotyledon.oslo_config_glue [-] oslo_limit.min_version = None {{(pid=95589) log_opt_values /opt/stack/data/venv/lib/python3.12/site-packages/oslo_config/cfg.py:3253}}
Jul 03 05:19:18.679417 np0000004373 nova-conductor[95589]: DEBUG cotyledon.oslo_config_glue [-] oslo_limit.region_name = None {{(pid=95589) log_opt_values /opt/stack/data/venv/lib/python3.12/site-packages/oslo_config/cfg.py:3253}}
Jul 03 05:19:18.679417 np0000004373 nova-conductor[95589]: DEBUG cotyledon.oslo_config_glue [-] oslo_limit.retriable_status_codes = None {{(pid=95589) log_opt_values /opt/stack/data/venv/lib/python3.12/site-packages/oslo_config/cfg.py:3253}}
Jul 03 05:19:18.679417 np0000004373 nova-conductor[95589]: DEBUG cotyledon.oslo_config_glue [-] oslo_limit.service_name = None {{(pid=95589) log_opt_values /opt/stack/data/venv/lib/python3.12/site-packages/oslo_config/cfg.py:3253}}
Jul 03 05:19:18.679417 np0000004373 nova-conductor[95589]: DEBUG cotyledon.oslo_config_glue [-] oslo_limit.service_type = None {{(pid=95589) log_opt_values /opt/stack/data/venv/lib/python3.12/site-packages/oslo_config/cfg.py:3253}}
Jul 03 05:19:18.679417 np0000004373 nova-conductor[95589]: DEBUG cotyledon.oslo_config_glue [-] oslo_limit.split_loggers = False {{(pid=95589) log_opt_values /opt/stack/data/venv/lib/python3.12/site-packages/oslo_config/cfg.py:3253}}
Jul 03 05:19:18.679417 np0000004373 nova-conductor[95589]: DEBUG cotyledon.oslo_config_glue [-] oslo_limit.status_code_retries = None {{(pid=95589) log_opt_values /opt/stack/data/venv/lib/python3.12/site-packages/oslo_config/cfg.py:3253}}
Jul 03 05:19:18.679417 np0000004373 nova-conductor[95589]: DEBUG cotyledon.oslo_config_glue [-] oslo_limit.status_code_retry_delay = None {{(pid=95589) log_opt_values /opt/stack/data/venv/lib/python3.12/site-packages/oslo_config/cfg.py:3253}}
Jul 03 05:19:18.679417 np0000004373 nova-conductor[95589]: DEBUG cotyledon.oslo_config_glue [-] oslo_limit.timeout = None {{(pid=95589) log_opt_values /opt/stack/data/venv/lib/python3.12/site-packages/oslo_config/cfg.py:3253}}
Jul 03 05:19:18.679417 np0000004373 nova-conductor[95589]: DEBUG cotyledon.oslo_config_glue [-] oslo_limit.valid_interfaces = None {{(pid=95589) log_opt_values /opt/stack/data/venv/lib/python3.12/site-packages/oslo_config/cfg.py:3253}}
Jul 03 05:19:18.679598 np0000004373 nova-conductor[95589]: DEBUG cotyledon.oslo_config_glue [-] oslo_limit.version = None {{(pid=95589) log_opt_values /opt/stack/data/venv/lib/python3.12/site-packages/oslo_config/cfg.py:3253}}
Jul 03 05:19:18.679598 np0000004373 nova-conductor[95589]: DEBUG cotyledon.oslo_config_glue [-] oslo_reports.file_event_handler = None {{(pid=95589) log_opt_values /opt/stack/data/venv/lib/python3.12/site-packages/oslo_config/cfg.py:3253}}
Jul 03 05:19:18.679598 np0000004373 nova-conductor[95589]: DEBUG cotyledon.oslo_config_glue [-] oslo_reports.file_event_handler_interval = 1 {{(pid=95589) log_opt_values /opt/stack/data/venv/lib/python3.12/site-packages/oslo_config/cfg.py:3253}}
Jul 03 05:19:18.679598 np0000004373 nova-conductor[95589]: DEBUG cotyledon.oslo_config_glue [-] oslo_reports.log_dir = None {{(pid=95589) log_opt_values /opt/stack/data/venv/lib/python3.12/site-packages/oslo_config/cfg.py:3253}}
Jul 03 05:19:18.679598 np0000004373 nova-conductor[95589]: DEBUG cotyledon.oslo_config_glue [-] ******************************************************************************** {{(pid=95589) log_opt_values /opt/stack/data/venv/lib/python3.12/site-packages/oslo_config/cfg.py:3260}}
Jul 03 05:19:18.679598 np0000004373 nova-conductor[95589]: DEBUG cotyledon._service_worker [-] Run service ServiceWrapper(2) [95589] {{(pid=95589) wait_forever /opt/stack/data/venv/lib/python3.12/site-packages/cotyledon/_service_worker.py:218}}
Jul 03 05:19:18.679598 np0000004373 nova-conductor[95589]: INFO nova.service [-] Starting conductor node (version 33.1.0)
Jul 03 05:19:18.679598 np0000004373 nova-conductor[95589]: INFO dbcounter [None req-0b8dcbe3-6b27-4caa-83f9-945b54b444b5 None None] Registered counter for database nova_cell0
Jul 03 05:19:18.679755 np0000004373 nova-conductor[95582]: DEBUG oslo_db.sqlalchemy.engines [None req-23486ac0-32f5-4b28-99dc-3c42fe075a53 None None] MySQL server mode set to STRICT_TRANS_TABLES,STRICT_ALL_TABLES,NO_ZERO_IN_DATE,NO_ZERO_DATE,ERROR_FOR_DIVISION_BY_ZERO,TRADITIONAL,NO_ENGINE_SUBSTITUTION {{(pid=95582) _check_effective_sql_mode /opt/stack/data/venv/lib/python3.12/site-packages/oslo_db/sqlalchemy/engines.py:325}}
Jul 03 05:19:18.679755 np0000004373 nova-conductor[95582]: DEBUG dbcounter [-] [95582] Writer thread running {{(pid=95582) stat_writer /opt/stack/data/venv/lib/python3.12/site-packages/dbcounter.py:102}}
Jul 03 05:19:18.695246 np0000004373 nova-conductor[95582]: DEBUG nova.service [None req-23486ac0-32f5-4b28-99dc-3c42fe075a53 None None] Creating RPC server for service: nova-conductor on topic: conductor {{(pid=95582) start /opt/stack/nova/nova/service.py:196}}
Jul 03 05:19:18.702965 np0000004373 nova-conductor[95578]: DEBUG oslo_db.sqlalchemy.engines [None req-77d72661-7698-477d-8cc0-da1b2a42947c None None] MySQL server mode set to STRICT_TRANS_TABLES,STRICT_ALL_TABLES,NO_ZERO_IN_DATE,NO_ZERO_DATE,ERROR_FOR_DIVISION_BY_ZERO,TRADITIONAL,NO_ENGINE_SUBSTITUTION {{(pid=95578) _check_effective_sql_mode /opt/stack/data/venv/lib/python3.12/site-packages/oslo_db/sqlalchemy/engines.py:325}}
Jul 03 05:19:18.709450 np0000004373 nova-conductor[95589]: DEBUG oslo_db.sqlalchemy.engines [None req-0b8dcbe3-6b27-4caa-83f9-945b54b444b5 None None] MySQL server mode set to STRICT_TRANS_TABLES,STRICT_ALL_TABLES,NO_ZERO_IN_DATE,NO_ZERO_DATE,ERROR_FOR_DIVISION_BY_ZERO,TRADITIONAL,NO_ENGINE_SUBSTITUTION {{(pid=95589) _check_effective_sql_mode /opt/stack/data/venv/lib/python3.12/site-packages/oslo_db/sqlalchemy/engines.py:325}}
Jul 03 05:19:18.713091 np0000004373 nova-conductor[95578]: DEBUG dbcounter [-] [95578] Writer thread running {{(pid=95578) stat_writer /opt/stack/data/venv/lib/python3.12/site-packages/dbcounter.py:102}}
Jul 03 05:19:18.716710 np0000004373 nova-conductor[95578]: DEBUG nova.service [None req-77d72661-7698-477d-8cc0-da1b2a42947c None None] Creating RPC server for service: nova-conductor on topic: conductor {{(pid=95578) start /opt/stack/nova/nova/service.py:196}}
Jul 03 05:19:18.720875 np0000004373 nova-conductor[95582]: DEBUG nova.service [None req-23486ac0-32f5-4b28-99dc-3c42fe075a53 None None] Join ServiceGroup membership for this service conductor {{(pid=95582) start /opt/stack/nova/nova/service.py:222}}
Jul 03 05:19:18.720989 np0000004373 nova-conductor[95589]: DEBUG dbcounter [-] [95589] Writer thread running {{(pid=95589) stat_writer /opt/stack/data/venv/lib/python3.12/site-packages/dbcounter.py:102}}
Jul 03 05:19:18.721746 np0000004373 nova-conductor[95582]: DEBUG nova.servicegroup.drivers.db [None req-23486ac0-32f5-4b28-99dc-3c42fe075a53 None None] DB_Driver: join new ServiceGroup member np0000004373 to the conductor group, service = {{(pid=95582) join /opt/stack/nova/nova/servicegroup/drivers/db.py:44}}
Jul 03 05:19:18.724328 np0000004373 nova-conductor[95589]: DEBUG nova.service [None req-0b8dcbe3-6b27-4caa-83f9-945b54b444b5 None None] Creating RPC server for service: nova-conductor on topic: conductor {{(pid=95589) start /opt/stack/nova/nova/service.py:196}}
Jul 03 05:19:18.732864 np0000004373 nova-conductor[95578]: DEBUG nova.service [None req-77d72661-7698-477d-8cc0-da1b2a42947c None None] Join ServiceGroup membership for this service conductor {{(pid=95578) start /opt/stack/nova/nova/service.py:222}}
Jul 03 05:19:18.733082 np0000004373 nova-conductor[95578]: DEBUG nova.servicegroup.drivers.db [None req-77d72661-7698-477d-8cc0-da1b2a42947c None None] DB_Driver: join new ServiceGroup member np0000004373 to the conductor group, service = {{(pid=95578) join /opt/stack/nova/nova/servicegroup/drivers/db.py:44}}
Jul 03 05:19:18.747556 np0000004373 nova-conductor[95589]: DEBUG nova.service [None req-0b8dcbe3-6b27-4caa-83f9-945b54b444b5 None None] Join ServiceGroup membership for this service conductor {{(pid=95589) start /opt/stack/nova/nova/service.py:222}}
Jul 03 05:19:18.747880 np0000004373 nova-conductor[95589]: DEBUG nova.servicegroup.drivers.db [None req-0b8dcbe3-6b27-4caa-83f9-945b54b444b5 None None] DB_Driver: join new ServiceGroup member np0000004373 to the conductor group, service = {{(pid=95589) join /opt/stack/nova/nova/servicegroup/drivers/db.py:44}}
Jul 03 05:19:23.746036 np0000004373 nova-conductor[95582]: DEBUG oslo.service.backend._threading.loopingcall [-] Fixed interval looping call 'nova.servicegroup.drivers.db.DbDriver._report_state' sleeping for 119.98 seconds {{(pid=95582) _run_loop /opt/stack/data/venv/lib/python3.12/site-packages/oslo_service/backend/_threading/loopingcall.py:125}}
Jul 03 05:19:23.750130 np0000004373 nova-conductor[95578]: DEBUG oslo.service.backend._threading.loopingcall [-] Fixed interval looping call 'nova.servicegroup.drivers.db.DbDriver._report_state' sleeping for 119.99 seconds {{(pid=95578) _run_loop /opt/stack/data/venv/lib/python3.12/site-packages/oslo_service/backend/_threading/loopingcall.py:125}}
Jul 03 05:19:23.763021 np0000004373 nova-conductor[95589]: DEBUG oslo.service.backend._threading.loopingcall [-] Fixed interval looping call 'nova.servicegroup.drivers.db.DbDriver._report_state' sleeping for 119.99 seconds {{(pid=95589) _run_loop /opt/stack/data/venv/lib/python3.12/site-packages/oslo_service/backend/_threading/loopingcall.py:125}}
Jul 03 05:19:27.309317 np0000004373 nova-conductor[94104]: DEBUG dbcounter [-] [94104] Writing DB stats nova_api:SELECT=1 {{(pid=94104) stat_writer /opt/stack/data/venv/lib/python3.12/site-packages/dbcounter.py:115}}
Jul 03 05:19:27.436054 np0000004373 nova-conductor[94104]: DEBUG dbcounter [-] [94104] Writing DB stats nova_cell0:SELECT=1 {{(pid=94104) stat_writer /opt/stack/data/venv/lib/python3.12/site-packages/dbcounter.py:115}}
Jul 03 05:19:27.440090 np0000004373 nova-conductor[94104]: DEBUG dbcounter [-] [94104] Writing DB stats nova_cell1:SELECT=1 {{(pid=94104) stat_writer /opt/stack/data/venv/lib/python3.12/site-packages/dbcounter.py:115}}
Jul 03 05:19:33.737177 np0000004373 nova-conductor[95582]: DEBUG dbcounter [-] [95582] Writing DB stats nova_cell0:SELECT=4,nova_cell0:INSERT=1,nova_cell0:UPDATE=1 {{(pid=95582) stat_writer /opt/stack/data/venv/lib/python3.12/site-packages/dbcounter.py:115}}
Jul 03 05:19:33.748184 np0000004373 nova-conductor[95578]: DEBUG dbcounter [-] [95578] Writing DB stats nova_cell0:SELECT=3,nova_cell0:UPDATE=1 {{(pid=95578) stat_writer /opt/stack/data/venv/lib/python3.12/site-packages/dbcounter.py:115}}
Jul 03 05:19:33.761931 np0000004373 nova-conductor[95589]: DEBUG dbcounter [-] [95589] Writing DB stats nova_cell0:SELECT=3 {{(pid=95589) stat_writer /opt/stack/data/venv/lib/python3.12/site-packages/dbcounter.py:115}}
Jul 03 05:19:47.725555 np0000004373 nova-conductor[95582]: DEBUG oslo.service.backend._threading.loopingcall [None req-c0426dd1-c6b8-4049-b74f-ce7a396b37e2 None None] Dynamic interval looping call 'nova.service.Service.periodic_tasks' sleeping for 60.00 seconds {{(pid=95582) _run_loop /opt/stack/data/venv/lib/python3.12/site-packages/oslo_service/backend/_threading/loopingcall.py:125}}
Jul 03 05:19:50.735104 np0000004373 nova-conductor[95578]: DEBUG oslo.service.backend._threading.loopingcall [None req-5b22f284-794e-45e6-9313-f2903cf94533 None None] Dynamic interval looping call 'nova.service.Service.periodic_tasks' sleeping for 60.00 seconds {{(pid=95578) _run_loop /opt/stack/data/venv/lib/python3.12/site-packages/oslo_service/backend/_threading/loopingcall.py:125}}
Jul 03 05:20:09.750343 np0000004373 nova-conductor[95589]: DEBUG oslo.service.backend._threading.loopingcall [None req-63a6ffb0-a5ac-405d-86d0-ae2dce5376ed None None] Dynamic interval looping call 'nova.service.Service.periodic_tasks' sleeping for 60.00 seconds {{(pid=95589) _run_loop /opt/stack/data/venv/lib/python3.12/site-packages/oslo_service/backend/_threading/loopingcall.py:125}}
Jul 03 05:20:47.725556 np0000004373 nova-conductor[95582]: DEBUG oslo.service.backend._threading.loopingcall [None req-c0426dd1-c6b8-4049-b74f-ce7a396b37e2 None None] Dynamic interval looping call 'nova.service.Service.periodic_tasks' sleeping for 60.00 seconds {{(pid=95582) _run_loop /opt/stack/data/venv/lib/python3.12/site-packages/oslo_service/backend/_threading/loopingcall.py:125}}
Jul 03 05:20:50.735615 np0000004373 nova-conductor[95578]: DEBUG oslo.service.backend._threading.loopingcall [None req-5b22f284-794e-45e6-9313-f2903cf94533 None None] Dynamic interval looping call 'nova.service.Service.periodic_tasks' sleeping for 60.00 seconds {{(pid=95578) _run_loop /opt/stack/data/venv/lib/python3.12/site-packages/oslo_service/backend/_threading/loopingcall.py:125}}
Jul 03 05:21:09.751266 np0000004373 nova-conductor[95589]: DEBUG oslo.service.backend._threading.loopingcall [None req-63a6ffb0-a5ac-405d-86d0-ae2dce5376ed None None] Dynamic interval looping call 'nova.service.Service.periodic_tasks' sleeping for 60.00 seconds {{(pid=95589) _run_loop /opt/stack/data/venv/lib/python3.12/site-packages/oslo_service/backend/_threading/loopingcall.py:125}}
Jul 03 05:21:23.739035 np0000004373 nova-conductor[95582]: DEBUG oslo.service.backend._threading.loopingcall [-] Fixed interval looping call 'nova.servicegroup.drivers.db.DbDriver._report_state' sleeping for 119.99 seconds {{(pid=95582) _run_loop /opt/stack/data/venv/lib/python3.12/site-packages/oslo_service/backend/_threading/loopingcall.py:125}}
Jul 03 05:21:23.744259 np0000004373 nova-conductor[95578]: DEBUG oslo.service.backend._threading.loopingcall [-] Fixed interval looping call 'nova.servicegroup.drivers.db.DbDriver._report_state' sleeping for 120.00 seconds {{(pid=95578) _run_loop /opt/stack/data/venv/lib/python3.12/site-packages/oslo_service/backend/_threading/loopingcall.py:125}}
Jul 03 05:21:23.757534 np0000004373 nova-conductor[95589]: DEBUG oslo.service.backend._threading.loopingcall [-] Fixed interval looping call 'nova.servicegroup.drivers.db.DbDriver._report_state' sleeping for 120.00 seconds {{(pid=95589) _run_loop /opt/stack/data/venv/lib/python3.12/site-packages/oslo_service/backend/_threading/loopingcall.py:125}}
Jul 03 05:21:33.729787 np0000004373 nova-conductor[95582]: DEBUG dbcounter [-] [95582] Writing DB stats nova_cell0:SELECT=1,nova_cell0:UPDATE=1 {{(pid=95582) stat_writer /opt/stack/data/venv/lib/python3.12/site-packages/dbcounter.py:115}}
Jul 03 05:21:33.742246 np0000004373 nova-conductor[95578]: DEBUG dbcounter [-] [95578] Writing DB stats nova_cell0:SELECT=1 {{(pid=95578) stat_writer /opt/stack/data/venv/lib/python3.12/site-packages/dbcounter.py:115}}
Jul 03 05:21:33.755226 np0000004373 nova-conductor[95589]: DEBUG dbcounter [-] [95589] Writing DB stats nova_cell0:SELECT=1 {{(pid=95589) stat_writer /opt/stack/data/venv/lib/python3.12/site-packages/dbcounter.py:115}}
Jul 03 05:21:47.727213 np0000004373 nova-conductor[95582]: DEBUG oslo.service.backend._threading.loopingcall [None req-c0426dd1-c6b8-4049-b74f-ce7a396b37e2 None None] Dynamic interval looping call 'nova.service.Service.periodic_tasks' sleeping for 60.00 seconds {{(pid=95582) _run_loop /opt/stack/data/venv/lib/python3.12/site-packages/oslo_service/backend/_threading/loopingcall.py:125}}
Jul 03 05:21:50.736068 np0000004373 nova-conductor[95578]: DEBUG oslo.service.backend._threading.loopingcall [None req-5b22f284-794e-45e6-9313-f2903cf94533 None None] Dynamic interval looping call 'nova.service.Service.periodic_tasks' sleeping for 60.00 seconds {{(pid=95578) _run_loop /opt/stack/data/venv/lib/python3.12/site-packages/oslo_service/backend/_threading/loopingcall.py:125}}
Jul 03 05:21:56.014376 np0000004373 nova-conductor[95582]: DEBUG oslo_db.sqlalchemy.engines [None req-c303f1d2-a43f-44e5-87d0-0b6eca029e5c tempest-ServerActionsTestOtherA-1523544839 tempest-ServerActionsTestOtherA-1523544839-project-member] Parent process 94104 forked (95582) with an open database connection, which is being discarded and recreated. {{(pid=95582) checkout /opt/stack/data/venv/lib/python3.12/site-packages/oslo_db/sqlalchemy/engines.py:402}}
Jul 03 05:21:56.069943 np0000004373 nova-conductor[95582]: DEBUG dbcounter [-] [95582] Writer thread running {{(pid=95582) stat_writer /opt/stack/data/venv/lib/python3.12/site-packages/dbcounter.py:102}}
Jul 03 05:21:57.604006 np0000004373 nova-conductor[95582]: DEBUG nova.conductor.manager [None req-c303f1d2-a43f-44e5-87d0-0b6eca029e5c tempest-ServerActionsTestOtherA-1523544839 tempest-ServerActionsTestOtherA-1523544839-project-member] Took 1.53 seconds to select destinations for 1 instance(s). {{(pid=95582) _schedule_instances /opt/stack/nova/nova/conductor/manager.py:968}}
Jul 03 05:21:57.639862 np0000004373 nova-conductor[95582]: DEBUG oslo_concurrency.lockutils [None req-c303f1d2-a43f-44e5-87d0-0b6eca029e5c tempest-ServerActionsTestOtherA-1523544839 tempest-ServerActionsTestOtherA-1523544839-project-member] Acquiring lock "bed606e8-73e0-4c8b-88ee-01bb6c7fff5a" by "nova.context.set_target_cell..get_or_set_cached_cell_and_set_connections" {{(pid=95582) inner /opt/stack/data/venv/lib/python3.12/site-packages/oslo_concurrency/lockutils.py:511}}
Jul 03 05:21:57.640381 np0000004373 nova-conductor[95582]: DEBUG oslo_concurrency.lockutils [None req-c303f1d2-a43f-44e5-87d0-0b6eca029e5c tempest-ServerActionsTestOtherA-1523544839 tempest-ServerActionsTestOtherA-1523544839-project-member] Lock "bed606e8-73e0-4c8b-88ee-01bb6c7fff5a" acquired by "nova.context.set_target_cell..get_or_set_cached_cell_and_set_connections" :: waited 0.000s {{(pid=95582) inner /opt/stack/data/venv/lib/python3.12/site-packages/oslo_concurrency/lockutils.py:524}}
Jul 03 05:21:57.641617 np0000004373 nova-conductor[95582]: DEBUG oslo_concurrency.lockutils [None req-c303f1d2-a43f-44e5-87d0-0b6eca029e5c tempest-ServerActionsTestOtherA-1523544839 tempest-ServerActionsTestOtherA-1523544839-project-member] Lock "bed606e8-73e0-4c8b-88ee-01bb6c7fff5a" "released" by "nova.context.set_target_cell..get_or_set_cached_cell_and_set_connections" :: held 0.001s {{(pid=95582) inner /opt/stack/data/venv/lib/python3.12/site-packages/oslo_concurrency/lockutils.py:543}}
Jul 03 05:21:57.643562 np0000004373 nova-conductor[95582]: INFO dbcounter [None req-c303f1d2-a43f-44e5-87d0-0b6eca029e5c tempest-ServerActionsTestOtherA-1523544839 tempest-ServerActionsTestOtherA-1523544839-project-member] Registered counter for database nova_cell1
Jul 03 05:21:57.684324 np0000004373 nova-conductor[95582]: DEBUG oslo_db.sqlalchemy.engines [None req-c303f1d2-a43f-44e5-87d0-0b6eca029e5c tempest-ServerActionsTestOtherA-1523544839 tempest-ServerActionsTestOtherA-1523544839-project-member] MySQL server mode set to STRICT_TRANS_TABLES,STRICT_ALL_TABLES,NO_ZERO_IN_DATE,NO_ZERO_DATE,ERROR_FOR_DIVISION_BY_ZERO,TRADITIONAL,NO_ENGINE_SUBSTITUTION {{(pid=95582) _check_effective_sql_mode /opt/stack/data/venv/lib/python3.12/site-packages/oslo_db/sqlalchemy/engines.py:325}}
Jul 03 05:21:57.691769 np0000004373 nova-conductor[95582]: DEBUG dbcounter [-] [95582] Writer thread running {{(pid=95582) stat_writer /opt/stack/data/venv/lib/python3.12/site-packages/dbcounter.py:102}}
Jul 03 05:21:57.769229 np0000004373 nova-conductor[95582]: INFO nova.utils [None req-c303f1d2-a43f-44e5-87d0-0b6eca029e5c tempest-ServerActionsTestOtherA-1523544839 tempest-ServerActionsTestOtherA-1523544839-project-member] The cell worker thread pool ForkProcess-2.cell_worker is initialized
Jul 03 05:21:57.769629 np0000004373 nova-conductor[95582]: DEBUG oslo_concurrency.lockutils [None req-c303f1d2-a43f-44e5-87d0-0b6eca029e5c tempest-ServerActionsTestOtherA-1523544839 tempest-ServerActionsTestOtherA-1523544839-project-member] Acquiring lock "00000000-0000-0000-0000-000000000000" by "nova.context.set_target_cell..get_or_set_cached_cell_and_set_connections" {{(pid=95582) inner /opt/stack/data/venv/lib/python3.12/site-packages/oslo_concurrency/lockutils.py:511}}
Jul 03 05:21:57.769891 np0000004373 nova-conductor[95582]: DEBUG oslo_concurrency.lockutils [None req-c303f1d2-a43f-44e5-87d0-0b6eca029e5c tempest-ServerActionsTestOtherA-1523544839 tempest-ServerActionsTestOtherA-1523544839-project-member] Lock "00000000-0000-0000-0000-000000000000" acquired by "nova.context.set_target_cell..get_or_set_cached_cell_and_set_connections" :: waited 0.000s {{(pid=95582) inner /opt/stack/data/venv/lib/python3.12/site-packages/oslo_concurrency/lockutils.py:524}}
Jul 03 05:21:57.770345 np0000004373 nova-conductor[95582]: DEBUG oslo_concurrency.lockutils [None req-c303f1d2-a43f-44e5-87d0-0b6eca029e5c tempest-ServerActionsTestOtherA-1523544839 tempest-ServerActionsTestOtherA-1523544839-project-member] Lock "00000000-0000-0000-0000-000000000000" "released" by "nova.context.set_target_cell..get_or_set_cached_cell_and_set_connections" :: held 0.000s {{(pid=95582) inner /opt/stack/data/venv/lib/python3.12/site-packages/oslo_concurrency/lockutils.py:543}}
Jul 03 05:21:57.771214 np0000004373 nova-conductor[95582]: DEBUG oslo_concurrency.lockutils [None req-c303f1d2-a43f-44e5-87d0-0b6eca029e5c tempest-ServerActionsTestOtherA-1523544839 tempest-ServerActionsTestOtherA-1523544839-project-member] Acquiring lock "bed606e8-73e0-4c8b-88ee-01bb6c7fff5a" by "nova.context.set_target_cell..get_or_set_cached_cell_and_set_connections" {{(pid=95582) inner /opt/stack/data/venv/lib/python3.12/site-packages/oslo_concurrency/lockutils.py:511}}
Jul 03 05:21:57.771430 np0000004373 nova-conductor[95582]: DEBUG oslo_concurrency.lockutils [None req-c303f1d2-a43f-44e5-87d0-0b6eca029e5c tempest-ServerActionsTestOtherA-1523544839 tempest-ServerActionsTestOtherA-1523544839-project-member] Lock "bed606e8-73e0-4c8b-88ee-01bb6c7fff5a" acquired by "nova.context.set_target_cell..get_or_set_cached_cell_and_set_connections" :: waited 0.000s {{(pid=95582) inner /opt/stack/data/venv/lib/python3.12/site-packages/oslo_concurrency/lockutils.py:524}}
Jul 03 05:21:57.771954 np0000004373 nova-conductor[95582]: DEBUG oslo_concurrency.lockutils [None req-c303f1d2-a43f-44e5-87d0-0b6eca029e5c tempest-ServerActionsTestOtherA-1523544839 tempest-ServerActionsTestOtherA-1523544839-project-member] Lock "bed606e8-73e0-4c8b-88ee-01bb6c7fff5a" "released" by "nova.context.set_target_cell..get_or_set_cached_cell_and_set_connections" :: held 0.000s {{(pid=95582) inner /opt/stack/data/venv/lib/python3.12/site-packages/oslo_concurrency/lockutils.py:543}}
Jul 03 05:21:57.773347 np0000004373 nova-conductor[95582]: INFO dbcounter [None req-c303f1d2-a43f-44e5-87d0-0b6eca029e5c tempest-ServerActionsTestOtherA-1523544839 tempest-ServerActionsTestOtherA-1523544839-project-member] Registered counter for database nova_cell0
Jul 03 05:21:57.819984 np0000004373 nova-conductor[95582]: DEBUG oslo_db.sqlalchemy.engines [None req-c303f1d2-a43f-44e5-87d0-0b6eca029e5c tempest-ServerActionsTestOtherA-1523544839 tempest-ServerActionsTestOtherA-1523544839-project-member] MySQL server mode set to STRICT_TRANS_TABLES,STRICT_ALL_TABLES,NO_ZERO_IN_DATE,NO_ZERO_DATE,ERROR_FOR_DIVISION_BY_ZERO,TRADITIONAL,NO_ENGINE_SUBSTITUTION {{(pid=95582) _check_effective_sql_mode /opt/stack/data/venv/lib/python3.12/site-packages/oslo_db/sqlalchemy/engines.py:325}}
Jul 03 05:21:57.826654 np0000004373 nova-conductor[95582]: DEBUG dbcounter [-] [95582] Writer thread running {{(pid=95582) stat_writer /opt/stack/data/venv/lib/python3.12/site-packages/dbcounter.py:102}}
Jul 03 05:21:57.843231 np0000004373 nova-conductor[95582]: DEBUG nova.quota [None req-c303f1d2-a43f-44e5-87d0-0b6eca029e5c tempest-ServerActionsTestOtherA-1523544839 tempest-ServerActionsTestOtherA-1523544839-project-member] Getting quotas for project 5eab9e9c0c1f41c18a9338ad779ceb8c. Resources: {'instances', 'ram', 'cores'} {{(pid=95582) _get_quotas /opt/stack/nova/nova/quota.py:389}}
Jul 03 05:21:57.848704 np0000004373 nova-conductor[95582]: DEBUG nova.quota [None req-c303f1d2-a43f-44e5-87d0-0b6eca029e5c tempest-ServerActionsTestOtherA-1523544839 tempest-ServerActionsTestOtherA-1523544839-project-member] Getting quotas for user 3e7831152b13495f85a4d9731a52f277 and project 5eab9e9c0c1f41c18a9338ad779ceb8c. Resources: {'instances', 'ram', 'cores'} {{(pid=95582) _get_quotas /opt/stack/nova/nova/quota.py:379}}
Jul 03 05:21:57.868838 np0000004373 nova-conductor[95582]: DEBUG nova.conductor.manager [None req-c303f1d2-a43f-44e5-87d0-0b6eca029e5c tempest-ServerActionsTestOtherA-1523544839 tempest-ServerActionsTestOtherA-1523544839-project-member] [instance: 383a2e74-c3b1-414f-b98c-2c3e33982dd0] Selected host: np0000004373; Selected node: np0000004373; Alternates: [] {{(pid=95582) schedule_and_build_instances /opt/stack/nova/nova/conductor/manager.py:1784}}
Jul 03 05:21:57.870752 np0000004373 nova-conductor[95582]: DEBUG oslo_concurrency.lockutils [None req-c303f1d2-a43f-44e5-87d0-0b6eca029e5c tempest-ServerActionsTestOtherA-1523544839 tempest-ServerActionsTestOtherA-1523544839-project-member] Acquiring lock "bed606e8-73e0-4c8b-88ee-01bb6c7fff5a" by "nova.context.set_target_cell..get_or_set_cached_cell_and_set_connections" {{(pid=95582) inner /opt/stack/data/venv/lib/python3.12/site-packages/oslo_concurrency/lockutils.py:511}}
Jul 03 05:21:57.870752 np0000004373 nova-conductor[95582]: DEBUG oslo_concurrency.lockutils [None req-c303f1d2-a43f-44e5-87d0-0b6eca029e5c tempest-ServerActionsTestOtherA-1523544839 tempest-ServerActionsTestOtherA-1523544839-project-member] Lock "bed606e8-73e0-4c8b-88ee-01bb6c7fff5a" acquired by "nova.context.set_target_cell..get_or_set_cached_cell_and_set_connections" :: waited 0.000s {{(pid=95582) inner /opt/stack/data/venv/lib/python3.12/site-packages/oslo_concurrency/lockutils.py:524}}
Jul 03 05:21:57.870752 np0000004373 nova-conductor[95582]: DEBUG oslo_concurrency.lockutils [None req-c303f1d2-a43f-44e5-87d0-0b6eca029e5c tempest-ServerActionsTestOtherA-1523544839 tempest-ServerActionsTestOtherA-1523544839-project-member] Lock "bed606e8-73e0-4c8b-88ee-01bb6c7fff5a" "released" by "nova.context.set_target_cell..get_or_set_cached_cell_and_set_connections" :: held 0.000s {{(pid=95582) inner /opt/stack/data/venv/lib/python3.12/site-packages/oslo_concurrency/lockutils.py:543}}
Jul 03 05:21:57.893846 np0000004373 nova-conductor[95582]: DEBUG nova.conductor.manager [None req-c303f1d2-a43f-44e5-87d0-0b6eca029e5c tempest-ServerActionsTestOtherA-1523544839 tempest-ServerActionsTestOtherA-1523544839-project-member] [instance: 383a2e74-c3b1-414f-b98c-2c3e33982dd0] block_device_mapping [BlockDeviceMapping(attachment_id=,boot_index=0,connection_info=None,created_at=,delete_on_termination=True,deleted=,deleted_at=,destination_type='local',device_name=None,device_type='disk',disk_bus=None,encrypted=False,encryption_format=None,encryption_options=None,encryption_secret_uuid=None,guest_format=None,id=,image_id='ea0a2016-5cca-4368-9fc0-edcba17f3372',instance=,instance_uuid=,no_device=False,snapshot_id=None,source_type='image',tag=None,updated_at=,uuid=,volume_id=None,volume_size=None,volume_type=None)] {{(pid=95582) _create_block_device_mapping /opt/stack/nova/nova/conductor/manager.py:1529}}
Jul 03 05:21:57.896131 np0000004373 nova-conductor[95582]: DEBUG oslo_concurrency.lockutils [None req-c303f1d2-a43f-44e5-87d0-0b6eca029e5c tempest-ServerActionsTestOtherA-1523544839 tempest-ServerActionsTestOtherA-1523544839-project-member] Acquiring lock "bed606e8-73e0-4c8b-88ee-01bb6c7fff5a" by "nova.context.set_target_cell..get_or_set_cached_cell_and_set_connections" {{(pid=95582) inner /opt/stack/data/venv/lib/python3.12/site-packages/oslo_concurrency/lockutils.py:511}}
Jul 03 05:21:57.896324 np0000004373 nova-conductor[95582]: DEBUG oslo_concurrency.lockutils [None req-c303f1d2-a43f-44e5-87d0-0b6eca029e5c tempest-ServerActionsTestOtherA-1523544839 tempest-ServerActionsTestOtherA-1523544839-project-member] Lock "bed606e8-73e0-4c8b-88ee-01bb6c7fff5a" acquired by "nova.context.set_target_cell..get_or_set_cached_cell_and_set_connections" :: waited 0.000s {{(pid=95582) inner /opt/stack/data/venv/lib/python3.12/site-packages/oslo_concurrency/lockutils.py:524}}
Jul 03 05:21:57.896791 np0000004373 nova-conductor[95582]: DEBUG oslo_concurrency.lockutils [None req-c303f1d2-a43f-44e5-87d0-0b6eca029e5c tempest-ServerActionsTestOtherA-1523544839 tempest-ServerActionsTestOtherA-1523544839-project-member] Lock "bed606e8-73e0-4c8b-88ee-01bb6c7fff5a" "released" by "nova.context.set_target_cell..get_or_set_cached_cell_and_set_connections" :: held 0.000s {{(pid=95582) inner /opt/stack/data/venv/lib/python3.12/site-packages/oslo_concurrency/lockutils.py:543}}
Jul 03 05:21:57.939400 np0000004373 nova-conductor[95582]: DEBUG oslo_concurrency.lockutils [None req-c303f1d2-a43f-44e5-87d0-0b6eca029e5c tempest-ServerActionsTestOtherA-1523544839 tempest-ServerActionsTestOtherA-1523544839-project-member] Acquiring lock "bed606e8-73e0-4c8b-88ee-01bb6c7fff5a" by "nova.context.set_target_cell..get_or_set_cached_cell_and_set_connections" {{(pid=95582) inner /opt/stack/data/venv/lib/python3.12/site-packages/oslo_concurrency/lockutils.py:511}}
Jul 03 05:21:57.939555 np0000004373 nova-conductor[95582]: DEBUG oslo_concurrency.lockutils [None req-c303f1d2-a43f-44e5-87d0-0b6eca029e5c tempest-ServerActionsTestOtherA-1523544839 tempest-ServerActionsTestOtherA-1523544839-project-member] Lock "bed606e8-73e0-4c8b-88ee-01bb6c7fff5a" acquired by "nova.context.set_target_cell..get_or_set_cached_cell_and_set_connections" :: waited 0.000s {{(pid=95582) inner /opt/stack/data/venv/lib/python3.12/site-packages/oslo_concurrency/lockutils.py:524}}
Jul 03 05:21:57.939722 np0000004373 nova-conductor[95582]: DEBUG oslo_concurrency.lockutils [None req-c303f1d2-a43f-44e5-87d0-0b6eca029e5c tempest-ServerActionsTestOtherA-1523544839 tempest-ServerActionsTestOtherA-1523544839-project-member] Lock "bed606e8-73e0-4c8b-88ee-01bb6c7fff5a" "released" by "nova.context.set_target_cell..get_or_set_cached_cell_and_set_connections" :: held 0.000s {{(pid=95582) inner /opt/stack/data/venv/lib/python3.12/site-packages/oslo_concurrency/lockutils.py:543}}
Jul 03 05:21:57.940092 np0000004373 nova-conductor[95582]: DEBUG oslo_concurrency.lockutils [None req-c303f1d2-a43f-44e5-87d0-0b6eca029e5c tempest-ServerActionsTestOtherA-1523544839 tempest-ServerActionsTestOtherA-1523544839-project-member] Acquiring lock "compute-rpcapi-router" {{(pid=95582) lock /opt/stack/data/venv/lib/python3.12/site-packages/oslo_concurrency/lockutils.py:395}}
Jul 03 05:21:57.940218 np0000004373 nova-conductor[95582]: DEBUG oslo_concurrency.lockutils [None req-c303f1d2-a43f-44e5-87d0-0b6eca029e5c tempest-ServerActionsTestOtherA-1523544839 tempest-ServerActionsTestOtherA-1523544839-project-member] Acquired lock "compute-rpcapi-router" {{(pid=95582) lock /opt/stack/data/venv/lib/python3.12/site-packages/oslo_concurrency/lockutils.py:398}}
Jul 03 05:21:57.940647 np0000004373 nova-conductor[95582]: DEBUG oslo_concurrency.lockutils [None req-efd1f2d7-759d-4914-8118-e9f202714ac3 None None] Acquiring lock "00000000-0000-0000-0000-000000000000" by "nova.context.set_target_cell..get_or_set_cached_cell_and_set_connections" {{(pid=95582) inner /opt/stack/data/venv/lib/python3.12/site-packages/oslo_concurrency/lockutils.py:511}}
Jul 03 05:21:57.940828 np0000004373 nova-conductor[95582]: DEBUG oslo_concurrency.lockutils [None req-efd1f2d7-759d-4914-8118-e9f202714ac3 None None] Lock "00000000-0000-0000-0000-000000000000" acquired by "nova.context.set_target_cell..get_or_set_cached_cell_and_set_connections" :: waited 0.000s {{(pid=95582) inner /opt/stack/data/venv/lib/python3.12/site-packages/oslo_concurrency/lockutils.py:524}}
Jul 03 05:21:57.940951 np0000004373 nova-conductor[95582]: DEBUG oslo_concurrency.lockutils [None req-efd1f2d7-759d-4914-8118-e9f202714ac3 None None] Lock "00000000-0000-0000-0000-000000000000" "released" by "nova.context.set_target_cell..get_or_set_cached_cell_and_set_connections" :: held 0.000s {{(pid=95582) inner /opt/stack/data/venv/lib/python3.12/site-packages/oslo_concurrency/lockutils.py:543}}
Jul 03 05:21:57.941656 np0000004373 nova-conductor[95582]: DEBUG oslo_concurrency.lockutils [None req-efd1f2d7-759d-4914-8118-e9f202714ac3 None None] Acquiring lock "bed606e8-73e0-4c8b-88ee-01bb6c7fff5a" by "nova.context.set_target_cell..get_or_set_cached_cell_and_set_connections" {{(pid=95582) inner /opt/stack/data/venv/lib/python3.12/site-packages/oslo_concurrency/lockutils.py:511}}
Jul 03 05:21:57.942763 np0000004373 nova-conductor[95582]: DEBUG oslo_concurrency.lockutils [None req-efd1f2d7-759d-4914-8118-e9f202714ac3 None None] Lock "bed606e8-73e0-4c8b-88ee-01bb6c7fff5a" acquired by "nova.context.set_target_cell..get_or_set_cached_cell_and_set_connections" :: waited 0.000s {{(pid=95582) inner /opt/stack/data/venv/lib/python3.12/site-packages/oslo_concurrency/lockutils.py:524}}
Jul 03 05:21:57.942763 np0000004373 nova-conductor[95582]: DEBUG oslo_concurrency.lockutils [None req-efd1f2d7-759d-4914-8118-e9f202714ac3 None None] Lock "bed606e8-73e0-4c8b-88ee-01bb6c7fff5a" "released" by "nova.context.set_target_cell..get_or_set_cached_cell_and_set_connections" :: held 0.000s {{(pid=95582) inner /opt/stack/data/venv/lib/python3.12/site-packages/oslo_concurrency/lockutils.py:543}}
Jul 03 05:21:57.950617 np0000004373 nova-conductor[95582]: INFO nova.compute.rpcapi [None req-efd1f2d7-759d-4914-8118-e9f202714ac3 None None] Automatically selected compute RPC version 6.5 from minimum service version 72
Jul 03 05:21:57.951153 np0000004373 nova-conductor[95582]: DEBUG oslo_concurrency.lockutils [None req-efd1f2d7-759d-4914-8118-e9f202714ac3 None None] Releasing lock "compute-rpcapi-router" {{(pid=95582) lock /opt/stack/data/venv/lib/python3.12/site-packages/oslo_concurrency/lockutils.py:418}}
Jul 03 05:22:01.605496 np0000004373 nova-conductor[95578]: DEBUG dbcounter [-] [95578] Writer thread running {{(pid=95578) stat_writer /opt/stack/data/venv/lib/python3.12/site-packages/dbcounter.py:102}}
Jul 03 05:22:02.117090 np0000004373 nova-conductor[95589]: DEBUG dbcounter [-] [95589] Writer thread running {{(pid=95589) stat_writer /opt/stack/data/venv/lib/python3.12/site-packages/dbcounter.py:102}}
Jul 03 05:22:02.641948 np0000004373 nova-conductor[95578]: DEBUG nova.conductor.manager [None req-434e06d0-a95f-4fa6-b69f-df3ff987257c tempest-TaggedAttachmentsTest-515008036 tempest-TaggedAttachmentsTest-515008036-project-member] Took 1.03 seconds to select destinations for 1 instance(s). {{(pid=95578) _schedule_instances /opt/stack/nova/nova/conductor/manager.py:968}}
Jul 03 05:22:02.663184 np0000004373 nova-conductor[95589]: DEBUG nova.conductor.manager [None req-a6a2aaad-d0ad-4732-9382-e0510ff64038 tempest-ServerActionsV293TestJSON-814596578 tempest-ServerActionsV293TestJSON-814596578-project-member] Took 0.54 seconds to select destinations for 1 instance(s). {{(pid=95589) _schedule_instances /opt/stack/nova/nova/conductor/manager.py:968}}
Jul 03 05:22:02.674011 np0000004373 nova-conductor[95578]: DEBUG oslo_concurrency.lockutils [None req-434e06d0-a95f-4fa6-b69f-df3ff987257c tempest-TaggedAttachmentsTest-515008036 tempest-TaggedAttachmentsTest-515008036-project-member] Acquiring lock "bed606e8-73e0-4c8b-88ee-01bb6c7fff5a" by "nova.context.set_target_cell..get_or_set_cached_cell_and_set_connections" {{(pid=95578) inner /opt/stack/data/venv/lib/python3.12/site-packages/oslo_concurrency/lockutils.py:511}}
Jul 03 05:22:02.674290 np0000004373 nova-conductor[95578]: DEBUG oslo_concurrency.lockutils [None req-434e06d0-a95f-4fa6-b69f-df3ff987257c tempest-TaggedAttachmentsTest-515008036 tempest-TaggedAttachmentsTest-515008036-project-member] Lock "bed606e8-73e0-4c8b-88ee-01bb6c7fff5a" acquired by "nova.context.set_target_cell..get_or_set_cached_cell_and_set_connections" :: waited 0.000s {{(pid=95578) inner /opt/stack/data/venv/lib/python3.12/site-packages/oslo_concurrency/lockutils.py:524}}
Jul 03 05:22:02.676521 np0000004373 nova-conductor[95578]: DEBUG oslo_concurrency.lockutils [None req-434e06d0-a95f-4fa6-b69f-df3ff987257c tempest-TaggedAttachmentsTest-515008036 tempest-TaggedAttachmentsTest-515008036-project-member] Lock "bed606e8-73e0-4c8b-88ee-01bb6c7fff5a" "released" by "nova.context.set_target_cell..get_or_set_cached_cell_and_set_connections" :: held 0.001s {{(pid=95578) inner /opt/stack/data/venv/lib/python3.12/site-packages/oslo_concurrency/lockutils.py:543}}
Jul 03 05:22:02.678311 np0000004373 nova-conductor[95578]: INFO dbcounter [None req-434e06d0-a95f-4fa6-b69f-df3ff987257c tempest-TaggedAttachmentsTest-515008036 tempest-TaggedAttachmentsTest-515008036-project-member] Registered counter for database nova_cell1
Jul 03 05:22:02.706948 np0000004373 nova-conductor[95589]: DEBUG oslo_concurrency.lockutils [None req-a6a2aaad-d0ad-4732-9382-e0510ff64038 tempest-ServerActionsV293TestJSON-814596578 tempest-ServerActionsV293TestJSON-814596578-project-member] Acquiring lock "bed606e8-73e0-4c8b-88ee-01bb6c7fff5a" by "nova.context.set_target_cell..get_or_set_cached_cell_and_set_connections" {{(pid=95589) inner /opt/stack/data/venv/lib/python3.12/site-packages/oslo_concurrency/lockutils.py:511}}
Jul 03 05:22:02.707509 np0000004373 nova-conductor[95589]: DEBUG oslo_concurrency.lockutils [None req-a6a2aaad-d0ad-4732-9382-e0510ff64038 tempest-ServerActionsV293TestJSON-814596578 tempest-ServerActionsV293TestJSON-814596578-project-member] Lock "bed606e8-73e0-4c8b-88ee-01bb6c7fff5a" acquired by "nova.context.set_target_cell..get_or_set_cached_cell_and_set_connections" :: waited 0.001s {{(pid=95589) inner /opt/stack/data/venv/lib/python3.12/site-packages/oslo_concurrency/lockutils.py:524}}
Jul 03 05:22:02.709352 np0000004373 nova-conductor[95589]: DEBUG oslo_concurrency.lockutils [None req-a6a2aaad-d0ad-4732-9382-e0510ff64038 tempest-ServerActionsV293TestJSON-814596578 tempest-ServerActionsV293TestJSON-814596578-project-member] Lock "bed606e8-73e0-4c8b-88ee-01bb6c7fff5a" "released" by "nova.context.set_target_cell..get_or_set_cached_cell_and_set_connections" :: held 0.002s {{(pid=95589) inner /opt/stack/data/venv/lib/python3.12/site-packages/oslo_concurrency/lockutils.py:543}}
Jul 03 05:22:02.710346 np0000004373 nova-conductor[95578]: DEBUG oslo_db.sqlalchemy.engines [None req-434e06d0-a95f-4fa6-b69f-df3ff987257c tempest-TaggedAttachmentsTest-515008036 tempest-TaggedAttachmentsTest-515008036-project-member] MySQL server mode set to STRICT_TRANS_TABLES,STRICT_ALL_TABLES,NO_ZERO_IN_DATE,NO_ZERO_DATE,ERROR_FOR_DIVISION_BY_ZERO,TRADITIONAL,NO_ENGINE_SUBSTITUTION {{(pid=95578) _check_effective_sql_mode /opt/stack/data/venv/lib/python3.12/site-packages/oslo_db/sqlalchemy/engines.py:325}}
Jul 03 05:22:02.711754 np0000004373 nova-conductor[95589]: INFO dbcounter [None req-a6a2aaad-d0ad-4732-9382-e0510ff64038 tempest-ServerActionsV293TestJSON-814596578 tempest-ServerActionsV293TestJSON-814596578-project-member] Registered counter for database nova_cell1
Jul 03 05:22:02.717370 np0000004373 nova-conductor[95578]: DEBUG dbcounter [-] [95578] Writer thread running {{(pid=95578) stat_writer /opt/stack/data/venv/lib/python3.12/site-packages/dbcounter.py:102}}
Jul 03 05:22:02.754996 np0000004373 nova-conductor[95589]: DEBUG oslo_db.sqlalchemy.engines [None req-a6a2aaad-d0ad-4732-9382-e0510ff64038 tempest-ServerActionsV293TestJSON-814596578 tempest-ServerActionsV293TestJSON-814596578-project-member] MySQL server mode set to STRICT_TRANS_TABLES,STRICT_ALL_TABLES,NO_ZERO_IN_DATE,NO_ZERO_DATE,ERROR_FOR_DIVISION_BY_ZERO,TRADITIONAL,NO_ENGINE_SUBSTITUTION {{(pid=95589) _check_effective_sql_mode /opt/stack/data/venv/lib/python3.12/site-packages/oslo_db/sqlalchemy/engines.py:325}}
Jul 03 05:22:02.764054 np0000004373 nova-conductor[95589]: DEBUG dbcounter [-] [95589] Writer thread running {{(pid=95589) stat_writer /opt/stack/data/venv/lib/python3.12/site-packages/dbcounter.py:102}}
Jul 03 05:22:02.788515 np0000004373 nova-conductor[95578]: INFO nova.utils [None req-434e06d0-a95f-4fa6-b69f-df3ff987257c tempest-TaggedAttachmentsTest-515008036 tempest-TaggedAttachmentsTest-515008036-project-member] The cell worker thread pool ForkProcess-1.cell_worker is initialized
Jul 03 05:22:02.789005 np0000004373 nova-conductor[95578]: DEBUG oslo_concurrency.lockutils [None req-434e06d0-a95f-4fa6-b69f-df3ff987257c tempest-TaggedAttachmentsTest-515008036 tempest-TaggedAttachmentsTest-515008036-project-member] Acquiring lock "00000000-0000-0000-0000-000000000000" by "nova.context.set_target_cell..get_or_set_cached_cell_and_set_connections" {{(pid=95578) inner /opt/stack/data/venv/lib/python3.12/site-packages/oslo_concurrency/lockutils.py:511}}
Jul 03 05:22:02.789289 np0000004373 nova-conductor[95578]: DEBUG oslo_concurrency.lockutils [None req-434e06d0-a95f-4fa6-b69f-df3ff987257c tempest-TaggedAttachmentsTest-515008036 tempest-TaggedAttachmentsTest-515008036-project-member] Lock "00000000-0000-0000-0000-000000000000" acquired by "nova.context.set_target_cell..get_or_set_cached_cell_and_set_connections" :: waited 0.000s {{(pid=95578) inner /opt/stack/data/venv/lib/python3.12/site-packages/oslo_concurrency/lockutils.py:524}}
Jul 03 05:22:02.789739 np0000004373 nova-conductor[95578]: DEBUG oslo_concurrency.lockutils [None req-434e06d0-a95f-4fa6-b69f-df3ff987257c tempest-TaggedAttachmentsTest-515008036 tempest-TaggedAttachmentsTest-515008036-project-member] Lock "00000000-0000-0000-0000-000000000000" "released" by "nova.context.set_target_cell..get_or_set_cached_cell_and_set_connections" :: held 0.000s {{(pid=95578) inner /opt/stack/data/venv/lib/python3.12/site-packages/oslo_concurrency/lockutils.py:543}}
Jul 03 05:22:02.790576 np0000004373 nova-conductor[95578]: DEBUG oslo_concurrency.lockutils [None req-434e06d0-a95f-4fa6-b69f-df3ff987257c tempest-TaggedAttachmentsTest-515008036 tempest-TaggedAttachmentsTest-515008036-project-member] Acquiring lock "bed606e8-73e0-4c8b-88ee-01bb6c7fff5a" by "nova.context.set_target_cell..get_or_set_cached_cell_and_set_connections" {{(pid=95578) inner /opt/stack/data/venv/lib/python3.12/site-packages/oslo_concurrency/lockutils.py:511}}
Jul 03 05:22:02.790861 np0000004373 nova-conductor[95578]: DEBUG oslo_concurrency.lockutils [None req-434e06d0-a95f-4fa6-b69f-df3ff987257c tempest-TaggedAttachmentsTest-515008036 tempest-TaggedAttachmentsTest-515008036-project-member] Lock "bed606e8-73e0-4c8b-88ee-01bb6c7fff5a" acquired by "nova.context.set_target_cell..get_or_set_cached_cell_and_set_connections" :: waited 0.000s {{(pid=95578) inner /opt/stack/data/venv/lib/python3.12/site-packages/oslo_concurrency/lockutils.py:524}}
Jul 03 05:22:02.791072 np0000004373 nova-conductor[95578]: DEBUG oslo_concurrency.lockutils [None req-434e06d0-a95f-4fa6-b69f-df3ff987257c tempest-TaggedAttachmentsTest-515008036 tempest-TaggedAttachmentsTest-515008036-project-member] Lock "bed606e8-73e0-4c8b-88ee-01bb6c7fff5a" "released" by "nova.context.set_target_cell..get_or_set_cached_cell_and_set_connections" :: held 0.000s {{(pid=95578) inner /opt/stack/data/venv/lib/python3.12/site-packages/oslo_concurrency/lockutils.py:543}}
Jul 03 05:22:02.792842 np0000004373 nova-conductor[95578]: INFO dbcounter [None req-434e06d0-a95f-4fa6-b69f-df3ff987257c tempest-TaggedAttachmentsTest-515008036 tempest-TaggedAttachmentsTest-515008036-project-member] Registered counter for database nova_cell0
Jul 03 05:22:02.832174 np0000004373 nova-conductor[95578]: DEBUG oslo_db.sqlalchemy.engines [None req-434e06d0-a95f-4fa6-b69f-df3ff987257c tempest-TaggedAttachmentsTest-515008036 tempest-TaggedAttachmentsTest-515008036-project-member] MySQL server mode set to STRICT_TRANS_TABLES,STRICT_ALL_TABLES,NO_ZERO_IN_DATE,NO_ZERO_DATE,ERROR_FOR_DIVISION_BY_ZERO,TRADITIONAL,NO_ENGINE_SUBSTITUTION {{(pid=95578) _check_effective_sql_mode /opt/stack/data/venv/lib/python3.12/site-packages/oslo_db/sqlalchemy/engines.py:325}}
Jul 03 05:22:02.837209 np0000004373 nova-conductor[95589]: INFO nova.utils [None req-a6a2aaad-d0ad-4732-9382-e0510ff64038 tempest-ServerActionsV293TestJSON-814596578 tempest-ServerActionsV293TestJSON-814596578-project-member] The cell worker thread pool ForkProcess-3.cell_worker is initialized
Jul 03 05:22:02.837496 np0000004373 nova-conductor[95589]: DEBUG oslo_concurrency.lockutils [None req-a6a2aaad-d0ad-4732-9382-e0510ff64038 tempest-ServerActionsV293TestJSON-814596578 tempest-ServerActionsV293TestJSON-814596578-project-member] Acquiring lock "00000000-0000-0000-0000-000000000000" by "nova.context.set_target_cell..get_or_set_cached_cell_and_set_connections" {{(pid=95589) inner /opt/stack/data/venv/lib/python3.12/site-packages/oslo_concurrency/lockutils.py:511}}
Jul 03 05:22:02.837750 np0000004373 nova-conductor[95589]: DEBUG oslo_concurrency.lockutils [None req-a6a2aaad-d0ad-4732-9382-e0510ff64038 tempest-ServerActionsV293TestJSON-814596578 tempest-ServerActionsV293TestJSON-814596578-project-member] Lock "00000000-0000-0000-0000-000000000000" acquired by "nova.context.set_target_cell..get_or_set_cached_cell_and_set_connections" :: waited 0.000s {{(pid=95589) inner /opt/stack/data/venv/lib/python3.12/site-packages/oslo_concurrency/lockutils.py:524}}
Jul 03 05:22:02.838070 np0000004373 nova-conductor[95589]: DEBUG oslo_concurrency.lockutils [None req-a6a2aaad-d0ad-4732-9382-e0510ff64038 tempest-ServerActionsV293TestJSON-814596578 tempest-ServerActionsV293TestJSON-814596578-project-member] Lock "00000000-0000-0000-0000-000000000000" "released" by "nova.context.set_target_cell..get_or_set_cached_cell_and_set_connections" :: held 0.000s {{(pid=95589) inner /opt/stack/data/venv/lib/python3.12/site-packages/oslo_concurrency/lockutils.py:543}}
