May 25 07:02:54.892451 np0000001373 devstack@placement-api.service[89275]: [pid: 89275|app: 0|req: 232/466] 10.4.3.206 () {68 vars in 1533 bytes} [Mon May 25 07:02:54 2026] GET /placement/resource_providers/7317fb9c-e5cc-4761-9e5a-6df1221bad82/traits => generated 2027 bytes in 28 msecs (HTTP/1.1 200) 6 headers in 225 bytes (1 switches on core 0)
May 25 07:02:55.249625 np0000001373 devstack@placement-api.service[89274]: DEBUG placement.requestlog [None req-824750c2-b8a6-4d59-ad78-877036c08af6 None None] Starting request: 10.4.3.206 "GET /placement/resource_providers/6ec46d62-72f2-4b1e-af71-5b93e4b86b45/aggregates" {{(pid=89274) __call__ /opt/stack/placement/placement/requestlog.py:55}}
May 25 07:02:55.255395 np0000001373 devstack@placement-api.service[89274]: DEBUG dbcounter [-] [89274] Writing DB stats placement:SELECT=232,placement:INSERT=10,placement:DELETE=8,placement:UPDATE=4 {{(pid=89274) stat_writer /opt/stack/data/venv/lib/python3.12/site-packages/dbcounter.py:115}}
May 25 07:02:55.258361 np0000001373 devstack@placement-api.service[89274]: INFO placement.requestlog [None req-824750c2-b8a6-4d59-ad78-877036c08af6 service placement] 10.4.3.206 "GET /placement/resource_providers/6ec46d62-72f2-4b1e-af71-5b93e4b86b45/aggregates" status: 404 len: 235 microversion: 1.1
May 25 07:02:55.258646 np0000001373 devstack@placement-api.service[89274]: [pid: 89274|app: 0|req: 235/467] 10.4.3.206 () {66 vars in 1474 bytes} [Mon May 25 07:02:55 2026] GET /placement/resource_providers/6ec46d62-72f2-4b1e-af71-5b93e4b86b45/aggregates => generated 235 bytes in 10 msecs (HTTP/1.1 404) 5 headers in 202 bytes (1 switches on core 0)
May 25 07:02:55.322009 np0000001373 devstack@placement-api.service[89275]: DEBUG placement.requestlog [None req-e6faee64-e426-46b4-9ae3-8cec36d5e0f7 None None] Starting request: 10.4.3.206 "DELETE /placement/resource_providers/6ec46d62-72f2-4b1e-af71-5b93e4b86b45" {{(pid=89275) __call__ /opt/stack/placement/placement/requestlog.py:55}}
May 25 07:02:55.333997 np0000001373 devstack@placement-api.service[89275]: DEBUG placement.wsgi_wrapper [None req-e6faee64-e426-46b4-9ae3-8cec36d5e0f7 service placement] Placement API returning an error response: No resource provider with uuid 6ec46d62-72f2-4b1e-af71-5b93e4b86b45 found for delete {{(pid=89275) call_func /opt/stack/placement/placement/wsgi_wrapper.py:31}}
May 25 07:02:55.334904 np0000001373 devstack@placement-api.service[89275]: INFO placement.requestlog [None req-e6faee64-e426-46b4-9ae3-8cec36d5e0f7 service placement] 10.4.3.206 "DELETE /placement/resource_providers/6ec46d62-72f2-4b1e-af71-5b93e4b86b45" status: 404 len: 246 microversion: 1.1
May 25 07:02:55.335156 np0000001373 devstack@placement-api.service[89275]: [pid: 89275|app: 0|req: 233/468] 10.4.3.206 () {68 vars in 1463 bytes} [Mon May 25 07:02:55 2026] DELETE /placement/resource_providers/6ec46d62-72f2-4b1e-af71-5b93e4b86b45 => generated 246 bytes in 13 msecs (HTTP/1.1 404) 6 headers in 231 bytes (1 switches on core 0)
May 25 07:02:57.077340 np0000001373 devstack@placement-api.service[89274]: DEBUG placement.requestlog [req-831a45c8-8af6-4bf9-b675-f1d33cd6cbaa req-563cc856-336e-4eb8-a784-f95711a406e7 None None] Starting request: 10.4.3.206 "GET /placement/allocations/2623a7a1-5bfc-4fb3-a47e-19f7c7ea2355" {{(pid=89274) __call__ /opt/stack/placement/placement/requestlog.py:55}}
May 25 07:02:57.294936 np0000001373 devstack@placement-api.service[89275]: DEBUG placement.requestlog [req-bf7aa3e5-4e8d-43d2-9cd0-e60adb2164c7 req-fecf6d97-2ead-4aa1-84ef-45e6e73ae9ff None None] Starting request: 10.4.3.206 "GET /placement/resource_providers/7317fb9c-e5cc-4761-9e5a-6df1221bad82/allocations" {{(pid=89275) __call__ /opt/stack/placement/placement/requestlog.py:55}}
May 25 07:02:57.315240 np0000001373 devstack@placement-api.service[89275]: INFO placement.requestlog [req-bf7aa3e5-4e8d-43d2-9cd0-e60adb2164c7 req-fecf6d97-2ead-4aa1-84ef-45e6e73ae9ff service nova] 10.4.3.206 "GET /placement/resource_providers/7317fb9c-e5cc-4761-9e5a-6df1221bad82/allocations" status: 200 len: 1025 microversion: 1.0
May 25 07:02:57.315843 np0000001373 devstack@placement-api.service[89275]: [pid: 89275|app: 0|req: 234/469] 10.4.3.206 () {66 vars in 1512 bytes} [Mon May 25 07:02:57 2026] GET /placement/resource_providers/7317fb9c-e5cc-4761-9e5a-6df1221bad82/allocations => generated 1025 bytes in 21 msecs (HTTP/1.1 200) 6 headers in 225 bytes (1 switches on core 0)
May 25 07:02:57.349136 np0000001373 devstack@placement-api.service[89274]: INFO placement.requestlog [req-831a45c8-8af6-4bf9-b675-f1d33cd6cbaa req-563cc856-336e-4eb8-a784-f95711a406e7 service nova] 10.4.3.206 "GET /placement/allocations/2623a7a1-5bfc-4fb3-a47e-19f7c7ea2355" status: 200 len: 258 microversion: 1.28
May 25 07:02:57.349447 np0000001373 devstack@placement-api.service[89274]: [pid: 89274|app: 0|req: 236/470] 10.4.3.206 () {68 vars in 1501 bytes} [Mon May 25 07:02:57 2026] GET /placement/allocations/2623a7a1-5bfc-4fb3-a47e-19f7c7ea2355 => generated 258 bytes in 272 msecs (HTTP/1.1 200) 8 headers in 296 bytes (1 switches on core 0)
May 25 07:02:57.404804 np0000001373 devstack@placement-api.service[89275]: DEBUG placement.requestlog [req-bf7aa3e5-4e8d-43d2-9cd0-e60adb2164c7 req-832d5d95-b903-440f-af75-9092d00cd818 None None] Starting request: 10.4.3.206 "GET /placement/resource_providers/7317fb9c-e5cc-4761-9e5a-6df1221bad82/allocations" {{(pid=89275) __call__ /opt/stack/placement/placement/requestlog.py:55}}
May 25 07:02:57.421945 np0000001373 devstack@placement-api.service[89275]: INFO placement.requestlog [req-bf7aa3e5-4e8d-43d2-9cd0-e60adb2164c7 req-832d5d95-b903-440f-af75-9092d00cd818 service nova] 10.4.3.206 "GET /placement/resource_providers/7317fb9c-e5cc-4761-9e5a-6df1221bad82/allocations" status: 200 len: 1025 microversion: 1.0
May 25 07:02:57.422152 np0000001373 devstack@placement-api.service[89275]: [pid: 89275|app: 0|req: 235/471] 10.4.3.206 () {66 vars in 1512 bytes} [Mon May 25 07:02:57 2026] GET /placement/resource_providers/7317fb9c-e5cc-4761-9e5a-6df1221bad82/allocations => generated 1025 bytes in 18 msecs (HTTP/1.1 200) 6 headers in 225 bytes (1 switches on core 0)
May 25 07:02:57.449209 np0000001373 devstack@placement-api.service[89274]: DEBUG placement.requestlog [req-831a45c8-8af6-4bf9-b675-f1d33cd6cbaa req-b77b4789-e8f9-445a-804e-aa51a418226b None None] Starting request: 10.4.3.206 "GET /placement/allocations/2623a7a1-5bfc-4fb3-a47e-19f7c7ea2355" {{(pid=89274) __call__ /opt/stack/placement/placement/requestlog.py:55}}
May 25 07:02:57.475130 np0000001373 devstack@placement-api.service[89274]: INFO placement.requestlog [req-831a45c8-8af6-4bf9-b675-f1d33cd6cbaa req-b77b4789-e8f9-445a-804e-aa51a418226b service nova] 10.4.3.206 "GET /placement/allocations/2623a7a1-5bfc-4fb3-a47e-19f7c7ea2355" status: 200 len: 258 microversion: 1.28
May 25 07:02:57.475404 np0000001373 devstack@placement-api.service[89274]: [pid: 89274|app: 0|req: 237/472] 10.4.3.206 () {68 vars in 1501 bytes} [Mon May 25 07:02:57 2026] GET /placement/allocations/2623a7a1-5bfc-4fb3-a47e-19f7c7ea2355 => generated 258 bytes in 26 msecs (HTTP/1.1 200) 8 headers in 296 bytes (1 switches on core 0)
May 25 07:02:57.505679 np0000001373 devstack@placement-api.service[89275]: DEBUG placement.requestlog [req-bf7aa3e5-4e8d-43d2-9cd0-e60adb2164c7 req-6ac99a21-945e-4d0b-94c3-97b8c26b122c None None] Starting request: 10.4.3.206 "GET /placement/allocations/4b7cfcd6-fd58-4433-9239-c0eb2d2ff82d" {{(pid=89275) __call__ /opt/stack/placement/placement/requestlog.py:55}}
May 25 07:02:57.530965 np0000001373 devstack@placement-api.service[89275]: INFO placement.requestlog [req-bf7aa3e5-4e8d-43d2-9cd0-e60adb2164c7 req-6ac99a21-945e-4d0b-94c3-97b8c26b122c service nova] 10.4.3.206 "GET /placement/allocations/4b7cfcd6-fd58-4433-9239-c0eb2d2ff82d" status: 200 len: 258 microversion: 1.28
May 25 07:02:57.531241 np0000001373 devstack@placement-api.service[89275]: [pid: 89275|app: 0|req: 236/473] 10.4.3.206 () {68 vars in 1499 bytes} [Mon May 25 07:02:57 2026] GET /placement/allocations/4b7cfcd6-fd58-4433-9239-c0eb2d2ff82d => generated 258 bytes in 26 msecs (HTTP/1.1 200) 8 headers in 296 bytes (1 switches on core 0)
May 25 07:02:57.540946 np0000001373 devstack@placement-api.service[89274]: DEBUG placement.requestlog [req-831a45c8-8af6-4bf9-b675-f1d33cd6cbaa req-748abd21-eb35-48b0-8c6e-bda2806aae60 None None] Starting request: 10.4.3.206 "GET /placement/allocations/b83b6a52-8590-457d-991e-76f4c5b4a0fa" {{(pid=89274) __call__ /opt/stack/placement/placement/requestlog.py:55}}
May 25 07:02:57.555457 np0000001373 devstack@placement-api.service[89274]: INFO placement.requestlog [req-831a45c8-8af6-4bf9-b675-f1d33cd6cbaa req-748abd21-eb35-48b0-8c6e-bda2806aae60 service nova] 10.4.3.206 "GET /placement/allocations/b83b6a52-8590-457d-991e-76f4c5b4a0fa" status: 200 len: 19 microversion: 1.28
May 25 07:02:57.555731 np0000001373 devstack@placement-api.service[89274]: [pid: 89274|app: 0|req: 238/474] 10.4.3.206 () {68 vars in 1501 bytes} [Mon May 25 07:02:57 2026] GET /placement/allocations/b83b6a52-8590-457d-991e-76f4c5b4a0fa => generated 19 bytes in 15 msecs (HTTP/1.1 200) 8 headers in 295 bytes (1 switches on core 0)
May 25 07:02:57.597183 np0000001373 devstack@placement-api.service[89275]: DEBUG placement.requestlog [req-bf7aa3e5-4e8d-43d2-9cd0-e60adb2164c7 req-80875294-2722-4507-a3c4-e233a5f15b3f None None] Starting request: 10.4.3.206 "GET /placement/allocations/6af69f8a-dfd0-400d-af53-ee5961b98f45" {{(pid=89275) __call__ /opt/stack/placement/placement/requestlog.py:55}}
May 25 07:02:57.607016 np0000001373 devstack@placement-api.service[89275]: INFO placement.requestlog [req-bf7aa3e5-4e8d-43d2-9cd0-e60adb2164c7 req-80875294-2722-4507-a3c4-e233a5f15b3f service nova] 10.4.3.206 "GET /placement/allocations/6af69f8a-dfd0-400d-af53-ee5961b98f45" status: 200 len: 258 microversion: 1.28
May 25 07:02:57.607327 np0000001373 devstack@placement-api.service[89275]: [pid: 89275|app: 0|req: 237/475] 10.4.3.206 () {68 vars in 1499 bytes} [Mon May 25 07:02:57 2026] GET /placement/allocations/6af69f8a-dfd0-400d-af53-ee5961b98f45 => generated 258 bytes in 10 msecs (HTTP/1.1 200) 8 headers in 296 bytes (1 switches on core 0)
May 25 07:02:57.625960 np0000001373 devstack@placement-api.service[89274]: DEBUG placement.requestlog [req-831a45c8-8af6-4bf9-b675-f1d33cd6cbaa req-e05e4e54-ebbc-4c79-9aed-6e780a56967e None None] Starting request: 10.4.3.206 "POST /placement/allocations" {{(pid=89274) __call__ /opt/stack/placement/placement/requestlog.py:55}}
May 25 07:02:57.657215 np0000001373 devstack@placement-api.service[89275]: DEBUG placement.requestlog [req-bf7aa3e5-4e8d-43d2-9cd0-e60adb2164c7 req-36e7f164-0bc8-41f8-88ab-47568731b096 None None] Starting request: 10.4.3.206 "GET /placement/allocations/79bb0873-748f-4480-b234-cb2141653e64" {{(pid=89275) __call__ /opt/stack/placement/placement/requestlog.py:55}}
May 25 07:02:57.667983 np0000001373 devstack@placement-api.service[89275]: INFO placement.requestlog [req-bf7aa3e5-4e8d-43d2-9cd0-e60adb2164c7 req-36e7f164-0bc8-41f8-88ab-47568731b096 service nova] 10.4.3.206 "GET /placement/allocations/79bb0873-748f-4480-b234-cb2141653e64" status: 200 len: 244 microversion: 1.28
May 25 07:02:57.668258 np0000001373 devstack@placement-api.service[89275]: [pid: 89275|app: 0|req: 238/476] 10.4.3.206 () {68 vars in 1499 bytes} [Mon May 25 07:02:57 2026] GET /placement/allocations/79bb0873-748f-4480-b234-cb2141653e64 => generated 244 bytes in 11 msecs (HTTP/1.1 200) 8 headers in 296 bytes (1 switches on core 0)
May 25 07:02:57.726075 np0000001373 devstack@placement-api.service[89275]: DEBUG placement.requestlog [req-bf7aa3e5-4e8d-43d2-9cd0-e60adb2164c7 req-713f4961-d48b-4d5e-9871-e3e5086f241f None None] Starting request: 10.4.3.206 "GET /placement/allocations/39c006a8-036f-48a0-9f2d-6f1da7009ed9" {{(pid=89275) __call__ /opt/stack/placement/placement/requestlog.py:55}}
May 25 07:02:57.737370 np0000001373 devstack@placement-api.service[89275]: INFO placement.requestlog [req-bf7aa3e5-4e8d-43d2-9cd0-e60adb2164c7 req-713f4961-d48b-4d5e-9871-e3e5086f241f service nova] 10.4.3.206 "GET /placement/allocations/39c006a8-036f-48a0-9f2d-6f1da7009ed9" status: 200 len: 258 microversion: 1.28
May 25 07:02:57.737676 np0000001373 devstack@placement-api.service[89275]: [pid: 89275|app: 0|req: 239/477] 10.4.3.206 () {68 vars in 1499 bytes} [Mon May 25 07:02:57 2026] GET /placement/allocations/39c006a8-036f-48a0-9f2d-6f1da7009ed9 => generated 258 bytes in 12 msecs (HTTP/1.1 200) 8 headers in 296 bytes (1 switches on core 0)
May 25 07:02:57.753674 np0000001373 devstack@placement-api.service[89274]: DEBUG placement.handlers.allocation [req-831a45c8-8af6-4bf9-b675-f1d33cd6cbaa req-e05e4e54-ebbc-4c79-9aed-6e780a56967e service nova] Successfully wrote allocations [, , , , , ] {{(pid=89274) _update_consumers_and_create_allocations /opt/stack/placement/placement/handlers/allocation.py:572}}
May 25 07:02:57.760528 np0000001373 devstack@placement-api.service[89274]: INFO placement.requestlog [req-831a45c8-8af6-4bf9-b675-f1d33cd6cbaa req-e05e4e54-ebbc-4c79-9aed-6e780a56967e service nova] 10.4.3.206 "POST /placement/allocations" status: 204 len: 0 microversion: 1.28
May 25 07:02:57.760528 np0000001373 devstack@placement-api.service[89274]: [pid: 89274|app: 0|req: 239/478] 10.4.3.206 () {72 vars in 1444 bytes} [Mon May 25 07:02:57 2026] POST /placement/allocations => generated 0 bytes in 135 msecs (HTTP/1.1 204) 5 headers in 199 bytes (1 switches on core 0)
May 25 07:02:57.816141 np0000001373 devstack@placement-api.service[89275]: DEBUG placement.requestlog [req-bf7aa3e5-4e8d-43d2-9cd0-e60adb2164c7 req-bef65a8b-0939-4e80-93c2-1a48e0ca2384 None None] Starting request: 10.4.3.206 "GET /placement/allocations/f6c2d367-0979-4bbe-84fa-1e6541372e82" {{(pid=89275) __call__ /opt/stack/placement/placement/requestlog.py:55}}
May 25 07:02:57.829876 np0000001373 devstack@placement-api.service[89275]: INFO placement.requestlog [req-bf7aa3e5-4e8d-43d2-9cd0-e60adb2164c7 req-bef65a8b-0939-4e80-93c2-1a48e0ca2384 service nova] 10.4.3.206 "GET /placement/allocations/f6c2d367-0979-4bbe-84fa-1e6541372e82" status: 200 len: 258 microversion: 1.28
May 25 07:02:57.829876 np0000001373 devstack@placement-api.service[89275]: [pid: 89275|app: 0|req: 240/479] 10.4.3.206 () {68 vars in 1499 bytes} [Mon May 25 07:02:57 2026] GET /placement/allocations/f6c2d367-0979-4bbe-84fa-1e6541372e82 => generated 258 bytes in 13 msecs (HTTP/1.1 200) 8 headers in 296 bytes (1 switches on core 0)
May 25 07:02:57.870531 np0000001373 devstack@placement-api.service[89274]: DEBUG placement.requestlog [req-bf7aa3e5-4e8d-43d2-9cd0-e60adb2164c7 req-ffb11cd5-8b80-4f23-8186-635e9816b383 None None] Starting request: 10.4.3.206 "GET /placement/allocations/0f083c8b-dc7b-49d1-a2f2-a5a939f466f7" {{(pid=89274) __call__ /opt/stack/placement/placement/requestlog.py:55}}
May 25 07:02:57.883955 np0000001373 devstack@placement-api.service[89275]: DEBUG placement.requestlog [None req-d8155f00-bcf7-4220-8ad1-648533844330 None None] Starting request: 10.4.3.206 "GET /placement/resource_providers/6cef95d7-17cb-4a71-bb14-b9687d0b7512/aggregates" {{(pid=89275) __call__ /opt/stack/placement/placement/requestlog.py:55}}
May 25 07:02:57.891067 np0000001373 devstack@placement-api.service[89274]: INFO placement.requestlog [req-bf7aa3e5-4e8d-43d2-9cd0-e60adb2164c7 req-ffb11cd5-8b80-4f23-8186-635e9816b383 service nova] 10.4.3.206 "GET /placement/allocations/0f083c8b-dc7b-49d1-a2f2-a5a939f466f7" status: 200 len: 258 microversion: 1.28
May 25 07:02:57.891417 np0000001373 devstack@placement-api.service[89274]: [pid: 89274|app: 0|req: 240/480] 10.4.3.206 () {68 vars in 1499 bytes} [Mon May 25 07:02:57 2026] GET /placement/allocations/0f083c8b-dc7b-49d1-a2f2-a5a939f466f7 => generated 258 bytes in 21 msecs (HTTP/1.1 200) 8 headers in 296 bytes (1 switches on core 0)
May 25 07:02:57.897960 np0000001373 devstack@placement-api.service[89275]: INFO placement.requestlog [None req-d8155f00-bcf7-4220-8ad1-648533844330 service placement] 10.4.3.206 "GET /placement/resource_providers/6cef95d7-17cb-4a71-bb14-b9687d0b7512/aggregates" status: 404 len: 235 microversion: 1.1
May 25 07:02:57.897960 np0000001373 devstack@placement-api.service[89275]: [pid: 89275|app: 0|req: 241/481] 10.4.3.206 () {66 vars in 1474 bytes} [Mon May 25 07:02:57 2026] GET /placement/resource_providers/6cef95d7-17cb-4a71-bb14-b9687d0b7512/aggregates => generated 235 bytes in 14 msecs (HTTP/1.1 404) 5 headers in 202 bytes (1 switches on core 0)
May 25 07:02:57.961648 np0000001373 devstack@placement-api.service[89274]: DEBUG placement.requestlog [None req-848bd1f1-0481-4522-9458-2842728f6e9e None None] Starting request: 10.4.3.206 "DELETE /placement/resource_providers/6cef95d7-17cb-4a71-bb14-b9687d0b7512" {{(pid=89274) __call__ /opt/stack/placement/placement/requestlog.py:55}}
May 25 07:02:57.972323 np0000001373 devstack@placement-api.service[89274]: DEBUG placement.wsgi_wrapper [None req-848bd1f1-0481-4522-9458-2842728f6e9e service placement] Placement API returning an error response: No resource provider with uuid 6cef95d7-17cb-4a71-bb14-b9687d0b7512 found for delete {{(pid=89274) call_func /opt/stack/placement/placement/wsgi_wrapper.py:31}}
May 25 07:02:57.972323 np0000001373 devstack@placement-api.service[89274]: INFO placement.requestlog [None req-848bd1f1-0481-4522-9458-2842728f6e9e service placement] 10.4.3.206 "DELETE /placement/resource_providers/6cef95d7-17cb-4a71-bb14-b9687d0b7512" status: 404 len: 246 microversion: 1.1
May 25 07:02:57.972534 np0000001373 devstack@placement-api.service[89274]: [pid: 89274|app: 0|req: 241/482] 10.4.3.206 () {68 vars in 1463 bytes} [Mon May 25 07:02:57 2026] DELETE /placement/resource_providers/6cef95d7-17cb-4a71-bb14-b9687d0b7512 => generated 246 bytes in 11 msecs (HTTP/1.1 404) 6 headers in 231 bytes (1 switches on core 0)
May 25 07:02:57.978271 np0000001373 devstack@placement-api.service[89275]: DEBUG placement.requestlog [req-bf7aa3e5-4e8d-43d2-9cd0-e60adb2164c7 req-5506052f-3fd0-4f8e-889a-06609fd65d18 None None] Starting request: 10.4.3.206 "GET /placement/allocations/2623a7a1-5bfc-4fb3-a47e-19f7c7ea2355" {{(pid=89275) __call__ /opt/stack/placement/placement/requestlog.py:55}}
May 25 07:02:57.987457 np0000001373 devstack@placement-api.service[89275]: INFO placement.requestlog [req-bf7aa3e5-4e8d-43d2-9cd0-e60adb2164c7 req-5506052f-3fd0-4f8e-889a-06609fd65d18 service nova] 10.4.3.206 "GET /placement/allocations/2623a7a1-5bfc-4fb3-a47e-19f7c7ea2355" status: 200 len: 19 microversion: 1.28
May 25 07:02:57.988370 np0000001373 devstack@placement-api.service[89275]: [pid: 89275|app: 0|req: 242/483] 10.4.3.206 () {68 vars in 1499 bytes} [Mon May 25 07:02:57 2026] GET /placement/allocations/2623a7a1-5bfc-4fb3-a47e-19f7c7ea2355 => generated 19 bytes in 10 msecs (HTTP/1.1 200) 8 headers in 295 bytes (1 switches on core 0)
May 25 07:02:58.068360 np0000001373 devstack@placement-api.service[89274]: DEBUG placement.requestlog [req-bf7aa3e5-4e8d-43d2-9cd0-e60adb2164c7 req-070f0909-2a6e-4b3c-89f2-935579e450f3 None None] Starting request: 10.4.3.206 "GET /placement/allocations/f5a22562-fa4b-4037-8f6e-df6398be4b56" {{(pid=89274) __call__ /opt/stack/placement/placement/requestlog.py:55}}
May 25 07:02:58.097551 np0000001373 devstack@placement-api.service[89274]: INFO placement.requestlog [req-bf7aa3e5-4e8d-43d2-9cd0-e60adb2164c7 req-070f0909-2a6e-4b3c-89f2-935579e450f3 service nova] 10.4.3.206 "GET /placement/allocations/f5a22562-fa4b-4037-8f6e-df6398be4b56" status: 200 len: 244 microversion: 1.28
May 25 07:02:58.100178 np0000001373 devstack@placement-api.service[89274]: [pid: 89274|app: 0|req: 242/484] 10.4.3.206 () {68 vars in 1499 bytes} [Mon May 25 07:02:58 2026] GET /placement/allocations/f5a22562-fa4b-4037-8f6e-df6398be4b56 => generated 244 bytes in 30 msecs (HTTP/1.1 200) 8 headers in 296 bytes (1 switches on core 0)
May 25 07:02:58.192032 np0000001373 devstack@placement-api.service[89275]: DEBUG placement.requestlog [req-bf7aa3e5-4e8d-43d2-9cd0-e60adb2164c7 req-96083ab1-79db-4de5-921d-f3ffc0e89b5c None None] Starting request: 10.4.3.206 "GET /placement/allocations/d6f540b7-8600-4349-9c9e-360e2993f890" {{(pid=89275) __call__ /opt/stack/placement/placement/requestlog.py:55}}
May 25 07:02:58.200911 np0000001373 devstack@placement-api.service[89275]: INFO placement.requestlog [req-bf7aa3e5-4e8d-43d2-9cd0-e60adb2164c7 req-96083ab1-79db-4de5-921d-f3ffc0e89b5c service nova] 10.4.3.206 "GET /placement/allocations/d6f540b7-8600-4349-9c9e-360e2993f890" status: 200 len: 258 microversion: 1.28
May 25 07:02:58.201117 np0000001373 devstack@placement-api.service[89275]: [pid: 89275|app: 0|req: 243/485] 10.4.3.206 () {68 vars in 1499 bytes} [Mon May 25 07:02:58 2026] GET /placement/allocations/d6f540b7-8600-4349-9c9e-360e2993f890 => generated 258 bytes in 9 msecs (HTTP/1.1 200) 8 headers in 296 bytes (1 switches on core 0)
May 25 07:02:58.242269 np0000001373 devstack@placement-api.service[89274]: DEBUG placement.requestlog [req-831a45c8-8af6-4bf9-b675-f1d33cd6cbaa req-6cc36d78-3bdc-417c-812d-85331f7cc4fe None None] Starting request: 10.4.3.206 "GET /placement/allocation_candidates?limit=1000&resources=DISK_GB%3A1%2CMEMORY_MB%3A256%2CVCPU%3A1&root_required=%21COMPUTE_STATUS_DISABLED" {{(pid=89274) __call__ /opt/stack/placement/placement/requestlog.py:55}}
May 25 07:02:58.281211 np0000001373 devstack@placement-api.service[89275]: DEBUG placement.requestlog [req-bf7aa3e5-4e8d-43d2-9cd0-e60adb2164c7 req-3424823c-3a6a-467c-86ee-4761c802ffc9 None None] Starting request: 10.4.3.206 "GET /placement/allocations/4b640213-385b-483b-8642-c3cbc66ef446" {{(pid=89275) __call__ /opt/stack/placement/placement/requestlog.py:55}}
May 25 07:02:58.298108 np0000001373 devstack@placement-api.service[89274]: DEBUG placement.objects.research_context [req-831a45c8-8af6-4bf9-b675-f1d33cd6cbaa req-6cc36d78-3bdc-417c-812d-85331f7cc4fe service nova] getting providers with 1 DISK_GB {{(pid=89274) __init__ /opt/stack/placement/placement/objects/research_context.py:137}}
May 25 07:02:58.298239 np0000001373 devstack@placement-api.service[89275]: INFO placement.requestlog [req-bf7aa3e5-4e8d-43d2-9cd0-e60adb2164c7 req-3424823c-3a6a-467c-86ee-4761c802ffc9 service nova] 10.4.3.206 "GET /placement/allocations/4b640213-385b-483b-8642-c3cbc66ef446" status: 200 len: 258 microversion: 1.28
May 25 07:02:58.298239 np0000001373 devstack@placement-api.service[89275]: [pid: 89275|app: 0|req: 244/486] 10.4.3.206 () {68 vars in 1499 bytes} [Mon May 25 07:02:58 2026] GET /placement/allocations/4b640213-385b-483b-8642-c3cbc66ef446 => generated 258 bytes in 20 msecs (HTTP/1.1 200) 8 headers in 296 bytes (1 switches on core 0)
May 25 07:02:58.303544 np0000001373 devstack@placement-api.service[89274]: DEBUG placement.objects.research_context [req-831a45c8-8af6-4bf9-b675-f1d33cd6cbaa req-6cc36d78-3bdc-417c-812d-85331f7cc4fe service nova] getting providers with 256 MEMORY_MB {{(pid=89274) __init__ /opt/stack/placement/placement/objects/research_context.py:137}}
May 25 07:02:58.308166 np0000001373 devstack@placement-api.service[89274]: DEBUG placement.objects.research_context [req-831a45c8-8af6-4bf9-b675-f1d33cd6cbaa req-6cc36d78-3bdc-417c-812d-85331f7cc4fe service nova] getting providers with 1 VCPU {{(pid=89274) __init__ /opt/stack/placement/placement/objects/research_context.py:137}}
May 25 07:02:58.311577 np0000001373 devstack@placement-api.service[89274]: DEBUG placement.objects.research_context [req-831a45c8-8af6-4bf9-b675-f1d33cd6cbaa req-6cc36d78-3bdc-417c-812d-85331f7cc4fe service nova] found 1 providers with available 1 DISK_GB {{(pid=89274) get_provider_ids_matching /opt/stack/placement/placement/objects/research_context.py:563}}
May 25 07:02:58.311577 np0000001373 devstack@placement-api.service[89274]: DEBUG placement.objects.research_context [req-831a45c8-8af6-4bf9-b675-f1d33cd6cbaa req-6cc36d78-3bdc-417c-812d-85331f7cc4fe service nova] found 1 providers with available 256 MEMORY_MB {{(pid=89274) get_provider_ids_matching /opt/stack/placement/placement/objects/research_context.py:563}}
May 25 07:02:58.311794 np0000001373 devstack@placement-api.service[89274]: DEBUG placement.objects.research_context [req-831a45c8-8af6-4bf9-b675-f1d33cd6cbaa req-6cc36d78-3bdc-417c-812d-85331f7cc4fe service nova] found 1 providers after filtering by previous result {{(pid=89274) get_provider_ids_matching /opt/stack/placement/placement/objects/research_context.py:594}}
May 25 07:02:58.311940 np0000001373 devstack@placement-api.service[89274]: DEBUG placement.objects.research_context [req-831a45c8-8af6-4bf9-b675-f1d33cd6cbaa req-6cc36d78-3bdc-417c-812d-85331f7cc4fe service nova] found 1 providers with available 1 VCPU {{(pid=89274) get_provider_ids_matching /opt/stack/placement/placement/objects/research_context.py:563}}
May 25 07:02:58.312231 np0000001373 devstack@placement-api.service[89274]: DEBUG placement.objects.research_context [req-831a45c8-8af6-4bf9-b675-f1d33cd6cbaa req-6cc36d78-3bdc-417c-812d-85331f7cc4fe service nova] found 1 providers after filtering by previous result {{(pid=89274) get_provider_ids_matching /opt/stack/placement/placement/objects/research_context.py:594}}
May 25 07:02:58.319975 np0000001373 devstack@placement-api.service[89274]: DEBUG placement.objects.allocation_candidate [req-831a45c8-8af6-4bf9-b675-f1d33cd6cbaa req-6cc36d78-3bdc-417c-812d-85331f7cc4fe service nova] RequestGroup(use_same_provider=False, resources={DISK_GB:1, MEMORY_MB:256, VCPU:1}, traits=(), aggregates=[]) (suffix '') returned 1 matches {{(pid=89274) _get_by_requests /opt/stack/placement/placement/objects/allocation_candidate.py:158}}
May 25 07:02:58.320273 np0000001373 devstack@placement-api.service[89274]: DEBUG placement.objects.allocation_candidate [req-831a45c8-8af6-4bf9-b675-f1d33cd6cbaa req-6cc36d78-3bdc-417c-812d-85331f7cc4fe service nova] Merging candidates yields 1 allocation requests and 1 provider summaries {{(pid=89274) _merge_candidates /opt/stack/placement/placement/objects/allocation_candidate.py:908}}
May 25 07:02:58.321608 np0000001373 devstack@placement-api.service[89274]: INFO placement.requestlog [req-831a45c8-8af6-4bf9-b675-f1d33cd6cbaa req-6cc36d78-3bdc-417c-812d-85331f7cc4fe service nova] 10.4.3.206 "GET /placement/allocation_candidates?limit=1000&resources=DISK_GB%3A1%2CMEMORY_MB%3A256%2CVCPU%3A1&root_required=%21COMPUTE_STATUS_DISABLED" status: 200 len: 2494 microversion: 1.36
May 25 07:02:58.321947 np0000001373 devstack@placement-api.service[89274]: [pid: 89274|app: 0|req: 243/487] 10.4.3.206 () {68 vars in 1625 bytes} [Mon May 25 07:02:58 2026] GET /placement/allocation_candidates?limit=1000&resources=DISK_GB%3A1%2CMEMORY_MB%3A256%2CVCPU%3A1&root_required=%21COMPUTE_STATUS_DISABLED => generated 2494 bytes in 82 msecs (HTTP/1.1 200) 8 headers in 297 bytes (1 switches on core 0)
May 25 07:02:58.419627 np0000001373 devstack@placement-api.service[89275]: DEBUG placement.requestlog [req-831a45c8-8af6-4bf9-b675-f1d33cd6cbaa req-f5205fd9-2ba2-40b5-8f0a-934fa7354170 None None] Starting request: 10.4.3.206 "GET /placement/allocations/2623a7a1-5bfc-4fb3-a47e-19f7c7ea2355" {{(pid=89275) __call__ /opt/stack/placement/placement/requestlog.py:55}}
May 25 07:02:58.431716 np0000001373 devstack@placement-api.service[89275]: INFO placement.requestlog [req-831a45c8-8af6-4bf9-b675-f1d33cd6cbaa req-f5205fd9-2ba2-40b5-8f0a-934fa7354170 service nova] 10.4.3.206 "GET /placement/allocations/2623a7a1-5bfc-4fb3-a47e-19f7c7ea2355" status: 200 len: 19 microversion: 1.28
May 25 07:02:58.431716 np0000001373 devstack@placement-api.service[89275]: [pid: 89275|app: 0|req: 245/488] 10.4.3.206 () {68 vars in 1501 bytes} [Mon May 25 07:02:58 2026] GET /placement/allocations/2623a7a1-5bfc-4fb3-a47e-19f7c7ea2355 => generated 19 bytes in 12 msecs (HTTP/1.1 200) 8 headers in 295 bytes (1 switches on core 0)
May 25 07:02:58.495822 np0000001373 devstack@placement-api.service[89274]: DEBUG placement.requestlog [req-831a45c8-8af6-4bf9-b675-f1d33cd6cbaa req-bcdf1124-ffc0-4329-9a82-e7958283e175 None None] Starting request: 10.4.3.206 "PUT /placement/allocations/2623a7a1-5bfc-4fb3-a47e-19f7c7ea2355" {{(pid=89274) __call__ /opt/stack/placement/placement/requestlog.py:55}}
May 25 07:02:58.570234 np0000001373 devstack@placement-api.service[89274]: DEBUG placement.handlers.allocation [req-831a45c8-8af6-4bf9-b675-f1d33cd6cbaa req-bcdf1124-ffc0-4329-9a82-e7958283e175 service nova] Successfully wrote allocations [, , ] {{(pid=89274) _update_consumers_and_create_allocations /opt/stack/placement/placement/handlers/allocation.py:462}}
May 25 07:02:58.574903 np0000001373 devstack@placement-api.service[89274]: INFO placement.requestlog [req-831a45c8-8af6-4bf9-b675-f1d33cd6cbaa req-bcdf1124-ffc0-4329-9a82-e7958283e175 service nova] 10.4.3.206 "PUT /placement/allocations/2623a7a1-5bfc-4fb3-a47e-19f7c7ea2355" status: 204 len: 0 microversion: 1.36
May 25 07:02:58.574903 np0000001373 devstack@placement-api.service[89274]: [pid: 89274|app: 0|req: 244/489] 10.4.3.206 () {72 vars in 1554 bytes} [Mon May 25 07:02:58 2026] PUT /placement/allocations/2623a7a1-5bfc-4fb3-a47e-19f7c7ea2355 => generated 0 bytes in 79 msecs (HTTP/1.1 204) 5 headers in 199 bytes (1 switches on core 0)
May 25 07:02:59.906372 np0000001373 devstack@placement-api.service[89275]: DEBUG placement.requestlog [req-831a45c8-8af6-4bf9-b675-f1d33cd6cbaa req-ef5881d4-717c-4878-b69a-05ed3ea46181 None None] Starting request: 10.4.3.206 "GET /placement/allocations/2623a7a1-5bfc-4fb3-a47e-19f7c7ea2355" {{(pid=89275) __call__ /opt/stack/placement/placement/requestlog.py:55}}
May 25 07:02:59.918784 np0000001373 devstack@placement-api.service[89275]: INFO placement.requestlog [req-831a45c8-8af6-4bf9-b675-f1d33cd6cbaa req-ef5881d4-717c-4878-b69a-05ed3ea46181 service nova] 10.4.3.206 "GET /placement/allocations/2623a7a1-5bfc-4fb3-a47e-19f7c7ea2355" status: 200 len: 258 microversion: 1.28
May 25 07:02:59.918978 np0000001373 devstack@placement-api.service[89275]: [pid: 89275|app: 0|req: 246/490] 10.4.3.206 () {68 vars in 1499 bytes} [Mon May 25 07:02:59 2026] GET /placement/allocations/2623a7a1-5bfc-4fb3-a47e-19f7c7ea2355 => generated 258 bytes in 13 msecs (HTTP/1.1 200) 8 headers in 296 bytes (1 switches on core 0)
May 25 07:03:01.012795 np0000001373 devstack@placement-api.service[89274]: DEBUG placement.requestlog [req-831a45c8-8af6-4bf9-b675-f1d33cd6cbaa req-9fd049da-2bde-468a-92fd-033fb9142895 None None] Starting request: 10.4.3.206 "GET /placement/resource_providers/7317fb9c-e5cc-4761-9e5a-6df1221bad82/allocations" {{(pid=89274) __call__ /opt/stack/placement/placement/requestlog.py:55}}
May 25 07:03:01.034059 np0000001373 devstack@placement-api.service[89274]: INFO placement.requestlog [req-831a45c8-8af6-4bf9-b675-f1d33cd6cbaa req-9fd049da-2bde-468a-92fd-033fb9142895 service nova] 10.4.3.206 "GET /placement/resource_providers/7317fb9c-e5cc-4761-9e5a-6df1221bad82/allocations" status: 200 len: 1125 microversion: 1.0
May 25 07:03:01.034548 np0000001373 devstack@placement-api.service[89274]: [pid: 89274|app: 0|req: 245/491] 10.4.3.206 () {66 vars in 1512 bytes} [Mon May 25 07:03:01 2026] GET /placement/resource_providers/7317fb9c-e5cc-4761-9e5a-6df1221bad82/allocations => generated 1125 bytes in 22 msecs (HTTP/1.1 200) 6 headers in 225 bytes (1 switches on core 0)
May 25 07:03:01.080886 np0000001373 devstack@placement-api.service[89275]: DEBUG placement.requestlog [req-831a45c8-8af6-4bf9-b675-f1d33cd6cbaa req-c03d720a-3f4b-44dc-b21b-6ae6263ca123 None None] Starting request: 10.4.3.206 "GET /placement/allocations/4b7cfcd6-fd58-4433-9239-c0eb2d2ff82d" {{(pid=89275) __call__ /opt/stack/placement/placement/requestlog.py:55}}
May 25 07:03:01.092630 np0000001373 devstack@placement-api.service[89275]: INFO placement.requestlog [req-831a45c8-8af6-4bf9-b675-f1d33cd6cbaa req-c03d720a-3f4b-44dc-b21b-6ae6263ca123 service nova] 10.4.3.206 "GET /placement/allocations/4b7cfcd6-fd58-4433-9239-c0eb2d2ff82d" status: 200 len: 258 microversion: 1.28
May 25 07:03:01.093672 np0000001373 devstack@placement-api.service[89275]: [pid: 89275|app: 0|req: 247/492] 10.4.3.206 () {68 vars in 1499 bytes} [Mon May 25 07:03:01 2026] GET /placement/allocations/4b7cfcd6-fd58-4433-9239-c0eb2d2ff82d => generated 258 bytes in 12 msecs (HTTP/1.1 200) 8 headers in 296 bytes (1 switches on core 0)
May 25 07:03:01.143165 np0000001373 devstack@placement-api.service[89274]: DEBUG placement.requestlog [req-831a45c8-8af6-4bf9-b675-f1d33cd6cbaa req-4504f853-e485-4526-8975-1b01c86285b2 None None] Starting request: 10.4.3.206 "GET /placement/allocations/b83b6a52-8590-457d-991e-76f4c5b4a0fa" {{(pid=89274) __call__ /opt/stack/placement/placement/requestlog.py:55}}
May 25 07:03:01.156961 np0000001373 devstack@placement-api.service[89274]: INFO placement.requestlog [req-831a45c8-8af6-4bf9-b675-f1d33cd6cbaa req-4504f853-e485-4526-8975-1b01c86285b2 service nova] 10.4.3.206 "GET /placement/allocations/b83b6a52-8590-457d-991e-76f4c5b4a0fa" status: 200 len: 258 microversion: 1.28
May 25 07:03:01.157261 np0000001373 devstack@placement-api.service[89274]: [pid: 89274|app: 0|req: 246/493] 10.4.3.206 () {68 vars in 1499 bytes} [Mon May 25 07:03:01 2026] GET /placement/allocations/b83b6a52-8590-457d-991e-76f4c5b4a0fa => generated 258 bytes in 14 msecs (HTTP/1.1 200) 8 headers in 296 bytes (1 switches on core 0)
May 25 07:03:01.223781 np0000001373 devstack@placement-api.service[89275]: DEBUG placement.requestlog [req-831a45c8-8af6-4bf9-b675-f1d33cd6cbaa req-905a2e06-ac94-4f22-a731-f4136fae26ab None None] Starting request: 10.4.3.206 "GET /placement/allocations/6af69f8a-dfd0-400d-af53-ee5961b98f45" {{(pid=89275) __call__ /opt/stack/placement/placement/requestlog.py:55}}
May 25 07:03:01.242163 np0000001373 devstack@placement-api.service[89275]: INFO placement.requestlog [req-831a45c8-8af6-4bf9-b675-f1d33cd6cbaa req-905a2e06-ac94-4f22-a731-f4136fae26ab service nova] 10.4.3.206 "GET /placement/allocations/6af69f8a-dfd0-400d-af53-ee5961b98f45" status: 200 len: 258 microversion: 1.28
May 25 07:03:01.242614 np0000001373 devstack@placement-api.service[89275]: [pid: 89275|app: 0|req: 248/494] 10.4.3.206 () {68 vars in 1499 bytes} [Mon May 25 07:03:01 2026] GET /placement/allocations/6af69f8a-dfd0-400d-af53-ee5961b98f45 => generated 258 bytes in 19 msecs (HTTP/1.1 200) 8 headers in 296 bytes (1 switches on core 0)
May 25 07:03:01.289894 np0000001373 devstack@placement-api.service[89274]: DEBUG placement.requestlog [req-831a45c8-8af6-4bf9-b675-f1d33cd6cbaa req-2a87e897-943a-4692-bed4-29abcb0e520d None None] Starting request: 10.4.3.206 "GET /placement/allocations/79bb0873-748f-4480-b234-cb2141653e64" {{(pid=89274) __call__ /opt/stack/placement/placement/requestlog.py:55}}
May 25 07:03:01.306772 np0000001373 devstack@placement-api.service[89274]: INFO placement.requestlog [req-831a45c8-8af6-4bf9-b675-f1d33cd6cbaa req-2a87e897-943a-4692-bed4-29abcb0e520d service nova] 10.4.3.206 "GET /placement/allocations/79bb0873-748f-4480-b234-cb2141653e64" status: 200 len: 244 microversion: 1.28
May 25 07:03:01.307312 np0000001373 devstack@placement-api.service[89274]: [pid: 89274|app: 0|req: 247/495] 10.4.3.206 () {68 vars in 1499 bytes} [Mon May 25 07:03:01 2026] GET /placement/allocations/79bb0873-748f-4480-b234-cb2141653e64 => generated 244 bytes in 18 msecs (HTTP/1.1 200) 8 headers in 296 bytes (1 switches on core 0)
May 25 07:03:01.372419 np0000001373 devstack@placement-api.service[89275]: DEBUG placement.requestlog [req-831a45c8-8af6-4bf9-b675-f1d33cd6cbaa req-4a92759a-108b-4632-8523-331feb024fe7 None None] Starting request: 10.4.3.206 "GET /placement/allocations/39c006a8-036f-48a0-9f2d-6f1da7009ed9" {{(pid=89275) __call__ /opt/stack/placement/placement/requestlog.py:55}}
May 25 07:03:01.388979 np0000001373 devstack@placement-api.service[89275]: INFO placement.requestlog [req-831a45c8-8af6-4bf9-b675-f1d33cd6cbaa req-4a92759a-108b-4632-8523-331feb024fe7 service nova] 10.4.3.206 "GET /placement/allocations/39c006a8-036f-48a0-9f2d-6f1da7009ed9" status: 200 len: 258 microversion: 1.28
May 25 07:03:01.390107 np0000001373 devstack@placement-api.service[89275]: [pid: 89275|app: 0|req: 249/496] 10.4.3.206 () {68 vars in 1499 bytes} [Mon May 25 07:03:01 2026] GET /placement/allocations/39c006a8-036f-48a0-9f2d-6f1da7009ed9 => generated 258 bytes in 17 msecs (HTTP/1.1 200) 8 headers in 296 bytes (1 switches on core 0)
May 25 07:03:01.448698 np0000001373 devstack@placement-api.service[89274]: DEBUG placement.requestlog [req-831a45c8-8af6-4bf9-b675-f1d33cd6cbaa req-acc33b50-a598-44b1-bf08-354e933e69b4 None None] Starting request: 10.4.3.206 "GET /placement/allocations/f6c2d367-0979-4bbe-84fa-1e6541372e82" {{(pid=89274) __call__ /opt/stack/placement/placement/requestlog.py:55}}
May 25 07:03:01.468610 np0000001373 devstack@placement-api.service[89274]: INFO placement.requestlog [req-831a45c8-8af6-4bf9-b675-f1d33cd6cbaa req-acc33b50-a598-44b1-bf08-354e933e69b4 service nova] 10.4.3.206 "GET /placement/allocations/f6c2d367-0979-4bbe-84fa-1e6541372e82" status: 200 len: 258 microversion: 1.28
May 25 07:03:01.468979 np0000001373 devstack@placement-api.service[89274]: [pid: 89274|app: 0|req: 248/497] 10.4.3.206 () {68 vars in 1499 bytes} [Mon May 25 07:03:01 2026] GET /placement/allocations/f6c2d367-0979-4bbe-84fa-1e6541372e82 => generated 258 bytes in 21 msecs (HTTP/1.1 200) 8 headers in 296 bytes (1 switches on core 0)
May 25 07:03:01.525386 np0000001373 devstack@placement-api.service[89275]: DEBUG placement.requestlog [req-831a45c8-8af6-4bf9-b675-f1d33cd6cbaa req-8b83881d-c70c-4d32-8105-0dfd5c749ddc None None] Starting request: 10.4.3.206 "GET /placement/allocations/0f083c8b-dc7b-49d1-a2f2-a5a939f466f7" {{(pid=89275) __call__ /opt/stack/placement/placement/requestlog.py:55}}
May 25 07:03:01.547179 np0000001373 devstack@placement-api.service[89275]: INFO placement.requestlog [req-831a45c8-8af6-4bf9-b675-f1d33cd6cbaa req-8b83881d-c70c-4d32-8105-0dfd5c749ddc service nova] 10.4.3.206 "GET /placement/allocations/0f083c8b-dc7b-49d1-a2f2-a5a939f466f7" status: 200 len: 258 microversion: 1.28
May 25 07:03:01.547248 np0000001373 devstack@placement-api.service[89275]: [pid: 89275|app: 0|req: 250/498] 10.4.3.206 () {68 vars in 1499 bytes} [Mon May 25 07:03:01 2026] GET /placement/allocations/0f083c8b-dc7b-49d1-a2f2-a5a939f466f7 => generated 258 bytes in 22 msecs (HTTP/1.1 200) 8 headers in 296 bytes (2 switches on core 0)
May 25 07:03:01.620947 np0000001373 devstack@placement-api.service[89274]: DEBUG placement.requestlog [req-831a45c8-8af6-4bf9-b675-f1d33cd6cbaa req-0aa78f63-471b-4dda-8c75-7a63f06bc637 None None] Starting request: 10.4.3.206 "GET /placement/allocations/2623a7a1-5bfc-4fb3-a47e-19f7c7ea2355" {{(pid=89274) __call__ /opt/stack/placement/placement/requestlog.py:55}}
May 25 07:03:01.658381 np0000001373 devstack@placement-api.service[89274]: INFO placement.requestlog [req-831a45c8-8af6-4bf9-b675-f1d33cd6cbaa req-0aa78f63-471b-4dda-8c75-7a63f06bc637 service nova] 10.4.3.206 "GET /placement/allocations/2623a7a1-5bfc-4fb3-a47e-19f7c7ea2355" status: 200 len: 258 microversion: 1.28
May 25 07:03:01.658599 np0000001373 devstack@placement-api.service[89274]: [pid: 89274|app: 0|req: 249/499] 10.4.3.206 () {68 vars in 1499 bytes} [Mon May 25 07:03:01 2026] GET /placement/allocations/2623a7a1-5bfc-4fb3-a47e-19f7c7ea2355 => generated 258 bytes in 39 msecs (HTTP/1.1 200) 8 headers in 296 bytes (1 switches on core 0)
May 25 07:03:01.725019 np0000001373 devstack@placement-api.service[89275]: DEBUG placement.requestlog [req-831a45c8-8af6-4bf9-b675-f1d33cd6cbaa req-2b85a6b7-492b-4522-8f5c-e624b31b91b6 None None] Starting request: 10.4.3.206 "GET /placement/allocations/f5a22562-fa4b-4037-8f6e-df6398be4b56" {{(pid=89275) __call__ /opt/stack/placement/placement/requestlog.py:55}}
May 25 07:03:01.738135 np0000001373 devstack@placement-api.service[89275]: INFO placement.requestlog [req-831a45c8-8af6-4bf9-b675-f1d33cd6cbaa req-2b85a6b7-492b-4522-8f5c-e624b31b91b6 service nova] 10.4.3.206 "GET /placement/allocations/f5a22562-fa4b-4037-8f6e-df6398be4b56" status: 200 len: 244 microversion: 1.28
May 25 07:03:01.738394 np0000001373 devstack@placement-api.service[89275]: [pid: 89275|app: 0|req: 251/500] 10.4.3.206 () {68 vars in 1499 bytes} [Mon May 25 07:03:01 2026] GET /placement/allocations/f5a22562-fa4b-4037-8f6e-df6398be4b56 => generated 244 bytes in 13 msecs (HTTP/1.1 200) 8 headers in 296 bytes (1 switches on core 0)
May 25 07:03:01.795704 np0000001373 devstack@placement-api.service[89274]: DEBUG placement.requestlog [req-831a45c8-8af6-4bf9-b675-f1d33cd6cbaa req-d3c01eab-2cd4-4a94-a2fd-f2dcd99eea90 None None] Starting request: 10.4.3.206 "GET /placement/allocations/d6f540b7-8600-4349-9c9e-360e2993f890" {{(pid=89274) __call__ /opt/stack/placement/placement/requestlog.py:55}}
May 25 07:03:01.834417 np0000001373 devstack@placement-api.service[89274]: INFO placement.requestlog [req-831a45c8-8af6-4bf9-b675-f1d33cd6cbaa req-d3c01eab-2cd4-4a94-a2fd-f2dcd99eea90 service nova] 10.4.3.206 "GET /placement/allocations/d6f540b7-8600-4349-9c9e-360e2993f890" status: 200 len: 258 microversion: 1.28
May 25 07:03:01.835215 np0000001373 devstack@placement-api.service[89274]: [pid: 89274|app: 0|req: 250/501] 10.4.3.206 () {68 vars in 1499 bytes} [Mon May 25 07:03:01 2026] GET /placement/allocations/d6f540b7-8600-4349-9c9e-360e2993f890 => generated 258 bytes in 39 msecs (HTTP/1.1 200) 8 headers in 296 bytes (1 switches on core 0)
May 25 07:03:01.901593 np0000001373 devstack@placement-api.service[89275]: DEBUG placement.requestlog [req-831a45c8-8af6-4bf9-b675-f1d33cd6cbaa req-d01ea441-1528-435c-b35c-0f2c57b17495 None None] Starting request: 10.4.3.206 "GET /placement/allocations/4b640213-385b-483b-8642-c3cbc66ef446" {{(pid=89275) __call__ /opt/stack/placement/placement/requestlog.py:55}}
May 25 07:03:01.907838 np0000001373 devstack@placement-api.service[89274]: DEBUG placement.requestlog [req-6572cf79-7966-4d76-b9ce-0abcd145a8bd req-bed106f1-7cb1-486e-9326-3c8616a1eb71 None None] Starting request: 10.4.3.206 "GET /placement/allocation_candidates?limit=1000&resources=DISK_GB%3A1%2CMEMORY_MB%3A192%2CVCPU%3A1&root_required=%21COMPUTE_STATUS_DISABLED" {{(pid=89274) __call__ /opt/stack/placement/placement/requestlog.py:55}}
May 25 07:03:01.912169 np0000001373 devstack@placement-api.service[89275]: INFO placement.requestlog [req-831a45c8-8af6-4bf9-b675-f1d33cd6cbaa req-d01ea441-1528-435c-b35c-0f2c57b17495 service nova] 10.4.3.206 "GET /placement/allocations/4b640213-385b-483b-8642-c3cbc66ef446" status: 200 len: 258 microversion: 1.28
May 25 07:03:01.912331 np0000001373 devstack@placement-api.service[89275]: [pid: 89275|app: 0|req: 252/502] 10.4.3.206 () {68 vars in 1499 bytes} [Mon May 25 07:03:01 2026] GET /placement/allocations/4b640213-385b-483b-8642-c3cbc66ef446 => generated 258 bytes in 11 msecs (HTTP/1.1 200) 8 headers in 296 bytes (1 switches on core 0)
May 25 07:03:01.952681 np0000001373 devstack@placement-api.service[89274]: DEBUG placement.objects.research_context [req-6572cf79-7966-4d76-b9ce-0abcd145a8bd req-bed106f1-7cb1-486e-9326-3c8616a1eb71 service nova] getting providers with 1 DISK_GB {{(pid=89274) __init__ /opt/stack/placement/placement/objects/research_context.py:137}}
May 25 07:03:01.956109 np0000001373 devstack@placement-api.service[89274]: DEBUG placement.objects.research_context [req-6572cf79-7966-4d76-b9ce-0abcd145a8bd req-bed106f1-7cb1-486e-9326-3c8616a1eb71 service nova] getting providers with 192 MEMORY_MB {{(pid=89274) __init__ /opt/stack/placement/placement/objects/research_context.py:137}}
May 25 07:03:01.960682 np0000001373 devstack@placement-api.service[89274]: DEBUG placement.objects.research_context [req-6572cf79-7966-4d76-b9ce-0abcd145a8bd req-bed106f1-7cb1-486e-9326-3c8616a1eb71 service nova] getting providers with 1 VCPU {{(pid=89274) __init__ /opt/stack/placement/placement/objects/research_context.py:137}}
May 25 07:03:01.966237 np0000001373 devstack@placement-api.service[89274]: DEBUG placement.objects.research_context [req-6572cf79-7966-4d76-b9ce-0abcd145a8bd req-bed106f1-7cb1-486e-9326-3c8616a1eb71 service nova] found 1 providers with available 1 DISK_GB {{(pid=89274) get_provider_ids_matching /opt/stack/placement/placement/objects/research_context.py:563}}
May 25 07:03:01.966237 np0000001373 devstack@placement-api.service[89274]: DEBUG placement.objects.research_context [req-6572cf79-7966-4d76-b9ce-0abcd145a8bd req-bed106f1-7cb1-486e-9326-3c8616a1eb71 service nova] found 1 providers with available 192 MEMORY_MB {{(pid=89274) get_provider_ids_matching /opt/stack/placement/placement/objects/research_context.py:563}}
May 25 07:03:01.966237 np0000001373 devstack@placement-api.service[89274]: DEBUG placement.objects.research_context [req-6572cf79-7966-4d76-b9ce-0abcd145a8bd req-bed106f1-7cb1-486e-9326-3c8616a1eb71 service nova] found 1 providers after filtering by previous result {{(pid=89274) get_provider_ids_matching /opt/stack/placement/placement/objects/research_context.py:594}}
May 25 07:03:01.966237 np0000001373 devstack@placement-api.service[89274]: DEBUG placement.objects.research_context [req-6572cf79-7966-4d76-b9ce-0abcd145a8bd req-bed106f1-7cb1-486e-9326-3c8616a1eb71 service nova] found 1 providers with available 1 VCPU {{(pid=89274) get_provider_ids_matching /opt/stack/placement/placement/objects/research_context.py:563}}
May 25 07:03:01.966590 np0000001373 devstack@placement-api.service[89274]: DEBUG placement.objects.research_context [req-6572cf79-7966-4d76-b9ce-0abcd145a8bd req-bed106f1-7cb1-486e-9326-3c8616a1eb71 service nova] found 1 providers after filtering by previous result {{(pid=89274) get_provider_ids_matching /opt/stack/placement/placement/objects/research_context.py:594}}
May 25 07:03:01.983631 np0000001373 devstack@placement-api.service[89274]: DEBUG placement.objects.allocation_candidate [req-6572cf79-7966-4d76-b9ce-0abcd145a8bd req-bed106f1-7cb1-486e-9326-3c8616a1eb71 service nova] RequestGroup(use_same_provider=False, resources={DISK_GB:1, MEMORY_MB:192, VCPU:1}, traits=(), aggregates=[]) (suffix '') returned 1 matches {{(pid=89274) _get_by_requests /opt/stack/placement/placement/objects/allocation_candidate.py:158}}
May 25 07:03:01.984153 np0000001373 devstack@placement-api.service[89274]: DEBUG placement.objects.allocation_candidate [req-6572cf79-7966-4d76-b9ce-0abcd145a8bd req-bed106f1-7cb1-486e-9326-3c8616a1eb71 service nova] Merging candidates yields 1 allocation requests and 1 provider summaries {{(pid=89274) _merge_candidates /opt/stack/placement/placement/objects/allocation_candidate.py:908}}
May 25 07:03:01.986825 np0000001373 devstack@placement-api.service[89274]: INFO placement.requestlog [req-6572cf79-7966-4d76-b9ce-0abcd145a8bd req-bed106f1-7cb1-486e-9326-3c8616a1eb71 service nova] 10.4.3.206 "GET /placement/allocation_candidates?limit=1000&resources=DISK_GB%3A1%2CMEMORY_MB%3A192%2CVCPU%3A1&root_required=%21COMPUTE_STATUS_DISABLED" status: 200 len: 2494 microversion: 1.36
May 25 07:03:01.986825 np0000001373 devstack@placement-api.service[89274]: [pid: 89274|app: 0|req: 251/503] 10.4.3.206 () {68 vars in 1625 bytes} [Mon May 25 07:03:01 2026] GET /placement/allocation_candidates?limit=1000&resources=DISK_GB%3A1%2CMEMORY_MB%3A192%2CVCPU%3A1&root_required=%21COMPUTE_STATUS_DISABLED => generated 2494 bytes in 79 msecs (HTTP/1.1 200) 8 headers in 297 bytes (1 switches on core 0)
May 25 07:03:02.069383 np0000001373 devstack@placement-api.service[89275]: DEBUG placement.requestlog [req-6572cf79-7966-4d76-b9ce-0abcd145a8bd req-15353269-cec7-4884-bbb8-6c8fd1e5aab5 None None] Starting request: 10.4.3.206 "GET /placement/allocations/2af54b17-204e-4daf-b026-8929cc3950d4" {{(pid=89275) __call__ /opt/stack/placement/placement/requestlog.py:55}}
May 25 07:03:02.077680 np0000001373 devstack@placement-api.service[89275]: INFO placement.requestlog [req-6572cf79-7966-4d76-b9ce-0abcd145a8bd req-15353269-cec7-4884-bbb8-6c8fd1e5aab5 service nova] 10.4.3.206 "GET /placement/allocations/2af54b17-204e-4daf-b026-8929cc3950d4" status: 200 len: 19 microversion: 1.28
May 25 07:03:02.078110 np0000001373 devstack@placement-api.service[89275]: [pid: 89275|app: 0|req: 253/504] 10.4.3.206 () {68 vars in 1501 bytes} [Mon May 25 07:03:02 2026] GET /placement/allocations/2af54b17-204e-4daf-b026-8929cc3950d4 => generated 19 bytes in 9 msecs (HTTP/1.1 200) 8 headers in 295 bytes (1 switches on core 0)
May 25 07:03:02.151827 np0000001373 devstack@placement-api.service[89274]: DEBUG placement.requestlog [req-6572cf79-7966-4d76-b9ce-0abcd145a8bd req-1ceaaaa7-3251-40ac-8e67-dabcb2641c4a None None] Starting request: 10.4.3.206 "PUT /placement/allocations/2af54b17-204e-4daf-b026-8929cc3950d4" {{(pid=89274) __call__ /opt/stack/placement/placement/requestlog.py:55}}
May 25 07:03:02.206389 np0000001373 devstack@placement-api.service[89274]: DEBUG placement.handlers.allocation [req-6572cf79-7966-4d76-b9ce-0abcd145a8bd req-1ceaaaa7-3251-40ac-8e67-dabcb2641c4a service nova] Successfully wrote allocations [, , ] {{(pid=89274) _update_consumers_and_create_allocations /opt/stack/placement/placement/handlers/allocation.py:462}}
May 25 07:03:02.211782 np0000001373 devstack@placement-api.service[89274]: INFO placement.requestlog [req-6572cf79-7966-4d76-b9ce-0abcd145a8bd req-1ceaaaa7-3251-40ac-8e67-dabcb2641c4a service nova] 10.4.3.206 "PUT /placement/allocations/2af54b17-204e-4daf-b026-8929cc3950d4" status: 204 len: 0 microversion: 1.36
May 25 07:03:02.213007 np0000001373 devstack@placement-api.service[89274]: [pid: 89274|app: 0|req: 252/505] 10.4.3.206 () {72 vars in 1554 bytes} [Mon May 25 07:03:02 2026] PUT /placement/allocations/2af54b17-204e-4daf-b026-8929cc3950d4 => generated 0 bytes in 63 msecs (HTTP/1.1 204) 5 headers in 199 bytes (1 switches on core 0)
