Jun 11 11:37:39.334102 np0000002615 devstack@g-api.service[101991]: DEBUG glance.api.middleware.version_negotiation [None req-6e57f819-a1f7-4bef-8c05-936185a6fc01 tempest-ServerRescueNegativeTestJSON-1136728440 tempest-ServerRescueNegativeTestJSON-1136728440-project-member] new path /v2/images/415f98a7-791d-4f23-bfc9-c76b7aebb03f {{(pid=101991) process_request /opt/stack/glance/glance/api/middleware/version_negotiation.py:70}}
Jun 11 11:37:39.345743 np0000002615 devstack@g-api.service[101991]: [pid: 101991|app: 0|req: 46/146] 127.0.0.1 () {40 vars in 838 bytes} [Thu Jun 11 11:37:39 2026] GET /v2/images/415f98a7-791d-4f23-bfc9-c76b7aebb03f => generated 650 bytes in 12 msecs (HTTP/1.1 200) 4 headers in 157 bytes (1 switches on core 0)
Jun 11 11:37:40.356076 np0000002615 devstack@g-api.service[101990]: DEBUG glance.api.middleware.version_negotiation [None req-b54076e8-8cc1-4dd8-a5ab-c8b2694ee57c tempest-VolumesActionsTest-1394120048 tempest-VolumesActionsTest-1394120048-project-member] Determining version of request: GET /v2/images/415f98a7-791d-4f23-bfc9-c76b7aebb03f Accept: application/json {{(pid=101990) process_request /opt/stack/glance/glance/api/middleware/version_negotiation.py:44}}
Jun 11 11:37:40.358149 np0000002615 devstack@g-api.service[101990]: DEBUG glance.api.middleware.version_negotiation [None req-b54076e8-8cc1-4dd8-a5ab-c8b2694ee57c tempest-VolumesActionsTest-1394120048 tempest-VolumesActionsTest-1394120048-project-member] Using url versioning {{(pid=101990) process_request /opt/stack/glance/glance/api/middleware/version_negotiation.py:57}}
Jun 11 11:37:40.358149 np0000002615 devstack@g-api.service[101990]: DEBUG glance.api.middleware.version_negotiation [None req-b54076e8-8cc1-4dd8-a5ab-c8b2694ee57c tempest-VolumesActionsTest-1394120048 tempest-VolumesActionsTest-1394120048-project-member] Matched version: v2 {{(pid=101990) process_request /opt/stack/glance/glance/api/middleware/version_negotiation.py:69}}
Jun 11 11:37:40.358149 np0000002615 devstack@g-api.service[101990]: DEBUG glance.api.middleware.version_negotiation [None req-b54076e8-8cc1-4dd8-a5ab-c8b2694ee57c tempest-VolumesActionsTest-1394120048 tempest-VolumesActionsTest-1394120048-project-member] new path /v2/images/415f98a7-791d-4f23-bfc9-c76b7aebb03f {{(pid=101990) process_request /opt/stack/glance/glance/api/middleware/version_negotiation.py:70}}
Jun 11 11:37:40.374139 np0000002615 devstack@g-api.service[101990]: [pid: 101990|app: 0|req: 53/147] 127.0.0.1 () {40 vars in 838 bytes} [Thu Jun 11 11:37:40 2026] GET /v2/images/415f98a7-791d-4f23-bfc9-c76b7aebb03f => generated 650 bytes in 18 msecs (HTTP/1.1 200) 4 headers in 157 bytes (1 switches on core 0)
Jun 11 11:37:41.394028 np0000002615 devstack@g-api.service[101991]: DEBUG glance.api.middleware.version_negotiation [None req-51db6f9a-2de5-4247-b5c8-020cd367218b tempest-VolumesActionsTest-1394120048 tempest-VolumesActionsTest-1394120048-project-member] Determining version of request: GET /v2/images/415f98a7-791d-4f23-bfc9-c76b7aebb03f Accept: application/json {{(pid=101991) process_request /opt/stack/glance/glance/api/middleware/version_negotiation.py:44}}
Jun 11 11:37:41.394028 np0000002615 devstack@g-api.service[101991]: DEBUG glance.api.middleware.version_negotiation [None req-51db6f9a-2de5-4247-b5c8-020cd367218b tempest-VolumesActionsTest-1394120048 tempest-VolumesActionsTest-1394120048-project-member] Using url versioning {{(pid=101991) process_request /opt/stack/glance/glance/api/middleware/version_negotiation.py:57}}
Jun 11 11:37:41.394028 np0000002615 devstack@g-api.service[101991]: DEBUG glance.api.middleware.version_negotiation [None req-51db6f9a-2de5-4247-b5c8-020cd367218b tempest-VolumesActionsTest-1394120048 tempest-VolumesActionsTest-1394120048-project-member] Matched version: v2 {{(pid=101991) process_request /opt/stack/glance/glance/api/middleware/version_negotiation.py:69}}
Jun 11 11:37:41.394028 np0000002615 devstack@g-api.service[101991]: DEBUG glance.api.middleware.version_negotiation [None req-51db6f9a-2de5-4247-b5c8-020cd367218b tempest-VolumesActionsTest-1394120048 tempest-VolumesActionsTest-1394120048-project-member] new path /v2/images/415f98a7-791d-4f23-bfc9-c76b7aebb03f {{(pid=101991) process_request /opt/stack/glance/glance/api/middleware/version_negotiation.py:70}}
Jun 11 11:37:41.411633 np0000002615 devstack@g-api.service[101991]: [pid: 101991|app: 0|req: 47/148] 127.0.0.1 () {40 vars in 838 bytes} [Thu Jun 11 11:37:41 2026] GET /v2/images/415f98a7-791d-4f23-bfc9-c76b7aebb03f => generated 650 bytes in 19 msecs (HTTP/1.1 200) 4 headers in 157 bytes (1 switches on core 0)
Jun 11 11:37:41.800038 np0000002615 devstack@g-api.service[101992]: DEBUG swiftclient [None req-1c53c8b7-9d58-49b1-b945-d33d1722b48a tempest-VolumesActionsTest-1394120048 tempest-VolumesActionsTest-1394120048-project-member] REQ: curl -i https://10.4.3.139:8080/v1/AUTH_0c9e7f0f810946b49688071a74e25194/glance/415f98a7-791d-4f23-bfc9-c76b7aebb03f-00001 -X PUT -H "X-Auth-Token: gAAAAABqKp4BqcG3..." {{(pid=101992) http_log /opt/stack/data/venv/lib/python3.12/site-packages/swiftclient/client.py:160}}
Jun 11 11:37:41.800497 np0000002615 devstack@g-api.service[101992]: DEBUG swiftclient [None req-1c53c8b7-9d58-49b1-b945-d33d1722b48a tempest-VolumesActionsTest-1394120048 tempest-VolumesActionsTest-1394120048-project-member] RESP STATUS: 201 Created {{(pid=101992) http_log /opt/stack/data/venv/lib/python3.12/site-packages/swiftclient/client.py:161}}
Jun 11 11:37:41.800570 np0000002615 devstack@g-api.service[101992]: DEBUG swiftclient [None req-1c53c8b7-9d58-49b1-b945-d33d1722b48a tempest-VolumesActionsTest-1394120048 tempest-VolumesActionsTest-1394120048-project-member] RESP HEADERS: {'Date': 'Thu, 11 Jun 2026 11:37:41 GMT', 'Server': 'Apache/2.4.58 (Ubuntu)', 'Content-Type': 'text/html; charset=UTF-8', 'Content-Length': '0', 'Etag': 'eda9a9889837ac4bc81d6387d92c1bec', 'Last-Modified': 'Thu, 11 Jun 2026 11:37:39 GMT', 'X-Trans-Id': 'txb8312237d301423f87613-006a2a9e02', 'X-Openstack-Request-Id': 'txb8312237d301423f87613-006a2a9e02', 'Connection': 'close'} {{(pid=101992) http_log /opt/stack/data/venv/lib/python3.12/site-packages/swiftclient/client.py:162}}
Jun 11 11:37:41.801029 np0000002615 devstack@g-api.service[101992]: DEBUG glance_store._drivers.swift.store [None req-1c53c8b7-9d58-49b1-b945-d33d1722b48a tempest-VolumesActionsTest-1394120048 tempest-VolumesActionsTest-1394120048-project-member] Wrote chunk 415f98a7-791d-4f23-bfc9-c76b7aebb03f-00001 (1/?) of length 204800000 to Swift returning MD5 of content: eda9a9889837ac4bc81d6387d92c1bec {{(pid=101992) add /opt/stack/data/venv/lib/python3.12/site-packages/glance_store/_drivers/swift/store.py:1059}}
Jun 11 11:37:42.424185 np0000002615 devstack@g-api.service[101990]: DEBUG glance.api.middleware.version_negotiation [None req-ec1fea75-f7f2-435b-9b35-c380838fa641 tempest-VolumesActionsTest-1394120048 tempest-VolumesActionsTest-1394120048-project-member] Determining version of request: GET /v2/images/415f98a7-791d-4f23-bfc9-c76b7aebb03f Accept: application/json {{(pid=101990) process_request /opt/stack/glance/glance/api/middleware/version_negotiation.py:44}}
Jun 11 11:37:42.424688 np0000002615 devstack@g-api.service[101990]: DEBUG glance.api.middleware.version_negotiation [None req-ec1fea75-f7f2-435b-9b35-c380838fa641 tempest-VolumesActionsTest-1394120048 tempest-VolumesActionsTest-1394120048-project-member] Using url versioning {{(pid=101990) process_request /opt/stack/glance/glance/api/middleware/version_negotiation.py:57}}
Jun 11 11:37:42.424898 np0000002615 devstack@g-api.service[101990]: DEBUG glance.api.middleware.version_negotiation [None req-ec1fea75-f7f2-435b-9b35-c380838fa641 tempest-VolumesActionsTest-1394120048 tempest-VolumesActionsTest-1394120048-project-member] Matched version: v2 {{(pid=101990) process_request /opt/stack/glance/glance/api/middleware/version_negotiation.py:69}}
Jun 11 11:37:42.425040 np0000002615 devstack@g-api.service[101990]: DEBUG glance.api.middleware.version_negotiation [None req-ec1fea75-f7f2-435b-9b35-c380838fa641 tempest-VolumesActionsTest-1394120048 tempest-VolumesActionsTest-1394120048-project-member] new path /v2/images/415f98a7-791d-4f23-bfc9-c76b7aebb03f {{(pid=101990) process_request /opt/stack/glance/glance/api/middleware/version_negotiation.py:70}}
Jun 11 11:37:42.449032 np0000002615 devstack@g-api.service[101990]: [pid: 101990|app: 0|req: 54/149] 127.0.0.1 () {40 vars in 838 bytes} [Thu Jun 11 11:37:42 2026] GET /v2/images/415f98a7-791d-4f23-bfc9-c76b7aebb03f => generated 650 bytes in 25 msecs (HTTP/1.1 200) 4 headers in 157 bytes (1 switches on core 0)
Jun 11 11:37:43.461692 np0000002615 devstack@g-api.service[101991]: DEBUG glance.api.middleware.version_negotiation [None req-f6f94110-006d-4b0d-8da8-8bcf02e574a7 tempest-VolumesActionsTest-1394120048 tempest-VolumesActionsTest-1394120048-project-member] Determining version of request: GET /v2/images/415f98a7-791d-4f23-bfc9-c76b7aebb03f Accept: application/json {{(pid=101991) process_request /opt/stack/glance/glance/api/middleware/version_negotiation.py:44}}
Jun 11 11:37:43.462337 np0000002615 devstack@g-api.service[101991]: DEBUG glance.api.middleware.version_negotiation [None req-f6f94110-006d-4b0d-8da8-8bcf02e574a7 tempest-VolumesActionsTest-1394120048 tempest-VolumesActionsTest-1394120048-project-member] Using url versioning {{(pid=101991) process_request /opt/stack/glance/glance/api/middleware/version_negotiation.py:57}}
Jun 11 11:37:43.462337 np0000002615 devstack@g-api.service[101991]: DEBUG glance.api.middleware.version_negotiation [None req-f6f94110-006d-4b0d-8da8-8bcf02e574a7 tempest-VolumesActionsTest-1394120048 tempest-VolumesActionsTest-1394120048-project-member] Matched version: v2 {{(pid=101991) process_request /opt/stack/glance/glance/api/middleware/version_negotiation.py:69}}
Jun 11 11:37:43.462337 np0000002615 devstack@g-api.service[101991]: DEBUG glance.api.middleware.version_negotiation [None req-f6f94110-006d-4b0d-8da8-8bcf02e574a7 tempest-VolumesActionsTest-1394120048 tempest-VolumesActionsTest-1394120048-project-member] new path /v2/images/415f98a7-791d-4f23-bfc9-c76b7aebb03f {{(pid=101991) process_request /opt/stack/glance/glance/api/middleware/version_negotiation.py:70}}
Jun 11 11:37:43.475042 np0000002615 devstack@g-api.service[101991]: [pid: 101991|app: 0|req: 48/150] 127.0.0.1 () {40 vars in 838 bytes} [Thu Jun 11 11:37:43 2026] GET /v2/images/415f98a7-791d-4f23-bfc9-c76b7aebb03f => generated 650 bytes in 13 msecs (HTTP/1.1 200) 4 headers in 157 bytes (1 switches on core 0)
Jun 11 11:37:44.306463 np0000002615 devstack@g-api.service[101992]: DEBUG swiftclient [None req-1c53c8b7-9d58-49b1-b945-d33d1722b48a tempest-VolumesActionsTest-1394120048 tempest-VolumesActionsTest-1394120048-project-member] REQ: curl -i https://10.4.3.139:8080/v1/AUTH_0c9e7f0f810946b49688071a74e25194/glance/415f98a7-791d-4f23-bfc9-c76b7aebb03f-00002 -X PUT -H "X-Auth-Token: gAAAAABqKp4BqcG3..." {{(pid=101992) http_log /opt/stack/data/venv/lib/python3.12/site-packages/swiftclient/client.py:160}}
Jun 11 11:37:44.306915 np0000002615 devstack@g-api.service[101992]: DEBUG swiftclient [None req-1c53c8b7-9d58-49b1-b945-d33d1722b48a tempest-VolumesActionsTest-1394120048 tempest-VolumesActionsTest-1394120048-project-member] RESP STATUS: 201 Created {{(pid=101992) http_log /opt/stack/data/venv/lib/python3.12/site-packages/swiftclient/client.py:161}}
Jun 11 11:37:44.306915 np0000002615 devstack@g-api.service[101992]: DEBUG swiftclient [None req-1c53c8b7-9d58-49b1-b945-d33d1722b48a tempest-VolumesActionsTest-1394120048 tempest-VolumesActionsTest-1394120048-project-member] RESP HEADERS: {'Date': 'Thu, 11 Jun 2026 11:37:44 GMT', 'Server': 'Apache/2.4.58 (Ubuntu)', 'Content-Type': 'text/html; charset=UTF-8', 'Content-Length': '0', 'Etag': 'eda9a9889837ac4bc81d6387d92c1bec', 'Last-Modified': 'Thu, 11 Jun 2026 11:37:42 GMT', 'X-Trans-Id': 'tx35ce1a7c58044c8e87a34-006a2a9e05', 'X-Openstack-Request-Id': 'tx35ce1a7c58044c8e87a34-006a2a9e05', 'Connection': 'close'} {{(pid=101992) http_log /opt/stack/data/venv/lib/python3.12/site-packages/swiftclient/client.py:162}}
Jun 11 11:37:44.306915 np0000002615 devstack@g-api.service[101992]: DEBUG glance_store._drivers.swift.store [None req-1c53c8b7-9d58-49b1-b945-d33d1722b48a tempest-VolumesActionsTest-1394120048 tempest-VolumesActionsTest-1394120048-project-member] Wrote chunk 415f98a7-791d-4f23-bfc9-c76b7aebb03f-00002 (2/?) of length 204800000 to Swift returning MD5 of content: eda9a9889837ac4bc81d6387d92c1bec {{(pid=101992) add /opt/stack/data/venv/lib/python3.12/site-packages/glance_store/_drivers/swift/store.py:1059}}
Jun 11 11:37:44.490262 np0000002615 devstack@g-api.service[101990]: DEBUG glance.api.middleware.version_negotiation [None req-41bb1ffe-5d2c-484e-a146-51650a8d4535 tempest-VolumesActionsTest-1394120048 tempest-VolumesActionsTest-1394120048-project-member] Determining version of request: GET /v2/images/415f98a7-791d-4f23-bfc9-c76b7aebb03f Accept: application/json {{(pid=101990) process_request /opt/stack/glance/glance/api/middleware/version_negotiation.py:44}}
Jun 11 11:37:44.490631 np0000002615 devstack@g-api.service[101990]: DEBUG glance.api.middleware.version_negotiation [None req-41bb1ffe-5d2c-484e-a146-51650a8d4535 tempest-VolumesActionsTest-1394120048 tempest-VolumesActionsTest-1394120048-project-member] Using url versioning {{(pid=101990) process_request /opt/stack/glance/glance/api/middleware/version_negotiation.py:57}}
Jun 11 11:37:44.490631 np0000002615 devstack@g-api.service[101990]: DEBUG glance.api.middleware.version_negotiation [None req-41bb1ffe-5d2c-484e-a146-51650a8d4535 tempest-VolumesActionsTest-1394120048 tempest-VolumesActionsTest-1394120048-project-member] Matched version: v2 {{(pid=101990) process_request /opt/stack/glance/glance/api/middleware/version_negotiation.py:69}}
Jun 11 11:37:44.490721 np0000002615 devstack@g-api.service[101990]: DEBUG glance.api.middleware.version_negotiation [None req-41bb1ffe-5d2c-484e-a146-51650a8d4535 tempest-VolumesActionsTest-1394120048 tempest-VolumesActionsTest-1394120048-project-member] new path /v2/images/415f98a7-791d-4f23-bfc9-c76b7aebb03f {{(pid=101990) process_request /opt/stack/glance/glance/api/middleware/version_negotiation.py:70}}
Jun 11 11:37:44.502988 np0000002615 devstack@g-api.service[101990]: [pid: 101990|app: 0|req: 55/151] 127.0.0.1 () {40 vars in 838 bytes} [Thu Jun 11 11:37:44 2026] GET /v2/images/415f98a7-791d-4f23-bfc9-c76b7aebb03f => generated 650 bytes in 13 msecs (HTTP/1.1 200) 4 headers in 157 bytes (1 switches on core 0)
Jun 11 11:37:45.518596 np0000002615 devstack@g-api.service[101991]: DEBUG glance.api.middleware.version_negotiation [None req-ebf41a1f-f91e-4bd3-9ff4-751a40a23e78 tempest-VolumesActionsTest-1394120048 tempest-VolumesActionsTest-1394120048-project-member] Determining version of request: GET /v2/images/415f98a7-791d-4f23-bfc9-c76b7aebb03f Accept: application/json {{(pid=101991) process_request /opt/stack/glance/glance/api/middleware/version_negotiation.py:44}}
Jun 11 11:37:45.518596 np0000002615 devstack@g-api.service[101991]: DEBUG glance.api.middleware.version_negotiation [None req-ebf41a1f-f91e-4bd3-9ff4-751a40a23e78 tempest-VolumesActionsTest-1394120048 tempest-VolumesActionsTest-1394120048-project-member] Using url versioning {{(pid=101991) process_request /opt/stack/glance/glance/api/middleware/version_negotiation.py:57}}
Jun 11 11:37:45.518596 np0000002615 devstack@g-api.service[101991]: DEBUG glance.api.middleware.version_negotiation [None req-ebf41a1f-f91e-4bd3-9ff4-751a40a23e78 tempest-VolumesActionsTest-1394120048 tempest-VolumesActionsTest-1394120048-project-member] Matched version: v2 {{(pid=101991) process_request /opt/stack/glance/glance/api/middleware/version_negotiation.py:69}}
Jun 11 11:37:45.518596 np0000002615 devstack@g-api.service[101991]: DEBUG glance.api.middleware.version_negotiation [None req-ebf41a1f-f91e-4bd3-9ff4-751a40a23e78 tempest-VolumesActionsTest-1394120048 tempest-VolumesActionsTest-1394120048-project-member] new path /v2/images/415f98a7-791d-4f23-bfc9-c76b7aebb03f {{(pid=101991) process_request /opt/stack/glance/glance/api/middleware/version_negotiation.py:70}}
Jun 11 11:37:45.534091 np0000002615 devstack@g-api.service[101991]: [pid: 101991|app: 0|req: 49/152] 127.0.0.1 () {40 vars in 838 bytes} [Thu Jun 11 11:37:45 2026] GET /v2/images/415f98a7-791d-4f23-bfc9-c76b7aebb03f => generated 650 bytes in 16 msecs (HTTP/1.1 200) 4 headers in 157 bytes (1 switches on core 0)
Jun 11 11:37:46.545191 np0000002615 devstack@g-api.service[101990]: DEBUG glance.api.middleware.version_negotiation [None req-ff6cb6c0-c4b4-4ec6-9124-7f73da0eea29 tempest-VolumesActionsTest-1394120048 tempest-VolumesActionsTest-1394120048-project-member] Determining version of request: GET /v2/images/415f98a7-791d-4f23-bfc9-c76b7aebb03f Accept: application/json {{(pid=101990) process_request /opt/stack/glance/glance/api/middleware/version_negotiation.py:44}}
Jun 11 11:37:46.545638 np0000002615 devstack@g-api.service[101990]: DEBUG glance.api.middleware.version_negotiation [None req-ff6cb6c0-c4b4-4ec6-9124-7f73da0eea29 tempest-VolumesActionsTest-1394120048 tempest-VolumesActionsTest-1394120048-project-member] Using url versioning {{(pid=101990) process_request /opt/stack/glance/glance/api/middleware/version_negotiation.py:57}}
Jun 11 11:37:46.548652 np0000002615 devstack@g-api.service[101990]: DEBUG glance.api.middleware.version_negotiation [None req-ff6cb6c0-c4b4-4ec6-9124-7f73da0eea29 tempest-VolumesActionsTest-1394120048 tempest-VolumesActionsTest-1394120048-project-member] Matched version: v2 {{(pid=101990) process_request /opt/stack/glance/glance/api/middleware/version_negotiation.py:69}}
Jun 11 11:37:46.550757 np0000002615 devstack@g-api.service[101990]: DEBUG glance.api.middleware.version_negotiation [None req-ff6cb6c0-c4b4-4ec6-9124-7f73da0eea29 tempest-VolumesActionsTest-1394120048 tempest-VolumesActionsTest-1394120048-project-member] new path /v2/images/415f98a7-791d-4f23-bfc9-c76b7aebb03f {{(pid=101990) process_request /opt/stack/glance/glance/api/middleware/version_negotiation.py:70}}
Jun 11 11:37:46.565234 np0000002615 devstack@g-api.service[101990]: [pid: 101990|app: 0|req: 56/153] 127.0.0.1 () {40 vars in 838 bytes} [Thu Jun 11 11:37:46 2026] GET /v2/images/415f98a7-791d-4f23-bfc9-c76b7aebb03f => generated 650 bytes in 20 msecs (HTTP/1.1 200) 4 headers in 157 bytes (1 switches on core 0)
Jun 11 11:37:46.660335 np0000002615 devstack@g-api.service[101992]: DEBUG swiftclient [None req-1c53c8b7-9d58-49b1-b945-d33d1722b48a tempest-VolumesActionsTest-1394120048 tempest-VolumesActionsTest-1394120048-project-member] REQ: curl -i https://10.4.3.139:8080/v1/AUTH_0c9e7f0f810946b49688071a74e25194/glance/415f98a7-791d-4f23-bfc9-c76b7aebb03f-00003 -X PUT -H "X-Auth-Token: gAAAAABqKp4BqcG3..." {{(pid=101992) http_log /opt/stack/data/venv/lib/python3.12/site-packages/swiftclient/client.py:160}}
Jun 11 11:37:46.660335 np0000002615 devstack@g-api.service[101992]: DEBUG swiftclient [None req-1c53c8b7-9d58-49b1-b945-d33d1722b48a tempest-VolumesActionsTest-1394120048 tempest-VolumesActionsTest-1394120048-project-member] RESP STATUS: 201 Created {{(pid=101992) http_log /opt/stack/data/venv/lib/python3.12/site-packages/swiftclient/client.py:161}}
Jun 11 11:37:46.660335 np0000002615 devstack@g-api.service[101992]: DEBUG swiftclient [None req-1c53c8b7-9d58-49b1-b945-d33d1722b48a tempest-VolumesActionsTest-1394120048 tempest-VolumesActionsTest-1394120048-project-member] RESP HEADERS: {'Date': 'Thu, 11 Jun 2026 11:37:46 GMT', 'Server': 'Apache/2.4.58 (Ubuntu)', 'Content-Type': 'text/html; charset=UTF-8', 'Content-Length': '0', 'Etag': 'eda9a9889837ac4bc81d6387d92c1bec', 'Last-Modified': 'Thu, 11 Jun 2026 11:37:45 GMT', 'X-Trans-Id': 'tx92cb5c961924467eaa065-006a2a9e08', 'X-Openstack-Request-Id': 'tx92cb5c961924467eaa065-006a2a9e08', 'Connection': 'close'} {{(pid=101992) http_log /opt/stack/data/venv/lib/python3.12/site-packages/swiftclient/client.py:162}}
Jun 11 11:37:46.660777 np0000002615 devstack@g-api.service[101992]: DEBUG glance_store._drivers.swift.store [None req-1c53c8b7-9d58-49b1-b945-d33d1722b48a tempest-VolumesActionsTest-1394120048 tempest-VolumesActionsTest-1394120048-project-member] Wrote chunk 415f98a7-791d-4f23-bfc9-c76b7aebb03f-00003 (3/?) of length 204800000 to Swift returning MD5 of content: eda9a9889837ac4bc81d6387d92c1bec {{(pid=101992) add /opt/stack/data/venv/lib/python3.12/site-packages/glance_store/_drivers/swift/store.py:1059}}
Jun 11 11:37:47.574968 np0000002615 devstack@g-api.service[101991]: DEBUG glance.api.middleware.version_negotiation [None req-e509dc37-d2b2-42df-9cf6-343e535e6eff tempest-VolumesActionsTest-1394120048 tempest-VolumesActionsTest-1394120048-project-member] Determining version of request: GET /v2/images/415f98a7-791d-4f23-bfc9-c76b7aebb03f Accept: application/json {{(pid=101991) process_request /opt/stack/glance/glance/api/middleware/version_negotiation.py:44}}
Jun 11 11:37:47.574968 np0000002615 devstack@g-api.service[101991]: DEBUG glance.api.middleware.version_negotiation [None req-e509dc37-d2b2-42df-9cf6-343e535e6eff tempest-VolumesActionsTest-1394120048 tempest-VolumesActionsTest-1394120048-project-member] Using url versioning {{(pid=101991) process_request /opt/stack/glance/glance/api/middleware/version_negotiation.py:57}}
Jun 11 11:37:47.574968 np0000002615 devstack@g-api.service[101991]: DEBUG glance.api.middleware.version_negotiation [None req-e509dc37-d2b2-42df-9cf6-343e535e6eff tempest-VolumesActionsTest-1394120048 tempest-VolumesActionsTest-1394120048-project-member] Matched version: v2 {{(pid=101991) process_request /opt/stack/glance/glance/api/middleware/version_negotiation.py:69}}
Jun 11 11:37:47.575412 np0000002615 devstack@g-api.service[101991]: DEBUG glance.api.middleware.version_negotiation [None req-e509dc37-d2b2-42df-9cf6-343e535e6eff tempest-VolumesActionsTest-1394120048 tempest-VolumesActionsTest-1394120048-project-member] new path /v2/images/415f98a7-791d-4f23-bfc9-c76b7aebb03f {{(pid=101991) process_request /opt/stack/glance/glance/api/middleware/version_negotiation.py:70}}
Jun 11 11:37:47.588312 np0000002615 devstack@g-api.service[101991]: [pid: 101991|app: 0|req: 50/154] 127.0.0.1 () {40 vars in 838 bytes} [Thu Jun 11 11:37:47 2026] GET /v2/images/415f98a7-791d-4f23-bfc9-c76b7aebb03f => generated 650 bytes in 14 msecs (HTTP/1.1 200) 4 headers in 157 bytes (1 switches on core 0)
Jun 11 11:37:47.786818 np0000002615 devstack@g-api.service[101992]: DEBUG dbcounter [-] [101992] Writing DB stats glance:SELECT=16,glance:INSERT=1,glance:UPDATE=1 {{(pid=101992) stat_writer /opt/stack/data/venv/lib/python3.12/site-packages/dbcounter.py:115}}
Jun 11 11:37:48.599897 np0000002615 devstack@g-api.service[101990]: DEBUG glance.api.middleware.version_negotiation [None req-c6c22602-d201-4954-a04d-6ee20da47618 tempest-VolumesActionsTest-1394120048 tempest-VolumesActionsTest-1394120048-project-member] Determining version of request: GET /v2/images/415f98a7-791d-4f23-bfc9-c76b7aebb03f Accept: application/json {{(pid=101990) process_request /opt/stack/glance/glance/api/middleware/version_negotiation.py:44}}
Jun 11 11:37:48.600338 np0000002615 devstack@g-api.service[101990]: DEBUG glance.api.middleware.version_negotiation [None req-c6c22602-d201-4954-a04d-6ee20da47618 tempest-VolumesActionsTest-1394120048 tempest-VolumesActionsTest-1394120048-project-member] Using url versioning {{(pid=101990) process_request /opt/stack/glance/glance/api/middleware/version_negotiation.py:57}}
Jun 11 11:37:48.600338 np0000002615 devstack@g-api.service[101990]: DEBUG glance.api.middleware.version_negotiation [None req-c6c22602-d201-4954-a04d-6ee20da47618 tempest-VolumesActionsTest-1394120048 tempest-VolumesActionsTest-1394120048-project-member] Matched version: v2 {{(pid=101990) process_request /opt/stack/glance/glance/api/middleware/version_negotiation.py:69}}
Jun 11 11:37:48.600446 np0000002615 devstack@g-api.service[101990]: DEBUG glance.api.middleware.version_negotiation [None req-c6c22602-d201-4954-a04d-6ee20da47618 tempest-VolumesActionsTest-1394120048 tempest-VolumesActionsTest-1394120048-project-member] new path /v2/images/415f98a7-791d-4f23-bfc9-c76b7aebb03f {{(pid=101990) process_request /opt/stack/glance/glance/api/middleware/version_negotiation.py:70}}
Jun 11 11:37:48.619841 np0000002615 devstack@g-api.service[101990]: [pid: 101990|app: 0|req: 57/155] 127.0.0.1 () {40 vars in 838 bytes} [Thu Jun 11 11:37:48 2026] GET /v2/images/415f98a7-791d-4f23-bfc9-c76b7aebb03f => generated 650 bytes in 21 msecs (HTTP/1.1 200) 4 headers in 157 bytes (1 switches on core 0)
Jun 11 11:37:49.051284 np0000002615 devstack@g-api.service[101992]: DEBUG swiftclient [None req-1c53c8b7-9d58-49b1-b945-d33d1722b48a tempest-VolumesActionsTest-1394120048 tempest-VolumesActionsTest-1394120048-project-member] REQ: curl -i https://10.4.3.139:8080/v1/AUTH_0c9e7f0f810946b49688071a74e25194/glance/415f98a7-791d-4f23-bfc9-c76b7aebb03f-00004 -X PUT -H "X-Auth-Token: gAAAAABqKp4BqcG3..." {{(pid=101992) http_log /opt/stack/data/venv/lib/python3.12/site-packages/swiftclient/client.py:160}}
Jun 11 11:37:49.051623 np0000002615 devstack@g-api.service[101992]: DEBUG swiftclient [None req-1c53c8b7-9d58-49b1-b945-d33d1722b48a tempest-VolumesActionsTest-1394120048 tempest-VolumesActionsTest-1394120048-project-member] RESP STATUS: 201 Created {{(pid=101992) http_log /opt/stack/data/venv/lib/python3.12/site-packages/swiftclient/client.py:161}}
Jun 11 11:37:49.051669 np0000002615 devstack@g-api.service[101992]: DEBUG swiftclient [None req-1c53c8b7-9d58-49b1-b945-d33d1722b48a tempest-VolumesActionsTest-1394120048 tempest-VolumesActionsTest-1394120048-project-member] RESP HEADERS: {'Date': 'Thu, 11 Jun 2026 11:37:49 GMT', 'Server': 'Apache/2.4.58 (Ubuntu)', 'Content-Type': 'text/html; charset=UTF-8', 'Content-Length': '0', 'Etag': 'eda9a9889837ac4bc81d6387d92c1bec', 'Last-Modified': 'Thu, 11 Jun 2026 11:37:47 GMT', 'X-Trans-Id': 'tx7a2440504d164c8384a0d-006a2a9e0a', 'X-Openstack-Request-Id': 'tx7a2440504d164c8384a0d-006a2a9e0a', 'Connection': 'close'} {{(pid=101992) http_log /opt/stack/data/venv/lib/python3.12/site-packages/swiftclient/client.py:162}}
Jun 11 11:37:49.051839 np0000002615 devstack@g-api.service[101992]: DEBUG glance_store._drivers.swift.store [None req-1c53c8b7-9d58-49b1-b945-d33d1722b48a tempest-VolumesActionsTest-1394120048 tempest-VolumesActionsTest-1394120048-project-member] Wrote chunk 415f98a7-791d-4f23-bfc9-c76b7aebb03f-00004 (4/?) of length 204800000 to Swift returning MD5 of content: eda9a9889837ac4bc81d6387d92c1bec {{(pid=101992) add /opt/stack/data/venv/lib/python3.12/site-packages/glance_store/_drivers/swift/store.py:1059}}
Jun 11 11:37:49.630810 np0000002615 devstack@g-api.service[101991]: DEBUG glance.api.middleware.version_negotiation [None req-601f50b7-494c-4ee8-a8d4-eca2774e592e tempest-VolumesActionsTest-1394120048 tempest-VolumesActionsTest-1394120048-project-member] Determining version of request: GET /v2/images/415f98a7-791d-4f23-bfc9-c76b7aebb03f Accept: application/json {{(pid=101991) process_request /opt/stack/glance/glance/api/middleware/version_negotiation.py:44}}
Jun 11 11:37:49.631257 np0000002615 devstack@g-api.service[101991]: DEBUG glance.api.middleware.version_negotiation [None req-601f50b7-494c-4ee8-a8d4-eca2774e592e tempest-VolumesActionsTest-1394120048 tempest-VolumesActionsTest-1394120048-project-member] Using url versioning {{(pid=101991) process_request /opt/stack/glance/glance/api/middleware/version_negotiation.py:57}}
Jun 11 11:37:49.631257 np0000002615 devstack@g-api.service[101991]: DEBUG glance.api.middleware.version_negotiation [None req-601f50b7-494c-4ee8-a8d4-eca2774e592e tempest-VolumesActionsTest-1394120048 tempest-VolumesActionsTest-1394120048-project-member] Matched version: v2 {{(pid=101991) process_request /opt/stack/glance/glance/api/middleware/version_negotiation.py:69}}
Jun 11 11:37:49.631447 np0000002615 devstack@g-api.service[101991]: DEBUG glance.api.middleware.version_negotiation [None req-601f50b7-494c-4ee8-a8d4-eca2774e592e tempest-VolumesActionsTest-1394120048 tempest-VolumesActionsTest-1394120048-project-member] new path /v2/images/415f98a7-791d-4f23-bfc9-c76b7aebb03f {{(pid=101991) process_request /opt/stack/glance/glance/api/middleware/version_negotiation.py:70}}
Jun 11 11:37:49.647344 np0000002615 devstack@g-api.service[101991]: [pid: 101991|app: 0|req: 51/156] 127.0.0.1 () {40 vars in 838 bytes} [Thu Jun 11 11:37:49 2026] GET /v2/images/415f98a7-791d-4f23-bfc9-c76b7aebb03f => generated 650 bytes in 17 msecs (HTTP/1.1 200) 4 headers in 157 bytes (1 switches on core 0)
Jun 11 11:37:50.661057 np0000002615 devstack@g-api.service[101990]: DEBUG glance.api.middleware.version_negotiation [None req-53717870-c001-4986-bd19-356fc8ab3d48 tempest-VolumesActionsTest-1394120048 tempest-VolumesActionsTest-1394120048-project-member] Determining version of request: GET /v2/images/415f98a7-791d-4f23-bfc9-c76b7aebb03f Accept: application/json {{(pid=101990) process_request /opt/stack/glance/glance/api/middleware/version_negotiation.py:44}}
Jun 11 11:37:50.661057 np0000002615 devstack@g-api.service[101990]: DEBUG glance.api.middleware.version_negotiation [None req-53717870-c001-4986-bd19-356fc8ab3d48 tempest-VolumesActionsTest-1394120048 tempest-VolumesActionsTest-1394120048-project-member] Using url versioning {{(pid=101990) process_request /opt/stack/glance/glance/api/middleware/version_negotiation.py:57}}
Jun 11 11:37:50.661057 np0000002615 devstack@g-api.service[101990]: DEBUG glance.api.middleware.version_negotiation [None req-53717870-c001-4986-bd19-356fc8ab3d48 tempest-VolumesActionsTest-1394120048 tempest-VolumesActionsTest-1394120048-project-member] Matched version: v2 {{(pid=101990) process_request /opt/stack/glance/glance/api/middleware/version_negotiation.py:69}}
Jun 11 11:37:50.661057 np0000002615 devstack@g-api.service[101990]: DEBUG glance.api.middleware.version_negotiation [None req-53717870-c001-4986-bd19-356fc8ab3d48 tempest-VolumesActionsTest-1394120048 tempest-VolumesActionsTest-1394120048-project-member] new path /v2/images/415f98a7-791d-4f23-bfc9-c76b7aebb03f {{(pid=101990) process_request /opt/stack/glance/glance/api/middleware/version_negotiation.py:70}}
Jun 11 11:37:50.672752 np0000002615 devstack@g-api.service[101990]: [pid: 101990|app: 0|req: 58/157] 127.0.0.1 () {40 vars in 838 bytes} [Thu Jun 11 11:37:50 2026] GET /v2/images/415f98a7-791d-4f23-bfc9-c76b7aebb03f => generated 650 bytes in 12 msecs (HTTP/1.1 200) 4 headers in 157 bytes (1 switches on core 0)
Jun 11 11:37:51.359470 np0000002615 devstack@g-api.service[101992]: DEBUG swiftclient [None req-1c53c8b7-9d58-49b1-b945-d33d1722b48a tempest-VolumesActionsTest-1394120048 tempest-VolumesActionsTest-1394120048-project-member] REQ: curl -i https://10.4.3.139:8080/v1/AUTH_0c9e7f0f810946b49688071a74e25194/glance/415f98a7-791d-4f23-bfc9-c76b7aebb03f-00005 -X PUT -H "X-Auth-Token: gAAAAABqKp4BqcG3..." {{(pid=101992) http_log /opt/stack/data/venv/lib/python3.12/site-packages/swiftclient/client.py:160}}
Jun 11 11:37:51.359760 np0000002615 devstack@g-api.service[101992]: DEBUG swiftclient [None req-1c53c8b7-9d58-49b1-b945-d33d1722b48a tempest-VolumesActionsTest-1394120048 tempest-VolumesActionsTest-1394120048-project-member] RESP STATUS: 201 Created {{(pid=101992) http_log /opt/stack/data/venv/lib/python3.12/site-packages/swiftclient/client.py:161}}
Jun 11 11:37:51.359795 np0000002615 devstack@g-api.service[101992]: DEBUG swiftclient [None req-1c53c8b7-9d58-49b1-b945-d33d1722b48a tempest-VolumesActionsTest-1394120048 tempest-VolumesActionsTest-1394120048-project-member] RESP HEADERS: {'Date': 'Thu, 11 Jun 2026 11:37:51 GMT', 'Server': 'Apache/2.4.58 (Ubuntu)', 'Content-Type': 'text/html; charset=UTF-8', 'Content-Length': '0', 'Etag': 'eda9a9889837ac4bc81d6387d92c1bec', 'Last-Modified': 'Thu, 11 Jun 2026 11:37:50 GMT', 'X-Trans-Id': 'txc215970c98b343d49b2d5-006a2a9e0d', 'X-Openstack-Request-Id': 'txc215970c98b343d49b2d5-006a2a9e0d', 'Connection': 'close'} {{(pid=101992) http_log /opt/stack/data/venv/lib/python3.12/site-packages/swiftclient/client.py:162}}
Jun 11 11:37:51.359905 np0000002615 devstack@g-api.service[101992]: DEBUG glance_store._drivers.swift.store [None req-1c53c8b7-9d58-49b1-b945-d33d1722b48a tempest-VolumesActionsTest-1394120048 tempest-VolumesActionsTest-1394120048-project-member] Wrote chunk 415f98a7-791d-4f23-bfc9-c76b7aebb03f-00005 (5/?) of length 204800000 to Swift returning MD5 of content: eda9a9889837ac4bc81d6387d92c1bec {{(pid=101992) add /opt/stack/data/venv/lib/python3.12/site-packages/glance_store/_drivers/swift/store.py:1059}}
Jun 11 11:37:51.682707 np0000002615 devstack@g-api.service[101991]: DEBUG glance.api.middleware.version_negotiation [None req-e1f223a1-0c05-42c8-a43e-18966cb0fcf8 tempest-VolumesActionsTest-1394120048 tempest-VolumesActionsTest-1394120048-project-member] Determining version of request: GET /v2/images/415f98a7-791d-4f23-bfc9-c76b7aebb03f Accept: application/json {{(pid=101991) process_request /opt/stack/glance/glance/api/middleware/version_negotiation.py:44}}
Jun 11 11:37:51.683141 np0000002615 devstack@g-api.service[101991]: DEBUG glance.api.middleware.version_negotiation [None req-e1f223a1-0c05-42c8-a43e-18966cb0fcf8 tempest-VolumesActionsTest-1394120048 tempest-VolumesActionsTest-1394120048-project-member] Using url versioning {{(pid=101991) process_request /opt/stack/glance/glance/api/middleware/version_negotiation.py:57}}
Jun 11 11:37:51.683229 np0000002615 devstack@g-api.service[101991]: DEBUG glance.api.middleware.version_negotiation [None req-e1f223a1-0c05-42c8-a43e-18966cb0fcf8 tempest-VolumesActionsTest-1394120048 tempest-VolumesActionsTest-1394120048-project-member] Matched version: v2 {{(pid=101991) process_request /opt/stack/glance/glance/api/middleware/version_negotiation.py:69}}
Jun 11 11:37:51.683367 np0000002615 devstack@g-api.service[101991]: DEBUG glance.api.middleware.version_negotiation [None req-e1f223a1-0c05-42c8-a43e-18966cb0fcf8 tempest-VolumesActionsTest-1394120048 tempest-VolumesActionsTest-1394120048-project-member] new path /v2/images/415f98a7-791d-4f23-bfc9-c76b7aebb03f {{(pid=101991) process_request /opt/stack/glance/glance/api/middleware/version_negotiation.py:70}}
Jun 11 11:37:51.705071 np0000002615 devstack@g-api.service[101991]: [pid: 101991|app: 0|req: 52/158] 127.0.0.1 () {40 vars in 838 bytes} [Thu Jun 11 11:37:51 2026] GET /v2/images/415f98a7-791d-4f23-bfc9-c76b7aebb03f => generated 650 bytes in 21 msecs (HTTP/1.1 200) 4 headers in 157 bytes (1 switches on core 0)
Jun 11 11:37:51.949236 np0000002615 devstack@g-api.service[101992]: DEBUG swiftclient [None req-1c53c8b7-9d58-49b1-b945-d33d1722b48a tempest-VolumesActionsTest-1394120048 tempest-VolumesActionsTest-1394120048-project-member] REQ: curl -i https://10.4.3.139:8080/v1/AUTH_0c9e7f0f810946b49688071a74e25194/glance/415f98a7-791d-4f23-bfc9-c76b7aebb03f-00006 -X PUT -H "X-Auth-Token: gAAAAABqKp4BqcG3..." {{(pid=101992) http_log /opt/stack/data/venv/lib/python3.12/site-packages/swiftclient/client.py:160}}
Jun 11 11:37:51.949236 np0000002615 devstack@g-api.service[101992]: DEBUG swiftclient [None req-1c53c8b7-9d58-49b1-b945-d33d1722b48a tempest-VolumesActionsTest-1394120048 tempest-VolumesActionsTest-1394120048-project-member] RESP STATUS: 201 Created {{(pid=101992) http_log /opt/stack/data/venv/lib/python3.12/site-packages/swiftclient/client.py:161}}
Jun 11 11:37:51.949726 np0000002615 devstack@g-api.service[101992]: DEBUG swiftclient [None req-1c53c8b7-9d58-49b1-b945-d33d1722b48a tempest-VolumesActionsTest-1394120048 tempest-VolumesActionsTest-1394120048-project-member] RESP HEADERS: {'Date': 'Thu, 11 Jun 2026 11:37:51 GMT', 'Server': 'Apache/2.4.58 (Ubuntu)', 'Content-Type': 'text/html; charset=UTF-8', 'Content-Length': '0', 'Etag': '708761f3b8777ec77058e63da08eeeb6', 'Last-Modified': 'Thu, 11 Jun 2026 11:37:52 GMT', 'X-Trans-Id': 'tx6b9a072eb3be4756ab31c-006a2a9e0f', 'X-Openstack-Request-Id': 'tx6b9a072eb3be4756ab31c-006a2a9e0f', 'Connection': 'close'} {{(pid=101992) http_log /opt/stack/data/venv/lib/python3.12/site-packages/swiftclient/client.py:162}}
Jun 11 11:37:51.950328 np0000002615 devstack@g-api.service[101992]: DEBUG glance_store._drivers.swift.store [None req-1c53c8b7-9d58-49b1-b945-d33d1722b48a tempest-VolumesActionsTest-1394120048 tempest-VolumesActionsTest-1394120048-project-member] Wrote chunk 415f98a7-791d-4f23-bfc9-c76b7aebb03f-00006 (6/?) of length 49741824 to Swift returning MD5 of content: 708761f3b8777ec77058e63da08eeeb6 {{(pid=101992) add /opt/stack/data/venv/lib/python3.12/site-packages/glance_store/_drivers/swift/store.py:1059}}
Jun 11 11:37:51.950819 np0000002615 devstack@g-api.service[101992]: DEBUG glance_store._drivers.swift.store [None req-1c53c8b7-9d58-49b1-b945-d33d1722b48a tempest-VolumesActionsTest-1394120048 tempest-VolumesActionsTest-1394120048-project-member] Not writing zero-length chunk. {{(pid=101992) add /opt/stack/data/venv/lib/python3.12/site-packages/glance_store/_drivers/swift/store.py:1028}}
Jun 11 11:37:51.974821 np0000002615 devstack@g-api.service[101992]: DEBUG swiftclient [None req-1c53c8b7-9d58-49b1-b945-d33d1722b48a tempest-VolumesActionsTest-1394120048 tempest-VolumesActionsTest-1394120048-project-member] REQ: curl -i https://10.4.3.139:8080/v1/AUTH_0c9e7f0f810946b49688071a74e25194/glance/415f98a7-791d-4f23-bfc9-c76b7aebb03f -X PUT -H "X-Object-Manifest: glance/415f98a7-791d-4f23-bfc9-c76b7aebb03f-" -H "X-Auth-Token: gAAAAABqKp4BqcG3..." -H "Content-Length: 0" {{(pid=101992) http_log /opt/stack/data/venv/lib/python3.12/site-packages/swiftclient/client.py:160}}
Jun 11 11:37:51.974959 np0000002615 devstack@g-api.service[101992]: DEBUG swiftclient [None req-1c53c8b7-9d58-49b1-b945-d33d1722b48a tempest-VolumesActionsTest-1394120048 tempest-VolumesActionsTest-1394120048-project-member] RESP STATUS: 201 Created {{(pid=101992) http_log /opt/stack/data/venv/lib/python3.12/site-packages/swiftclient/client.py:161}}
Jun 11 11:37:51.975099 np0000002615 devstack@g-api.service[101992]: DEBUG swiftclient [None req-1c53c8b7-9d58-49b1-b945-d33d1722b48a tempest-VolumesActionsTest-1394120048 tempest-VolumesActionsTest-1394120048-project-member] RESP HEADERS: {'Date': 'Thu, 11 Jun 2026 11:37:51 GMT', 'Server': 'Apache/2.4.58 (Ubuntu)', 'Content-Type': 'text/html; charset=UTF-8', 'Content-Length': '0', 'Etag': 'd41d8cd98f00b204e9800998ecf8427e', 'Last-Modified': 'Thu, 11 Jun 2026 11:37:52 GMT', 'X-Trans-Id': 'txb96ed2d436e14accbe19b-006a2a9e0f', 'X-Openstack-Request-Id': 'txb96ed2d436e14accbe19b-006a2a9e0f', 'Connection': 'close'} {{(pid=101992) http_log /opt/stack/data/venv/lib/python3.12/site-packages/swiftclient/client.py:162}}
Jun 11 11:37:51.975668 np0000002615 devstack@g-api.service[101992]: INFO glance.location [None req-1c53c8b7-9d58-49b1-b945-d33d1722b48a tempest-VolumesActionsTest-1394120048 tempest-VolumesActionsTest-1394120048-project-member] Image format matched and virtual size computed: 1073741824
Jun 11 11:37:52.011792 np0000002615 devstack@g-api.service[101992]: DEBUG glance_store.backend [None req-1c53c8b7-9d58-49b1-b945-d33d1722b48a tempest-VolumesActionsTest-1394120048 tempest-VolumesActionsTest-1394120048-project-member] Attempting to import store swift {{(pid=101992) _load_store /opt/stack/data/venv/lib/python3.12/site-packages/glance_store/backend.py:215}}
Jun 11 11:37:52.013513 np0000002615 devstack@g-api.service[101992]: DEBUG glance_store.capabilities [None req-1c53c8b7-9d58-49b1-b945-d33d1722b48a tempest-VolumesActionsTest-1394120048 tempest-VolumesActionsTest-1394120048-project-member] Store glance_store._drivers.swift.store.SingleTenantStore doesn't support updating dynamic storage capabilities. Please overwrite 'update_capabilities' method of the store to implement updating logics if needed. {{(pid=101992) update_capabilities /opt/stack/data/venv/lib/python3.12/site-packages/glance_store/capabilities.py:91}}
Jun 11 11:37:52.013513 np0000002615 devstack@g-api.service[101992]: DEBUG glance_store.driver [None req-1c53c8b7-9d58-49b1-b945-d33d1722b48a tempest-VolumesActionsTest-1394120048 tempest-VolumesActionsTest-1394120048-project-member] Late loading location class glance_store._drivers.swift.store.StoreLocation {{(pid=101992) get_store_location_class /opt/stack/data/venv/lib/python3.12/site-packages/glance_store/driver.py:134}}
Jun 11 11:37:52.013513 np0000002615 devstack@g-api.service[101992]: DEBUG glance_store.location [None req-1c53c8b7-9d58-49b1-b945-d33d1722b48a tempest-VolumesActionsTest-1394120048 tempest-VolumesActionsTest-1394120048-project-member] Registering scheme swift+https with {'store': , 'location_class': , 'store_entry': 'swift'} {{(pid=101992) register_scheme_map /opt/stack/data/venv/lib/python3.12/site-packages/glance_store/location.py:146}}
Jun 11 11:37:52.013931 np0000002615 devstack@g-api.service[101992]: DEBUG glance_store.location [None req-1c53c8b7-9d58-49b1-b945-d33d1722b48a tempest-VolumesActionsTest-1394120048 tempest-VolumesActionsTest-1394120048-project-member] Registering scheme swift+https with {'store': , 'location_class': , 'store_entry': 'swift'} {{(pid=101992) register_scheme_map /opt/stack/data/venv/lib/python3.12/site-packages/glance_store/location.py:146}}
Jun 11 11:37:52.013931 np0000002615 devstack@g-api.service[101992]: DEBUG glance_store.location [None req-1c53c8b7-9d58-49b1-b945-d33d1722b48a tempest-VolumesActionsTest-1394120048 tempest-VolumesActionsTest-1394120048-project-member] Registering scheme swift with {'store': , 'location_class': , 'store_entry': 'swift'} {{(pid=101992) register_scheme_map /opt/stack/data/venv/lib/python3.12/site-packages/glance_store/location.py:146}}
Jun 11 11:37:52.013931 np0000002615 devstack@g-api.service[101992]: DEBUG glance_store.location [None req-1c53c8b7-9d58-49b1-b945-d33d1722b48a tempest-VolumesActionsTest-1394120048 tempest-VolumesActionsTest-1394120048-project-member] Registering scheme swift+https with {'store': , 'location_class': , 'store_entry': 'swift'} {{(pid=101992) register_scheme_map /opt/stack/data/venv/lib/python3.12/site-packages/glance_store/location.py:146}}
Jun 11 11:37:52.013931 np0000002615 devstack@g-api.service[101992]: DEBUG glance_store.location [None req-1c53c8b7-9d58-49b1-b945-d33d1722b48a tempest-VolumesActionsTest-1394120048 tempest-VolumesActionsTest-1394120048-project-member] Registering scheme swift with {'store': , 'location_class': , 'store_entry': 'swift'} {{(pid=101992) register_scheme_map /opt/stack/data/venv/lib/python3.12/site-packages/glance_store/location.py:146}}
Jun 11 11:37:52.013931 np0000002615 devstack@g-api.service[101992]: DEBUG glance_store.location [None req-1c53c8b7-9d58-49b1-b945-d33d1722b48a tempest-VolumesActionsTest-1394120048 tempest-VolumesActionsTest-1394120048-project-member] Registering scheme swift+http with {'store': , 'location_class': , 'store_entry': 'swift'} {{(pid=101992) register_scheme_map /opt/stack/data/venv/lib/python3.12/site-packages/glance_store/location.py:146}}
Jun 11 11:37:52.014187 np0000002615 devstack@g-api.service[101992]: DEBUG glance_store.location [None req-1c53c8b7-9d58-49b1-b945-d33d1722b48a tempest-VolumesActionsTest-1394120048 tempest-VolumesActionsTest-1394120048-project-member] Registering scheme swift+https with {'store': , 'location_class': , 'store_entry': 'swift'} {{(pid=101992) register_scheme_map /opt/stack/data/venv/lib/python3.12/site-packages/glance_store/location.py:146}}
Jun 11 11:37:52.014187 np0000002615 devstack@g-api.service[101992]: DEBUG glance_store.location [None req-1c53c8b7-9d58-49b1-b945-d33d1722b48a tempest-VolumesActionsTest-1394120048 tempest-VolumesActionsTest-1394120048-project-member] Registering scheme swift with {'store': , 'location_class': , 'store_entry': 'swift'} {{(pid=101992) register_scheme_map /opt/stack/data/venv/lib/python3.12/site-packages/glance_store/location.py:146}}
Jun 11 11:37:52.014295 np0000002615 devstack@g-api.service[101992]: DEBUG glance_store.location [None req-1c53c8b7-9d58-49b1-b945-d33d1722b48a tempest-VolumesActionsTest-1394120048 tempest-VolumesActionsTest-1394120048-project-member] Registering scheme swift+http with {'store': , 'location_class': , 'store_entry': 'swift'} {{(pid=101992) register_scheme_map /opt/stack/data/venv/lib/python3.12/site-packages/glance_store/location.py:146}}
Jun 11 11:37:52.014295 np0000002615 devstack@g-api.service[101992]: DEBUG glance_store.location [None req-1c53c8b7-9d58-49b1-b945-d33d1722b48a tempest-VolumesActionsTest-1394120048 tempest-VolumesActionsTest-1394120048-project-member] Registering scheme swift+config with {'store': , 'location_class': , 'store_entry': 'swift'} {{(pid=101992) register_scheme_map /opt/stack/data/venv/lib/python3.12/site-packages/glance_store/location.py:146}}
Jun 11 11:37:52.014415 np0000002615 devstack@g-api.service[101992]: DEBUG glance_store.backend [None req-1c53c8b7-9d58-49b1-b945-d33d1722b48a tempest-VolumesActionsTest-1394120048 tempest-VolumesActionsTest-1394120048-project-member] Skipping store.set_acls... not implemented. {{(pid=101992) set_acls /opt/stack/data/venv/lib/python3.12/site-packages/glance_store/backend.py:507}}
Jun 11 11:37:52.018123 np0000002615 devstack@g-api.service[101992]: [pid: 101992|app: 0|req: 49/159] 127.0.0.1 () {46 vars in 1158 bytes} [Thu Jun 11 11:37:35 2026] PUT /v2/images/415f98a7-791d-4f23-bfc9-c76b7aebb03f/file => generated 0 bytes in 16134 msecs (HTTP/1.1 204) 4 headers in 171 bytes (1 switches on core 0)
Jun 11 11:37:52.024670 np0000002615 devstack@g-api.service[101990]: DEBUG glance.api.middleware.version_negotiation [None req-4b466ead-c097-4593-b001-3a825220d990 tempest-VolumesActionsTest-1394120048 tempest-VolumesActionsTest-1394120048-project-member] Determining version of request: GET /v2/images/415f98a7-791d-4f23-bfc9-c76b7aebb03f Accept: */* {{(pid=101990) process_request /opt/stack/glance/glance/api/middleware/version_negotiation.py:44}}
Jun 11 11:37:52.025106 np0000002615 devstack@g-api.service[101990]: DEBUG glance.api.middleware.version_negotiation [None req-4b466ead-c097-4593-b001-3a825220d990 tempest-VolumesActionsTest-1394120048 tempest-VolumesActionsTest-1394120048-project-member] Using url versioning {{(pid=101990) process_request /opt/stack/glance/glance/api/middleware/version_negotiation.py:57}}
Jun 11 11:37:52.025106 np0000002615 devstack@g-api.service[101990]: DEBUG glance.api.middleware.version_negotiation [None req-4b466ead-c097-4593-b001-3a825220d990 tempest-VolumesActionsTest-1394120048 tempest-VolumesActionsTest-1394120048-project-member] Matched version: v2 {{(pid=101990) process_request /opt/stack/glance/glance/api/middleware/version_negotiation.py:69}}
Jun 11 11:37:52.025106 np0000002615 devstack@g-api.service[101990]: DEBUG glance.api.middleware.version_negotiation [None req-4b466ead-c097-4593-b001-3a825220d990 tempest-VolumesActionsTest-1394120048 tempest-VolumesActionsTest-1394120048-project-member] new path /v2/images/415f98a7-791d-4f23-bfc9-c76b7aebb03f {{(pid=101990) process_request /opt/stack/glance/glance/api/middleware/version_negotiation.py:70}}
Jun 11 11:37:52.039241 np0000002615 devstack@g-api.service[101990]: [pid: 101990|app: 0|req: 59/160] 127.0.0.1 () {44 vars in 1115 bytes} [Thu Jun 11 11:37:52 2026] GET /v2/images/415f98a7-791d-4f23-bfc9-c76b7aebb03f => generated 822 bytes in 15 msecs (HTTP/1.1 200) 4 headers in 157 bytes (1 switches on core 0)
Jun 11 11:37:52.049557 np0000002615 devstack@g-api.service[101991]: DEBUG glance.api.middleware.version_negotiation [None req-f0b3a8ff-f082-43d6-a85c-a5f535d76a5b tempest-VolumesActionsTest-1394120048 tempest-VolumesActionsTest-1394120048-project-member] Determining version of request: GET /v2/schemas/image Accept: */* {{(pid=101991) process_request /opt/stack/glance/glance/api/middleware/version_negotiation.py:44}}
Jun 11 11:37:52.049732 np0000002615 devstack@g-api.service[101991]: DEBUG glance.api.middleware.version_negotiation [None req-f0b3a8ff-f082-43d6-a85c-a5f535d76a5b tempest-VolumesActionsTest-1394120048 tempest-VolumesActionsTest-1394120048-project-member] Using url versioning {{(pid=101991) process_request /opt/stack/glance/glance/api/middleware/version_negotiation.py:57}}
Jun 11 11:37:52.049910 np0000002615 devstack@g-api.service[101991]: DEBUG glance.api.middleware.version_negotiation [None req-f0b3a8ff-f082-43d6-a85c-a5f535d76a5b tempest-VolumesActionsTest-1394120048 tempest-VolumesActionsTest-1394120048-project-member] Matched version: v2 {{(pid=101991) process_request /opt/stack/glance/glance/api/middleware/version_negotiation.py:69}}
Jun 11 11:37:52.050045 np0000002615 devstack@g-api.service[101991]: DEBUG glance.api.middleware.version_negotiation [None req-f0b3a8ff-f082-43d6-a85c-a5f535d76a5b tempest-VolumesActionsTest-1394120048 tempest-VolumesActionsTest-1394120048-project-member] new path /v2/schemas/image {{(pid=101991) process_request /opt/stack/glance/glance/api/middleware/version_negotiation.py:70}}
Jun 11 11:37:52.056247 np0000002615 devstack@g-api.service[101991]: [pid: 101991|app: 0|req: 53/161] 127.0.0.1 () {44 vars in 1055 bytes} [Thu Jun 11 11:37:52 2026] GET /v2/schemas/image => generated 6083 bytes in 7 msecs (HTTP/1.1 200) 4 headers in 158 bytes (1 switches on core 0)
Jun 11 11:37:52.067056 np0000002615 devstack@g-api.service[101992]: DEBUG glance.api.middleware.version_negotiation [None req-1c53c8b7-9d58-49b1-b945-d33d1722b48a tempest-VolumesActionsTest-1394120048 tempest-VolumesActionsTest-1394120048-project-member] Determining version of request: GET /v2/schemas/image Accept: */* {{(pid=101992) process_request /opt/stack/glance/glance/api/middleware/version_negotiation.py:44}}
