Jun 11 11:31:42.183956 np0000002615 nova-scheduler[95681]: DEBUG cotyledon.oslo_config_glue [-] oslo_limit.connect_retries = None {{(pid=95681) log_opt_values /opt/stack/data/venv/lib/python3.12/site-packages/oslo_config/cfg.py:3256}}
Jun 11 11:31:42.183956 np0000002615 nova-scheduler[95681]: DEBUG cotyledon.oslo_config_glue [-] oslo_limit.connect_retry_delay = None {{(pid=95681) log_opt_values /opt/stack/data/venv/lib/python3.12/site-packages/oslo_config/cfg.py:3256}}
Jun 11 11:31:42.183956 np0000002615 nova-scheduler[95681]: DEBUG cotyledon.oslo_config_glue [-] oslo_limit.endpoint_id = None {{(pid=95681) log_opt_values /opt/stack/data/venv/lib/python3.12/site-packages/oslo_config/cfg.py:3256}}
Jun 11 11:31:42.183956 np0000002615 nova-scheduler[95681]: DEBUG cotyledon.oslo_config_glue [-] oslo_limit.endpoint_interface = public {{(pid=95681) log_opt_values /opt/stack/data/venv/lib/python3.12/site-packages/oslo_config/cfg.py:3256}}
Jun 11 11:31:42.184121 np0000002615 nova-scheduler[95681]: DEBUG cotyledon.oslo_config_glue [-] oslo_limit.endpoint_override = None {{(pid=95681) log_opt_values /opt/stack/data/venv/lib/python3.12/site-packages/oslo_config/cfg.py:3256}}
Jun 11 11:31:42.184121 np0000002615 nova-scheduler[95681]: DEBUG cotyledon.oslo_config_glue [-] oslo_limit.endpoint_region_name = None {{(pid=95681) log_opt_values /opt/stack/data/venv/lib/python3.12/site-packages/oslo_config/cfg.py:3256}}
Jun 11 11:31:42.184121 np0000002615 nova-scheduler[95681]: DEBUG cotyledon.oslo_config_glue [-] oslo_limit.endpoint_service_name = None {{(pid=95681) log_opt_values /opt/stack/data/venv/lib/python3.12/site-packages/oslo_config/cfg.py:3256}}
Jun 11 11:31:42.184121 np0000002615 nova-scheduler[95681]: DEBUG cotyledon.oslo_config_glue [-] oslo_limit.endpoint_service_type = None {{(pid=95681) log_opt_values /opt/stack/data/venv/lib/python3.12/site-packages/oslo_config/cfg.py:3256}}
Jun 11 11:31:42.184121 np0000002615 nova-scheduler[95681]: DEBUG cotyledon.oslo_config_glue [-] oslo_limit.insecure = False {{(pid=95681) log_opt_values /opt/stack/data/venv/lib/python3.12/site-packages/oslo_config/cfg.py:3256}}
Jun 11 11:31:42.184121 np0000002615 nova-scheduler[95681]: DEBUG cotyledon.oslo_config_glue [-] oslo_limit.keyfile = None {{(pid=95681) log_opt_values /opt/stack/data/venv/lib/python3.12/site-packages/oslo_config/cfg.py:3256}}
Jun 11 11:31:42.184121 np0000002615 nova-scheduler[95681]: DEBUG cotyledon.oslo_config_glue [-] oslo_limit.max_version = None {{(pid=95681) log_opt_values /opt/stack/data/venv/lib/python3.12/site-packages/oslo_config/cfg.py:3256}}
Jun 11 11:31:42.184121 np0000002615 nova-scheduler[95681]: DEBUG cotyledon.oslo_config_glue [-] oslo_limit.min_version = None {{(pid=95681) log_opt_values /opt/stack/data/venv/lib/python3.12/site-packages/oslo_config/cfg.py:3256}}
Jun 11 11:31:42.184121 np0000002615 nova-scheduler[95681]: DEBUG cotyledon.oslo_config_glue [-] oslo_limit.region_name = None {{(pid=95681) log_opt_values /opt/stack/data/venv/lib/python3.12/site-packages/oslo_config/cfg.py:3256}}
Jun 11 11:31:42.184302 np0000002615 nova-scheduler[95681]: DEBUG cotyledon.oslo_config_glue [-] oslo_limit.retriable_status_codes = None {{(pid=95681) log_opt_values /opt/stack/data/venv/lib/python3.12/site-packages/oslo_config/cfg.py:3256}}
Jun 11 11:31:42.184302 np0000002615 nova-scheduler[95681]: DEBUG cotyledon.oslo_config_glue [-] oslo_limit.service_name = None {{(pid=95681) log_opt_values /opt/stack/data/venv/lib/python3.12/site-packages/oslo_config/cfg.py:3256}}
Jun 11 11:31:42.184302 np0000002615 nova-scheduler[95681]: DEBUG cotyledon.oslo_config_glue [-] oslo_limit.service_type = None {{(pid=95681) log_opt_values /opt/stack/data/venv/lib/python3.12/site-packages/oslo_config/cfg.py:3256}}
Jun 11 11:31:42.184302 np0000002615 nova-scheduler[95681]: DEBUG cotyledon.oslo_config_glue [-] oslo_limit.split_loggers = False {{(pid=95681) log_opt_values /opt/stack/data/venv/lib/python3.12/site-packages/oslo_config/cfg.py:3256}}
Jun 11 11:31:42.184302 np0000002615 nova-scheduler[95681]: DEBUG cotyledon.oslo_config_glue [-] oslo_limit.status_code_retries = None {{(pid=95681) log_opt_values /opt/stack/data/venv/lib/python3.12/site-packages/oslo_config/cfg.py:3256}}
Jun 11 11:31:42.184302 np0000002615 nova-scheduler[95681]: DEBUG cotyledon.oslo_config_glue [-] oslo_limit.status_code_retry_delay = None {{(pid=95681) log_opt_values /opt/stack/data/venv/lib/python3.12/site-packages/oslo_config/cfg.py:3256}}
Jun 11 11:31:42.184302 np0000002615 nova-scheduler[95681]: DEBUG cotyledon.oslo_config_glue [-] oslo_limit.timeout = None {{(pid=95681) log_opt_values /opt/stack/data/venv/lib/python3.12/site-packages/oslo_config/cfg.py:3256}}
Jun 11 11:31:42.184302 np0000002615 nova-scheduler[95681]: DEBUG cotyledon.oslo_config_glue [-] oslo_limit.valid_interfaces = None {{(pid=95681) log_opt_values /opt/stack/data/venv/lib/python3.12/site-packages/oslo_config/cfg.py:3256}}
Jun 11 11:31:42.184302 np0000002615 nova-scheduler[95681]: DEBUG cotyledon.oslo_config_glue [-] oslo_limit.version = None {{(pid=95681) log_opt_values /opt/stack/data/venv/lib/python3.12/site-packages/oslo_config/cfg.py:3256}}
Jun 11 11:31:42.184467 np0000002615 nova-scheduler[95681]: DEBUG cotyledon.oslo_config_glue [-] oslo_reports.file_event_handler = None {{(pid=95681) log_opt_values /opt/stack/data/venv/lib/python3.12/site-packages/oslo_config/cfg.py:3256}}
Jun 11 11:31:42.184467 np0000002615 nova-scheduler[95681]: DEBUG cotyledon.oslo_config_glue [-] oslo_reports.file_event_handler_interval = 1 {{(pid=95681) log_opt_values /opt/stack/data/venv/lib/python3.12/site-packages/oslo_config/cfg.py:3256}}
Jun 11 11:31:42.184467 np0000002615 nova-scheduler[95681]: DEBUG cotyledon.oslo_config_glue [-] oslo_reports.log_dir = None {{(pid=95681) log_opt_values /opt/stack/data/venv/lib/python3.12/site-packages/oslo_config/cfg.py:3256}}
Jun 11 11:31:42.184467 np0000002615 nova-scheduler[95681]: DEBUG cotyledon.oslo_config_glue [-] ******************************************************************************** {{(pid=95681) log_opt_values /opt/stack/data/venv/lib/python3.12/site-packages/oslo_config/cfg.py:3263}}
Jun 11 11:31:42.184467 np0000002615 nova-scheduler[95681]: DEBUG cotyledon._service_worker [-] Run service ServiceWrapper(2) [95681] {{(pid=95681) wait_forever /opt/stack/data/venv/lib/python3.12/site-packages/cotyledon/_service_worker.py:218}}
Jun 11 11:31:42.184880 np0000002615 nova-scheduler[95681]: INFO nova.service [-] Starting scheduler node (version 33.1.0)
Jun 11 11:31:42.189395 np0000002615 nova-scheduler[95681]: INFO dbcounter [None req-2348f6f1-c1ae-4f54-a261-ffd9eeeb3acb None None] Registered counter for database nova_cell0
Jun 11 11:31:42.214629 np0000002615 nova-scheduler[95679]: DEBUG oslo_db.sqlalchemy.engines [None req-3225bd26-a3e2-489c-8e2f-5d5b00c8caa3 None None] MySQL server mode set to STRICT_TRANS_TABLES,STRICT_ALL_TABLES,NO_ZERO_IN_DATE,NO_ZERO_DATE,ERROR_FOR_DIVISION_BY_ZERO,TRADITIONAL,NO_ENGINE_SUBSTITUTION {{(pid=95679) _check_effective_sql_mode /opt/stack/data/venv/lib/python3.12/site-packages/oslo_db/sqlalchemy/engines.py:325}}
Jun 11 11:31:42.219115 np0000002615 nova-scheduler[95677]: DEBUG oslo_db.sqlalchemy.engines [None req-31a37892-f69e-426f-a359-4bfee26ca631 None None] MySQL server mode set to STRICT_TRANS_TABLES,STRICT_ALL_TABLES,NO_ZERO_IN_DATE,NO_ZERO_DATE,ERROR_FOR_DIVISION_BY_ZERO,TRADITIONAL,NO_ENGINE_SUBSTITUTION {{(pid=95677) _check_effective_sql_mode /opt/stack/data/venv/lib/python3.12/site-packages/oslo_db/sqlalchemy/engines.py:325}}
Jun 11 11:31:42.226523 np0000002615 nova-scheduler[95679]: DEBUG dbcounter [-] [95679] Writer thread running {{(pid=95679) stat_writer /opt/stack/data/venv/lib/python3.12/site-packages/dbcounter.py:102}}
Jun 11 11:31:42.228778 np0000002615 nova-scheduler[95681]: DEBUG oslo_db.sqlalchemy.engines [None req-2348f6f1-c1ae-4f54-a261-ffd9eeeb3acb None None] MySQL server mode set to STRICT_TRANS_TABLES,STRICT_ALL_TABLES,NO_ZERO_IN_DATE,NO_ZERO_DATE,ERROR_FOR_DIVISION_BY_ZERO,TRADITIONAL,NO_ENGINE_SUBSTITUTION {{(pid=95681) _check_effective_sql_mode /opt/stack/data/venv/lib/python3.12/site-packages/oslo_db/sqlalchemy/engines.py:325}}
Jun 11 11:31:42.230238 np0000002615 nova-scheduler[95677]: DEBUG dbcounter [-] [95677] Writer thread running {{(pid=95677) stat_writer /opt/stack/data/venv/lib/python3.12/site-packages/dbcounter.py:102}}
Jun 11 11:31:42.238399 np0000002615 nova-scheduler[95681]: DEBUG dbcounter [-] [95681] Writer thread running {{(pid=95681) stat_writer /opt/stack/data/venv/lib/python3.12/site-packages/dbcounter.py:102}}
Jun 11 11:31:42.248534 np0000002615 nova-scheduler[95679]: DEBUG nova.service [None req-3225bd26-a3e2-489c-8e2f-5d5b00c8caa3 None None] Creating RPC server for service: nova-scheduler on topic: scheduler {{(pid=95679) start /opt/stack/nova/nova/service.py:196}}
Jun 11 11:31:42.252637 np0000002615 nova-scheduler[95677]: DEBUG nova.service [None req-31a37892-f69e-426f-a359-4bfee26ca631 None None] Creating RPC server for service: nova-scheduler on topic: scheduler {{(pid=95677) start /opt/stack/nova/nova/service.py:196}}
Jun 11 11:31:42.252787 np0000002615 nova-scheduler[95681]: DEBUG nova.service [None req-2348f6f1-c1ae-4f54-a261-ffd9eeeb3acb None None] Creating RPC server for service: nova-scheduler on topic: scheduler {{(pid=95681) start /opt/stack/nova/nova/service.py:196}}
Jun 11 11:31:42.290387 np0000002615 nova-scheduler[95681]: DEBUG nova.service [None req-2348f6f1-c1ae-4f54-a261-ffd9eeeb3acb None None] Join ServiceGroup membership for this service scheduler {{(pid=95681) start /opt/stack/nova/nova/service.py:222}}
Jun 11 11:31:42.290569 np0000002615 nova-scheduler[95681]: DEBUG nova.servicegroup.drivers.db [None req-2348f6f1-c1ae-4f54-a261-ffd9eeeb3acb None None] DB_Driver: join new ServiceGroup member np0000002615 to the scheduler group, service = {{(pid=95681) join /opt/stack/nova/nova/servicegroup/drivers/db.py:44}}
Jun 11 11:31:42.298500 np0000002615 nova-scheduler[95679]: DEBUG nova.service [None req-3225bd26-a3e2-489c-8e2f-5d5b00c8caa3 None None] Join ServiceGroup membership for this service scheduler {{(pid=95679) start /opt/stack/nova/nova/service.py:222}}
Jun 11 11:31:42.298597 np0000002615 nova-scheduler[95677]: DEBUG nova.service [None req-31a37892-f69e-426f-a359-4bfee26ca631 None None] Join ServiceGroup membership for this service scheduler {{(pid=95677) start /opt/stack/nova/nova/service.py:222}}
Jun 11 11:31:42.298755 np0000002615 nova-scheduler[95679]: DEBUG nova.servicegroup.drivers.db [None req-3225bd26-a3e2-489c-8e2f-5d5b00c8caa3 None None] DB_Driver: join new ServiceGroup member np0000002615 to the scheduler group, service = {{(pid=95679) join /opt/stack/nova/nova/servicegroup/drivers/db.py:44}}
Jun 11 11:31:42.298811 np0000002615 nova-scheduler[95677]: DEBUG nova.servicegroup.drivers.db [None req-31a37892-f69e-426f-a359-4bfee26ca631 None None] DB_Driver: join new ServiceGroup member np0000002615 to the scheduler group, service = {{(pid=95677) join /opt/stack/nova/nova/servicegroup/drivers/db.py:44}}
Jun 11 11:31:47.305244 np0000002615 nova-scheduler[95681]: DEBUG oslo.service.backend._threading.loopingcall [-] Fixed interval looping call 'nova.servicegroup.drivers.db.DbDriver._report_state' sleeping for 119.99 seconds {{(pid=95681) _run_loop /opt/stack/data/venv/lib/python3.12/site-packages/oslo_service/backend/_threading/loopingcall.py:125}}
Jun 11 11:31:47.312345 np0000002615 nova-scheduler[95677]: DEBUG oslo.service.backend._threading.loopingcall [-] Fixed interval looping call 'nova.servicegroup.drivers.db.DbDriver._report_state' sleeping for 119.99 seconds {{(pid=95677) _run_loop /opt/stack/data/venv/lib/python3.12/site-packages/oslo_service/backend/_threading/loopingcall.py:125}}
Jun 11 11:31:47.313215 np0000002615 nova-scheduler[95679]: DEBUG oslo.service.backend._threading.loopingcall [-] Fixed interval looping call 'nova.servicegroup.drivers.db.DbDriver._report_state' sleeping for 119.99 seconds {{(pid=95679) _run_loop /opt/stack/data/venv/lib/python3.12/site-packages/oslo_service/backend/_threading/loopingcall.py:125}}
Jun 11 11:31:50.784580 np0000002615 nova-scheduler[94486]: DEBUG dbcounter [-] [94486] Writing DB stats nova_api:SELECT=3 {{(pid=94486) stat_writer /opt/stack/data/venv/lib/python3.12/site-packages/dbcounter.py:115}}
Jun 11 11:31:50.924297 np0000002615 nova-scheduler[94486]: DEBUG dbcounter [-] [94486] Writing DB stats nova_cell0:SELECT=1 {{(pid=94486) stat_writer /opt/stack/data/venv/lib/python3.12/site-packages/dbcounter.py:115}}
Jun 11 11:31:50.930847 np0000002615 nova-scheduler[94486]: DEBUG dbcounter [-] [94486] Writing DB stats nova_cell1:SELECT=1 {{(pid=94486) stat_writer /opt/stack/data/venv/lib/python3.12/site-packages/dbcounter.py:115}}
Jun 11 11:31:53.292631 np0000002615 nova-scheduler[95681]: DEBUG oslo.service.backend._threading.loopingcall [None req-cf3a4f57-a01e-43cb-8767-57d669b7855a None None] Dynamic interval looping call 'nova.service.Service.periodic_tasks' sleeping for 60.00 seconds {{(pid=95681) _run_loop /opt/stack/data/venv/lib/python3.12/site-packages/oslo_service/backend/_threading/loopingcall.py:125}}
Jun 11 11:31:57.300289 np0000002615 nova-scheduler[95681]: DEBUG dbcounter [-] [95681] Writing DB stats nova_cell0:SELECT=5,nova_cell0:INSERT=1,nova_cell0:UPDATE=1 {{(pid=95681) stat_writer /opt/stack/data/venv/lib/python3.12/site-packages/dbcounter.py:115}}
Jun 11 11:31:57.311503 np0000002615 nova-scheduler[95677]: DEBUG dbcounter [-] [95677] Writing DB stats nova_cell0:SELECT=5,nova_cell0:INSERT=1 {{(pid=95677) stat_writer /opt/stack/data/venv/lib/python3.12/site-packages/dbcounter.py:115}}
Jun 11 11:31:57.315497 np0000002615 nova-scheduler[95679]: DEBUG dbcounter [-] [95679] Writing DB stats nova_cell0:SELECT=4,nova_cell0:INSERT=1 {{(pid=95679) stat_writer /opt/stack/data/venv/lib/python3.12/site-packages/dbcounter.py:115}}
Jun 11 11:32:04.301313 np0000002615 nova-scheduler[95679]: DEBUG oslo.service.backend._threading.loopingcall [None req-f21ee4aa-59c7-408c-93c8-756a115e6e76 None None] Dynamic interval looping call 'nova.service.Service.periodic_tasks' sleeping for 60.00 seconds {{(pid=95679) _run_loop /opt/stack/data/venv/lib/python3.12/site-packages/oslo_service/backend/_threading/loopingcall.py:125}}
Jun 11 11:32:31.300745 np0000002615 nova-scheduler[95677]: DEBUG oslo.service.backend._threading.loopingcall [None req-d7379004-de44-4cd9-bb2e-a32c3834c27e None None] Dynamic interval looping call 'nova.service.Service.periodic_tasks' sleeping for 60.00 seconds {{(pid=95677) _run_loop /opt/stack/data/venv/lib/python3.12/site-packages/oslo_service/backend/_threading/loopingcall.py:125}}
Jun 11 11:32:53.293265 np0000002615 nova-scheduler[95681]: DEBUG oslo.service.backend._threading.loopingcall [None req-cf3a4f57-a01e-43cb-8767-57d669b7855a None None] Dynamic interval looping call 'nova.service.Service.periodic_tasks' sleeping for 60.00 seconds {{(pid=95681) _run_loop /opt/stack/data/venv/lib/python3.12/site-packages/oslo_service/backend/_threading/loopingcall.py:125}}
Jun 11 11:33:04.301839 np0000002615 nova-scheduler[95679]: DEBUG oslo.service.backend._threading.loopingcall [None req-f21ee4aa-59c7-408c-93c8-756a115e6e76 None None] Dynamic interval looping call 'nova.service.Service.periodic_tasks' sleeping for 60.00 seconds {{(pid=95679) _run_loop /opt/stack/data/venv/lib/python3.12/site-packages/oslo_service/backend/_threading/loopingcall.py:125}}
Jun 11 11:33:31.301259 np0000002615 nova-scheduler[95677]: DEBUG oslo.service.backend._threading.loopingcall [None req-d7379004-de44-4cd9-bb2e-a32c3834c27e None None] Dynamic interval looping call 'nova.service.Service.periodic_tasks' sleeping for 60.00 seconds {{(pid=95677) _run_loop /opt/stack/data/venv/lib/python3.12/site-packages/oslo_service/backend/_threading/loopingcall.py:125}}
Jun 11 11:33:47.303139 np0000002615 nova-scheduler[95681]: DEBUG oslo.service.backend._threading.loopingcall [-] Fixed interval looping call 'nova.servicegroup.drivers.db.DbDriver._report_state' sleeping for 119.99 seconds {{(pid=95681) _run_loop /opt/stack/data/venv/lib/python3.12/site-packages/oslo_service/backend/_threading/loopingcall.py:125}}
Jun 11 11:33:47.309287 np0000002615 nova-scheduler[95677]: DEBUG oslo.service.backend._threading.loopingcall [-] Fixed interval looping call 'nova.servicegroup.drivers.db.DbDriver._report_state' sleeping for 119.99 seconds {{(pid=95677) _run_loop /opt/stack/data/venv/lib/python3.12/site-packages/oslo_service/backend/_threading/loopingcall.py:125}}
Jun 11 11:33:47.309878 np0000002615 nova-scheduler[95679]: DEBUG oslo.service.backend._threading.loopingcall [-] Fixed interval looping call 'nova.servicegroup.drivers.db.DbDriver._report_state' sleeping for 119.99 seconds {{(pid=95679) _run_loop /opt/stack/data/venv/lib/python3.12/site-packages/oslo_service/backend/_threading/loopingcall.py:125}}
Jun 11 11:33:53.293766 np0000002615 nova-scheduler[95681]: DEBUG oslo.service.backend._threading.loopingcall [None req-cf3a4f57-a01e-43cb-8767-57d669b7855a None None] Dynamic interval looping call 'nova.service.Service.periodic_tasks' sleeping for 60.00 seconds {{(pid=95681) _run_loop /opt/stack/data/venv/lib/python3.12/site-packages/oslo_service/backend/_threading/loopingcall.py:125}}
Jun 11 11:33:57.298925 np0000002615 nova-scheduler[95681]: DEBUG dbcounter [-] [95681] Writing DB stats nova_cell0:SELECT=1,nova_cell0:UPDATE=1 {{(pid=95681) stat_writer /opt/stack/data/venv/lib/python3.12/site-packages/dbcounter.py:115}}
Jun 11 11:33:57.305737 np0000002615 nova-scheduler[95677]: DEBUG dbcounter [-] [95677] Writing DB stats nova_cell0:SELECT=1 {{(pid=95677) stat_writer /opt/stack/data/venv/lib/python3.12/site-packages/dbcounter.py:115}}
Jun 11 11:33:57.306285 np0000002615 nova-scheduler[95679]: DEBUG dbcounter [-] [95679] Writing DB stats nova_cell0:SELECT=1 {{(pid=95679) stat_writer /opt/stack/data/venv/lib/python3.12/site-packages/dbcounter.py:115}}
Jun 11 11:34:04.302499 np0000002615 nova-scheduler[95679]: DEBUG oslo.service.backend._threading.loopingcall [None req-f21ee4aa-59c7-408c-93c8-756a115e6e76 None None] Dynamic interval looping call 'nova.service.Service.periodic_tasks' sleeping for 60.00 seconds {{(pid=95679) _run_loop /opt/stack/data/venv/lib/python3.12/site-packages/oslo_service/backend/_threading/loopingcall.py:125}}
Jun 11 11:34:29.175395 np0000002615 nova-scheduler[95681]: DEBUG nova.scheduler.manager [None req-d8f4bb0d-b082-4945-8a7a-5d880b7af02b tempest-DeleteServersTestJSON-312235601 tempest-DeleteServersTestJSON-312235601-project-member] Starting to schedule for instances: ['049982a1-68ea-47ee-a687-1b70d805c987'] {{(pid=95681) select_destinations /opt/stack/nova/nova/scheduler/manager.py:210}}
Jun 11 11:34:29.177431 np0000002615 nova-scheduler[95681]: DEBUG nova.scheduler.request_filter [None req-d8f4bb0d-b082-4945-8a7a-5d880b7af02b tempest-DeleteServersTestJSON-312235601 tempest-DeleteServersTestJSON-312235601-project-member] compute_status_filter request filter added forbidden trait COMPUTE_STATUS_DISABLED {{(pid=95681) compute_status_filter /opt/stack/nova/nova/scheduler/request_filter.py:253}}
Jun 11 11:34:29.177643 np0000002615 nova-scheduler[95681]: DEBUG nova.scheduler.request_filter [None req-d8f4bb0d-b082-4945-8a7a-5d880b7af02b tempest-DeleteServersTestJSON-312235601 tempest-DeleteServersTestJSON-312235601-project-member] Request filter 'compute_status_filter' took 0.0 seconds {{(pid=95681) wrapper /opt/stack/nova/nova/scheduler/request_filter.py:46}}
Jun 11 11:34:29.177940 np0000002615 nova-scheduler[95681]: DEBUG nova.scheduler.request_filter [None req-d8f4bb0d-b082-4945-8a7a-5d880b7af02b tempest-DeleteServersTestJSON-312235601 tempest-DeleteServersTestJSON-312235601-project-member] Request filter 'accelerators_filter' took 0.0 seconds {{(pid=95681) wrapper /opt/stack/nova/nova/scheduler/request_filter.py:46}}
Jun 11 11:34:29.178660 np0000002615 nova-scheduler[95681]: DEBUG nova.scheduler.request_filter [None req-d8f4bb0d-b082-4945-8a7a-5d880b7af02b tempest-DeleteServersTestJSON-312235601 tempest-DeleteServersTestJSON-312235601-project-member] Request filter 'packed_virtqueue_filter' took 0.0 seconds {{(pid=95681) wrapper /opt/stack/nova/nova/scheduler/request_filter.py:46}}
Jun 11 11:34:29.180348 np0000002615 nova-scheduler[95681]: DEBUG nova.scheduler.request_filter [None req-d8f4bb0d-b082-4945-8a7a-5d880b7af02b tempest-DeleteServersTestJSON-312235601 tempest-DeleteServersTestJSON-312235601-project-member] Request filter 'remote_managed_ports_filter' took 0.0 seconds {{(pid=95681) wrapper /opt/stack/nova/nova/scheduler/request_filter.py:46}}
Jun 11 11:34:29.180726 np0000002615 nova-scheduler[95681]: DEBUG nova.scheduler.request_filter [None req-d8f4bb0d-b082-4945-8a7a-5d880b7af02b tempest-DeleteServersTestJSON-312235601 tempest-DeleteServersTestJSON-312235601-project-member] ephemeral_encryption_filter skipped {{(pid=95681) ephemeral_encryption_filter /opt/stack/nova/nova/scheduler/request_filter.py:426}}
Jun 11 11:34:29.181205 np0000002615 nova-scheduler[95681]: DEBUG nova.scheduler.request_filter [None req-d8f4bb0d-b082-4945-8a7a-5d880b7af02b tempest-DeleteServersTestJSON-312235601 tempest-DeleteServersTestJSON-312235601-project-member] virtio_sound_filter skipped {{(pid=95681) virtio_sound_filter /opt/stack/nova/nova/scheduler/request_filter.py:460}}
Jun 11 11:34:29.181499 np0000002615 nova-scheduler[95681]: DEBUG nova.scheduler.request_filter [None req-d8f4bb0d-b082-4945-8a7a-5d880b7af02b tempest-DeleteServersTestJSON-312235601 tempest-DeleteServersTestJSON-312235601-project-member] tpm_secret_security_filter skipped {{(pid=95681) tpm_secret_security_filter /opt/stack/nova/nova/scheduler/request_filter.py:477}}
Jun 11 11:34:29.823828 np0000002615 nova-scheduler[95681]: INFO nova.utils [None req-d8f4bb0d-b082-4945-8a7a-5d880b7af02b tempest-DeleteServersTestJSON-312235601 tempest-DeleteServersTestJSON-312235601-project-member] The cell worker thread pool ForkProcess-3.cell_worker is initialized
Jun 11 11:34:29.823828 np0000002615 nova-scheduler[95681]: DEBUG oslo_concurrency.lockutils [None req-d8f4bb0d-b082-4945-8a7a-5d880b7af02b tempest-DeleteServersTestJSON-312235601 tempest-DeleteServersTestJSON-312235601-project-member] Acquiring lock "b5987543-ee60-4c15-9e67-f6b83e62b0cb" by "nova.context.set_target_cell..get_or_set_cached_cell_and_set_connections" {{(pid=95681) inner /opt/stack/data/venv/lib/python3.12/site-packages/oslo_concurrency/lockutils.py:511}}
Jun 11 11:34:29.823828 np0000002615 nova-scheduler[95681]: DEBUG oslo_concurrency.lockutils [None req-d8f4bb0d-b082-4945-8a7a-5d880b7af02b tempest-DeleteServersTestJSON-312235601 tempest-DeleteServersTestJSON-312235601-project-member] Lock "b5987543-ee60-4c15-9e67-f6b83e62b0cb" acquired by "nova.context.set_target_cell..get_or_set_cached_cell_and_set_connections" :: waited 0.000s {{(pid=95681) inner /opt/stack/data/venv/lib/python3.12/site-packages/oslo_concurrency/lockutils.py:524}}
Jun 11 11:34:29.825498 np0000002615 nova-scheduler[95681]: DEBUG oslo_concurrency.lockutils [None req-d8f4bb0d-b082-4945-8a7a-5d880b7af02b tempest-DeleteServersTestJSON-312235601 tempest-DeleteServersTestJSON-312235601-project-member] Lock "b5987543-ee60-4c15-9e67-f6b83e62b0cb" "released" by "nova.context.set_target_cell..get_or_set_cached_cell_and_set_connections" :: held 0.002s {{(pid=95681) inner /opt/stack/data/venv/lib/python3.12/site-packages/oslo_concurrency/lockutils.py:543}}
Jun 11 11:34:29.828841 np0000002615 nova-scheduler[95681]: INFO dbcounter [None req-d8f4bb0d-b082-4945-8a7a-5d880b7af02b tempest-DeleteServersTestJSON-312235601 tempest-DeleteServersTestJSON-312235601-project-member] Registered counter for database nova_cell1
Jun 11 11:34:29.872928 np0000002615 nova-scheduler[95681]: DEBUG oslo_db.sqlalchemy.engines [None req-d8f4bb0d-b082-4945-8a7a-5d880b7af02b tempest-DeleteServersTestJSON-312235601 tempest-DeleteServersTestJSON-312235601-project-member] MySQL server mode set to STRICT_TRANS_TABLES,STRICT_ALL_TABLES,NO_ZERO_IN_DATE,NO_ZERO_DATE,ERROR_FOR_DIVISION_BY_ZERO,TRADITIONAL,NO_ENGINE_SUBSTITUTION {{(pid=95681) _check_effective_sql_mode /opt/stack/data/venv/lib/python3.12/site-packages/oslo_db/sqlalchemy/engines.py:325}}
Jun 11 11:34:29.878548 np0000002615 nova-scheduler[95681]: DEBUG dbcounter [-] [95681] Writer thread running {{(pid=95681) stat_writer /opt/stack/data/venv/lib/python3.12/site-packages/dbcounter.py:102}}
Jun 11 11:34:29.898196 np0000002615 nova-scheduler[95681]: DEBUG oslo_db.sqlalchemy.engines [None req-d8f4bb0d-b082-4945-8a7a-5d880b7af02b tempest-DeleteServersTestJSON-312235601 tempest-DeleteServersTestJSON-312235601-project-member] Parent process 94486 forked (95681) with an open database connection, which is being discarded and recreated. {{(pid=95681) checkout /opt/stack/data/venv/lib/python3.12/site-packages/oslo_db/sqlalchemy/engines.py:402}}
Jun 11 11:34:29.945770 np0000002615 nova-scheduler[95681]: DEBUG dbcounter [-] [95681] Writer thread running {{(pid=95681) stat_writer /opt/stack/data/venv/lib/python3.12/site-packages/dbcounter.py:102}}
Jun 11 11:34:29.951438 np0000002615 nova-scheduler[95681]: DEBUG oslo_concurrency.lockutils [None req-d8f4bb0d-b082-4945-8a7a-5d880b7af02b tempest-DeleteServersTestJSON-312235601 tempest-DeleteServersTestJSON-312235601-project-member] Acquiring lock "b5987543-ee60-4c15-9e67-f6b83e62b0cb" by "nova.context.set_target_cell..get_or_set_cached_cell_and_set_connections" {{(pid=95681) inner /opt/stack/data/venv/lib/python3.12/site-packages/oslo_concurrency/lockutils.py:511}}
Jun 11 11:34:29.951438 np0000002615 nova-scheduler[95681]: DEBUG oslo_concurrency.lockutils [None req-d8f4bb0d-b082-4945-8a7a-5d880b7af02b tempest-DeleteServersTestJSON-312235601 tempest-DeleteServersTestJSON-312235601-project-member] Lock "b5987543-ee60-4c15-9e67-f6b83e62b0cb" acquired by "nova.context.set_target_cell..get_or_set_cached_cell_and_set_connections" :: waited 0.000s {{(pid=95681) inner /opt/stack/data/venv/lib/python3.12/site-packages/oslo_concurrency/lockutils.py:524}}
Jun 11 11:34:29.951438 np0000002615 nova-scheduler[95681]: DEBUG oslo_concurrency.lockutils [None req-d8f4bb0d-b082-4945-8a7a-5d880b7af02b tempest-DeleteServersTestJSON-312235601 tempest-DeleteServersTestJSON-312235601-project-member] Lock "b5987543-ee60-4c15-9e67-f6b83e62b0cb" "released" by "nova.context.set_target_cell..get_or_set_cached_cell_and_set_connections" :: held 0.000s {{(pid=95681) inner /opt/stack/data/venv/lib/python3.12/site-packages/oslo_concurrency/lockutils.py:543}}
Jun 11 11:34:29.961549 np0000002615 nova-scheduler[95681]: DEBUG oslo_concurrency.lockutils [None req-d8f4bb0d-b082-4945-8a7a-5d880b7af02b tempest-DeleteServersTestJSON-312235601 tempest-DeleteServersTestJSON-312235601-project-member] Acquiring lock "('np0000002615', 'np0000002615')" by "nova.scheduler.host_manager.HostState.update.._locked_update" {{(pid=95681) inner /opt/stack/data/venv/lib/python3.12/site-packages/oslo_concurrency/lockutils.py:511}}
Jun 11 11:34:29.961549 np0000002615 nova-scheduler[95681]: DEBUG oslo_concurrency.lockutils [None req-d8f4bb0d-b082-4945-8a7a-5d880b7af02b tempest-DeleteServersTestJSON-312235601 tempest-DeleteServersTestJSON-312235601-project-member] Lock "('np0000002615', 'np0000002615')" acquired by "nova.scheduler.host_manager.HostState.update.._locked_update" :: waited 0.000s {{(pid=95681) inner /opt/stack/data/venv/lib/python3.12/site-packages/oslo_concurrency/lockutils.py:524}}
Jun 11 11:34:29.961907 np0000002615 nova-scheduler[95681]: DEBUG nova.scheduler.host_manager [None req-d8f4bb0d-b082-4945-8a7a-5d880b7af02b tempest-DeleteServersTestJSON-312235601 tempest-DeleteServersTestJSON-312235601-project-member] Update host state from compute node: ComputeNode(cpu_allocation_ratio=4.0,cpu_info='{"arch": "x86_64", "model": "EPYC-Milan", "vendor": "AMD", "topology": {"cells": 1, "sockets": 12, "cores": 1, "threads": 1}, "maxphysaddr": {"mode": "emulate", "bits": 40}, "features": ["skip-l1dfl-vmentry", "x2apic", "xsaveopt", "invpcid", "hypervisor", "virt-ssbd", "rdctl-no", "vme", "fxsr_opt", "vmcb-clean", "sse4.1", "ssbd", "no-nested-data-bp", "msr", "nrip-save", "xsaves", "lm", "npt", "mtrr", "rdtscp", "pcid", "ibpb", "pclmuldq", "svme-addr-chk", "mmxext", "bmi2", "avx2", "fma", "pni", "sse2", "xsaveerptr", "pat", "ssse3", "topoext", "tsc_adjust", "tsc", "perfctr_core", "clflushopt", "ibrs", "pfthreshold", "nx", "abm", "vgif", "vpclmulqdq", "adx", "flushbyasid", "null-sel-clr-base", "rdpid", "sse", "fsrm", "clflush", "smap", "f16c", "sse4.2", "fpu", "fsgsbase", "v-vmsave-vmload", "avx", "cr8legacy", "stibp", "lbrv", "amd-stibp", "xsavec", "amd-psfd", "arch-capabilities", "3dnowprefetch", "amd-ssbd", "xsave", "cmp_legacy", "mca", "lfence-always-serializing", "syscall", "erms", "vaes", "xgetbv1", "clwb", "osvw", "pschange-mc-no", "lahf_lm", "sep", "stibp-always-on", "cx16", "umip", "pku", "clzero", "svm", "misalignsse", "movbe", "mmx", "pse", "tsc-deadline", "popcnt", "spec-ctrl", "rdrand", "smep", "mds-no", "pdpe1gb", "rdseed", "gds-no", "aes", "sha-ni", "wbnoinvd", "pse36", "cx8", "pge", "tsc-scale", "apic", "de", "arat", "pae", "cmov", "pause-filter", "sse4a", "bmi1", "fxsr", "mce"]}',created_at=2026-06-11T11:32:08Z,current_workload=0,deleted=False,deleted_at=None,disk_allocation_ratio=1.0,disk_available_least=74,free_disk_gb=95,free_ram_mb=23518,host='np0000002615',host_ip=10.4.3.139,hypervisor_hostname='np0000002615',hypervisor_type='QEMU',hypervisor_version=8002002,id=1,local_gb=95,local_gb_used=0,mapped=1,memory_mb=24030,memory_mb_used=512,metrics='[]',numa_topology='{"nova_object.name": "NUMATopology", "nova_object.namespace": "nova", "nova_object.version": "1.2", "nova_object.data": {"cells": [{"nova_object.name": "NUMACell", "nova_object.namespace": "nova", "nova_object.version": "1.5", "nova_object.data": {"id": 0, "cpuset": [0, 1, 2, 3, 4, 5, 6, 7, 8, 9, 10, 11], "pcpuset": [0, 1, 2, 3, 4, 5, 6, 7, 8, 9, 10, 11], "memory": 24030, "cpu_usage": 0, "memory_usage": 0, "pinned_cpus": [], "siblings": [[6], [2], [5], [11], [8], [4], [1], [7], [10], [0], [3], [9]], "mempages": [{"nova_object.name": "NUMAPagesTopology", "nova_object.namespace": "nova", "nova_object.version": "1.1", "nova_object.data": {"size_kb": 4, "total": 6151797, "used": 0, "reserved": 0}, "nova_object.changes": ["reserved", "used", "size_kb", "total"]}, {"nova_object.name": "NUMAPagesTopology", "nova_object.namespace": "nova", "nova_object.version": "1.1", "nova_object.data": {"size_kb": 2048, "total": 0, "used": 0, "reserved": 0}, "nova_object.changes": ["reserved", "used", "size_kb", "total"]}, {"nova_object.name": "NUMAPagesTopology", "nova_object.namespace": "nova", "nova_object.version": "1.1", "nova_object.data": {"size_kb": 1048576, "total": 0, "used": 0, "reserved": 0}, "nova_object.changes": ["reserved", "used", "size_kb", "total"]}], "network_metadata": {"nova_object.name": "NetworkMetadata", "nova_object.namespace": "nova", "nova_object.version": "1.0", "nova_object.data": {"physnets": [], "tunneled": false}, "nova_object.changes": ["tunneled", "physnets"]}, "socket": null}, "nova_object.changes": ["pinned_cpus", "siblings", "memory_usage", "pcpuset", "mempages", "cpuset", "network_metadata", "memory", "socket", "id", "cpu_usage"]}]}, "nova_object.changes": ["cells"]}',pci_device_pools=PciDevicePoolList,ram_allocation_ratio=1.0,running_vms=0,service_id=2,stats={failed_builds='0',uptime=' 11:33:54 up 25 min, 2 users, load average: 1.49, 1.48, 0.86
Jun 11 11:34:29.961907 np0000002615 nova-scheduler[95681]: '},supported_hv_specs=[HVSpec,HVSpec,HVSpec,HVSpec,HVSpec,HVSpec,HVSpec,HVSpec,HVSpec,HVSpec,HVSpec,HVSpec,HVSpec,HVSpec,HVSpec,HVSpec,HVSpec,HVSpec,HVSpec,HVSpec,HVSpec,HVSpec,HVSpec,HVSpec,HVSpec],updated_at=2026-06-11T11:33:56Z,uuid=ed5279ee-9c9f-4b82-a6b1-b3779d4959a9,vcpus=12,vcpus_used=0) {{(pid=95681) _locked_update /opt/stack/nova/nova/scheduler/host_manager.py:168}}
Jun 11 11:34:29.961907 np0000002615 nova-scheduler[95681]: DEBUG nova.scheduler.host_manager [None req-d8f4bb0d-b082-4945-8a7a-5d880b7af02b tempest-DeleteServersTestJSON-312235601 tempest-DeleteServersTestJSON-312235601-project-member] Update host state with aggregates: [] {{(pid=95681) _locked_update /opt/stack/nova/nova/scheduler/host_manager.py:171}}
Jun 11 11:34:29.961907 np0000002615 nova-scheduler[95681]: DEBUG nova.scheduler.host_manager [None req-d8f4bb0d-b082-4945-8a7a-5d880b7af02b tempest-DeleteServersTestJSON-312235601 tempest-DeleteServersTestJSON-312235601-project-member] Update host state with service dict: {'id': 2, 'uuid': '7a71dc6e-b36c-41c9-ae0b-d9c4759a2fe2', 'host': 'np0000002615', 'binary': 'nova-compute', 'topic': 'compute', 'report_count': 2, 'disabled': False, 'disabled_reason': None, 'last_seen_up': datetime.datetime(2026, 6, 11, 11, 34, 17, tzinfo=datetime.timezone.utc), 'forced_down': False, 'version': 72, 'created_at': datetime.datetime(2026, 6, 11, 11, 32, 7, tzinfo=datetime.timezone.utc), 'updated_at': datetime.datetime(2026, 6, 11, 11, 34, 17, tzinfo=datetime.timezone.utc), 'deleted_at': None, 'deleted': False} {{(pid=95681) _locked_update /opt/stack/nova/nova/scheduler/host_manager.py:174}}
Jun 11 11:34:29.961907 np0000002615 nova-scheduler[95681]: DEBUG nova.scheduler.host_manager [None req-d8f4bb0d-b082-4945-8a7a-5d880b7af02b tempest-DeleteServersTestJSON-312235601 tempest-DeleteServersTestJSON-312235601-project-member] Update host state with instances: [] {{(pid=95681) _locked_update /opt/stack/nova/nova/scheduler/host_manager.py:177}}
Jun 11 11:34:29.962165 np0000002615 nova-scheduler[95681]: DEBUG oslo_concurrency.lockutils [None req-d8f4bb0d-b082-4945-8a7a-5d880b7af02b tempest-DeleteServersTestJSON-312235601 tempest-DeleteServersTestJSON-312235601-project-member] Lock "('np0000002615', 'np0000002615')" "released" by "nova.scheduler.host_manager.HostState.update.._locked_update" :: held 0.003s {{(pid=95681) inner /opt/stack/data/venv/lib/python3.12/site-packages/oslo_concurrency/lockutils.py:543}}
Jun 11 11:34:29.962165 np0000002615 nova-scheduler[95681]: DEBUG nova.filters [None req-d8f4bb0d-b082-4945-8a7a-5d880b7af02b tempest-DeleteServersTestJSON-312235601 tempest-DeleteServersTestJSON-312235601-project-member] Starting with 1 host(s) {{(pid=95681) get_filtered_objects /opt/stack/nova/nova/filters.py:70}}
Jun 11 11:34:29.966436 np0000002615 nova-scheduler[95681]: DEBUG nova.filters [None req-d8f4bb0d-b082-4945-8a7a-5d880b7af02b tempest-DeleteServersTestJSON-312235601 tempest-DeleteServersTestJSON-312235601-project-member] Filter ComputeFilter returned 1 host(s) {{(pid=95681) get_filtered_objects /opt/stack/nova/nova/filters.py:102}}
Jun 11 11:34:29.966436 np0000002615 nova-scheduler[95681]: DEBUG nova.filters [None req-d8f4bb0d-b082-4945-8a7a-5d880b7af02b tempest-DeleteServersTestJSON-312235601 tempest-DeleteServersTestJSON-312235601-project-member] Filter ComputeCapabilitiesFilter returned 1 host(s) {{(pid=95681) get_filtered_objects /opt/stack/nova/nova/filters.py:102}}
Jun 11 11:34:29.966436 np0000002615 nova-scheduler[95681]: DEBUG nova.filters [None req-d8f4bb0d-b082-4945-8a7a-5d880b7af02b tempest-DeleteServersTestJSON-312235601 tempest-DeleteServersTestJSON-312235601-project-member] Filter ImagePropertiesFilter returned 1 host(s) {{(pid=95681) get_filtered_objects /opt/stack/nova/nova/filters.py:102}}
Jun 11 11:34:29.966436 np0000002615 nova-scheduler[95681]: DEBUG nova.filters [None req-d8f4bb0d-b082-4945-8a7a-5d880b7af02b tempest-DeleteServersTestJSON-312235601 tempest-DeleteServersTestJSON-312235601-project-member] Filter ServerGroupAntiAffinityFilter returned 1 host(s) {{(pid=95681) get_filtered_objects /opt/stack/nova/nova/filters.py:102}}
Jun 11 11:34:29.966436 np0000002615 nova-scheduler[95681]: DEBUG nova.filters [None req-d8f4bb0d-b082-4945-8a7a-5d880b7af02b tempest-DeleteServersTestJSON-312235601 tempest-DeleteServersTestJSON-312235601-project-member] Filter ServerGroupAffinityFilter returned 1 host(s) {{(pid=95681) get_filtered_objects /opt/stack/nova/nova/filters.py:102}}
Jun 11 11:34:29.966436 np0000002615 nova-scheduler[95681]: DEBUG nova.filters [None req-d8f4bb0d-b082-4945-8a7a-5d880b7af02b tempest-DeleteServersTestJSON-312235601 tempest-DeleteServersTestJSON-312235601-project-member] Filter SameHostFilter returned 1 host(s) {{(pid=95681) get_filtered_objects /opt/stack/nova/nova/filters.py:102}}
Jun 11 11:34:29.966436 np0000002615 nova-scheduler[95681]: DEBUG nova.filters [None req-d8f4bb0d-b082-4945-8a7a-5d880b7af02b tempest-DeleteServersTestJSON-312235601 tempest-DeleteServersTestJSON-312235601-project-member] Filter DifferentHostFilter returned 1 host(s) {{(pid=95681) get_filtered_objects /opt/stack/nova/nova/filters.py:102}}
Jun 11 11:34:29.966436 np0000002615 nova-scheduler[95681]: DEBUG nova.scheduler.manager [None req-d8f4bb0d-b082-4945-8a7a-5d880b7af02b tempest-DeleteServersTestJSON-312235601 tempest-DeleteServersTestJSON-312235601-project-member] Filtered [(np0000002615, np0000002615) ram: 23518MB disk: 75776MB io_ops: 0 instances: 0, allocation_candidates: 1] {{(pid=95681) _get_sorted_hosts /opt/stack/nova/nova/scheduler/manager.py:743}}
Jun 11 11:34:29.966436 np0000002615 nova-scheduler[95681]: DEBUG nova.scheduler.manager [None req-d8f4bb0d-b082-4945-8a7a-5d880b7af02b tempest-DeleteServersTestJSON-312235601 tempest-DeleteServersTestJSON-312235601-project-member] Weighed [WeighedHost [host: (np0000002615, np0000002615) ram: 23518MB disk: 75776MB io_ops: 0 instances: 0, allocation_candidates: 1, weight: 0.0]] {{(pid=95681) _get_sorted_hosts /opt/stack/nova/nova/scheduler/manager.py:765}}
Jun 11 11:34:29.966436 np0000002615 nova-scheduler[95681]: DEBUG nova.scheduler.utils [None req-d8f4bb0d-b082-4945-8a7a-5d880b7af02b tempest-DeleteServersTestJSON-312235601 tempest-DeleteServersTestJSON-312235601-project-member] Attempting to claim resources in the placement API for instance 049982a1-68ea-47ee-a687-1b70d805c987 {{(pid=95681) claim_resources /opt/stack/nova/nova/scheduler/utils.py:1345}}
Jun 11 11:34:30.186928 np0000002615 nova-scheduler[95681]: DEBUG nova.scheduler.manager [None req-d8f4bb0d-b082-4945-8a7a-5d880b7af02b tempest-DeleteServersTestJSON-312235601 tempest-DeleteServersTestJSON-312235601-project-member] [instance: 049982a1-68ea-47ee-a687-1b70d805c987] Selected host: (np0000002615, np0000002615) ram: 23518MB disk: 75776MB io_ops: 0 instances: 0, allocation_candidates: 1 {{(pid=95681) _consume_selected_host /opt/stack/nova/nova/scheduler/manager.py:625}}
Jun 11 11:34:30.187501 np0000002615 nova-scheduler[95681]: DEBUG oslo_concurrency.lockutils [None req-d8f4bb0d-b082-4945-8a7a-5d880b7af02b tempest-DeleteServersTestJSON-312235601 tempest-DeleteServersTestJSON-312235601-project-member] Acquiring lock "('np0000002615', 'np0000002615')" by "nova.scheduler.host_manager.HostState.consume_from_request.._locked" {{(pid=95681) inner /opt/stack/data/venv/lib/python3.12/site-packages/oslo_concurrency/lockutils.py:511}}
Jun 11 11:34:30.187501 np0000002615 nova-scheduler[95681]: DEBUG oslo_concurrency.lockutils [None req-d8f4bb0d-b082-4945-8a7a-5d880b7af02b tempest-DeleteServersTestJSON-312235601 tempest-DeleteServersTestJSON-312235601-project-member] Lock "('np0000002615', 'np0000002615')" acquired by "nova.scheduler.host_manager.HostState.consume_from_request.._locked" :: waited 0.000s {{(pid=95681) inner /opt/stack/data/venv/lib/python3.12/site-packages/oslo_concurrency/lockutils.py:524}}
Jun 11 11:34:30.187876 np0000002615 nova-scheduler[95681]: DEBUG oslo_concurrency.lockutils [None req-d8f4bb0d-b082-4945-8a7a-5d880b7af02b tempest-DeleteServersTestJSON-312235601 tempest-DeleteServersTestJSON-312235601-project-member] Lock "('np0000002615', 'np0000002615')" "released" by "nova.scheduler.host_manager.HostState.consume_from_request.._locked" :: held 0.000s {{(pid=95681) inner /opt/stack/data/venv/lib/python3.12/site-packages/oslo_concurrency/lockutils.py:543}}
Jun 11 11:34:30.954770 np0000002615 nova-scheduler[95679]: DEBUG nova.scheduler.manager [None req-8fad234a-caff-49e6-88a8-194b36aebcad tempest-ServersNegativeTestJSON-2002137270 tempest-ServersNegativeTestJSON-2002137270-project-member] Starting to schedule for instances: ['4c99fe32-4170-4c49-bf7b-709f0e0e1f07'] {{(pid=95679) select_destinations /opt/stack/nova/nova/scheduler/manager.py:210}}
Jun 11 11:34:30.955687 np0000002615 nova-scheduler[95679]: DEBUG nova.scheduler.request_filter [None req-8fad234a-caff-49e6-88a8-194b36aebcad tempest-ServersNegativeTestJSON-2002137270 tempest-ServersNegativeTestJSON-2002137270-project-member] compute_status_filter request filter added forbidden trait COMPUTE_STATUS_DISABLED {{(pid=95679) compute_status_filter /opt/stack/nova/nova/scheduler/request_filter.py:253}}
Jun 11 11:34:30.955823 np0000002615 nova-scheduler[95679]: DEBUG nova.scheduler.request_filter [None req-8fad234a-caff-49e6-88a8-194b36aebcad tempest-ServersNegativeTestJSON-2002137270 tempest-ServersNegativeTestJSON-2002137270-project-member] Request filter 'compute_status_filter' took 0.0 seconds {{(pid=95679) wrapper /opt/stack/nova/nova/scheduler/request_filter.py:46}}
Jun 11 11:34:30.956178 np0000002615 nova-scheduler[95679]: DEBUG nova.scheduler.request_filter [None req-8fad234a-caff-49e6-88a8-194b36aebcad tempest-ServersNegativeTestJSON-2002137270 tempest-ServersNegativeTestJSON-2002137270-project-member] Request filter 'accelerators_filter' took 0.0 seconds {{(pid=95679) wrapper /opt/stack/nova/nova/scheduler/request_filter.py:46}}
Jun 11 11:34:30.956252 np0000002615 nova-scheduler[95679]: DEBUG nova.scheduler.request_filter [None req-8fad234a-caff-49e6-88a8-194b36aebcad tempest-ServersNegativeTestJSON-2002137270 tempest-ServersNegativeTestJSON-2002137270-project-member] Request filter 'packed_virtqueue_filter' took 0.0 seconds {{(pid=95679) wrapper /opt/stack/nova/nova/scheduler/request_filter.py:46}}
Jun 11 11:34:30.956566 np0000002615 nova-scheduler[95679]: DEBUG nova.scheduler.request_filter [None req-8fad234a-caff-49e6-88a8-194b36aebcad tempest-ServersNegativeTestJSON-2002137270 tempest-ServersNegativeTestJSON-2002137270-project-member] Request filter 'remote_managed_ports_filter' took 0.0 seconds {{(pid=95679) wrapper /opt/stack/nova/nova/scheduler/request_filter.py:46}}
Jun 11 11:34:30.956737 np0000002615 nova-scheduler[95679]: DEBUG nova.scheduler.request_filter [None req-8fad234a-caff-49e6-88a8-194b36aebcad tempest-ServersNegativeTestJSON-2002137270 tempest-ServersNegativeTestJSON-2002137270-project-member] ephemeral_encryption_filter skipped {{(pid=95679) ephemeral_encryption_filter /opt/stack/nova/nova/scheduler/request_filter.py:426}}
Jun 11 11:34:30.956905 np0000002615 nova-scheduler[95679]: DEBUG nova.scheduler.request_filter [None req-8fad234a-caff-49e6-88a8-194b36aebcad tempest-ServersNegativeTestJSON-2002137270 tempest-ServersNegativeTestJSON-2002137270-project-member] virtio_sound_filter skipped {{(pid=95679) virtio_sound_filter /opt/stack/nova/nova/scheduler/request_filter.py:460}}
Jun 11 11:34:30.957044 np0000002615 nova-scheduler[95679]: DEBUG nova.scheduler.request_filter [None req-8fad234a-caff-49e6-88a8-194b36aebcad tempest-ServersNegativeTestJSON-2002137270 tempest-ServersNegativeTestJSON-2002137270-project-member] tpm_secret_security_filter skipped {{(pid=95679) tpm_secret_security_filter /opt/stack/nova/nova/scheduler/request_filter.py:477}}
Jun 11 11:34:31.104011 np0000002615 nova-scheduler[95679]: INFO nova.utils [None req-8fad234a-caff-49e6-88a8-194b36aebcad tempest-ServersNegativeTestJSON-2002137270 tempest-ServersNegativeTestJSON-2002137270-project-member] The cell worker thread pool ForkProcess-2.cell_worker is initialized
Jun 11 11:34:31.104397 np0000002615 nova-scheduler[95679]: DEBUG oslo_concurrency.lockutils [None req-8fad234a-caff-49e6-88a8-194b36aebcad tempest-ServersNegativeTestJSON-2002137270 tempest-ServersNegativeTestJSON-2002137270-project-member] Acquiring lock "b5987543-ee60-4c15-9e67-f6b83e62b0cb" by "nova.context.set_target_cell..get_or_set_cached_cell_and_set_connections" {{(pid=95679) inner /opt/stack/data/venv/lib/python3.12/site-packages/oslo_concurrency/lockutils.py:511}}
Jun 11 11:34:31.104632 np0000002615 nova-scheduler[95679]: DEBUG oslo_concurrency.lockutils [None req-8fad234a-caff-49e6-88a8-194b36aebcad tempest-ServersNegativeTestJSON-2002137270 tempest-ServersNegativeTestJSON-2002137270-project-member] Lock "b5987543-ee60-4c15-9e67-f6b83e62b0cb" acquired by "nova.context.set_target_cell..get_or_set_cached_cell_and_set_connections" :: waited 0.000s {{(pid=95679) inner /opt/stack/data/venv/lib/python3.12/site-packages/oslo_concurrency/lockutils.py:524}}
Jun 11 11:34:31.105993 np0000002615 nova-scheduler[95679]: DEBUG oslo_concurrency.lockutils [None req-8fad234a-caff-49e6-88a8-194b36aebcad tempest-ServersNegativeTestJSON-2002137270 tempest-ServersNegativeTestJSON-2002137270-project-member] Lock "b5987543-ee60-4c15-9e67-f6b83e62b0cb" "released" by "nova.context.set_target_cell..get_or_set_cached_cell_and_set_connections" :: held 0.001s {{(pid=95679) inner /opt/stack/data/venv/lib/python3.12/site-packages/oslo_concurrency/lockutils.py:543}}
Jun 11 11:34:31.108520 np0000002615 nova-scheduler[95679]: INFO dbcounter [None req-8fad234a-caff-49e6-88a8-194b36aebcad tempest-ServersNegativeTestJSON-2002137270 tempest-ServersNegativeTestJSON-2002137270-project-member] Registered counter for database nova_cell1
Jun 11 11:34:31.152531 np0000002615 nova-scheduler[95679]: DEBUG oslo_db.sqlalchemy.engines [None req-8fad234a-caff-49e6-88a8-194b36aebcad tempest-ServersNegativeTestJSON-2002137270 tempest-ServersNegativeTestJSON-2002137270-project-member] MySQL server mode set to STRICT_TRANS_TABLES,STRICT_ALL_TABLES,NO_ZERO_IN_DATE,NO_ZERO_DATE,ERROR_FOR_DIVISION_BY_ZERO,TRADITIONAL,NO_ENGINE_SUBSTITUTION {{(pid=95679) _check_effective_sql_mode /opt/stack/data/venv/lib/python3.12/site-packages/oslo_db/sqlalchemy/engines.py:325}}
Jun 11 11:34:31.161875 np0000002615 nova-scheduler[95679]: DEBUG dbcounter [-] [95679] Writer thread running {{(pid=95679) stat_writer /opt/stack/data/venv/lib/python3.12/site-packages/dbcounter.py:102}}
Jun 11 11:34:31.227526 np0000002615 nova-scheduler[95679]: DEBUG dbcounter [-] [95679] Writer thread running {{(pid=95679) stat_writer /opt/stack/data/venv/lib/python3.12/site-packages/dbcounter.py:102}}
Jun 11 11:34:31.230430 np0000002615 nova-scheduler[95679]: DEBUG oslo_concurrency.lockutils [None req-8fad234a-caff-49e6-88a8-194b36aebcad tempest-ServersNegativeTestJSON-2002137270 tempest-ServersNegativeTestJSON-2002137270-project-member] Acquiring lock "b5987543-ee60-4c15-9e67-f6b83e62b0cb" by "nova.context.set_target_cell..get_or_set_cached_cell_and_set_connections" {{(pid=95679) inner /opt/stack/data/venv/lib/python3.12/site-packages/oslo_concurrency/lockutils.py:511}}
Jun 11 11:34:31.230607 np0000002615 nova-scheduler[95679]: DEBUG oslo_concurrency.lockutils [None req-8fad234a-caff-49e6-88a8-194b36aebcad tempest-ServersNegativeTestJSON-2002137270 tempest-ServersNegativeTestJSON-2002137270-project-member] Lock "b5987543-ee60-4c15-9e67-f6b83e62b0cb" acquired by "nova.context.set_target_cell..get_or_set_cached_cell_and_set_connections" :: waited 0.000s {{(pid=95679) inner /opt/stack/data/venv/lib/python3.12/site-packages/oslo_concurrency/lockutils.py:524}}
Jun 11 11:34:31.230721 np0000002615 nova-scheduler[95679]: DEBUG oslo_concurrency.lockutils [None req-8fad234a-caff-49e6-88a8-194b36aebcad tempest-ServersNegativeTestJSON-2002137270 tempest-ServersNegativeTestJSON-2002137270-project-member] Lock "b5987543-ee60-4c15-9e67-f6b83e62b0cb" "released" by "nova.context.set_target_cell..get_or_set_cached_cell_and_set_connections" :: held 0.000s {{(pid=95679) inner /opt/stack/data/venv/lib/python3.12/site-packages/oslo_concurrency/lockutils.py:543}}
Jun 11 11:34:31.237886 np0000002615 nova-scheduler[95679]: DEBUG oslo_concurrency.lockutils [None req-8fad234a-caff-49e6-88a8-194b36aebcad tempest-ServersNegativeTestJSON-2002137270 tempest-ServersNegativeTestJSON-2002137270-project-member] Acquiring lock "('np0000002615', 'np0000002615')" by "nova.scheduler.host_manager.HostState.update.._locked_update" {{(pid=95679) inner /opt/stack/data/venv/lib/python3.12/site-packages/oslo_concurrency/lockutils.py:511}}
Jun 11 11:34:31.237886 np0000002615 nova-scheduler[95679]: DEBUG oslo_concurrency.lockutils [None req-8fad234a-caff-49e6-88a8-194b36aebcad tempest-ServersNegativeTestJSON-2002137270 tempest-ServersNegativeTestJSON-2002137270-project-member] Lock "('np0000002615', 'np0000002615')" acquired by "nova.scheduler.host_manager.HostState.update.._locked_update" :: waited 0.000s {{(pid=95679) inner /opt/stack/data/venv/lib/python3.12/site-packages/oslo_concurrency/lockutils.py:524}}
