Aug 17 07:15:10.186758 np0000007463 devstack@c-api.service[100353]: [pid: 100353|app: 0|req: 112/445] 10.4.3.26 () {74 vars in 1718 bytes} [Mon Aug 17 07:15:10 2026] POST /volume/v3/attachments/e447abbc-c995-447d-a4aa-f3e87aa20d61/action => generated 0 bytes in 30 msecs (HTTP/1.1 204) 7 headers in 292 bytes (1 switches on core 0)
Aug 17 07:15:10.186920 np0000007463 devstack@c-api.service[100354]: DEBUG cinder.api.middleware.request_id [None req-c1d7f8b2-62e4-4e68-85ef-15bebd6bad0b None None] RequestId filter calling following filter/app {{(pid=100354) _context_setter /opt/stack/cinder/cinder/api/middleware/request_id.py:62}}
Aug 17 07:15:10.186920 np0000007463 devstack@c-api.service[100354]: INFO cinder.api.openstack.wsgi [None req-c1d7f8b2-62e4-4e68-85ef-15bebd6bad0b tempest-UserMessagesTest-798519276 tempest-UserMessagesTest-798519276-project-admin] GET https://10.4.3.26/volume/v3/types/6cc68704-8d1c-4c71-97e4-68ec5d7cdd6b
Aug 17 07:15:10.186920 np0000007463 devstack@c-api.service[100354]: DEBUG cinder.api.openstack.wsgi [None req-c1d7f8b2-62e4-4e68-85ef-15bebd6bad0b tempest-UserMessagesTest-798519276 tempest-UserMessagesTest-798519276-project-admin] Empty body provided in request {{(pid=100354) get_body /opt/stack/cinder/cinder/api/openstack/wsgi.py:725}}
Aug 17 07:15:10.186920 np0000007463 devstack@c-api.service[100354]: DEBUG cinder.api.openstack.wsgi [None req-c1d7f8b2-62e4-4e68-85ef-15bebd6bad0b tempest-UserMessagesTest-798519276 tempest-UserMessagesTest-798519276-project-admin] Calling method 'show' {{(pid=100354) _process_stack /opt/stack/cinder/cinder/api/openstack/wsgi.py:878}}
Aug 17 07:15:10.186920 np0000007463 devstack@c-api.service[100354]: INFO cinder.api.openstack.wsgi [None req-c1d7f8b2-62e4-4e68-85ef-15bebd6bad0b tempest-UserMessagesTest-798519276 tempest-UserMessagesTest-798519276-project-admin] https://10.4.3.26/volume/v3/types/6cc68704-8d1c-4c71-97e4-68ec5d7cdd6b returned with HTTP 404
Aug 17 07:15:10.186920 np0000007463 devstack@c-api.service[100354]: [pid: 100354|app: 0|req: 115/446] 10.4.3.26 () {66 vars in 1335 bytes} [Mon Aug 17 07:15:10 2026] GET /volume/v3/types/6cc68704-8d1c-4c71-97e4-68ec5d7cdd6b => generated 114 bytes in 7 msecs (HTTP/1.1 404) 7 headers in 292 bytes (1 switches on core 0)
Aug 17 07:15:10.187190 np0000007463 devstack@c-api.service[100356]: DEBUG cinder.api.middleware.request_id [None req-98957fb0-b62d-4434-8c19-acf4f1182c88 None None] RequestId filter calling following filter/app {{(pid=100356) _context_setter /opt/stack/cinder/cinder/api/middleware/request_id.py:62}}
Aug 17 07:15:10.187190 np0000007463 devstack@c-api.service[100356]: INFO cinder.api.openstack.wsgi [None req-98957fb0-b62d-4434-8c19-acf4f1182c88 None None] GET https://10.4.3.26/volume//
Aug 17 07:15:10.187190 np0000007463 devstack@c-api.service[100356]: DEBUG cinder.api.openstack.wsgi [None req-98957fb0-b62d-4434-8c19-acf4f1182c88 None None] Empty body provided in request {{(pid=100356) get_body /opt/stack/cinder/cinder/api/openstack/wsgi.py:725}}
Aug 17 07:15:10.187190 np0000007463 devstack@c-api.service[100356]: DEBUG cinder.api.openstack.wsgi [None req-98957fb0-b62d-4434-8c19-acf4f1182c88 None None] Calling method 'all' {{(pid=100356) _process_stack /opt/stack/cinder/cinder/api/openstack/wsgi.py:878}}
Aug 17 07:15:10.187190 np0000007463 devstack@c-api.service[100356]: INFO cinder.api.openstack.wsgi [None req-98957fb0-b62d-4434-8c19-acf4f1182c88 None None] https://10.4.3.26/volume// returned with HTTP 300
Aug 17 07:15:10.187190 np0000007463 devstack@c-api.service[100356]: [pid: 100356|app: 0|req: 112/447] 10.4.3.26 () {66 vars in 1419 bytes} [Mon Aug 17 07:15:10 2026] GET /volume/ => generated 385 bytes in 2 msecs (HTTP/1.1 300) 7 headers in 299 bytes (1 switches on core 0)
Aug 17 07:15:10.187438 np0000007463 devstack@c-api.service[100355]: DEBUG cinder.api.middleware.request_id [None req-5b200e87-2a6b-44a8-a3ba-a91e15ef4524 None None] RequestId filter calling following filter/app {{(pid=100355) _context_setter /opt/stack/cinder/cinder/api/middleware/request_id.py:62}}
Aug 17 07:15:10.187591 np0000007463 devstack@c-api.service[100353]: DEBUG cinder.api.middleware.request_id [req-0a726b6f-560f-42b5-913d-7ae5cca87de0 req-e74984c6-da49-4ca1-ab24-eefb1d67e14b None None] RequestId filter calling following filter/app {{(pid=100353) _context_setter /opt/stack/cinder/cinder/api/middleware/request_id.py:62}}
Aug 17 07:15:10.187682 np0000007463 devstack@c-api.service[100355]: INFO cinder.api.openstack.wsgi [None req-5b200e87-2a6b-44a8-a3ba-a91e15ef4524 tempest-UserMessagesTest-798519276 tempest-UserMessagesTest-798519276-project-admin] POST https://10.4.3.26/volume/v3/types
Aug 17 07:15:10.187682 np0000007463 devstack@c-api.service[100355]: DEBUG cinder.api.openstack.wsgi [None req-5b200e87-2a6b-44a8-a3ba-a91e15ef4524 tempest-UserMessagesTest-798519276 tempest-UserMessagesTest-798519276-project-admin] Action: 'create', calling method: _create, body: {"volume_type": {"name": "tempest-UserMessagesTest-volume-type-307347873", "extra_specs": {"storage_protocol": "tempest-storage_protocol-731646862", "vendor_name": "tempest-vendor_name-2106281093"}}} {{(pid=100355) _process_stack /opt/stack/cinder/cinder/api/openstack/wsgi.py:876}}
Aug 17 07:15:10.187878 np0000007463 devstack@c-api.service[100353]: INFO cinder.api.openstack.wsgi [req-0a726b6f-560f-42b5-913d-7ae5cca87de0 req-e74984c6-da49-4ca1-ab24-eefb1d67e14b tempest-TaggedBootDevicesTest-710511848 tempest-TaggedBootDevicesTest-710511848-project-member] GET https://10.4.3.26/volume/v3/volumes/41d07248-a3f4-40f0-af21-6ff8dab3ad74
Aug 17 07:15:10.187878 np0000007463 devstack@c-api.service[100353]: DEBUG cinder.api.openstack.wsgi [req-0a726b6f-560f-42b5-913d-7ae5cca87de0 req-e74984c6-da49-4ca1-ab24-eefb1d67e14b tempest-TaggedBootDevicesTest-710511848 tempest-TaggedBootDevicesTest-710511848-project-member] Empty body provided in request {{(pid=100353) get_body /opt/stack/cinder/cinder/api/openstack/wsgi.py:725}}
Aug 17 07:15:10.187878 np0000007463 devstack@c-api.service[100353]: DEBUG cinder.api.openstack.wsgi [req-0a726b6f-560f-42b5-913d-7ae5cca87de0 req-e74984c6-da49-4ca1-ab24-eefb1d67e14b tempest-TaggedBootDevicesTest-710511848 tempest-TaggedBootDevicesTest-710511848-project-member] Calling method 'show' {{(pid=100353) _process_stack /opt/stack/cinder/cinder/api/openstack/wsgi.py:878}}
Aug 17 07:15:10.187878 np0000007463 devstack@c-api.service[100353]: /opt/stack/data/venv/lib/python3.12/site-packages/oslo_context/context.py:102: DeprecationWarning: Policy enforcement is depending on the value of is_admin. This key is deprecated. Please update your policy file to use the standard policy values.
Aug 17 07:15:10.187878 np0000007463 devstack@c-api.service[100353]: warnings.warn(
Aug 17 07:15:10.187878 np0000007463 devstack@c-api.service[100353]: INFO cinder.volume.api [req-0a726b6f-560f-42b5-913d-7ae5cca87de0 req-e74984c6-da49-4ca1-ab24-eefb1d67e14b tempest-TaggedBootDevicesTest-710511848 tempest-TaggedBootDevicesTest-710511848-project-member] Volume info retrieved successfully.
Aug 17 07:15:10.188156 np0000007463 devstack@c-api.service[100355]: INFO cinder.api.openstack.wsgi [None req-5b200e87-2a6b-44a8-a3ba-a91e15ef4524 tempest-UserMessagesTest-798519276 tempest-UserMessagesTest-798519276-project-admin] https://10.4.3.26/volume/v3/types returned with HTTP 200
Aug 17 07:15:10.188156 np0000007463 devstack@c-api.service[100355]: [pid: 100355|app: 0|req: 109/448] 10.4.3.26 () {68 vars in 1246 bytes} [Mon Aug 17 07:15:10 2026] POST /volume/v3/types => generated 326 bytes in 23 msecs (HTTP/1.1 200) 7 headers in 285 bytes (1 switches on core 0)
Aug 17 07:15:10.188440 np0000007463 devstack@c-api.service[100353]: INFO cinder.api.openstack.wsgi [req-0a726b6f-560f-42b5-913d-7ae5cca87de0 req-e74984c6-da49-4ca1-ab24-eefb1d67e14b tempest-TaggedBootDevicesTest-710511848 tempest-TaggedBootDevicesTest-710511848-project-member] https://10.4.3.26/volume/v3/volumes/41d07248-a3f4-40f0-af21-6ff8dab3ad74 returned with HTTP 200
Aug 17 07:15:10.188440 np0000007463 devstack@c-api.service[100353]: [pid: 100353|app: 0|req: 113/449] 10.4.3.26 () {70 vars in 1632 bytes} [Mon Aug 17 07:15:10 2026] GET /volume/v3/volumes/41d07248-a3f4-40f0-af21-6ff8dab3ad74 => generated 1022 bytes in 24 msecs (HTTP/1.1 200) 7 headers in 287 bytes (1 switches on core 0)
Aug 17 07:15:10.188743 np0000007463 devstack@c-api.service[100354]: DEBUG cinder.api.middleware.request_id [None req-a0685e14-44a2-4f3c-8c0d-3fdbd88de191 None None] RequestId filter calling following filter/app {{(pid=100354) _context_setter /opt/stack/cinder/cinder/api/middleware/request_id.py:62}}
Aug 17 07:15:10.188743 np0000007463 devstack@c-api.service[100354]: INFO cinder.api.openstack.wsgi [None req-a0685e14-44a2-4f3c-8c0d-3fdbd88de191 tempest-UserMessagesTest-58272593 tempest-UserMessagesTest-58272593-project-member] POST https://10.4.3.26/volume/v3/volumes
Aug 17 07:15:10.188743 np0000007463 devstack@c-api.service[100354]: DEBUG cinder.api.openstack.wsgi [None req-a0685e14-44a2-4f3c-8c0d-3fdbd88de191 tempest-UserMessagesTest-58272593 tempest-UserMessagesTest-58272593-project-member] Action: 'create', calling method: create, body: {"volume": {"volume_type": "f630e7e9-5630-4900-903d-e38b504d9beb", "size": 1, "name": "tempest-UserMessagesTest-Volume-1565768819"}} {{(pid=100354) _process_stack /opt/stack/cinder/cinder/api/openstack/wsgi.py:876}}
Aug 17 07:15:10.188743 np0000007463 devstack@c-api.service[100354]: DEBUG cinder.api.v3.volumes [None req-a0685e14-44a2-4f3c-8c0d-3fdbd88de191 tempest-UserMessagesTest-58272593 tempest-UserMessagesTest-58272593-project-member] Create volume request body: {'volume': {'volume_type': 'f630e7e9-5630-4900-903d-e38b504d9beb', 'size': 1, 'name': 'tempest-UserMessagesTest-Volume-1565768819'}} {{(pid=100354) create /opt/stack/cinder/cinder/api/v3/volumes.py:368}}
Aug 17 07:15:10.188743 np0000007463 devstack@c-api.service[100354]: INFO cinder.api.v3.volumes [None req-a0685e14-44a2-4f3c-8c0d-3fdbd88de191 tempest-UserMessagesTest-58272593 tempest-UserMessagesTest-58272593-project-member] Create volume of 1 GB
Aug 17 07:15:10.188743 np0000007463 devstack@c-api.service[100354]: /opt/stack/data/venv/lib/python3.12/site-packages/oslo_context/context.py:102: DeprecationWarning: Policy enforcement is depending on the value of is_admin. This key is deprecated. Please update your policy file to use the standard policy values.
Aug 17 07:15:10.188743 np0000007463 devstack@c-api.service[100354]: warnings.warn(
Aug 17 07:15:10.188743 np0000007463 devstack@c-api.service[100354]: INFO cinder.volume.api [None req-a0685e14-44a2-4f3c-8c0d-3fdbd88de191 tempest-UserMessagesTest-58272593 tempest-UserMessagesTest-58272593-project-member] Availability Zones retrieved successfully.
Aug 17 07:15:10.188743 np0000007463 devstack@c-api.service[100354]: DEBUG cinder.volume.api [None req-a0685e14-44a2-4f3c-8c0d-3fdbd88de191 tempest-UserMessagesTest-58272593 tempest-UserMessagesTest-58272593-project-member] Flow 'volume_create_api' (cfe58ce8-5f8f-4f0d-acbe-a1d092162357) transitioned into state 'RUNNING' from state 'PENDING' {{(pid=100354) _flow_receiver /opt/stack/data/venv/lib/python3.12/site-packages/taskflow/listeners/logging.py:160}}
Aug 17 07:15:10.188743 np0000007463 devstack@c-api.service[100354]: DEBUG cinder.volume.api [None req-a0685e14-44a2-4f3c-8c0d-3fdbd88de191 tempest-UserMessagesTest-58272593 tempest-UserMessagesTest-58272593-project-member] Task 'cinder.volume.flows.api.create_volume.ExtractVolumeRequestTask;volume:create' (7e49a35c-d206-498d-9142-d9fa8bdc24d0) transitioned into state 'RUNNING' from state 'PENDING' {{(pid=100354) _task_receiver /opt/stack/data/venv/lib/python3.12/site-packages/taskflow/listeners/logging.py:242}}
Aug 17 07:15:10.188743 np0000007463 devstack@c-api.service[100354]: DEBUG cinder.volume.flows.api.create_volume [None req-a0685e14-44a2-4f3c-8c0d-3fdbd88de191 tempest-UserMessagesTest-58272593 tempest-UserMessagesTest-58272593-project-member] Validating volume size '1' using validate_int {{(pid=100354) _extract_size /opt/stack/cinder/cinder/volume/flows/api/create_volume.py:226}}
Aug 17 07:15:10.188743 np0000007463 devstack@c-api.service[100354]: DEBUG cinder.volume.api [None req-a0685e14-44a2-4f3c-8c0d-3fdbd88de191 tempest-UserMessagesTest-58272593 tempest-UserMessagesTest-58272593-project-member] Task 'cinder.volume.flows.api.create_volume.ExtractVolumeRequestTask;volume:create' (7e49a35c-d206-498d-9142-d9fa8bdc24d0) transitioned into state 'SUCCESS' from state 'RUNNING' with result '{'size': 1, 'snapshot_id': None, 'source_volid': None, 'volume_type': VolumeType(created_at=2026-08-17T07:15:10Z,deleted=False,deleted_at=None,description=None,extra_specs={storage_protocol='tempest-storage_protocol-731646862',vendor_name='tempest-vendor_name-2106281093'},id=f630e7e9-5630-4900-903d-e38b504d9beb,is_public=True,name='tempest-UserMessagesTest-volume-type-307347873',projects=[],qos_specs=,qos_specs_id=None,updated_at=None), 'volume_type_id': 'f630e7e9-5630-4900-903d-e38b504d9beb', 'encryption_key_id': None, 'qos_specs': None, 'consistencygroup_id': None, 'cgsnapshot_id': None, 'group_id': None, 'replication_status': 'disabled', 'refresh_az': False, 'backup_id': None, 'multiattach': False, 'availability_zones': ['nova']}' {{(pid=100354) _task_receiver /opt/stack/data/venv/lib/python3.12/site-packages/taskflow/listeners/logging.py:218}}
Aug 17 07:15:10.188743 np0000007463 devstack@c-api.service[100354]: DEBUG cinder.volume.api [None req-a0685e14-44a2-4f3c-8c0d-3fdbd88de191 tempest-UserMessagesTest-58272593 tempest-UserMessagesTest-58272593-project-member] Task 'cinder.volume.flows.api.create_volume.QuotaReserveTask;volume:create' (c515f9d2-7c2d-4096-903a-98dbd9385208) transitioned into state 'RUNNING' from state 'PENDING' {{(pid=100354) _task_receiver /opt/stack/data/venv/lib/python3.12/site-packages/taskflow/listeners/logging.py:242}}
Aug 17 07:15:10.188743 np0000007463 devstack@c-api.service[100354]: WARNING cinder.quota [None req-a0685e14-44a2-4f3c-8c0d-3fdbd88de191 tempest-UserMessagesTest-58272593 tempest-UserMessagesTest-58272593-project-member] Deprecated: Default quota for resource: volumes_tempest-UserMessagesTest-volume-type-307347873 is set by the default quota flag: quota_volumes_tempest-UserMessagesTest-volume-type-307347873, it is now deprecated. Please use the default quota class for default quota.
Aug 17 07:15:10.188743 np0000007463 devstack@c-api.service[100354]: WARNING cinder.quota [None req-a0685e14-44a2-4f3c-8c0d-3fdbd88de191 tempest-UserMessagesTest-58272593 tempest-UserMessagesTest-58272593-project-member] Deprecated: Default quota for resource: gigabytes_tempest-UserMessagesTest-volume-type-307347873 is set by the default quota flag: quota_gigabytes_tempest-UserMessagesTest-volume-type-307347873, it is now deprecated. Please use the default quota class for default quota.
Aug 17 07:15:10.189276 np0000007463 devstack@c-api.service[100356]: DEBUG cinder.api.middleware.request_id [None req-5b61dcfa-89e3-4b57-a3d1-c9b2834935b8 None None] RequestId filter calling following filter/app {{(pid=100356) _context_setter /opt/stack/cinder/cinder/api/middleware/request_id.py:62}}
Aug 17 07:15:10.189276 np0000007463 devstack@c-api.service[100356]: INFO cinder.api.openstack.wsgi [None req-5b61dcfa-89e3-4b57-a3d1-c9b2834935b8 tempest-VolumeQuotasAdminTestJSON-1895620944 tempest-VolumeQuotasAdminTestJSON-1895620944-project-member] GET https://10.4.3.26/volume/v3/volumes/53d3d47c-ff68-42ab-86d1-d67b507f6212
Aug 17 07:15:10.189276 np0000007463 devstack@c-api.service[100356]: DEBUG cinder.api.openstack.wsgi [None req-5b61dcfa-89e3-4b57-a3d1-c9b2834935b8 tempest-VolumeQuotasAdminTestJSON-1895620944 tempest-VolumeQuotasAdminTestJSON-1895620944-project-member] Empty body provided in request {{(pid=100356) get_body /opt/stack/cinder/cinder/api/openstack/wsgi.py:725}}
Aug 17 07:15:10.189276 np0000007463 devstack@c-api.service[100356]: DEBUG cinder.api.openstack.wsgi [None req-5b61dcfa-89e3-4b57-a3d1-c9b2834935b8 tempest-VolumeQuotasAdminTestJSON-1895620944 tempest-VolumeQuotasAdminTestJSON-1895620944-project-member] Calling method 'show' {{(pid=100356) _process_stack /opt/stack/cinder/cinder/api/openstack/wsgi.py:878}}
Aug 17 07:15:10.189469 np0000007463 devstack@c-api.service[100355]: DEBUG cinder.api.middleware.request_id [req-0a726b6f-560f-42b5-913d-7ae5cca87de0 req-5202f64a-7a96-41c2-a5d9-4c42594c3a4b None None] RequestId filter calling following filter/app {{(pid=100355) _context_setter /opt/stack/cinder/cinder/api/middleware/request_id.py:62}}
Aug 17 07:15:10.189469 np0000007463 devstack@c-api.service[100355]: INFO cinder.api.openstack.wsgi [req-0a726b6f-560f-42b5-913d-7ae5cca87de0 req-5202f64a-7a96-41c2-a5d9-4c42594c3a4b tempest-TaggedBootDevicesTest-710511848 tempest-TaggedBootDevicesTest-710511848-project-member] PUT https://10.4.3.26/volume/v3/attachments/022d8821-a275-4966-9836-b1f9ed774d81
Aug 17 07:15:10.189613 np0000007463 devstack@c-api.service[100356]: /opt/stack/data/venv/lib/python3.12/site-packages/oslo_context/context.py:102: DeprecationWarning: Policy enforcement is depending on the value of is_admin. This key is deprecated. Please update your policy file to use the standard policy values.
Aug 17 07:15:10.189613 np0000007463 devstack@c-api.service[100356]: warnings.warn(
Aug 17 07:15:10.189732 np0000007463 devstack@c-api.service[100355]: DEBUG cinder.api.openstack.wsgi [req-0a726b6f-560f-42b5-913d-7ae5cca87de0 req-5202f64a-7a96-41c2-a5d9-4c42594c3a4b tempest-TaggedBootDevicesTest-710511848 tempest-TaggedBootDevicesTest-710511848-project-member] Action: 'update', calling method: version_select, body: {"attachment": {"connector": {"platform": "x86_64", "os_type": "linux", "ip": "10.4.3.26", "host": "np0000007463", "multipath": true, "enforce_multipath": true, "initiator": "iqn.2016-04.com.open-iscsi:af3b63fe3b7e", "do_local_attach": false, "uuid": "8515de1c-ba7e-467b-adde-6d9f8a8dbc1f", "system uuid": "41763f6c-a9f9-41c0-a273-e5356cc55de9", "nvme_native_multipath": false, "mountpoint": "/dev/vdc"}}} {{(pid=100355) _process_stack /opt/stack/cinder/cinder/api/openstack/wsgi.py:876}}
Aug 17 07:15:10.190040 np0000007463 devstack@c-api.service[100356]: INFO cinder.volume.api [None req-5b61dcfa-89e3-4b57-a3d1-c9b2834935b8 tempest-VolumeQuotasAdminTestJSON-1895620944 tempest-VolumeQuotasAdminTestJSON-1895620944-project-member] Volume info retrieved successfully.
Aug 17 07:15:10.190040 np0000007463 devstack@c-api.service[100356]: INFO cinder.api.openstack.wsgi [None req-5b61dcfa-89e3-4b57-a3d1-c9b2834935b8 tempest-VolumeQuotasAdminTestJSON-1895620944 tempest-VolumeQuotasAdminTestJSON-1895620944-project-member] https://10.4.3.26/volume/v3/volumes/53d3d47c-ff68-42ab-86d1-d67b507f6212 returned with HTTP 200
Aug 17 07:15:10.190380 np0000007463 devstack@c-api.service[100355]: DEBUG cinder.coordination [req-0a726b6f-560f-42b5-913d-7ae5cca87de0 req-5202f64a-7a96-41c2-a5d9-4c42594c3a4b tempest-TaggedBootDevicesTest-710511848 tempest-TaggedBootDevicesTest-710511848-project-member] Acquiring lock "cinder-attachment_update-41d07248-a3f4-40f0-af21-6ff8dab3ad74-np0000007463" by "attachment_update" {{(pid=100355) __acquire /opt/stack/cinder/cinder/coordination.py:138}}
Aug 17 07:15:10.190487 np0000007463 devstack@c-api.service[100356]: [pid: 100356|app: 0|req: 113/450] 10.4.3.26 () {66 vars in 1341 bytes} [Mon Aug 17 07:15:10 2026] GET /volume/v3/volumes/53d3d47c-ff68-42ab-86d1-d67b507f6212 => generated 846 bytes in 17 msecs (HTTP/1.1 200) 7 headers in 285 bytes (1 switches on core 0)
Aug 17 07:15:10.190596 np0000007463 devstack@c-api.service[100355]: DEBUG cinder.coordination [req-0a726b6f-560f-42b5-913d-7ae5cca87de0 req-5202f64a-7a96-41c2-a5d9-4c42594c3a4b tempest-TaggedBootDevicesTest-710511848 tempest-TaggedBootDevicesTest-710511848-project-member] Lock "cinder-attachment_update-41d07248-a3f4-40f0-af21-6ff8dab3ad74-np0000007463" acquired by "attachment_update" :: waited 0.005s {{(pid=100355) __acquire /opt/stack/cinder/cinder/coordination.py:141}}
Aug 17 07:15:10.190596 np0000007463 devstack@c-api.service[100355]: /opt/stack/data/venv/lib/python3.12/site-packages/oslo_context/context.py:102: DeprecationWarning: Policy enforcement is depending on the value of is_admin. This key is deprecated. Please update your policy file to use the standard policy values.
Aug 17 07:15:10.190596 np0000007463 devstack@c-api.service[100355]: warnings.warn(
Aug 17 07:15:10.195957 np0000007463 devstack@c-api.service[100353]: DEBUG cinder.api.middleware.request_id [None req-16f0d764-a79e-4311-bd42-cb9c3cc088c1 None None] RequestId filter calling following filter/app {{(pid=100353) _context_setter /opt/stack/cinder/cinder/api/middleware/request_id.py:62}}
Aug 17 07:15:10.197493 np0000007463 devstack@c-api.service[100354]: DEBUG cinder.quota [None req-a0685e14-44a2-4f3c-8c0d-3fdbd88de191 tempest-UserMessagesTest-58272593 tempest-UserMessagesTest-58272593-project-member] Created reservations ['8c402b24-d395-4e82-bbe3-77241e3ebdf0', '315e2e6a-cac4-415d-b03e-f1b1ce102bb4', 'f1277114-9181-47ce-bdb0-e8e10da77828', 'e3447636-25f7-4cd2-87f7-af757221e997'] {{(pid=100354) reserve /opt/stack/cinder/cinder/quota.py:752}}
Aug 17 07:15:10.197778 np0000007463 devstack@c-api.service[100353]: INFO cinder.api.openstack.wsgi [None req-16f0d764-a79e-4311-bd42-cb9c3cc088c1 tempest-VolumeQuotasAdminTestJSON-991523490 tempest-VolumeQuotasAdminTestJSON-991523490-project-admin] GET https://10.4.3.26/volume/v3/os-quota-sets/3e10e97aa73f42dab88f55f2d1d63535?usage=True
Aug 17 07:15:10.198011 np0000007463 devstack@c-api.service[100353]: DEBUG cinder.api.openstack.wsgi [None req-16f0d764-a79e-4311-bd42-cb9c3cc088c1 tempest-VolumeQuotasAdminTestJSON-991523490 tempest-VolumeQuotasAdminTestJSON-991523490-project-admin] Empty body provided in request {{(pid=100353) get_body /opt/stack/cinder/cinder/api/openstack/wsgi.py:725}}
Aug 17 07:15:10.198231 np0000007463 devstack@c-api.service[100353]: DEBUG cinder.api.openstack.wsgi [None req-16f0d764-a79e-4311-bd42-cb9c3cc088c1 tempest-VolumeQuotasAdminTestJSON-991523490 tempest-VolumeQuotasAdminTestJSON-991523490-project-admin] Calling method 'show' {{(pid=100353) _process_stack /opt/stack/cinder/cinder/api/openstack/wsgi.py:878}}
Aug 17 07:15:10.198498 np0000007463 devstack@c-api.service[100354]: DEBUG cinder.volume.api [None req-a0685e14-44a2-4f3c-8c0d-3fdbd88de191 tempest-UserMessagesTest-58272593 tempest-UserMessagesTest-58272593-project-member] Task 'cinder.volume.flows.api.create_volume.QuotaReserveTask;volume:create' (c515f9d2-7c2d-4096-903a-98dbd9385208) transitioned into state 'SUCCESS' from state 'RUNNING' with result '{'reservations': ['8c402b24-d395-4e82-bbe3-77241e3ebdf0', '315e2e6a-cac4-415d-b03e-f1b1ce102bb4', 'f1277114-9181-47ce-bdb0-e8e10da77828', 'e3447636-25f7-4cd2-87f7-af757221e997']}' {{(pid=100354) _task_receiver /opt/stack/data/venv/lib/python3.12/site-packages/taskflow/listeners/logging.py:218}}
Aug 17 07:15:10.199416 np0000007463 devstack@c-api.service[100354]: DEBUG cinder.volume.api [None req-a0685e14-44a2-4f3c-8c0d-3fdbd88de191 tempest-UserMessagesTest-58272593 tempest-UserMessagesTest-58272593-project-member] Task 'cinder.volume.flows.api.create_volume.EntryCreateTask;volume:create' (db217334-500d-4fe4-a057-c872fdb3b8ca) transitioned into state 'RUNNING' from state 'PENDING' {{(pid=100354) _task_receiver /opt/stack/data/venv/lib/python3.12/site-packages/taskflow/listeners/logging.py:242}}
Aug 17 07:15:10.214496 np0000007463 devstack@c-api.service[100353]: WARNING cinder.quota [None req-16f0d764-a79e-4311-bd42-cb9c3cc088c1 tempest-VolumeQuotasAdminTestJSON-991523490 tempest-VolumeQuotasAdminTestJSON-991523490-project-admin] Deprecated: Default quota for resource: volumes_tempest-UserMessagesTest-volume-type-307347873 is set by the default quota flag: quota_volumes_tempest-UserMessagesTest-volume-type-307347873, it is now deprecated. Please use the default quota class for default quota.
Aug 17 07:15:10.214749 np0000007463 devstack@c-api.service[100353]: WARNING cinder.quota [None req-16f0d764-a79e-4311-bd42-cb9c3cc088c1 tempest-VolumeQuotasAdminTestJSON-991523490 tempest-VolumeQuotasAdminTestJSON-991523490-project-admin] Deprecated: Default quota for resource: gigabytes_tempest-UserMessagesTest-volume-type-307347873 is set by the default quota flag: quota_gigabytes_tempest-UserMessagesTest-volume-type-307347873, it is now deprecated. Please use the default quota class for default quota.
Aug 17 07:15:10.215298 np0000007463 devstack@c-api.service[100353]: WARNING cinder.quota [None req-16f0d764-a79e-4311-bd42-cb9c3cc088c1 tempest-VolumeQuotasAdminTestJSON-991523490 tempest-VolumeQuotasAdminTestJSON-991523490-project-admin] Deprecated: Default quota for resource: snapshots_tempest-UserMessagesTest-volume-type-307347873 is set by the default quota flag: quota_snapshots_tempest-UserMessagesTest-volume-type-307347873, it is now deprecated. Please use the default quota class for default quota.
Aug 17 07:15:10.227028 np0000007463 devstack@c-api.service[100353]: INFO cinder.api.openstack.wsgi [None req-16f0d764-a79e-4311-bd42-cb9c3cc088c1 tempest-VolumeQuotasAdminTestJSON-991523490 tempest-VolumeQuotasAdminTestJSON-991523490-project-admin] https://10.4.3.26/volume/v3/os-quota-sets/3e10e97aa73f42dab88f55f2d1d63535?usage=True returned with HTTP 200
Aug 17 07:15:10.227451 np0000007463 devstack@c-api.service[100353]: [pid: 100353|app: 0|req: 114/451] 10.4.3.26 () {66 vars in 1368 bytes} [Mon Aug 17 07:15:10 2026] GET /volume/v3/os-quota-sets/3e10e97aa73f42dab88f55f2d1d63535?usage=True => generated 1368 bytes in 32 msecs (HTTP/1.1 200) 7 headers in 286 bytes (1 switches on core 0)
Aug 17 07:15:10.230347 np0000007463 devstack@c-api.service[100354]: DEBUG cinder.volume.api [None req-a0685e14-44a2-4f3c-8c0d-3fdbd88de191 tempest-UserMessagesTest-58272593 tempest-UserMessagesTest-58272593-project-member] Task 'cinder.volume.flows.api.create_volume.EntryCreateTask;volume:create' (db217334-500d-4fe4-a057-c872fdb3b8ca) transitioned into state 'SUCCESS' from state 'RUNNING' with result '{'volume_id': '1ee6e6e2-8a3c-497c-9b4a-9d6f4d8fa92c', 'volume_properties': VolumeProperties(attach_status='detached',availability_zone='nova',cgsnapshot_id=None,consistencygroup_id=None,display_description=None,display_name='tempest-UserMessagesTest-Volume-1565768819',encryption_key_id=None,group_id=None,group_type_id=,metadata={},multiattach=False,project_id='57378adcf5224de39c1665c45164aa54',qos_specs=None,replication_status=,reservations=['8c402b24-d395-4e82-bbe3-77241e3ebdf0','315e2e6a-cac4-415d-b03e-f1b1ce102bb4','f1277114-9181-47ce-bdb0-e8e10da77828','e3447636-25f7-4cd2-87f7-af757221e997'],size=1,snapshot_id=None,source_replicaid=,source_volid=None,status='creating',user_id='cfcfa516ece640b4bfb3d1a03073b7a5',volume_type_id=f630e7e9-5630-4900-903d-e38b504d9beb), 'volume': Volume(_name_id=None,admin_metadata=,attach_status='detached',availability_zone='nova',bootable=False,cluster=,cluster_name=None,consistencygroup=,consistencygroup_id=None,created_at=2026-08-17T07:15:10Z,deleted=False,deleted_at=None,display_description=None,display_name='tempest-UserMessagesTest-Volume-1565768819',ec2_id=None,encryption_key_id=None,glance_metadata=,group=,group_id=None,host=None,id=1ee6e6e2-8a3c-497c-9b4a-9d6f4d8fa92c,launched_at=None,metadata={},migration_status=None,multiattach=False,previous_status=None,project_id='57378adcf5224de39c1665c45164aa54',provider_auth=None,provider_geometry=None,provider_id=None,provider_location=None,replication_driver_data=None,replication_extended_status=None,replication_status=None,scheduled_at=None,service_uuid=None,shared_targets=True,size=1,snapshot_id=None,snapshots=,source_volid=None,status='creating',terminated_at=None,updated_at=None,use_quota=True,user_id='cfcfa516ece640b4bfb3d1a03073b7a5',volume_attachment=VolumeAttachmentList,volume_type=VolumeType(f630e7e9-5630-4900-903d-e38b504d9beb),volume_type_id=f630e7e9-5630-4900-903d-e38b504d9beb)}' {{(pid=100354) _task_receiver /opt/stack/data/venv/lib/python3.12/site-packages/taskflow/listeners/logging.py:218}}
Aug 17 07:15:10.231536 np0000007463 devstack@c-api.service[100354]: DEBUG cinder.volume.api [None req-a0685e14-44a2-4f3c-8c0d-3fdbd88de191 tempest-UserMessagesTest-58272593 tempest-UserMessagesTest-58272593-project-member] Task 'cinder.volume.flows.api.create_volume.QuotaCommitTask;volume:create' (ece418e0-9445-4409-bbea-d8d06d985e97) transitioned into state 'RUNNING' from state 'PENDING' {{(pid=100354) _task_receiver /opt/stack/data/venv/lib/python3.12/site-packages/taskflow/listeners/logging.py:242}}
Aug 17 07:15:10.244838 np0000007463 devstack@c-api.service[100356]: DEBUG cinder.api.middleware.request_id [None req-0e599c0f-48fb-47b4-8fc5-d5f1be922140 None None] RequestId filter calling following filter/app {{(pid=100356) _context_setter /opt/stack/cinder/cinder/api/middleware/request_id.py:62}}
Aug 17 07:15:10.251105 np0000007463 devstack@c-api.service[100356]: INFO cinder.api.openstack.wsgi [None req-0e599c0f-48fb-47b4-8fc5-d5f1be922140 tempest-VolumeQuotasAdminTestJSON-991523490 tempest-VolumeQuotasAdminTestJSON-991523490-project-admin] GET https://10.4.3.26/volume/v3/os-quota-sets/45bac4bdc0cd4d9d967c21bbb3b81f67?usage=True
Aug 17 07:15:10.251256 np0000007463 devstack@c-api.service[100356]: DEBUG cinder.api.openstack.wsgi [None req-0e599c0f-48fb-47b4-8fc5-d5f1be922140 tempest-VolumeQuotasAdminTestJSON-991523490 tempest-VolumeQuotasAdminTestJSON-991523490-project-admin] Empty body provided in request {{(pid=100356) get_body /opt/stack/cinder/cinder/api/openstack/wsgi.py:725}}
Aug 17 07:15:10.251426 np0000007463 devstack@c-api.service[100356]: DEBUG cinder.api.openstack.wsgi [None req-0e599c0f-48fb-47b4-8fc5-d5f1be922140 tempest-VolumeQuotasAdminTestJSON-991523490 tempest-VolumeQuotasAdminTestJSON-991523490-project-admin] Calling method 'show' {{(pid=100356) _process_stack /opt/stack/cinder/cinder/api/openstack/wsgi.py:878}}
Aug 17 07:15:10.261820 np0000007463 devstack@c-api.service[100354]: DEBUG cinder.volume.api [None req-a0685e14-44a2-4f3c-8c0d-3fdbd88de191 tempest-UserMessagesTest-58272593 tempest-UserMessagesTest-58272593-project-member] Task 'cinder.volume.flows.api.create_volume.QuotaCommitTask;volume:create' (ece418e0-9445-4409-bbea-d8d06d985e97) transitioned into state 'SUCCESS' from state 'RUNNING' with result '{'volume_properties': VolumeProperties(attach_status='detached',availability_zone='nova',cgsnapshot_id=None,consistencygroup_id=None,display_description=None,display_name='tempest-UserMessagesTest-Volume-1565768819',encryption_key_id=None,group_id=None,group_type_id=,metadata={},multiattach=False,project_id='57378adcf5224de39c1665c45164aa54',qos_specs=None,replication_status=,reservations=['8c402b24-d395-4e82-bbe3-77241e3ebdf0','315e2e6a-cac4-415d-b03e-f1b1ce102bb4','f1277114-9181-47ce-bdb0-e8e10da77828','e3447636-25f7-4cd2-87f7-af757221e997'],size=1,snapshot_id=None,source_replicaid=,source_volid=None,status='creating',user_id='cfcfa516ece640b4bfb3d1a03073b7a5',volume_type_id=f630e7e9-5630-4900-903d-e38b504d9beb)}' {{(pid=100354) _task_receiver /opt/stack/data/venv/lib/python3.12/site-packages/taskflow/listeners/logging.py:218}}
Aug 17 07:15:10.262494 np0000007463 devstack@c-api.service[100354]: DEBUG cinder.volume.api [None req-a0685e14-44a2-4f3c-8c0d-3fdbd88de191 tempest-UserMessagesTest-58272593 tempest-UserMessagesTest-58272593-project-member] Task 'cinder.volume.flows.api.create_volume.VolumeCastTask;volume:create' (e85bafb5-86dc-4b00-a864-89676dd9e19a) transitioned into state 'RUNNING' from state 'PENDING' {{(pid=100354) _task_receiver /opt/stack/data/venv/lib/python3.12/site-packages/taskflow/listeners/logging.py:242}}
Aug 17 07:15:10.273478 np0000007463 devstack@c-api.service[100356]: WARNING cinder.quota [None req-0e599c0f-48fb-47b4-8fc5-d5f1be922140 tempest-VolumeQuotasAdminTestJSON-991523490 tempest-VolumeQuotasAdminTestJSON-991523490-project-admin] Deprecated: Default quota for resource: volumes_tempest-UserMessagesTest-volume-type-307347873 is set by the default quota flag: quota_volumes_tempest-UserMessagesTest-volume-type-307347873, it is now deprecated. Please use the default quota class for default quota.
Aug 17 07:15:10.273831 np0000007463 devstack@c-api.service[100356]: WARNING cinder.quota [None req-0e599c0f-48fb-47b4-8fc5-d5f1be922140 tempest-VolumeQuotasAdminTestJSON-991523490 tempest-VolumeQuotasAdminTestJSON-991523490-project-admin] Deprecated: Default quota for resource: gigabytes_tempest-UserMessagesTest-volume-type-307347873 is set by the default quota flag: quota_gigabytes_tempest-UserMessagesTest-volume-type-307347873, it is now deprecated. Please use the default quota class for default quota.
Aug 17 07:15:10.274175 np0000007463 devstack@c-api.service[100356]: WARNING cinder.quota [None req-0e599c0f-48fb-47b4-8fc5-d5f1be922140 tempest-VolumeQuotasAdminTestJSON-991523490 tempest-VolumeQuotasAdminTestJSON-991523490-project-admin] Deprecated: Default quota for resource: snapshots_tempest-UserMessagesTest-volume-type-307347873 is set by the default quota flag: quota_snapshots_tempest-UserMessagesTest-volume-type-307347873, it is now deprecated. Please use the default quota class for default quota.
Aug 17 07:15:10.281485 np0000007463 devstack@c-api.service[100354]: DEBUG cinder.volume.api [None req-a0685e14-44a2-4f3c-8c0d-3fdbd88de191 tempest-UserMessagesTest-58272593 tempest-UserMessagesTest-58272593-project-member] Task 'cinder.volume.flows.api.create_volume.VolumeCastTask;volume:create' (e85bafb5-86dc-4b00-a864-89676dd9e19a) transitioned into state 'SUCCESS' from state 'RUNNING' with result 'None' {{(pid=100354) _task_receiver /opt/stack/data/venv/lib/python3.12/site-packages/taskflow/listeners/logging.py:218}}
Aug 17 07:15:10.283022 np0000007463 devstack@c-api.service[100354]: DEBUG cinder.volume.api [None req-a0685e14-44a2-4f3c-8c0d-3fdbd88de191 tempest-UserMessagesTest-58272593 tempest-UserMessagesTest-58272593-project-member] Flow 'volume_create_api' (cfe58ce8-5f8f-4f0d-acbe-a1d092162357) transitioned into state 'SUCCESS' from state 'RUNNING' {{(pid=100354) _flow_receiver /opt/stack/data/venv/lib/python3.12/site-packages/taskflow/listeners/logging.py:160}}
Aug 17 07:15:10.283269 np0000007463 devstack@c-api.service[100354]: INFO cinder.volume.api [None req-a0685e14-44a2-4f3c-8c0d-3fdbd88de191 tempest-UserMessagesTest-58272593 tempest-UserMessagesTest-58272593-project-member] Create volume request issued successfully.
Aug 17 07:15:10.284256 np0000007463 devstack@c-api.service[100354]: INFO cinder.api.openstack.wsgi [None req-a0685e14-44a2-4f3c-8c0d-3fdbd88de191 tempest-UserMessagesTest-58272593 tempest-UserMessagesTest-58272593-project-member] https://10.4.3.26/volume/v3/volumes returned with HTTP 202
Aug 17 07:15:10.284558 np0000007463 devstack@c-api.service[100354]: [pid: 100354|app: 0|req: 116/452] 10.4.3.26 () {70 vars in 1292 bytes} [Mon Aug 17 07:15:10 2026] POST /volume/v3/volumes => generated 783 bytes in 186 msecs (HTTP/1.1 202) 7 headers in 291 bytes (1 switches on core 0)
Aug 17 07:15:10.286906 np0000007463 devstack@c-api.service[100356]: INFO cinder.api.openstack.wsgi [None req-0e599c0f-48fb-47b4-8fc5-d5f1be922140 tempest-VolumeQuotasAdminTestJSON-991523490 tempest-VolumeQuotasAdminTestJSON-991523490-project-admin] https://10.4.3.26/volume/v3/os-quota-sets/45bac4bdc0cd4d9d967c21bbb3b81f67?usage=True returned with HTTP 200
Aug 17 07:15:10.287407 np0000007463 devstack@c-api.service[100356]: [pid: 100356|app: 0|req: 114/453] 10.4.3.26 () {66 vars in 1368 bytes} [Mon Aug 17 07:15:10 2026] GET /volume/v3/os-quota-sets/45bac4bdc0cd4d9d967c21bbb3b81f67?usage=True => generated 1368 bytes in 43 msecs (HTTP/1.1 200) 7 headers in 286 bytes (1 switches on core 0)
Aug 17 07:15:10.297748 np0000007463 devstack@c-api.service[100353]: DEBUG cinder.api.middleware.request_id [None req-f896752e-46bf-4ded-b6ca-c089d9ae3ab4 None None] RequestId filter calling following filter/app {{(pid=100353) _context_setter /opt/stack/cinder/cinder/api/middleware/request_id.py:62}}
Aug 17 07:15:10.299481 np0000007463 devstack@c-api.service[100353]: INFO cinder.api.openstack.wsgi [None req-f896752e-46bf-4ded-b6ca-c089d9ae3ab4 tempest-UserMessagesTest-58272593 tempest-UserMessagesTest-58272593-project-member] GET https://10.4.3.26/volume/v3/volumes/1ee6e6e2-8a3c-497c-9b4a-9d6f4d8fa92c
Aug 17 07:15:10.299693 np0000007463 devstack@c-api.service[100353]: DEBUG cinder.api.openstack.wsgi [None req-f896752e-46bf-4ded-b6ca-c089d9ae3ab4 tempest-UserMessagesTest-58272593 tempest-UserMessagesTest-58272593-project-member] Empty body provided in request {{(pid=100353) get_body /opt/stack/cinder/cinder/api/openstack/wsgi.py:725}}
Aug 17 07:15:10.299971 np0000007463 devstack@c-api.service[100353]: DEBUG cinder.api.openstack.wsgi [None req-f896752e-46bf-4ded-b6ca-c089d9ae3ab4 tempest-UserMessagesTest-58272593 tempest-UserMessagesTest-58272593-project-member] Calling method 'show' {{(pid=100353) _process_stack /opt/stack/cinder/cinder/api/openstack/wsgi.py:878}}
Aug 17 07:15:10.302145 np0000007463 devstack@c-api.service[100355]: DEBUG cinder.coordination [req-0a726b6f-560f-42b5-913d-7ae5cca87de0 req-5202f64a-7a96-41c2-a5d9-4c42594c3a4b tempest-TaggedBootDevicesTest-710511848 tempest-TaggedBootDevicesTest-710511848-project-member] Lock "cinder-attachment_update-41d07248-a3f4-40f0-af21-6ff8dab3ad74-np0000007463" released by "attachment_update" :: held 0.112s {{(pid=100355) __release /opt/stack/cinder/cinder/coordination.py:152}}
Aug 17 07:15:10.302145 np0000007463 devstack@c-api.service[100355]: INFO cinder.api.openstack.wsgi [req-0a726b6f-560f-42b5-913d-7ae5cca87de0 req-5202f64a-7a96-41c2-a5d9-4c42594c3a4b tempest-TaggedBootDevicesTest-710511848 tempest-TaggedBootDevicesTest-710511848-project-member] https://10.4.3.26/volume/v3/attachments/022d8821-a275-4966-9836-b1f9ed774d81 returned with HTTP 200
Aug 17 07:15:10.302145 np0000007463 devstack@c-api.service[100355]: [pid: 100355|app: 0|req: 110/454] 10.4.3.26 () {74 vars in 1697 bytes} [Mon Aug 17 07:15:10 2026] PUT /volume/v3/attachments/022d8821-a275-4966-9836-b1f9ed774d81 => generated 969 bytes in 127 msecs (HTTP/1.1 200) 7 headers in 286 bytes (1 switches on core 0)
Aug 17 07:15:10.307083 np0000007463 devstack@c-api.service[100354]: DEBUG cinder.api.middleware.request_id [None req-ba3fb1d2-9e8b-4715-b20e-ddabc336cd27 None None] RequestId filter calling following filter/app {{(pid=100354) _context_setter /opt/stack/cinder/cinder/api/middleware/request_id.py:62}}
Aug 17 07:15:10.311910 np0000007463 devstack@c-api.service[100354]: INFO cinder.api.openstack.wsgi [None req-ba3fb1d2-9e8b-4715-b20e-ddabc336cd27 tempest-VolumeQuotasAdminTestJSON-1895620944 tempest-VolumeQuotasAdminTestJSON-1895620944-project-member] POST https://10.4.3.26/volume/v3/os-volume-transfer
Aug 17 07:15:10.312315 np0000007463 devstack@c-api.service[100354]: DEBUG cinder.api.openstack.wsgi [None req-ba3fb1d2-9e8b-4715-b20e-ddabc336cd27 tempest-VolumeQuotasAdminTestJSON-1895620944 tempest-VolumeQuotasAdminTestJSON-1895620944-project-member] Action: 'create', calling method: create, body: {"transfer": {"volume_id": "53d3d47c-ff68-42ab-86d1-d67b507f6212"}} {{(pid=100354) _process_stack /opt/stack/cinder/cinder/api/openstack/wsgi.py:876}}
Aug 17 07:15:10.312739 np0000007463 devstack@c-api.service[100353]: /opt/stack/data/venv/lib/python3.12/site-packages/oslo_context/context.py:102: DeprecationWarning: Policy enforcement is depending on the value of is_admin. This key is deprecated. Please update your policy file to use the standard policy values.
Aug 17 07:15:10.312739 np0000007463 devstack@c-api.service[100353]: warnings.warn(
Aug 17 07:15:10.314204 np0000007463 devstack@c-api.service[100354]: DEBUG cinder.api.contrib.volume_transfer [None req-ba3fb1d2-9e8b-4715-b20e-ddabc336cd27 tempest-VolumeQuotasAdminTestJSON-1895620944 tempest-VolumeQuotasAdminTestJSON-1895620944-project-member] Creating new volume transfer {'transfer': {'volume_id': '53d3d47c-ff68-42ab-86d1-d67b507f6212'}} {{(pid=100354) create /opt/stack/cinder/cinder/api/contrib/volume_transfer.py:85}}
Aug 17 07:15:10.314319 np0000007463 devstack@c-api.service[100354]: INFO cinder.api.contrib.volume_transfer [None req-ba3fb1d2-9e8b-4715-b20e-ddabc336cd27 tempest-VolumeQuotasAdminTestJSON-1895620944 tempest-VolumeQuotasAdminTestJSON-1895620944-project-member] Creating transfer of volume 53d3d47c-ff68-42ab-86d1-d67b507f6212
Aug 17 07:15:10.315105 np0000007463 devstack@c-api.service[100354]: INFO cinder.transfer.api [None req-ba3fb1d2-9e8b-4715-b20e-ddabc336cd27 tempest-VolumeQuotasAdminTestJSON-1895620944 tempest-VolumeQuotasAdminTestJSON-1895620944-project-member] Generating transfer record for volume 53d3d47c-ff68-42ab-86d1-d67b507f6212
Aug 17 07:15:10.323190 np0000007463 devstack@c-api.service[100353]: INFO cinder.volume.api [None req-f896752e-46bf-4ded-b6ca-c089d9ae3ab4 tempest-UserMessagesTest-58272593 tempest-UserMessagesTest-58272593-project-member] Volume info retrieved successfully.
Aug 17 07:15:10.326871 np0000007463 devstack@c-api.service[100356]: DEBUG cinder.api.middleware.request_id [req-0a726b6f-560f-42b5-913d-7ae5cca87de0 req-342f9f32-662b-4e8e-becb-c72ace259b39 None None] RequestId filter calling following filter/app {{(pid=100356) _context_setter /opt/stack/cinder/cinder/api/middleware/request_id.py:62}}
Aug 17 07:15:10.327008 np0000007463 devstack@c-api.service[100354]: /opt/stack/data/venv/lib/python3.12/site-packages/oslo_context/context.py:102: DeprecationWarning: Policy enforcement is depending on the value of is_admin. This key is deprecated. Please update your policy file to use the standard policy values.
Aug 17 07:15:10.327008 np0000007463 devstack@c-api.service[100354]: warnings.warn(
Aug 17 07:15:10.329697 np0000007463 devstack@c-api.service[100356]: INFO cinder.api.openstack.wsgi [req-0a726b6f-560f-42b5-913d-7ae5cca87de0 req-342f9f32-662b-4e8e-becb-c72ace259b39 tempest-TaggedBootDevicesTest-710511848 tempest-TaggedBootDevicesTest-710511848-project-member] POST https://10.4.3.26/volume/v3/attachments/022d8821-a275-4966-9836-b1f9ed774d81/action
Aug 17 07:15:10.329697 np0000007463 devstack@c-api.service[100356]: DEBUG cinder.api.openstack.wsgi [req-0a726b6f-560f-42b5-913d-7ae5cca87de0 req-342f9f32-662b-4e8e-becb-c72ace259b39 tempest-TaggedBootDevicesTest-710511848 tempest-TaggedBootDevicesTest-710511848-project-member] Action body: b'{"os-complete": null}' {{(pid=100356) get_method /opt/stack/cinder/cinder/api/openstack/wsgi.py:993}}
Aug 17 07:15:10.329697 np0000007463 devstack@c-api.service[100356]: DEBUG cinder.api.openstack.wsgi [req-0a726b6f-560f-42b5-913d-7ae5cca87de0 req-342f9f32-662b-4e8e-becb-c72ace259b39 tempest-TaggedBootDevicesTest-710511848 tempest-TaggedBootDevicesTest-710511848-project-member] Action: 'action', calling method: complete, body: {"os-complete": null} {{(pid=100356) _process_stack /opt/stack/cinder/cinder/api/openstack/wsgi.py:876}}
Aug 17 07:15:10.330772 np0000007463 devstack@c-api.service[100353]: INFO cinder.api.openstack.wsgi [None req-f896752e-46bf-4ded-b6ca-c089d9ae3ab4 tempest-UserMessagesTest-58272593 tempest-UserMessagesTest-58272593-project-member] https://10.4.3.26/volume/v3/volumes/1ee6e6e2-8a3c-497c-9b4a-9d6f4d8fa92c returned with HTTP 200
Aug 17 07:15:10.330772 np0000007463 devstack@c-api.service[100353]: [pid: 100353|app: 0|req: 115/455] 10.4.3.26 () {68 vars in 1381 bytes} [Mon Aug 17 07:15:10 2026] GET /volume/v3/volumes/1ee6e6e2-8a3c-497c-9b4a-9d6f4d8fa92c => generated 851 bytes in 34 msecs (HTTP/1.1 200) 7 headers in 285 bytes (1 switches on core 0)
Aug 17 07:15:10.353396 np0000007463 devstack@c-api.service[100354]: INFO cinder.api.openstack.wsgi [None req-ba3fb1d2-9e8b-4715-b20e-ddabc336cd27 tempest-VolumeQuotasAdminTestJSON-1895620944 tempest-VolumeQuotasAdminTestJSON-1895620944-project-member] https://10.4.3.26/volume/v3/os-volume-transfer returned with HTTP 202
Aug 17 07:15:10.353867 np0000007463 devstack@c-api.service[100354]: [pid: 100354|app: 0|req: 117/456] 10.4.3.26 () {68 vars in 1284 bytes} [Mon Aug 17 07:15:10 2026] POST /volume/v3/os-volume-transfer => generated 439 bytes in 48 msecs (HTTP/1.1 202) 7 headers in 291 bytes (1 switches on core 0)
Aug 17 07:15:10.358044 np0000007463 devstack@c-api.service[100356]: /opt/stack/data/venv/lib/python3.12/site-packages/oslo_context/context.py:102: DeprecationWarning: Policy enforcement is depending on the value of is_admin. This key is deprecated. Please update your policy file to use the standard policy values.
Aug 17 07:15:10.358044 np0000007463 devstack@c-api.service[100356]: warnings.warn(
Aug 17 07:15:10.364201 np0000007463 devstack@c-api.service[100355]: DEBUG cinder.api.middleware.request_id [None req-644bfa2d-0e17-467e-af2c-2f539f2a0025 None None] RequestId filter calling following filter/app {{(pid=100355) _context_setter /opt/stack/cinder/cinder/api/middleware/request_id.py:62}}
Aug 17 07:15:10.373586 np0000007463 devstack@c-api.service[100356]: INFO cinder.api.openstack.wsgi [req-0a726b6f-560f-42b5-913d-7ae5cca87de0 req-342f9f32-662b-4e8e-becb-c72ace259b39 tempest-TaggedBootDevicesTest-710511848 tempest-TaggedBootDevicesTest-710511848-project-member] https://10.4.3.26/volume/v3/attachments/022d8821-a275-4966-9836-b1f9ed774d81/action returned with HTTP 204
Aug 17 07:15:10.374330 np0000007463 devstack@c-api.service[100356]: [pid: 100356|app: 0|req: 115/457] 10.4.3.26 () {74 vars in 1718 bytes} [Mon Aug 17 07:15:10 2026] POST /volume/v3/attachments/022d8821-a275-4966-9836-b1f9ed774d81/action => generated 0 bytes in 48 msecs (HTTP/1.1 204) 7 headers in 292 bytes (1 switches on core 0)
Aug 17 07:15:10.535563 np0000007463 devstack@c-api.service[100355]: INFO cinder.api.openstack.wsgi [None req-644bfa2d-0e17-467e-af2c-2f539f2a0025 tempest-VolumeQuotasAdminTestJSON-524333392 tempest-VolumeQuotasAdminTestJSON-524333392-project-member] POST https://10.4.3.26/volume/v3/os-volume-transfer/ac610d83-e9c5-45f7-9bda-03dfb6368da5/accept
Aug 17 07:15:10.535885 np0000007463 devstack@c-api.service[100355]: DEBUG cinder.api.openstack.wsgi [None req-644bfa2d-0e17-467e-af2c-2f539f2a0025 tempest-VolumeQuotasAdminTestJSON-524333392 tempest-VolumeQuotasAdminTestJSON-524333392-project-member] Action: 'accept', calling method: accept, body: {"accept": {"auth_key": "a9b03f2284a73c4b"}} {{(pid=100355) _process_stack /opt/stack/cinder/cinder/api/openstack/wsgi.py:876}}
Aug 17 07:15:10.537210 np0000007463 devstack@c-api.service[100355]: DEBUG cinder.api.contrib.volume_transfer [None req-644bfa2d-0e17-467e-af2c-2f539f2a0025 tempest-VolumeQuotasAdminTestJSON-524333392 tempest-VolumeQuotasAdminTestJSON-524333392-project-member] Accepting volume transfer ac610d83-e9c5-45f7-9bda-03dfb6368da5 {{(pid=100355) accept /opt/stack/cinder/cinder/api/contrib/volume_transfer.py:115}}
Aug 17 07:15:10.537308 np0000007463 devstack@c-api.service[100355]: INFO cinder.api.contrib.volume_transfer [None req-644bfa2d-0e17-467e-af2c-2f539f2a0025 tempest-VolumeQuotasAdminTestJSON-524333392 tempest-VolumeQuotasAdminTestJSON-524333392-project-member] Accepting transfer ac610d83-e9c5-45f7-9bda-03dfb6368da5
Aug 17 07:15:10.537798 np0000007463 devstack@c-api.service[100355]: /opt/stack/data/venv/lib/python3.12/site-packages/oslo_context/context.py:102: DeprecationWarning: Policy enforcement is depending on the value of is_admin. This key is deprecated. Please update your policy file to use the standard policy values.
Aug 17 07:15:10.537798 np0000007463 devstack@c-api.service[100355]: warnings.warn(
Aug 17 07:15:10.592208 np0000007463 devstack@c-api.service[100355]: DEBUG cinder.quota [None req-644bfa2d-0e17-467e-af2c-2f539f2a0025 tempest-VolumeQuotasAdminTestJSON-524333392 tempest-VolumeQuotasAdminTestJSON-524333392-project-member] Created reservations ['63f5f41d-0132-4913-af5c-e64a3d3fead7', '00fb2538-e494-4103-bcea-3673ee31f674', 'bb0955bc-6500-492f-8774-a95896bc3fa2', '778ac52b-99ad-4e8b-93e7-07c3c1df997c'] {{(pid=100355) reserve /opt/stack/cinder/cinder/quota.py:752}}
Aug 17 07:15:10.614824 np0000007463 devstack@c-api.service[100355]: DEBUG cinder.quota [None req-644bfa2d-0e17-467e-af2c-2f539f2a0025 tempest-VolumeQuotasAdminTestJSON-524333392 tempest-VolumeQuotasAdminTestJSON-524333392-project-member] Created reservations ['1bc106d4-0187-43ed-899f-52c670c6d979', '2eb53994-0d17-4a31-890f-88eb32001868', 'feebe91b-fb1c-4b95-acc2-a38c2b01c74c', 'e564a378-088b-4bc1-ba5f-a8ccb96292ed'] {{(pid=100355) reserve /opt/stack/cinder/cinder/quota.py:752}}
Aug 17 07:15:10.655949 np0000007463 devstack@c-api.service[100355]: DEBUG cinder.quota [None req-644bfa2d-0e17-467e-af2c-2f539f2a0025 tempest-VolumeQuotasAdminTestJSON-524333392 tempest-VolumeQuotasAdminTestJSON-524333392-project-member] Created reservations ['c4b36f78-fc46-4d38-8ec2-8bc81c50b01d', 'd008b8a4-88ab-451d-9a7f-de5098313da0', 'a6586e8b-ec42-4ce1-936c-60a1df964ab6', 'b464bc0e-29eb-448d-b342-a8b4313bbd19'] {{(pid=100355) reserve /opt/stack/cinder/cinder/quota.py:752}}
Aug 17 07:15:10.689116 np0000007463 devstack@c-api.service[100355]: DEBUG cinder.quota [None req-644bfa2d-0e17-467e-af2c-2f539f2a0025 tempest-VolumeQuotasAdminTestJSON-524333392 tempest-VolumeQuotasAdminTestJSON-524333392-project-member] Created reservations ['2a5f7b77-eba9-4c03-8336-0da8bd31bf16', '39ca750e-9742-4b40-a76f-560796763a4d', 'f9178119-d494-4ecc-9328-5e75a1a3ca9b', 'ad209bd6-00cd-4ab5-ae6c-c4a492c57193'] {{(pid=100355) reserve /opt/stack/cinder/cinder/quota.py:752}}
Aug 17 07:15:10.700225 np0000007463 devstack@c-api.service[100355]: INFO cinder.volume.api [None req-644bfa2d-0e17-467e-af2c-2f539f2a0025 tempest-VolumeQuotasAdminTestJSON-524333392 tempest-VolumeQuotasAdminTestJSON-524333392-project-member] Transfer volume completed successfully.
