Aug 17 07:18:06.219770 np0000007463 devstack@g-api.service[103193]: DEBUG glance.api.middleware.version_negotiation [None req-03da29fd-46eb-43c1-ac99-6af8d82e0754 tempest-VolumesNegativeTest-785320694 tempest-VolumesNegativeTest-785320694-project-member] Determining version of request: POST /v2/images Accept: application/json {{(pid=103193) process_request /opt/stack/glance/glance/api/middleware/version_negotiation.py:44}}
Aug 17 07:18:06.219903 np0000007463 devstack@g-api.service[103193]: DEBUG glance.api.middleware.version_negotiation [None req-03da29fd-46eb-43c1-ac99-6af8d82e0754 tempest-VolumesNegativeTest-785320694 tempest-VolumesNegativeTest-785320694-project-member] Using url versioning {{(pid=103193) process_request /opt/stack/glance/glance/api/middleware/version_negotiation.py:57}}
Aug 17 07:18:06.220023 np0000007463 devstack@g-api.service[103193]: DEBUG glance.api.middleware.version_negotiation [None req-03da29fd-46eb-43c1-ac99-6af8d82e0754 tempest-VolumesNegativeTest-785320694 tempest-VolumesNegativeTest-785320694-project-member] Matched version: v2 {{(pid=103193) process_request /opt/stack/glance/glance/api/middleware/version_negotiation.py:69}}
Aug 17 07:18:06.220126 np0000007463 devstack@g-api.service[103193]: DEBUG glance.api.middleware.version_negotiation [None req-03da29fd-46eb-43c1-ac99-6af8d82e0754 tempest-VolumesNegativeTest-785320694 tempest-VolumesNegativeTest-785320694-project-member] new path /v2/images {{(pid=103193) process_request /opt/stack/glance/glance/api/middleware/version_negotiation.py:70}}
Aug 17 07:18:06.618397 np0000007463 devstack@g-api.service[103193]: [pid: 103193|app: 0|req: 99/389] 127.0.0.1 () {42 vars in 782 bytes} [Mon Aug 17 07:18:06 2026] POST /v2/images => generated 652 bytes in 399 msecs (HTTP/1.1 201) 6 headers in 315 bytes (1 switches on core 0)
Aug 17 07:18:06.626931 np0000007463 devstack@g-api.service[103191]: DEBUG glance.api.middleware.version_negotiation [None req-03da29fd-46eb-43c1-ac99-6af8d82e0754 tempest-VolumesNegativeTest-785320694 tempest-VolumesNegativeTest-785320694-project-member] Determining version of request: PUT /v2/images/d1b8f5f2-ec4a-42c9-bd85-26676280c040/file Accept: {{(pid=103191) process_request /opt/stack/glance/glance/api/middleware/version_negotiation.py:44}}
Aug 17 07:18:06.626931 np0000007463 devstack@g-api.service[103191]: DEBUG glance.api.middleware.version_negotiation [None req-03da29fd-46eb-43c1-ac99-6af8d82e0754 tempest-VolumesNegativeTest-785320694 tempest-VolumesNegativeTest-785320694-project-member] Using url versioning {{(pid=103191) process_request /opt/stack/glance/glance/api/middleware/version_negotiation.py:57}}
Aug 17 07:18:06.626931 np0000007463 devstack@g-api.service[103191]: DEBUG glance.api.middleware.version_negotiation [None req-03da29fd-46eb-43c1-ac99-6af8d82e0754 tempest-VolumesNegativeTest-785320694 tempest-VolumesNegativeTest-785320694-project-member] Matched version: v2 {{(pid=103191) process_request /opt/stack/glance/glance/api/middleware/version_negotiation.py:69}}
Aug 17 07:18:06.627322 np0000007463 devstack@g-api.service[103191]: DEBUG glance.api.middleware.version_negotiation [None req-03da29fd-46eb-43c1-ac99-6af8d82e0754 tempest-VolumesNegativeTest-785320694 tempest-VolumesNegativeTest-785320694-project-member] new path /v2/images/d1b8f5f2-ec4a-42c9-bd85-26676280c040/file {{(pid=103191) process_request /opt/stack/glance/glance/api/middleware/version_negotiation.py:70}}
Aug 17 07:18:07.013497 np0000007463 devstack@g-api.service[103191]: INFO glance.api.v2.image_data [None req-70c6dbdf-7d64-4e63-8d0a-0706fba9e875 tempest-VolumesNegativeTest-785320694 tempest-VolumesNegativeTest-785320694-project-member] Unable to create trust: no such option collect_timing in group [keystone_authtoken] Use the existing user token.
Aug 17 07:18:07.450443 np0000007463 devstack@g-api.service[103191]: DEBUG glance.location [None req-70c6dbdf-7d64-4e63-8d0a-0706fba9e875 tempest-VolumesNegativeTest-785320694 tempest-VolumesNegativeTest-785320694-project-member] Enabling in-flight format inspection for raw {{(pid=103191) set_data /opt/stack/glance/glance/location.py:596}}
Aug 17 07:18:07.451412 np0000007463 devstack@g-api.service[103191]: DEBUG glance_store.backend [None req-70c6dbdf-7d64-4e63-8d0a-0706fba9e875 tempest-VolumesNegativeTest-785320694 tempest-VolumesNegativeTest-785320694-project-member] Attempting to import store swift {{(pid=103191) _load_store /opt/stack/data/venv/lib/python3.12/site-packages/glance_store/backend.py:215}}
Aug 17 07:18:07.452028 np0000007463 devstack@g-api.service[103191]: DEBUG glance_store.capabilities [None req-70c6dbdf-7d64-4e63-8d0a-0706fba9e875 tempest-VolumesNegativeTest-785320694 tempest-VolumesNegativeTest-785320694-project-member] Store glance_store._drivers.swift.store.SingleTenantStore doesn't support updating dynamic storage capabilities. Please overwrite 'update_capabilities' method of the store to implement updating logics if needed. {{(pid=103191) update_capabilities /opt/stack/data/venv/lib/python3.12/site-packages/glance_store/capabilities.py:91}}
Aug 17 07:18:07.452119 np0000007463 devstack@g-api.service[103191]: DEBUG glance_store.driver [None req-70c6dbdf-7d64-4e63-8d0a-0706fba9e875 tempest-VolumesNegativeTest-785320694 tempest-VolumesNegativeTest-785320694-project-member] Late loading location class glance_store._drivers.swift.store.StoreLocation {{(pid=103191) get_store_location_class /opt/stack/data/venv/lib/python3.12/site-packages/glance_store/driver.py:134}}
Aug 17 07:18:07.452313 np0000007463 devstack@g-api.service[103191]: DEBUG glance_store.location [None req-70c6dbdf-7d64-4e63-8d0a-0706fba9e875 tempest-VolumesNegativeTest-785320694 tempest-VolumesNegativeTest-785320694-project-member] Registering scheme swift+https with {'store': , 'location_class': , 'store_entry': 'swift'} {{(pid=103191) register_scheme_map /opt/stack/data/venv/lib/python3.12/site-packages/glance_store/location.py:146}}
Aug 17 07:18:07.452313 np0000007463 devstack@g-api.service[103191]: DEBUG glance_store.location [None req-70c6dbdf-7d64-4e63-8d0a-0706fba9e875 tempest-VolumesNegativeTest-785320694 tempest-VolumesNegativeTest-785320694-project-member] Registering scheme swift+https with {'store': , 'location_class': , 'store_entry': 'swift'} {{(pid=103191) register_scheme_map /opt/stack/data/venv/lib/python3.12/site-packages/glance_store/location.py:146}}
Aug 17 07:18:07.452445 np0000007463 devstack@g-api.service[103191]: DEBUG glance_store.location [None req-70c6dbdf-7d64-4e63-8d0a-0706fba9e875 tempest-VolumesNegativeTest-785320694 tempest-VolumesNegativeTest-785320694-project-member] Registering scheme swift with {'store': , 'location_class': , 'store_entry': 'swift'} {{(pid=103191) register_scheme_map /opt/stack/data/venv/lib/python3.12/site-packages/glance_store/location.py:146}}
Aug 17 07:18:07.452501 np0000007463 devstack@g-api.service[103191]: DEBUG glance_store.location [None req-70c6dbdf-7d64-4e63-8d0a-0706fba9e875 tempest-VolumesNegativeTest-785320694 tempest-VolumesNegativeTest-785320694-project-member] Registering scheme swift+https with {'store': , 'location_class': , 'store_entry': 'swift'} {{(pid=103191) register_scheme_map /opt/stack/data/venv/lib/python3.12/site-packages/glance_store/location.py:146}}
Aug 17 07:18:07.452615 np0000007463 devstack@g-api.service[103191]: DEBUG glance_store.location [None req-70c6dbdf-7d64-4e63-8d0a-0706fba9e875 tempest-VolumesNegativeTest-785320694 tempest-VolumesNegativeTest-785320694-project-member] Registering scheme swift with {'store': , 'location_class': , 'store_entry': 'swift'} {{(pid=103191) register_scheme_map /opt/stack/data/venv/lib/python3.12/site-packages/glance_store/location.py:146}}
Aug 17 07:18:07.452711 np0000007463 devstack@g-api.service[103191]: DEBUG glance_store.location [None req-70c6dbdf-7d64-4e63-8d0a-0706fba9e875 tempest-VolumesNegativeTest-785320694 tempest-VolumesNegativeTest-785320694-project-member] Registering scheme swift+http with {'store': , 'location_class': , 'store_entry': 'swift'} {{(pid=103191) register_scheme_map /opt/stack/data/venv/lib/python3.12/site-packages/glance_store/location.py:146}}
Aug 17 07:18:07.452866 np0000007463 devstack@g-api.service[103191]: DEBUG glance_store.location [None req-70c6dbdf-7d64-4e63-8d0a-0706fba9e875 tempest-VolumesNegativeTest-785320694 tempest-VolumesNegativeTest-785320694-project-member] Registering scheme swift+https with {'store': , 'location_class': , 'store_entry': 'swift'} {{(pid=103191) register_scheme_map /opt/stack/data/venv/lib/python3.12/site-packages/glance_store/location.py:146}}
Aug 17 07:18:07.452957 np0000007463 devstack@g-api.service[103191]: DEBUG glance_store.location [None req-70c6dbdf-7d64-4e63-8d0a-0706fba9e875 tempest-VolumesNegativeTest-785320694 tempest-VolumesNegativeTest-785320694-project-member] Registering scheme swift with {'store': , 'location_class': , 'store_entry': 'swift'} {{(pid=103191) register_scheme_map /opt/stack/data/venv/lib/python3.12/site-packages/glance_store/location.py:146}}
Aug 17 07:18:07.453073 np0000007463 devstack@g-api.service[103191]: DEBUG glance_store.location [None req-70c6dbdf-7d64-4e63-8d0a-0706fba9e875 tempest-VolumesNegativeTest-785320694 tempest-VolumesNegativeTest-785320694-project-member] Registering scheme swift+http with {'store': , 'location_class': , 'store_entry': 'swift'} {{(pid=103191) register_scheme_map /opt/stack/data/venv/lib/python3.12/site-packages/glance_store/location.py:146}}
Aug 17 07:18:07.453166 np0000007463 devstack@g-api.service[103191]: DEBUG glance_store.location [None req-70c6dbdf-7d64-4e63-8d0a-0706fba9e875 tempest-VolumesNegativeTest-785320694 tempest-VolumesNegativeTest-785320694-project-member] Registering scheme swift+config with {'store': , 'location_class': , 'store_entry': 'swift'} {{(pid=103191) register_scheme_map /opt/stack/data/venv/lib/python3.12/site-packages/glance_store/location.py:146}}
Aug 17 07:18:07.532478 np0000007463 devstack@g-api.service[103191]: DEBUG swiftclient [None req-70c6dbdf-7d64-4e63-8d0a-0706fba9e875 tempest-VolumesNegativeTest-785320694 tempest-VolumesNegativeTest-785320694-project-member] REQ: curl -i https://10.4.3.26:8080/v1/AUTH_191dbbed9d8d406db0af3d407054e893/glance -I -H "X-Auth-Token: gAAAAABqgrWvxQJB..." {{(pid=103191) http_log /opt/stack/data/venv/lib/python3.12/site-packages/swiftclient/client.py:160}}
Aug 17 07:18:07.532574 np0000007463 devstack@g-api.service[103191]: DEBUG swiftclient [None req-70c6dbdf-7d64-4e63-8d0a-0706fba9e875 tempest-VolumesNegativeTest-785320694 tempest-VolumesNegativeTest-785320694-project-member] RESP STATUS: 204 No Content {{(pid=103191) http_log /opt/stack/data/venv/lib/python3.12/site-packages/swiftclient/client.py:161}}
Aug 17 07:18:07.532721 np0000007463 devstack@g-api.service[103191]: DEBUG swiftclient [None req-70c6dbdf-7d64-4e63-8d0a-0706fba9e875 tempest-VolumesNegativeTest-785320694 tempest-VolumesNegativeTest-785320694-project-member] RESP HEADERS: {'Date': 'Mon, 17 Aug 2026 07:18:07 GMT', 'Server': 'Apache/2.4.58 (Ubuntu)', 'Content-Type': 'text/plain; charset=utf-8', 'X-Container-Object-Count': '5', 'X-Container-Bytes-Used': '86048768', 'X-Timestamp': '1786950676.52893', 'Last-Modified': 'Mon, 17 Aug 2026 07:11:17 GMT', 'Accept-Ranges': 'bytes', 'X-Storage-Policy': 'Policy-0', 'X-Container-Sharding': 'False', 'Vary': 'Accept', 'X-Trans-Id': 'tx34a82fd9d3bf4337adbe8-006a82b5af', 'X-Openstack-Request-Id': 'tx34a82fd9d3bf4337adbe8-006a82b5af', 'Connection': 'close'} {{(pid=103191) http_log /opt/stack/data/venv/lib/python3.12/site-packages/swiftclient/client.py:162}}
Aug 17 07:18:07.532890 np0000007463 devstack@g-api.service[103191]: DEBUG glance_store._drivers.swift.store [None req-70c6dbdf-7d64-4e63-8d0a-0706fba9e875 tempest-VolumesNegativeTest-785320694 tempest-VolumesNegativeTest-785320694-project-member] Adding image object 'd1b8f5f2-ec4a-42c9-bd85-26676280c040' to Swift {{(pid=103191) add /opt/stack/data/venv/lib/python3.12/site-packages/glance_store/_drivers/swift/store.py:970}}
Aug 17 07:18:07.537533 np0000007463 devstack@g-api.service[103191]: DEBUG oslo_utils.imageutils.format_inspector [None req-70c6dbdf-7d64-4e63-8d0a-0706fba9e875 tempest-VolumesNegativeTest-785320694 tempest-VolumesNegativeTest-785320694-project-member] Format inspector for vmdk does not match, excluding from consideration (Signature KDMV not found: b'\x11t\xf0a') {{(pid=103191) _process_chunk /opt/stack/data/venv/lib/python3.12/site-packages/oslo_utils/imageutils/format_inspector.py:1758}}
Aug 17 07:18:07.556887 np0000007463 devstack@g-api.service[103191]: DEBUG swiftclient [None req-70c6dbdf-7d64-4e63-8d0a-0706fba9e875 tempest-VolumesNegativeTest-785320694 tempest-VolumesNegativeTest-785320694-project-member] REQ: curl -i https://10.4.3.26:8080/v1/AUTH_191dbbed9d8d406db0af3d407054e893/glance/d1b8f5f2-ec4a-42c9-bd85-26676280c040 -X PUT -H "X-Auth-Token: gAAAAABqgrWvxQJB..." -H "Content-Length: 1024" {{(pid=103191) http_log /opt/stack/data/venv/lib/python3.12/site-packages/swiftclient/client.py:160}}
Aug 17 07:18:07.556975 np0000007463 devstack@g-api.service[103191]: DEBUG swiftclient [None req-70c6dbdf-7d64-4e63-8d0a-0706fba9e875 tempest-VolumesNegativeTest-785320694 tempest-VolumesNegativeTest-785320694-project-member] RESP STATUS: 201 Created {{(pid=103191) http_log /opt/stack/data/venv/lib/python3.12/site-packages/swiftclient/client.py:161}}
Aug 17 07:18:07.557118 np0000007463 devstack@g-api.service[103191]: DEBUG swiftclient [None req-70c6dbdf-7d64-4e63-8d0a-0706fba9e875 tempest-VolumesNegativeTest-785320694 tempest-VolumesNegativeTest-785320694-project-member] RESP HEADERS: {'Date': 'Mon, 17 Aug 2026 07:18:07 GMT', 'Server': 'Apache/2.4.58 (Ubuntu)', 'Content-Type': 'text/html; charset=UTF-8', 'Content-Length': '0', 'Etag': '26dbed9f6f16be113deae23c1e36de42', 'Last-Modified': 'Mon, 17 Aug 2026 07:18:08 GMT', 'X-Trans-Id': 'tx85a3905f292343d2884e6-006a82b5af', 'X-Openstack-Request-Id': 'tx85a3905f292343d2884e6-006a82b5af', 'Connection': 'close'} {{(pid=103191) http_log /opt/stack/data/venv/lib/python3.12/site-packages/swiftclient/client.py:162}}
Aug 17 07:18:07.557555 np0000007463 devstack@g-api.service[103191]: INFO glance.location [None req-70c6dbdf-7d64-4e63-8d0a-0706fba9e875 tempest-VolumesNegativeTest-785320694 tempest-VolumesNegativeTest-785320694-project-member] Image format matched and virtual size computed: 1024
Aug 17 07:18:07.581032 np0000007463 devstack@g-api.service[103191]: DEBUG glance_store.backend [None req-70c6dbdf-7d64-4e63-8d0a-0706fba9e875 tempest-VolumesNegativeTest-785320694 tempest-VolumesNegativeTest-785320694-project-member] Attempting to import store swift {{(pid=103191) _load_store /opt/stack/data/venv/lib/python3.12/site-packages/glance_store/backend.py:215}}
Aug 17 07:18:07.582173 np0000007463 devstack@g-api.service[103191]: DEBUG glance_store.capabilities [None req-70c6dbdf-7d64-4e63-8d0a-0706fba9e875 tempest-VolumesNegativeTest-785320694 tempest-VolumesNegativeTest-785320694-project-member] Store glance_store._drivers.swift.store.SingleTenantStore doesn't support updating dynamic storage capabilities. Please overwrite 'update_capabilities' method of the store to implement updating logics if needed. {{(pid=103191) update_capabilities /opt/stack/data/venv/lib/python3.12/site-packages/glance_store/capabilities.py:91}}
Aug 17 07:18:07.582247 np0000007463 devstack@g-api.service[103191]: DEBUG glance_store.driver [None req-70c6dbdf-7d64-4e63-8d0a-0706fba9e875 tempest-VolumesNegativeTest-785320694 tempest-VolumesNegativeTest-785320694-project-member] Late loading location class glance_store._drivers.swift.store.StoreLocation {{(pid=103191) get_store_location_class /opt/stack/data/venv/lib/python3.12/site-packages/glance_store/driver.py:134}}
Aug 17 07:18:07.582347 np0000007463 devstack@g-api.service[103191]: DEBUG glance_store.location [None req-70c6dbdf-7d64-4e63-8d0a-0706fba9e875 tempest-VolumesNegativeTest-785320694 tempest-VolumesNegativeTest-785320694-project-member] Registering scheme swift+https with {'store': , 'location_class': , 'store_entry': 'swift'} {{(pid=103191) register_scheme_map /opt/stack/data/venv/lib/python3.12/site-packages/glance_store/location.py:146}}
Aug 17 07:18:07.582434 np0000007463 devstack@g-api.service[103191]: DEBUG glance_store.location [None req-70c6dbdf-7d64-4e63-8d0a-0706fba9e875 tempest-VolumesNegativeTest-785320694 tempest-VolumesNegativeTest-785320694-project-member] Registering scheme swift+https with {'store': , 'location_class': , 'store_entry': 'swift'} {{(pid=103191) register_scheme_map /opt/stack/data/venv/lib/python3.12/site-packages/glance_store/location.py:146}}
Aug 17 07:18:07.582593 np0000007463 devstack@g-api.service[103191]: DEBUG glance_store.location [None req-70c6dbdf-7d64-4e63-8d0a-0706fba9e875 tempest-VolumesNegativeTest-785320694 tempest-VolumesNegativeTest-785320694-project-member] Registering scheme swift with {'store': , 'location_class': , 'store_entry': 'swift'} {{(pid=103191) register_scheme_map /opt/stack/data/venv/lib/python3.12/site-packages/glance_store/location.py:146}}
Aug 17 07:18:07.582593 np0000007463 devstack@g-api.service[103191]: DEBUG glance_store.location [None req-70c6dbdf-7d64-4e63-8d0a-0706fba9e875 tempest-VolumesNegativeTest-785320694 tempest-VolumesNegativeTest-785320694-project-member] Registering scheme swift+https with {'store': , 'location_class': , 'store_entry': 'swift'} {{(pid=103191) register_scheme_map /opt/stack/data/venv/lib/python3.12/site-packages/glance_store/location.py:146}}
Aug 17 07:18:07.582680 np0000007463 devstack@g-api.service[103191]: DEBUG glance_store.location [None req-70c6dbdf-7d64-4e63-8d0a-0706fba9e875 tempest-VolumesNegativeTest-785320694 tempest-VolumesNegativeTest-785320694-project-member] Registering scheme swift with {'store': , 'location_class': , 'store_entry': 'swift'} {{(pid=103191) register_scheme_map /opt/stack/data/venv/lib/python3.12/site-packages/glance_store/location.py:146}}
Aug 17 07:18:07.582680 np0000007463 devstack@g-api.service[103191]: DEBUG glance_store.location [None req-70c6dbdf-7d64-4e63-8d0a-0706fba9e875 tempest-VolumesNegativeTest-785320694 tempest-VolumesNegativeTest-785320694-project-member] Registering scheme swift+http with {'store': , 'location_class': , 'store_entry': 'swift'} {{(pid=103191) register_scheme_map /opt/stack/data/venv/lib/python3.12/site-packages/glance_store/location.py:146}}
Aug 17 07:18:07.582750 np0000007463 devstack@g-api.service[103191]: DEBUG glance_store.location [None req-70c6dbdf-7d64-4e63-8d0a-0706fba9e875 tempest-VolumesNegativeTest-785320694 tempest-VolumesNegativeTest-785320694-project-member] Registering scheme swift+https with {'store': , 'location_class': , 'store_entry': 'swift'} {{(pid=103191) register_scheme_map /opt/stack/data/venv/lib/python3.12/site-packages/glance_store/location.py:146}}
Aug 17 07:18:07.582821 np0000007463 devstack@g-api.service[103191]: DEBUG glance_store.location [None req-70c6dbdf-7d64-4e63-8d0a-0706fba9e875 tempest-VolumesNegativeTest-785320694 tempest-VolumesNegativeTest-785320694-project-member] Registering scheme swift with {'store': , 'location_class': , 'store_entry': 'swift'} {{(pid=103191) register_scheme_map /opt/stack/data/venv/lib/python3.12/site-packages/glance_store/location.py:146}}
Aug 17 07:18:07.582898 np0000007463 devstack@g-api.service[103191]: DEBUG glance_store.location [None req-70c6dbdf-7d64-4e63-8d0a-0706fba9e875 tempest-VolumesNegativeTest-785320694 tempest-VolumesNegativeTest-785320694-project-member] Registering scheme swift+http with {'store': , 'location_class': , 'store_entry': 'swift'} {{(pid=103191) register_scheme_map /opt/stack/data/venv/lib/python3.12/site-packages/glance_store/location.py:146}}
Aug 17 07:18:07.582959 np0000007463 devstack@g-api.service[103191]: DEBUG glance_store.location [None req-70c6dbdf-7d64-4e63-8d0a-0706fba9e875 tempest-VolumesNegativeTest-785320694 tempest-VolumesNegativeTest-785320694-project-member] Registering scheme swift+config with {'store': , 'location_class': , 'store_entry': 'swift'} {{(pid=103191) register_scheme_map /opt/stack/data/venv/lib/python3.12/site-packages/glance_store/location.py:146}}
Aug 17 07:18:07.583035 np0000007463 devstack@g-api.service[103191]: DEBUG glance_store.backend [None req-70c6dbdf-7d64-4e63-8d0a-0706fba9e875 tempest-VolumesNegativeTest-785320694 tempest-VolumesNegativeTest-785320694-project-member] Skipping store.set_acls... not implemented. {{(pid=103191) set_acls /opt/stack/data/venv/lib/python3.12/site-packages/glance_store/backend.py:507}}
Aug 17 07:18:07.585183 np0000007463 devstack@g-api.service[103191]: [pid: 103191|app: 0|req: 97/390] 127.0.0.1 () {40 vars in 843 bytes} [Mon Aug 17 07:18:06 2026] PUT /v2/images/d1b8f5f2-ec4a-42c9-bd85-26676280c040/file => generated 0 bytes in 958 msecs (HTTP/1.1 204) 4 headers in 171 bytes (1 switches on core 0)
Aug 17 07:18:07.592649 np0000007463 devstack@g-api.service[103190]: DEBUG glance.api.middleware.version_negotiation [None req-9f1e35d0-024f-48ca-9a3e-2037d29bbef8 tempest-VolumesNegativeTest-785320694 tempest-VolumesNegativeTest-785320694-project-member] Determining version of request: GET /v2/images/d1b8f5f2-ec4a-42c9-bd85-26676280c040 Accept: application/json {{(pid=103190) process_request /opt/stack/glance/glance/api/middleware/version_negotiation.py:44}}
Aug 17 07:18:07.593167 np0000007463 devstack@g-api.service[103190]: DEBUG glance.api.middleware.version_negotiation [None req-9f1e35d0-024f-48ca-9a3e-2037d29bbef8 tempest-VolumesNegativeTest-785320694 tempest-VolumesNegativeTest-785320694-project-member] Using url versioning {{(pid=103190) process_request /opt/stack/glance/glance/api/middleware/version_negotiation.py:57}}
Aug 17 07:18:07.593167 np0000007463 devstack@g-api.service[103190]: DEBUG glance.api.middleware.version_negotiation [None req-9f1e35d0-024f-48ca-9a3e-2037d29bbef8 tempest-VolumesNegativeTest-785320694 tempest-VolumesNegativeTest-785320694-project-member] Matched version: v2 {{(pid=103190) process_request /opt/stack/glance/glance/api/middleware/version_negotiation.py:69}}
Aug 17 07:18:07.593167 np0000007463 devstack@g-api.service[103190]: DEBUG glance.api.middleware.version_negotiation [None req-9f1e35d0-024f-48ca-9a3e-2037d29bbef8 tempest-VolumesNegativeTest-785320694 tempest-VolumesNegativeTest-785320694-project-member] new path /v2/images/d1b8f5f2-ec4a-42c9-bd85-26676280c040 {{(pid=103190) process_request /opt/stack/glance/glance/api/middleware/version_negotiation.py:70}}
Aug 17 07:18:07.603504 np0000007463 devstack@g-api.service[103190]: [pid: 103190|app: 0|req: 98/391] 127.0.0.1 () {40 vars in 834 bytes} [Mon Aug 17 07:18:07 2026] GET /v2/images/d1b8f5f2-ec4a-42c9-bd85-26676280c040 => generated 812 bytes in 11 msecs (HTTP/1.1 200) 4 headers in 157 bytes (1 switches on core 0)
Aug 17 07:18:07.621014 np0000007463 devstack@g-api.service[103192]: DEBUG glance.api.middleware.version_negotiation [None req-19bb952d-468c-4a0a-b376-238868b66f12 tempest-VolumesNegativeTest-785320694 tempest-VolumesNegativeTest-785320694-project-member] Determining version of request: GET /v2/images/d1b8f5f2-ec4a-42c9-bd85-26676280c040 Accept: */* {{(pid=103192) process_request /opt/stack/glance/glance/api/middleware/version_negotiation.py:44}}
Aug 17 07:18:07.621410 np0000007463 devstack@g-api.service[103192]: DEBUG glance.api.middleware.version_negotiation [None req-19bb952d-468c-4a0a-b376-238868b66f12 tempest-VolumesNegativeTest-785320694 tempest-VolumesNegativeTest-785320694-project-member] Using url versioning {{(pid=103192) process_request /opt/stack/glance/glance/api/middleware/version_negotiation.py:57}}
Aug 17 07:18:07.621410 np0000007463 devstack@g-api.service[103192]: DEBUG glance.api.middleware.version_negotiation [None req-19bb952d-468c-4a0a-b376-238868b66f12 tempest-VolumesNegativeTest-785320694 tempest-VolumesNegativeTest-785320694-project-member] Matched version: v2 {{(pid=103192) process_request /opt/stack/glance/glance/api/middleware/version_negotiation.py:69}}
Aug 17 07:18:07.621504 np0000007463 devstack@g-api.service[103192]: DEBUG glance.api.middleware.version_negotiation [None req-19bb952d-468c-4a0a-b376-238868b66f12 tempest-VolumesNegativeTest-785320694 tempest-VolumesNegativeTest-785320694-project-member] new path /v2/images/d1b8f5f2-ec4a-42c9-bd85-26676280c040 {{(pid=103192) process_request /opt/stack/glance/glance/api/middleware/version_negotiation.py:70}}
Aug 17 07:18:07.625420 np0000007463 devstack@g-api.service[103193]: DEBUG glance.api.middleware.version_negotiation [None req-805789b4-013b-4635-b0db-ce48d594f133 tempest-VolumesNegativeTest-785320694 tempest-VolumesNegativeTest-785320694-project-member] Determining version of request: GET /v2/images/e257ca49-5525-41cc-8429-a97458652542 Accept: */* {{(pid=103193) process_request /opt/stack/glance/glance/api/middleware/version_negotiation.py:44}}
Aug 17 07:18:07.625762 np0000007463 devstack@g-api.service[103193]: DEBUG glance.api.middleware.version_negotiation [None req-805789b4-013b-4635-b0db-ce48d594f133 tempest-VolumesNegativeTest-785320694 tempest-VolumesNegativeTest-785320694-project-member] Using url versioning {{(pid=103193) process_request /opt/stack/glance/glance/api/middleware/version_negotiation.py:57}}
Aug 17 07:18:07.625762 np0000007463 devstack@g-api.service[103193]: DEBUG glance.api.middleware.version_negotiation [None req-805789b4-013b-4635-b0db-ce48d594f133 tempest-VolumesNegativeTest-785320694 tempest-VolumesNegativeTest-785320694-project-member] Matched version: v2 {{(pid=103193) process_request /opt/stack/glance/glance/api/middleware/version_negotiation.py:69}}
Aug 17 07:18:07.625762 np0000007463 devstack@g-api.service[103193]: DEBUG glance.api.middleware.version_negotiation [None req-805789b4-013b-4635-b0db-ce48d594f133 tempest-VolumesNegativeTest-785320694 tempest-VolumesNegativeTest-785320694-project-member] new path /v2/images/e257ca49-5525-41cc-8429-a97458652542 {{(pid=103193) process_request /opt/stack/glance/glance/api/middleware/version_negotiation.py:70}}
Aug 17 07:18:07.631459 np0000007463 devstack@g-api.service[103192]: [pid: 103192|app: 0|req: 98/392] 127.0.0.1 () {44 vars in 1111 bytes} [Mon Aug 17 07:18:07 2026] GET /v2/images/d1b8f5f2-ec4a-42c9-bd85-26676280c040 => generated 812 bytes in 10 msecs (HTTP/1.1 200) 4 headers in 157 bytes (1 switches on core 0)
Aug 17 07:18:07.635123 np0000007463 devstack@g-api.service[103193]: [pid: 103193|app: 0|req: 100/393] 127.0.0.1 () {44 vars in 1111 bytes} [Mon Aug 17 07:18:07 2026] GET /v2/images/e257ca49-5525-41cc-8429-a97458652542 => generated 1044 bytes in 10 msecs (HTTP/1.1 200) 4 headers in 158 bytes (1 switches on core 0)
Aug 17 07:18:07.638407 np0000007463 devstack@g-api.service[103191]: DEBUG glance.api.middleware.version_negotiation [None req-70c6dbdf-7d64-4e63-8d0a-0706fba9e875 tempest-VolumesNegativeTest-785320694 tempest-VolumesNegativeTest-785320694-project-member] Determining version of request: GET /v2/schemas/image Accept: */* {{(pid=103191) process_request /opt/stack/glance/glance/api/middleware/version_negotiation.py:44}}
Aug 17 07:18:07.638743 np0000007463 devstack@g-api.service[103191]: DEBUG glance.api.middleware.version_negotiation [None req-70c6dbdf-7d64-4e63-8d0a-0706fba9e875 tempest-VolumesNegativeTest-785320694 tempest-VolumesNegativeTest-785320694-project-member] Using url versioning {{(pid=103191) process_request /opt/stack/glance/glance/api/middleware/version_negotiation.py:57}}
Aug 17 07:18:07.638743 np0000007463 devstack@g-api.service[103191]: DEBUG glance.api.middleware.version_negotiation [None req-70c6dbdf-7d64-4e63-8d0a-0706fba9e875 tempest-VolumesNegativeTest-785320694 tempest-VolumesNegativeTest-785320694-project-member] Matched version: v2 {{(pid=103191) process_request /opt/stack/glance/glance/api/middleware/version_negotiation.py:69}}
Aug 17 07:18:07.638743 np0000007463 devstack@g-api.service[103191]: DEBUG glance.api.middleware.version_negotiation [None req-70c6dbdf-7d64-4e63-8d0a-0706fba9e875 tempest-VolumesNegativeTest-785320694 tempest-VolumesNegativeTest-785320694-project-member] new path /v2/schemas/image {{(pid=103191) process_request /opt/stack/glance/glance/api/middleware/version_negotiation.py:70}}
Aug 17 07:18:07.642044 np0000007463 devstack@g-api.service[103191]: [pid: 103191|app: 0|req: 98/394] 127.0.0.1 () {44 vars in 1051 bytes} [Mon Aug 17 07:18:07 2026] GET /v2/schemas/image => generated 6083 bytes in 4 msecs (HTTP/1.1 200) 4 headers in 158 bytes (1 switches on core 0)
Aug 17 07:18:07.643527 np0000007463 devstack@g-api.service[103190]: DEBUG glance.api.middleware.version_negotiation [None req-92960612-f5ff-435b-b4e4-1846694b8004 tempest-VolumesNegativeTest-785320694 tempest-VolumesNegativeTest-785320694-project-member] Determining version of request: GET /v2/schemas/image Accept: */* {{(pid=103190) process_request /opt/stack/glance/glance/api/middleware/version_negotiation.py:44}}
Aug 17 07:18:07.643709 np0000007463 devstack@g-api.service[103190]: DEBUG glance.api.middleware.version_negotiation [None req-92960612-f5ff-435b-b4e4-1846694b8004 tempest-VolumesNegativeTest-785320694 tempest-VolumesNegativeTest-785320694-project-member] Using url versioning {{(pid=103190) process_request /opt/stack/glance/glance/api/middleware/version_negotiation.py:57}}
Aug 17 07:18:07.643937 np0000007463 devstack@g-api.service[103190]: DEBUG glance.api.middleware.version_negotiation [None req-92960612-f5ff-435b-b4e4-1846694b8004 tempest-VolumesNegativeTest-785320694 tempest-VolumesNegativeTest-785320694-project-member] Matched version: v2 {{(pid=103190) process_request /opt/stack/glance/glance/api/middleware/version_negotiation.py:69}}
Aug 17 07:18:07.644068 np0000007463 devstack@g-api.service[103190]: DEBUG glance.api.middleware.version_negotiation [None req-92960612-f5ff-435b-b4e4-1846694b8004 tempest-VolumesNegativeTest-785320694 tempest-VolumesNegativeTest-785320694-project-member] new path /v2/schemas/image {{(pid=103190) process_request /opt/stack/glance/glance/api/middleware/version_negotiation.py:70}}
Aug 17 07:18:07.647092 np0000007463 devstack@g-api.service[103190]: [pid: 103190|app: 0|req: 99/395] 127.0.0.1 () {44 vars in 1051 bytes} [Mon Aug 17 07:18:07 2026] GET /v2/schemas/image => generated 6083 bytes in 4 msecs (HTTP/1.1 200) 4 headers in 158 bytes (1 switches on core 0)
Aug 17 07:18:07.649976 np0000007463 devstack@g-api.service[103192]: DEBUG glance.api.middleware.version_negotiation [None req-9a8ba48e-09ab-4936-b014-d8380c537754 tempest-VolumesNegativeTest-785320694 tempest-VolumesNegativeTest-785320694-project-member] Determining version of request: GET /v2/schemas/image Accept: */* {{(pid=103192) process_request /opt/stack/glance/glance/api/middleware/version_negotiation.py:44}}
Aug 17 07:18:07.650087 np0000007463 devstack@g-api.service[103192]: DEBUG glance.api.middleware.version_negotiation [None req-9a8ba48e-09ab-4936-b014-d8380c537754 tempest-VolumesNegativeTest-785320694 tempest-VolumesNegativeTest-785320694-project-member] Using url versioning {{(pid=103192) process_request /opt/stack/glance/glance/api/middleware/version_negotiation.py:57}}
Aug 17 07:18:07.650200 np0000007463 devstack@g-api.service[103192]: DEBUG glance.api.middleware.version_negotiation [None req-9a8ba48e-09ab-4936-b014-d8380c537754 tempest-VolumesNegativeTest-785320694 tempest-VolumesNegativeTest-785320694-project-member] Matched version: v2 {{(pid=103192) process_request /opt/stack/glance/glance/api/middleware/version_negotiation.py:69}}
Aug 17 07:18:07.650289 np0000007463 devstack@g-api.service[103192]: DEBUG glance.api.middleware.version_negotiation [None req-9a8ba48e-09ab-4936-b014-d8380c537754 tempest-VolumesNegativeTest-785320694 tempest-VolumesNegativeTest-785320694-project-member] new path /v2/schemas/image {{(pid=103192) process_request /opt/stack/glance/glance/api/middleware/version_negotiation.py:70}}
Aug 17 07:18:07.652305 np0000007463 devstack@g-api.service[103192]: [pid: 103192|app: 0|req: 99/396] 127.0.0.1 () {44 vars in 1051 bytes} [Mon Aug 17 07:18:07 2026] GET /v2/schemas/image => generated 6083 bytes in 2 msecs (HTTP/1.1 200) 4 headers in 158 bytes (1 switches on core 0)
Aug 17 07:18:07.653886 np0000007463 devstack@g-api.service[103193]: DEBUG glance.api.middleware.version_negotiation [None req-2cd4d1a3-54f5-4311-b4ce-05503e18219f tempest-ServerActionsTestOtherA-242431053 tempest-ServerActionsTestOtherA-242431053-project-member] Determining version of request: GET /v2/schemas/image Accept: */* {{(pid=103193) process_request /opt/stack/glance/glance/api/middleware/version_negotiation.py:44}}
Aug 17 07:18:07.654019 np0000007463 devstack@g-api.service[103193]: DEBUG glance.api.middleware.version_negotiation [None req-2cd4d1a3-54f5-4311-b4ce-05503e18219f tempest-ServerActionsTestOtherA-242431053 tempest-ServerActionsTestOtherA-242431053-project-member] Using url versioning {{(pid=103193) process_request /opt/stack/glance/glance/api/middleware/version_negotiation.py:57}}
Aug 17 07:18:07.654167 np0000007463 devstack@g-api.service[103193]: DEBUG glance.api.middleware.version_negotiation [None req-2cd4d1a3-54f5-4311-b4ce-05503e18219f tempest-ServerActionsTestOtherA-242431053 tempest-ServerActionsTestOtherA-242431053-project-member] Matched version: v2 {{(pid=103193) process_request /opt/stack/glance/glance/api/middleware/version_negotiation.py:69}}
Aug 17 07:18:07.654285 np0000007463 devstack@g-api.service[103193]: DEBUG glance.api.middleware.version_negotiation [None req-2cd4d1a3-54f5-4311-b4ce-05503e18219f tempest-ServerActionsTestOtherA-242431053 tempest-ServerActionsTestOtherA-242431053-project-member] new path /v2/schemas/image {{(pid=103193) process_request /opt/stack/glance/glance/api/middleware/version_negotiation.py:70}}
Aug 17 07:18:07.656270 np0000007463 devstack@g-api.service[103193]: [pid: 103193|app: 0|req: 101/397] 127.0.0.1 () {44 vars in 1051 bytes} [Mon Aug 17 07:18:07 2026] GET /v2/schemas/image => generated 6083 bytes in 2 msecs (HTTP/1.1 200) 4 headers in 158 bytes (1 switches on core 0)
Aug 17 07:18:07.658954 np0000007463 devstack@g-api.service[103191]: DEBUG glance.api.middleware.version_negotiation [None req-9a8ba48e-09ab-4936-b014-d8380c537754 tempest-VolumesNegativeTest-785320694 tempest-VolumesNegativeTest-785320694-project-member] Determining version of request: GET /v2/images/d1b8f5f2-ec4a-42c9-bd85-26676280c040 Accept: */* {{(pid=103191) process_request /opt/stack/glance/glance/api/middleware/version_negotiation.py:44}}
Aug 17 07:18:07.659071 np0000007463 devstack@g-api.service[103191]: DEBUG glance.api.middleware.version_negotiation [None req-9a8ba48e-09ab-4936-b014-d8380c537754 tempest-VolumesNegativeTest-785320694 tempest-VolumesNegativeTest-785320694-project-member] Using url versioning {{(pid=103191) process_request /opt/stack/glance/glance/api/middleware/version_negotiation.py:57}}
Aug 17 07:18:07.659177 np0000007463 devstack@g-api.service[103191]: DEBUG glance.api.middleware.version_negotiation [None req-9a8ba48e-09ab-4936-b014-d8380c537754 tempest-VolumesNegativeTest-785320694 tempest-VolumesNegativeTest-785320694-project-member] Matched version: v2 {{(pid=103191) process_request /opt/stack/glance/glance/api/middleware/version_negotiation.py:69}}
Aug 17 07:18:07.659282 np0000007463 devstack@g-api.service[103191]: DEBUG glance.api.middleware.version_negotiation [None req-9a8ba48e-09ab-4936-b014-d8380c537754 tempest-VolumesNegativeTest-785320694 tempest-VolumesNegativeTest-785320694-project-member] new path /v2/images/d1b8f5f2-ec4a-42c9-bd85-26676280c040 {{(pid=103191) process_request /opt/stack/glance/glance/api/middleware/version_negotiation.py:70}}
Aug 17 07:18:07.663669 np0000007463 devstack@g-api.service[103190]: DEBUG glance.api.middleware.version_negotiation [None req-2cd4d1a3-54f5-4311-b4ce-05503e18219f tempest-ServerActionsTestOtherA-242431053 tempest-ServerActionsTestOtherA-242431053-project-member] Determining version of request: GET /v2/images/e257ca49-5525-41cc-8429-a97458652542 Accept: */* {{(pid=103190) process_request /opt/stack/glance/glance/api/middleware/version_negotiation.py:44}}
Aug 17 07:18:07.663904 np0000007463 devstack@g-api.service[103190]: DEBUG glance.api.middleware.version_negotiation [None req-2cd4d1a3-54f5-4311-b4ce-05503e18219f tempest-ServerActionsTestOtherA-242431053 tempest-ServerActionsTestOtherA-242431053-project-member] Using url versioning {{(pid=103190) process_request /opt/stack/glance/glance/api/middleware/version_negotiation.py:57}}
Aug 17 07:18:07.664061 np0000007463 devstack@g-api.service[103190]: DEBUG glance.api.middleware.version_negotiation [None req-2cd4d1a3-54f5-4311-b4ce-05503e18219f tempest-ServerActionsTestOtherA-242431053 tempest-ServerActionsTestOtherA-242431053-project-member] Matched version: v2 {{(pid=103190) process_request /opt/stack/glance/glance/api/middleware/version_negotiation.py:69}}
Aug 17 07:18:07.664192 np0000007463 devstack@g-api.service[103190]: DEBUG glance.api.middleware.version_negotiation [None req-2cd4d1a3-54f5-4311-b4ce-05503e18219f tempest-ServerActionsTestOtherA-242431053 tempest-ServerActionsTestOtherA-242431053-project-member] new path /v2/images/e257ca49-5525-41cc-8429-a97458652542 {{(pid=103190) process_request /opt/stack/glance/glance/api/middleware/version_negotiation.py:70}}
Aug 17 07:18:07.667583 np0000007463 devstack@g-api.service[103191]: [pid: 103191|app: 0|req: 99/398] 127.0.0.1 () {44 vars in 1111 bytes} [Mon Aug 17 07:18:07 2026] GET /v2/images/d1b8f5f2-ec4a-42c9-bd85-26676280c040 => generated 812 bytes in 9 msecs (HTTP/1.1 200) 4 headers in 157 bytes (1 switches on core 0)
Aug 17 07:18:07.673349 np0000007463 devstack@g-api.service[103190]: [pid: 103190|app: 0|req: 100/399] 127.0.0.1 () {44 vars in 1111 bytes} [Mon Aug 17 07:18:07 2026] GET /v2/images/e257ca49-5525-41cc-8429-a97458652542 => generated 1044 bytes in 10 msecs (HTTP/1.1 200) 4 headers in 158 bytes (1 switches on core 0)
Aug 17 07:18:07.675733 np0000007463 devstack@g-api.service[103192]: DEBUG glance.api.middleware.version_negotiation [None req-9a8ba48e-09ab-4936-b014-d8380c537754 tempest-VolumesNegativeTest-785320694 tempest-VolumesNegativeTest-785320694-project-member] Determining version of request: GET /v2/schemas/image Accept: */* {{(pid=103192) process_request /opt/stack/glance/glance/api/middleware/version_negotiation.py:44}}
Aug 17 07:18:07.675853 np0000007463 devstack@g-api.service[103192]: DEBUG glance.api.middleware.version_negotiation [None req-9a8ba48e-09ab-4936-b014-d8380c537754 tempest-VolumesNegativeTest-785320694 tempest-VolumesNegativeTest-785320694-project-member] Using url versioning {{(pid=103192) process_request /opt/stack/glance/glance/api/middleware/version_negotiation.py:57}}
Aug 17 07:18:07.675981 np0000007463 devstack@g-api.service[103192]: DEBUG glance.api.middleware.version_negotiation [None req-9a8ba48e-09ab-4936-b014-d8380c537754 tempest-VolumesNegativeTest-785320694 tempest-VolumesNegativeTest-785320694-project-member] Matched version: v2 {{(pid=103192) process_request /opt/stack/glance/glance/api/middleware/version_negotiation.py:69}}
Aug 17 07:18:07.676078 np0000007463 devstack@g-api.service[103192]: DEBUG glance.api.middleware.version_negotiation [None req-9a8ba48e-09ab-4936-b014-d8380c537754 tempest-VolumesNegativeTest-785320694 tempest-VolumesNegativeTest-785320694-project-member] new path /v2/schemas/image {{(pid=103192) process_request /opt/stack/glance/glance/api/middleware/version_negotiation.py:70}}
Aug 17 07:18:07.678355 np0000007463 devstack@g-api.service[103192]: [pid: 103192|app: 0|req: 100/400] 127.0.0.1 () {44 vars in 1051 bytes} [Mon Aug 17 07:18:07 2026] GET /v2/schemas/image => generated 6083 bytes in 3 msecs (HTTP/1.1 200) 4 headers in 158 bytes (1 switches on core 0)
Aug 17 07:18:07.680060 np0000007463 devstack@g-api.service[103193]: DEBUG glance.api.middleware.version_negotiation [None req-2cd4d1a3-54f5-4311-b4ce-05503e18219f tempest-ServerActionsTestOtherA-242431053 tempest-ServerActionsTestOtherA-242431053-project-member] Determining version of request: GET /v2/schemas/image Accept: */* {{(pid=103193) process_request /opt/stack/glance/glance/api/middleware/version_negotiation.py:44}}
Aug 17 07:18:07.680241 np0000007463 devstack@g-api.service[103193]: DEBUG glance.api.middleware.version_negotiation [None req-2cd4d1a3-54f5-4311-b4ce-05503e18219f tempest-ServerActionsTestOtherA-242431053 tempest-ServerActionsTestOtherA-242431053-project-member] Using url versioning {{(pid=103193) process_request /opt/stack/glance/glance/api/middleware/version_negotiation.py:57}}
Aug 17 07:18:07.680417 np0000007463 devstack@g-api.service[103193]: DEBUG glance.api.middleware.version_negotiation [None req-2cd4d1a3-54f5-4311-b4ce-05503e18219f tempest-ServerActionsTestOtherA-242431053 tempest-ServerActionsTestOtherA-242431053-project-member] Matched version: v2 {{(pid=103193) process_request /opt/stack/glance/glance/api/middleware/version_negotiation.py:69}}
Aug 17 07:18:07.680564 np0000007463 devstack@g-api.service[103193]: DEBUG glance.api.middleware.version_negotiation [None req-2cd4d1a3-54f5-4311-b4ce-05503e18219f tempest-ServerActionsTestOtherA-242431053 tempest-ServerActionsTestOtherA-242431053-project-member] new path /v2/schemas/image {{(pid=103193) process_request /opt/stack/glance/glance/api/middleware/version_negotiation.py:70}}
Aug 17 07:18:07.686405 np0000007463 devstack@g-api.service[103193]: [pid: 103193|app: 0|req: 102/401] 127.0.0.1 () {44 vars in 1051 bytes} [Mon Aug 17 07:18:07 2026] GET /v2/schemas/image => generated 6083 bytes in 6 msecs (HTTP/1.1 200) 4 headers in 158 bytes (1 switches on core 0)
Aug 17 07:18:07.686610 np0000007463 devstack@g-api.service[103191]: DEBUG glance.api.middleware.version_negotiation [None req-9a8ba48e-09ab-4936-b014-d8380c537754 tempest-VolumesNegativeTest-785320694 tempest-VolumesNegativeTest-785320694-project-member] Determining version of request: GET /v2/schemas/image Accept: */* {{(pid=103191) process_request /opt/stack/glance/glance/api/middleware/version_negotiation.py:44}}
Aug 17 07:18:07.686610 np0000007463 devstack@g-api.service[103191]: DEBUG glance.api.middleware.version_negotiation [None req-9a8ba48e-09ab-4936-b014-d8380c537754 tempest-VolumesNegativeTest-785320694 tempest-VolumesNegativeTest-785320694-project-member] Using url versioning {{(pid=103191) process_request /opt/stack/glance/glance/api/middleware/version_negotiation.py:57}}
Aug 17 07:18:07.686610 np0000007463 devstack@g-api.service[103191]: DEBUG glance.api.middleware.version_negotiation [None req-9a8ba48e-09ab-4936-b014-d8380c537754 tempest-VolumesNegativeTest-785320694 tempest-VolumesNegativeTest-785320694-project-member] Matched version: v2 {{(pid=103191) process_request /opt/stack/glance/glance/api/middleware/version_negotiation.py:69}}
Aug 17 07:18:07.686736 np0000007463 devstack@g-api.service[103191]: DEBUG glance.api.middleware.version_negotiation [None req-9a8ba48e-09ab-4936-b014-d8380c537754 tempest-VolumesNegativeTest-785320694 tempest-VolumesNegativeTest-785320694-project-member] new path /v2/schemas/image {{(pid=103191) process_request /opt/stack/glance/glance/api/middleware/version_negotiation.py:70}}
Aug 17 07:18:07.689017 np0000007463 devstack@g-api.service[103191]: [pid: 103191|app: 0|req: 100/402] 127.0.0.1 () {44 vars in 1051 bytes} [Mon Aug 17 07:18:07 2026] GET /v2/schemas/image => generated 6083 bytes in 3 msecs (HTTP/1.1 200) 4 headers in 158 bytes (1 switches on core 0)
Aug 17 07:18:07.693944 np0000007463 devstack@g-api.service[103190]: DEBUG glance.api.middleware.version_negotiation [None req-2cd4d1a3-54f5-4311-b4ce-05503e18219f tempest-ServerActionsTestOtherA-242431053 tempest-ServerActionsTestOtherA-242431053-project-member] Determining version of request: GET /v2/schemas/image Accept: */* {{(pid=103190) process_request /opt/stack/glance/glance/api/middleware/version_negotiation.py:44}}
Aug 17 07:18:07.694116 np0000007463 devstack@g-api.service[103190]: DEBUG glance.api.middleware.version_negotiation [None req-2cd4d1a3-54f5-4311-b4ce-05503e18219f tempest-ServerActionsTestOtherA-242431053 tempest-ServerActionsTestOtherA-242431053-project-member] Using url versioning {{(pid=103190) process_request /opt/stack/glance/glance/api/middleware/version_negotiation.py:57}}
Aug 17 07:18:07.694200 np0000007463 devstack@g-api.service[103190]: DEBUG glance.api.middleware.version_negotiation [None req-2cd4d1a3-54f5-4311-b4ce-05503e18219f tempest-ServerActionsTestOtherA-242431053 tempest-ServerActionsTestOtherA-242431053-project-member] Matched version: v2 {{(pid=103190) process_request /opt/stack/glance/glance/api/middleware/version_negotiation.py:69}}
Aug 17 07:18:07.694289 np0000007463 devstack@g-api.service[103190]: DEBUG glance.api.middleware.version_negotiation [None req-2cd4d1a3-54f5-4311-b4ce-05503e18219f tempest-ServerActionsTestOtherA-242431053 tempest-ServerActionsTestOtherA-242431053-project-member] new path /v2/schemas/image {{(pid=103190) process_request /opt/stack/glance/glance/api/middleware/version_negotiation.py:70}}
Aug 17 07:18:07.697131 np0000007463 devstack@g-api.service[103190]: [pid: 103190|app: 0|req: 101/403] 127.0.0.1 () {44 vars in 1051 bytes} [Mon Aug 17 07:18:07 2026] GET /v2/schemas/image => generated 6083 bytes in 3 msecs (HTTP/1.1 200) 4 headers in 158 bytes (1 switches on core 0)
Aug 17 07:18:07.713133 np0000007463 devstack@g-api.service[103192]: DEBUG glance.api.middleware.version_negotiation [None req-9a8ba48e-09ab-4936-b014-d8380c537754 tempest-VolumesNegativeTest-785320694 tempest-VolumesNegativeTest-785320694-project-member] Determining version of request: GET /v2/images/d1b8f5f2-ec4a-42c9-bd85-26676280c040 Accept: */* {{(pid=103192) process_request /opt/stack/glance/glance/api/middleware/version_negotiation.py:44}}
Aug 17 07:18:07.713247 np0000007463 devstack@g-api.service[103192]: DEBUG glance.api.middleware.version_negotiation [None req-9a8ba48e-09ab-4936-b014-d8380c537754 tempest-VolumesNegativeTest-785320694 tempest-VolumesNegativeTest-785320694-project-member] Using url versioning {{(pid=103192) process_request /opt/stack/glance/glance/api/middleware/version_negotiation.py:57}}
Aug 17 07:18:07.713380 np0000007463 devstack@g-api.service[103192]: DEBUG glance.api.middleware.version_negotiation [None req-9a8ba48e-09ab-4936-b014-d8380c537754 tempest-VolumesNegativeTest-785320694 tempest-VolumesNegativeTest-785320694-project-member] Matched version: v2 {{(pid=103192) process_request /opt/stack/glance/glance/api/middleware/version_negotiation.py:69}}
Aug 17 07:18:07.713479 np0000007463 devstack@g-api.service[103192]: DEBUG glance.api.middleware.version_negotiation [None req-9a8ba48e-09ab-4936-b014-d8380c537754 tempest-VolumesNegativeTest-785320694 tempest-VolumesNegativeTest-785320694-project-member] new path /v2/images/d1b8f5f2-ec4a-42c9-bd85-26676280c040 {{(pid=103192) process_request /opt/stack/glance/glance/api/middleware/version_negotiation.py:70}}
Aug 17 07:18:07.716700 np0000007463 devstack@g-api.service[103193]: DEBUG glance.api.middleware.version_negotiation [None req-2cd4d1a3-54f5-4311-b4ce-05503e18219f tempest-ServerActionsTestOtherA-242431053 tempest-ServerActionsTestOtherA-242431053-project-member] Determining version of request: GET /v2/images/e257ca49-5525-41cc-8429-a97458652542 Accept: */* {{(pid=103193) process_request /opt/stack/glance/glance/api/middleware/version_negotiation.py:44}}
Aug 17 07:18:07.716872 np0000007463 devstack@g-api.service[103193]: DEBUG glance.api.middleware.version_negotiation [None req-2cd4d1a3-54f5-4311-b4ce-05503e18219f tempest-ServerActionsTestOtherA-242431053 tempest-ServerActionsTestOtherA-242431053-project-member] Using url versioning {{(pid=103193) process_request /opt/stack/glance/glance/api/middleware/version_negotiation.py:57}}
Aug 17 07:18:07.717029 np0000007463 devstack@g-api.service[103193]: DEBUG glance.api.middleware.version_negotiation [None req-2cd4d1a3-54f5-4311-b4ce-05503e18219f tempest-ServerActionsTestOtherA-242431053 tempest-ServerActionsTestOtherA-242431053-project-member] Matched version: v2 {{(pid=103193) process_request /opt/stack/glance/glance/api/middleware/version_negotiation.py:69}}
Aug 17 07:18:07.717158 np0000007463 devstack@g-api.service[103193]: DEBUG glance.api.middleware.version_negotiation [None req-2cd4d1a3-54f5-4311-b4ce-05503e18219f tempest-ServerActionsTestOtherA-242431053 tempest-ServerActionsTestOtherA-242431053-project-member] new path /v2/images/e257ca49-5525-41cc-8429-a97458652542 {{(pid=103193) process_request /opt/stack/glance/glance/api/middleware/version_negotiation.py:70}}
Aug 17 07:18:07.730038 np0000007463 devstack@g-api.service[103193]: [pid: 103193|app: 0|req: 103/404] 127.0.0.1 () {44 vars in 1111 bytes} [Mon Aug 17 07:18:07 2026] GET /v2/images/e257ca49-5525-41cc-8429-a97458652542 => generated 1044 bytes in 13 msecs (HTTP/1.1 200) 4 headers in 158 bytes (1 switches on core 0)
Aug 17 07:18:07.731952 np0000007463 devstack@g-api.service[103192]: [pid: 103192|app: 0|req: 101/405] 127.0.0.1 () {44 vars in 1111 bytes} [Mon Aug 17 07:18:07 2026] GET /v2/images/d1b8f5f2-ec4a-42c9-bd85-26676280c040 => generated 812 bytes in 19 msecs (HTTP/1.1 200) 4 headers in 157 bytes (1 switches on core 0)
Aug 17 07:18:07.735842 np0000007463 devstack@g-api.service[103191]: DEBUG glance.api.middleware.version_negotiation [None req-9a8ba48e-09ab-4936-b014-d8380c537754 tempest-VolumesNegativeTest-785320694 tempest-VolumesNegativeTest-785320694-project-member] Determining version of request: GET /v2/schemas/image Accept: */* {{(pid=103191) process_request /opt/stack/glance/glance/api/middleware/version_negotiation.py:44}}
Aug 17 07:18:07.736026 np0000007463 devstack@g-api.service[103191]: DEBUG glance.api.middleware.version_negotiation [None req-9a8ba48e-09ab-4936-b014-d8380c537754 tempest-VolumesNegativeTest-785320694 tempest-VolumesNegativeTest-785320694-project-member] Using url versioning {{(pid=103191) process_request /opt/stack/glance/glance/api/middleware/version_negotiation.py:57}}
