Aug 17 07:10:19.334004 np0000007463 devstack@neutron-api.service[90960]: DEBUG neutron.manager [None req-7cd631de-7b8a-4184-940c-4da46da9e831 None None] Successfully loaded L3_ROUTER_NAT plugin. Description: L3 Router Service Plugin for basic L3 forwarding using OVN {{(pid=90960) _create_and_add_service_plugin /opt/stack/neutron/neutron/manager.py:236}}
Aug 17 07:10:19.334185 np0000007463 devstack@neutron-api.service[90960]: INFO neutron.manager [None req-7cd631de-7b8a-4184-940c-4da46da9e831 None None] Loading Plugin: auto_allocate
Aug 17 07:10:19.335757 np0000007463 devstack@neutron-api.service[90960]: DEBUG neutron_lib.callbacks.manager [None req-7cd631de-7b8a-4184-940c-4da46da9e831 None None] Subscribe: network precommit_update 55550000, False {{(pid=90960) subscribe /opt/stack/data/venv/lib/python3.12/site-packages/neutron_lib/callbacks/manager.py:52}}
Aug 17 07:10:19.335945 np0000007463 devstack@neutron-api.service[90960]: DEBUG neutron_lib.callbacks.manager [None req-7cd631de-7b8a-4184-940c-4da46da9e831 None None] Subscribe: network precommit_create 55550000, False {{(pid=90960) subscribe /opt/stack/data/venv/lib/python3.12/site-packages/neutron_lib/callbacks/manager.py:52}}
Aug 17 07:10:19.336356 np0000007463 devstack@neutron-api.service[90960]: DEBUG neutron.manager [None req-7cd631de-7b8a-4184-940c-4da46da9e831 None None] Successfully loaded auto-allocated-topology plugin. Description: Auto Allocated Topology - aka get me a network. {{(pid=90960) _create_and_add_service_plugin /opt/stack/neutron/neutron/manager.py:236}}
Aug 17 07:10:19.336449 np0000007463 devstack@neutron-api.service[90960]: INFO neutron.manager [None req-7cd631de-7b8a-4184-940c-4da46da9e831 None None] Loading Plugin: tag
Aug 17 07:10:19.341029 np0000007463 devstack@neutron-api.service[90960]: DEBUG neutron.manager [None req-7cd631de-7b8a-4184-940c-4da46da9e831 None None] Successfully loaded TAG plugin. Description: Tag support {{(pid=90960) _create_and_add_service_plugin /opt/stack/neutron/neutron/manager.py:236}}
Aug 17 07:10:19.341187 np0000007463 devstack@neutron-api.service[90960]: INFO neutron.manager [None req-7cd631de-7b8a-4184-940c-4da46da9e831 None None] Loading Plugin: timestamp
Aug 17 07:10:19.343263 np0000007463 devstack@neutron-api.service[90960]: DEBUG neutron.manager [None req-7cd631de-7b8a-4184-940c-4da46da9e831 None None] Successfully loaded timestamp plugin. Description: Adds timestamps to Neutron resources with standard attributes {{(pid=90960) _create_and_add_service_plugin /opt/stack/neutron/neutron/manager.py:236}}
Aug 17 07:10:19.343461 np0000007463 devstack@neutron-api.service[90960]: INFO neutron.manager [None req-7cd631de-7b8a-4184-940c-4da46da9e831 None None] Loading Plugin: network_ip_availability
Aug 17 07:10:19.345951 np0000007463 devstack@neutron-api.service[90960]: DEBUG neutron.manager [None req-7cd631de-7b8a-4184-940c-4da46da9e831 None None] Successfully loaded network-ip-availability plugin. Description: Provides IP availability data for each network and subnet. {{(pid=90960) _create_and_add_service_plugin /opt/stack/neutron/neutron/manager.py:236}}
Aug 17 07:10:19.346093 np0000007463 devstack@neutron-api.service[90960]: INFO neutron.manager [None req-7cd631de-7b8a-4184-940c-4da46da9e831 None None] Loading Plugin: flavors
Aug 17 07:10:19.347403 np0000007463 devstack@neutron-api.service[90960]: DEBUG neutron.manager [None req-7cd631de-7b8a-4184-940c-4da46da9e831 None None] Successfully loaded FLAVORS plugin. Description: Neutron Flavors and Service Profiles manager plugin {{(pid=90960) _create_and_add_service_plugin /opt/stack/neutron/neutron/manager.py:236}}
Aug 17 07:10:19.347528 np0000007463 devstack@neutron-api.service[90960]: INFO neutron.manager [None req-7cd631de-7b8a-4184-940c-4da46da9e831 None None] Loading Plugin: revisions
Aug 17 07:10:19.349273 np0000007463 devstack@neutron-api.service[90960]: DEBUG neutron.manager [None req-7cd631de-7b8a-4184-940c-4da46da9e831 None None] Successfully loaded revision_plugin plugin. Description: Adds revision numbers to resources. {{(pid=90960) _create_and_add_service_plugin /opt/stack/neutron/neutron/manager.py:236}}
Aug 17 07:10:19.349401 np0000007463 devstack@neutron-api.service[90960]: DEBUG oslo_concurrency.lockutils [None req-7cd631de-7b8a-4184-940c-4da46da9e831 None None] Lock "manager" "released" by "neutron.manager.NeutronManager._create_instance" :: held 4.055s {{(pid=90960) inner /opt/stack/data/venv/lib/python3.12/site-packages/oslo_concurrency/lockutils.py:544}}
Aug 17 07:10:19.349763 np0000007463 devstack@neutron-api.service[90960]: DEBUG neutron.api.extensions [None req-7cd631de-7b8a-4184-940c-4da46da9e831 None None] get_extension_paths = OrderedDict({'/opt/stack/neutron/neutron/extensions': 1}) {{(pid=90960) get_extensions_path /opt/stack/neutron/neutron/api/extensions.py:640}}
Aug 17 07:10:19.349885 np0000007463 devstack@neutron-api.service[90960]: INFO neutron.api.extensions [None req-7cd631de-7b8a-4184-940c-4da46da9e831 None None] Initializing extension manager.
Aug 17 07:10:19.350244 np0000007463 devstack@neutron-api.service[90960]: DEBUG neutron.api.extensions [None req-7cd631de-7b8a-4184-940c-4da46da9e831 None None] Loading extension file: __init__.py {{(pid=90960) _load_all_extensions_from_path /opt/stack/neutron/neutron/api/extensions.py:449}}
Aug 17 07:10:19.350405 np0000007463 devstack@neutron-api.service[90960]: DEBUG neutron.api.extensions [None req-7cd631de-7b8a-4184-940c-4da46da9e831 None None] Loading extension file: __pycache__ {{(pid=90960) _load_all_extensions_from_path /opt/stack/neutron/neutron/api/extensions.py:449}}
Aug 17 07:10:19.350604 np0000007463 devstack@neutron-api.service[90960]: DEBUG neutron.api.extensions [None req-7cd631de-7b8a-4184-940c-4da46da9e831 None None] Loading extension file: aap_reject_multicast.py {{(pid=90960) _load_all_extensions_from_path /opt/stack/neutron/neutron/api/extensions.py:449}}
Aug 17 07:10:19.350989 np0000007463 devstack@neutron-api.service[90960]: DEBUG neutron.api.extensions [None req-7cd631de-7b8a-4184-940c-4da46da9e831 None None] Ext name="Allowed address pairs reject multicast extension" alias="aap-reject-multicast" description="Reject multicast addresses in Allowed Address Pairs" updated="2026-04-01T00:00:00-00:00" {{(pid=90960) _check_extension /opt/stack/neutron/neutron/api/extensions.py:415}}
Aug 17 07:10:19.351434 np0000007463 devstack@neutron-api.service[90960]: INFO neutron.api.extensions [None req-7cd631de-7b8a-4184-940c-4da46da9e831 None None] Extension aap-reject-multicast not supported by any of loaded plugins
Aug 17 07:10:19.351683 np0000007463 devstack@neutron-api.service[90960]: DEBUG neutron.api.extensions [None req-7cd631de-7b8a-4184-940c-4da46da9e831 None None] Loading extension file: address_group.py {{(pid=90960) _load_all_extensions_from_path /opt/stack/neutron/neutron/api/extensions.py:449}}
Aug 17 07:10:19.352075 np0000007463 devstack@neutron-api.service[90960]: DEBUG neutron.api.extensions [None req-7cd631de-7b8a-4184-940c-4da46da9e831 None None] Ext name="Address group" alias="address-group" description="Support address group" updated="2020-07-15T10:00:00-00:00" {{(pid=90960) _check_extension /opt/stack/neutron/neutron/api/extensions.py:415}}
Aug 17 07:10:19.352365 np0000007463 devstack@neutron-api.service[90960]: INFO neutron.api.extensions [None req-7cd631de-7b8a-4184-940c-4da46da9e831 None None] Loaded extension: address-group
Aug 17 07:10:19.352510 np0000007463 devstack@neutron-api.service[90960]: DEBUG neutron.api.extensions [None req-7cd631de-7b8a-4184-940c-4da46da9e831 None None] Loading extension file: address_scope.py {{(pid=90960) _load_all_extensions_from_path /opt/stack/neutron/neutron/api/extensions.py:449}}
Aug 17 07:10:19.353026 np0000007463 devstack@neutron-api.service[90960]: DEBUG neutron.api.extensions [None req-7cd631de-7b8a-4184-940c-4da46da9e831 None None] Ext name="Address scope" alias="address-scope" description="Address scopes extension." updated="2015-07-26T10:00:00-00:00" {{(pid=90960) _check_extension /opt/stack/neutron/neutron/api/extensions.py:415}}
Aug 17 07:10:19.353332 np0000007463 devstack@neutron-api.service[90960]: INFO neutron.api.extensions [None req-7cd631de-7b8a-4184-940c-4da46da9e831 None None] Loaded extension: address-scope
Aug 17 07:10:19.353460 np0000007463 devstack@neutron-api.service[90960]: DEBUG neutron.api.extensions [None req-7cd631de-7b8a-4184-940c-4da46da9e831 None None] Loading extension file: admin_state_down_before_update.py {{(pid=90960) _load_all_extensions_from_path /opt/stack/neutron/neutron/api/extensions.py:449}}
Aug 17 07:10:19.353719 np0000007463 devstack@neutron-api.service[90960]: DEBUG neutron.api.extensions [None req-7cd631de-7b8a-4184-940c-4da46da9e831 None None] Ext name="Enforce Router's Admin State Down Before Update Extension" alias="router-admin-state-down-before-update" description="Ensure that the admin state of a router is DOWN (admin_state_up=False) before updating the distributed attribute" updated="2019-07-02T15:56:00" {{(pid=90960) _check_extension /opt/stack/neutron/neutron/api/extensions.py:415}}
Aug 17 07:10:19.355088 np0000007463 devstack@neutron-api.service[90960]: INFO neutron.api.extensions [None req-7cd631de-7b8a-4184-940c-4da46da9e831 None None] Extension router-admin-state-down-before-update not supported by any of loaded plugins
Aug 17 07:10:19.355088 np0000007463 devstack@neutron-api.service[90960]: DEBUG neutron.api.extensions [None req-7cd631de-7b8a-4184-940c-4da46da9e831 None None] Loading extension file: agent.py {{(pid=90960) _load_all_extensions_from_path /opt/stack/neutron/neutron/api/extensions.py:449}}
Aug 17 07:10:19.355088 np0000007463 devstack@neutron-api.service[90960]: DEBUG neutron.api.extensions [None req-7cd631de-7b8a-4184-940c-4da46da9e831 None None] Ext name="agent" alias="agent" description="The agent management extension." updated="2013-02-03T10:00:00-00:00" {{(pid=90960) _check_extension /opt/stack/neutron/neutron/api/extensions.py:415}}
Aug 17 07:10:19.355088 np0000007463 devstack@neutron-api.service[90960]: INFO neutron.api.extensions [None req-7cd631de-7b8a-4184-940c-4da46da9e831 None None] Loaded extension: agent
Aug 17 07:10:19.355088 np0000007463 devstack@neutron-api.service[90960]: DEBUG neutron.api.extensions [None req-7cd631de-7b8a-4184-940c-4da46da9e831 None None] Loading extension file: agent_resources_synced.py {{(pid=90960) _load_all_extensions_from_path /opt/stack/neutron/neutron/api/extensions.py:449}}
Aug 17 07:10:19.355088 np0000007463 devstack@neutron-api.service[90960]: DEBUG neutron.api.extensions [None req-7cd631de-7b8a-4184-940c-4da46da9e831 None None] Ext name="Agent's Resource View Synced to Placement" alias="agent-resources-synced" description="Stores success/failure of last sync to Placement" updated="2018-12-19T00:00:00-00:00" {{(pid=90960) _check_extension /opt/stack/neutron/neutron/api/extensions.py:415}}
Aug 17 07:10:19.355556 np0000007463 devstack@neutron-api.service[90960]: INFO neutron.api.extensions [None req-7cd631de-7b8a-4184-940c-4da46da9e831 None None] Extension agent-resources-synced not supported by any of loaded plugins
Aug 17 07:10:19.355556 np0000007463 devstack@neutron-api.service[90960]: DEBUG neutron.api.extensions [None req-7cd631de-7b8a-4184-940c-4da46da9e831 None None] Loading extension file: agent_sort_key.py {{(pid=90960) _load_all_extensions_from_path /opt/stack/neutron/neutron/api/extensions.py:449}}
Aug 17 07:10:19.355845 np0000007463 devstack@neutron-api.service[90960]: DEBUG neutron.api.extensions [None req-7cd631de-7b8a-4184-940c-4da46da9e831 None None] Ext name="Agents Sort Key" alias="agent_sort_key" description="Enabling the keyword sort_key for sorting in agents." updated="2013-02-03T10:00:00-00:00" {{(pid=90960) _check_extension /opt/stack/neutron/neutron/api/extensions.py:415}}
Aug 17 07:10:19.356113 np0000007463 devstack@neutron-api.service[90960]: INFO neutron.api.extensions [None req-7cd631de-7b8a-4184-940c-4da46da9e831 None None] Extension agent_sort_key not supported by any of loaded plugins
Aug 17 07:10:19.356267 np0000007463 devstack@neutron-api.service[90960]: DEBUG neutron.api.extensions [None req-7cd631de-7b8a-4184-940c-4da46da9e831 None None] Loading extension file: allowedaddresspairs.py {{(pid=90960) _load_all_extensions_from_path /opt/stack/neutron/neutron/api/extensions.py:449}}
Aug 17 07:10:19.357402 np0000007463 devstack@neutron-api.service[90960]: DEBUG neutron.api.extensions [None req-7cd631de-7b8a-4184-940c-4da46da9e831 None None] Ext name="Allowed Address Pairs" alias="allowed-address-pairs" description="Provides allowed address pairs" updated="2013-07-23T10:00:00-00:00" {{(pid=90960) _check_extension /opt/stack/neutron/neutron/api/extensions.py:415}}
Aug 17 07:10:19.357682 np0000007463 devstack@neutron-api.service[90960]: INFO neutron.api.extensions [None req-7cd631de-7b8a-4184-940c-4da46da9e831 None None] Loaded extension: allowed-address-pairs
Aug 17 07:10:19.357841 np0000007463 devstack@neutron-api.service[90960]: DEBUG neutron.api.extensions [None req-7cd631de-7b8a-4184-940c-4da46da9e831 None None] Loading extension file: auto_allocated_topology.py {{(pid=90960) _load_all_extensions_from_path /opt/stack/neutron/neutron/api/extensions.py:449}}
Aug 17 07:10:19.358226 np0000007463 devstack@neutron-api.service[90960]: DEBUG neutron.api.extensions [None req-7cd631de-7b8a-4184-940c-4da46da9e831 None None] Ext name="Auto Allocated Topology Services" alias="auto-allocated-topology" description="Auto Allocated Topology Services." updated="2016-01-01T00:00:00-00:00" {{(pid=90960) _check_extension /opt/stack/neutron/neutron/api/extensions.py:415}}
Aug 17 07:10:19.358497 np0000007463 devstack@neutron-api.service[90960]: INFO neutron.api.extensions [None req-7cd631de-7b8a-4184-940c-4da46da9e831 None None] Loaded extension: auto-allocated-topology
Aug 17 07:10:19.358642 np0000007463 devstack@neutron-api.service[90960]: DEBUG neutron.api.extensions [None req-7cd631de-7b8a-4184-940c-4da46da9e831 None None] Loading extension file: availability_zone.py {{(pid=90960) _load_all_extensions_from_path /opt/stack/neutron/neutron/api/extensions.py:449}}
Aug 17 07:10:19.360383 np0000007463 devstack@neutron-api.service[90960]: DEBUG neutron.api.extensions [None req-7cd631de-7b8a-4184-940c-4da46da9e831 None None] Ext name="Availability Zone" alias="availability_zone" description="The availability zone extension." updated="2015-01-01T10:00:00-00:00" {{(pid=90960) _check_extension /opt/stack/neutron/neutron/api/extensions.py:415}}
Aug 17 07:10:19.360655 np0000007463 devstack@neutron-api.service[90960]: INFO neutron.api.extensions [None req-7cd631de-7b8a-4184-940c-4da46da9e831 None None] Loaded extension: availability_zone
Aug 17 07:10:19.360803 np0000007463 devstack@neutron-api.service[90960]: DEBUG neutron.api.extensions [None req-7cd631de-7b8a-4184-940c-4da46da9e831 None None] Loading extension file: availability_zone_filter.py {{(pid=90960) _load_all_extensions_from_path /opt/stack/neutron/neutron/api/extensions.py:449}}
Aug 17 07:10:19.361222 np0000007463 devstack@neutron-api.service[90960]: DEBUG neutron.api.extensions [None req-7cd631de-7b8a-4184-940c-4da46da9e831 None None] Ext name="Availability Zone Filter Extension" alias="availability_zone_filter" description="Add filter parameters to AvailabilityZone resource" updated="2018-06-22T10:00:00-00:00" {{(pid=90960) _check_extension /opt/stack/neutron/neutron/api/extensions.py:415}}
Aug 17 07:10:19.361499 np0000007463 devstack@neutron-api.service[90960]: INFO neutron.api.extensions [None req-7cd631de-7b8a-4184-940c-4da46da9e831 None None] Extension availability_zone_filter not supported by any of loaded plugins
Aug 17 07:10:19.361660 np0000007463 devstack@neutron-api.service[90960]: DEBUG neutron.api.extensions [None req-7cd631de-7b8a-4184-940c-4da46da9e831 None None] Loading extension file: data_plane_status.py {{(pid=90960) _load_all_extensions_from_path /opt/stack/neutron/neutron/api/extensions.py:449}}
Aug 17 07:10:19.362033 np0000007463 devstack@neutron-api.service[90960]: DEBUG neutron.api.extensions [None req-7cd631de-7b8a-4184-940c-4da46da9e831 None None] Ext name="Port data plane status extension" alias="data-plane-status" description="Expose status of underlying data plane" updated="2017-01-24T10:00:00-00:00" {{(pid=90960) _check_extension /opt/stack/neutron/neutron/api/extensions.py:415}}
Aug 17 07:10:19.362327 np0000007463 devstack@neutron-api.service[90960]: INFO neutron.api.extensions [None req-7cd631de-7b8a-4184-940c-4da46da9e831 None None] Extension data-plane-status not supported by any of loaded plugins
Aug 17 07:10:19.362494 np0000007463 devstack@neutron-api.service[90960]: DEBUG neutron.api.extensions [None req-7cd631de-7b8a-4184-940c-4da46da9e831 None None] Loading extension file: default_subnetpools.py {{(pid=90960) _load_all_extensions_from_path /opt/stack/neutron/neutron/api/extensions.py:449}}
Aug 17 07:10:19.362850 np0000007463 devstack@neutron-api.service[90960]: DEBUG neutron.api.extensions [None req-7cd631de-7b8a-4184-940c-4da46da9e831 None None] Ext name="Default Subnetpools" alias="default-subnetpools" description="Provides ability to mark and use a subnetpool as the default." updated="2016-02-18T18:00:00-00:00" {{(pid=90960) _check_extension /opt/stack/neutron/neutron/api/extensions.py:415}}
Aug 17 07:10:19.363111 np0000007463 devstack@neutron-api.service[90960]: INFO neutron.api.extensions [None req-7cd631de-7b8a-4184-940c-4da46da9e831 None None] Loaded extension: default-subnetpools
Aug 17 07:10:19.363303 np0000007463 devstack@neutron-api.service[90960]: DEBUG neutron.api.extensions [None req-7cd631de-7b8a-4184-940c-4da46da9e831 None None] Loading extension file: dhcpagentscheduler.py {{(pid=90960) _load_all_extensions_from_path /opt/stack/neutron/neutron/api/extensions.py:449}}
Aug 17 07:10:19.363886 np0000007463 devstack@neutron-api.service[90960]: DEBUG neutron.api.extensions [None req-7cd631de-7b8a-4184-940c-4da46da9e831 None None] Ext name="DHCP Agent Scheduler" alias="dhcp_agent_scheduler" description="Schedule networks among dhcp agents" updated="2013-02-07T10:00:00-00:00" {{(pid=90960) _check_extension /opt/stack/neutron/neutron/api/extensions.py:415}}
Aug 17 07:10:19.364169 np0000007463 devstack@neutron-api.service[90960]: INFO neutron.api.extensions [None req-7cd631de-7b8a-4184-940c-4da46da9e831 None None] Loaded extension: dhcp_agent_scheduler
Aug 17 07:10:19.364312 np0000007463 devstack@neutron-api.service[90960]: DEBUG neutron.api.extensions [None req-7cd631de-7b8a-4184-940c-4da46da9e831 None None] Loading extension file: dns.py {{(pid=90960) _load_all_extensions_from_path /opt/stack/neutron/neutron/api/extensions.py:449}}
Aug 17 07:10:19.364646 np0000007463 devstack@neutron-api.service[90960]: DEBUG neutron.api.extensions [None req-7cd631de-7b8a-4184-940c-4da46da9e831 None None] Ext name="DNS Integration" alias="dns-integration" description="Provides integration with DNS." updated="2015-08-15T18:00:00-00:00" {{(pid=90960) _check_extension /opt/stack/neutron/neutron/api/extensions.py:415}}
Aug 17 07:10:19.365064 np0000007463 devstack@neutron-api.service[90960]: INFO neutron.api.extensions [None req-7cd631de-7b8a-4184-940c-4da46da9e831 None None] Loaded extension: dns-integration
Aug 17 07:10:19.365064 np0000007463 devstack@neutron-api.service[90960]: DEBUG neutron.api.extensions [None req-7cd631de-7b8a-4184-940c-4da46da9e831 None None] Loading extension file: dns_domain_ports.py {{(pid=90960) _load_all_extensions_from_path /opt/stack/neutron/neutron/api/extensions.py:449}}
Aug 17 07:10:19.365438 np0000007463 devstack@neutron-api.service[90960]: DEBUG neutron.api.extensions [None req-7cd631de-7b8a-4184-940c-4da46da9e831 None None] Ext name="dns_domain for ports" alias="dns-domain-ports" description="Allows the DNS domain to be specified for a network port." updated="2017-04-24T10:00:00-00:00" {{(pid=90960) _check_extension /opt/stack/neutron/neutron/api/extensions.py:415}}
Aug 17 07:10:19.365952 np0000007463 devstack@neutron-api.service[90960]: INFO neutron.api.extensions [None req-7cd631de-7b8a-4184-940c-4da46da9e831 None None] Loaded extension: dns-domain-ports
Aug 17 07:10:19.365952 np0000007463 devstack@neutron-api.service[90960]: DEBUG neutron.api.extensions [None req-7cd631de-7b8a-4184-940c-4da46da9e831 None None] Loading extension file: dns_integration_domain_keywords.py {{(pid=90960) _load_all_extensions_from_path /opt/stack/neutron/neutron/api/extensions.py:449}}
Aug 17 07:10:19.366213 np0000007463 devstack@neutron-api.service[90960]: DEBUG neutron.api.extensions [None req-7cd631de-7b8a-4184-940c-4da46da9e831 None None] Ext name="DNS domain names with keywords allowed" alias="dns-integration-domain-keywords" description="Allows to use keywords like , , and as DNS domain name" updated="2020-06-15T18:00:00-00:00" {{(pid=90960) _check_extension /opt/stack/neutron/neutron/api/extensions.py:415}}
Aug 17 07:10:19.366755 np0000007463 devstack@neutron-api.service[90960]: INFO neutron.api.extensions [None req-7cd631de-7b8a-4184-940c-4da46da9e831 None None] Loaded extension: dns-integration-domain-keywords
Aug 17 07:10:19.366755 np0000007463 devstack@neutron-api.service[90960]: DEBUG neutron.api.extensions [None req-7cd631de-7b8a-4184-940c-4da46da9e831 None None] Loading extension file: dvr.py {{(pid=90960) _load_all_extensions_from_path /opt/stack/neutron/neutron/api/extensions.py:449}}
Aug 17 07:10:19.367021 np0000007463 devstack@neutron-api.service[90960]: DEBUG neutron.api.extensions [None req-7cd631de-7b8a-4184-940c-4da46da9e831 None None] Ext name="Distributed Virtual Router" alias="dvr" description="Enables configuration of Distributed Virtual Routers." updated="2014-06-1T10:00:00-00:00" {{(pid=90960) _check_extension /opt/stack/neutron/neutron/api/extensions.py:415}}
Aug 17 07:10:19.367302 np0000007463 devstack@neutron-api.service[90960]: INFO neutron.api.extensions [None req-7cd631de-7b8a-4184-940c-4da46da9e831 None None] Extension dvr not supported by any of loaded plugins
Aug 17 07:10:19.367491 np0000007463 devstack@neutron-api.service[90960]: DEBUG neutron.api.extensions [None req-7cd631de-7b8a-4184-940c-4da46da9e831 None None] Loading extension file: ecmp_routes.py {{(pid=90960) _load_all_extensions_from_path /opt/stack/neutron/neutron/api/extensions.py:449}}
Aug 17 07:10:19.367787 np0000007463 devstack@neutron-api.service[90960]: DEBUG neutron.api.extensions [None req-7cd631de-7b8a-4184-940c-4da46da9e831 None None] Ext name="Equal Cost Multipath Routing" alias="ecmp_routes" description="Allows traffic to reach thesame destination via multiple different links " updated="2020-11-26T18:00:00-00:00" {{(pid=90960) _check_extension /opt/stack/neutron/neutron/api/extensions.py:415}}
Aug 17 07:10:19.368121 np0000007463 devstack@neutron-api.service[90960]: INFO neutron.api.extensions [None req-7cd631de-7b8a-4184-940c-4da46da9e831 None None] Extension ecmp_routes not supported by any of loaded plugins
Aug 17 07:10:19.368236 np0000007463 devstack@neutron-api.service[90960]: DEBUG neutron.api.extensions [None req-7cd631de-7b8a-4184-940c-4da46da9e831 None None] Loading extension file: empty_string_filtering.py {{(pid=90960) _load_all_extensions_from_path /opt/stack/neutron/neutron/api/extensions.py:449}}
Aug 17 07:10:19.368559 np0000007463 devstack@neutron-api.service[90960]: DEBUG neutron.api.extensions [None req-7cd631de-7b8a-4184-940c-4da46da9e831 None None] Ext name="Empty String Filtering Extension" alias="empty-string-filtering" description="Allow filtering by attributes with empty string value" updated="2018-05-01T10:00:00-00:00" {{(pid=90960) _check_extension /opt/stack/neutron/neutron/api/extensions.py:415}}
Aug 17 07:10:19.368912 np0000007463 devstack@neutron-api.service[90960]: INFO neutron.api.extensions [None req-7cd631de-7b8a-4184-940c-4da46da9e831 None None] Loaded extension: empty-string-filtering
Aug 17 07:10:19.368974 np0000007463 devstack@neutron-api.service[90960]: DEBUG neutron.api.extensions [None req-7cd631de-7b8a-4184-940c-4da46da9e831 None None] Loading extension file: evpn.py {{(pid=90960) _load_all_extensions_from_path /opt/stack/neutron/neutron/api/extensions.py:449}}
Aug 17 07:10:19.369399 np0000007463 devstack@neutron-api.service[90960]: DEBUG neutron.api.extensions [None req-7cd631de-7b8a-4184-940c-4da46da9e831 None None] Ext name="EVPN" alias="evpn" description="Router extension to support EVPN Type-5 route advertisement" updated="2026-04-28T00:00:00-00:00" {{(pid=90960) _check_extension /opt/stack/neutron/neutron/api/extensions.py:415}}
Aug 17 07:10:19.369640 np0000007463 devstack@neutron-api.service[90960]: INFO neutron.api.extensions [None req-7cd631de-7b8a-4184-940c-4da46da9e831 None None] Extension evpn not supported by any of loaded plugins
Aug 17 07:10:19.369753 np0000007463 devstack@neutron-api.service[90960]: DEBUG neutron.api.extensions [None req-7cd631de-7b8a-4184-940c-4da46da9e831 None None] Loading extension file: expose_l3_conntrack_helper.py {{(pid=90960) _load_all_extensions_from_path /opt/stack/neutron/neutron/api/extensions.py:449}}
Aug 17 07:10:19.370181 np0000007463 devstack@neutron-api.service[90960]: DEBUG neutron.api.extensions [None req-7cd631de-7b8a-4184-940c-4da46da9e831 None None] Ext name="Expose CT target rules for conntrack helper" alias="expose-l3-conntrack-helper" description="Expose allow adding CT target rules for conntrack helper" updated="2019-04-04T10:00:00-00:00" {{(pid=90960) _check_extension /opt/stack/neutron/neutron/api/extensions.py:415}}
Aug 17 07:10:19.370417 np0000007463 devstack@neutron-api.service[90960]: INFO neutron.api.extensions [None req-7cd631de-7b8a-4184-940c-4da46da9e831 None None] Extension expose-l3-conntrack-helper not supported by any of loaded plugins
Aug 17 07:10:19.370503 np0000007463 devstack@neutron-api.service[90960]: DEBUG neutron.api.extensions [None req-7cd631de-7b8a-4184-940c-4da46da9e831 None None] Loading extension file: expose_port_forwarding_in_fip.py {{(pid=90960) _load_all_extensions_from_path /opt/stack/neutron/neutron/api/extensions.py:449}}
Aug 17 07:10:19.370889 np0000007463 devstack@neutron-api.service[90960]: DEBUG neutron.api.extensions [None req-7cd631de-7b8a-4184-940c-4da46da9e831 None None] Ext name="Expose Floating IP port forwardings" alias="expose-port-forwarding-in-fip" description="Expose port forwarding fields in floating IP response" updated="2018-06-28T16:00:00-00:00" {{(pid=90960) _check_extension /opt/stack/neutron/neutron/api/extensions.py:415}}
Aug 17 07:10:19.371171 np0000007463 devstack@neutron-api.service[90960]: INFO neutron.api.extensions [None req-7cd631de-7b8a-4184-940c-4da46da9e831 None None] Extension expose-port-forwarding-in-fip not supported by any of loaded plugins
Aug 17 07:10:19.371276 np0000007463 devstack@neutron-api.service[90960]: DEBUG neutron.api.extensions [None req-7cd631de-7b8a-4184-940c-4da46da9e831 None None] Loading extension file: external_net.py {{(pid=90960) _load_all_extensions_from_path /opt/stack/neutron/neutron/api/extensions.py:449}}
Aug 17 07:10:19.371656 np0000007463 devstack@neutron-api.service[90960]: DEBUG neutron.api.extensions [None req-7cd631de-7b8a-4184-940c-4da46da9e831 None None] Ext name="Neutron external network" alias="external-net" description="Adds external network attribute to network resource." updated="2013-01-14T10:00:00-00:00" {{(pid=90960) _check_extension /opt/stack/neutron/neutron/api/extensions.py:415}}
Aug 17 07:10:19.371877 np0000007463 devstack@neutron-api.service[90960]: INFO neutron.api.extensions [None req-7cd631de-7b8a-4184-940c-4da46da9e831 None None] Loaded extension: external-net
Aug 17 07:10:19.372012 np0000007463 devstack@neutron-api.service[90960]: DEBUG neutron.api.extensions [None req-7cd631de-7b8a-4184-940c-4da46da9e831 None None] Loading extension file: extra_dhcp_opt.py {{(pid=90960) _load_all_extensions_from_path /opt/stack/neutron/neutron/api/extensions.py:449}}
Aug 17 07:10:19.372358 np0000007463 devstack@neutron-api.service[90960]: DEBUG neutron.api.extensions [None req-7cd631de-7b8a-4184-940c-4da46da9e831 None None] Ext name="Neutron Extra DHCP options" alias="extra_dhcp_opt" description="Extra options configuration for DHCP. For example PXE boot options to DHCP clients can be specified (e.g. tftp-server, server-ip-address, bootfile-name)" updated="2013-03-17T12:00:00-00:00" {{(pid=90960) _check_extension /opt/stack/neutron/neutron/api/extensions.py:415}}
Aug 17 07:10:19.372616 np0000007463 devstack@neutron-api.service[90960]: INFO neutron.api.extensions [None req-7cd631de-7b8a-4184-940c-4da46da9e831 None None] Loaded extension: extra_dhcp_opt
Aug 17 07:10:19.372758 np0000007463 devstack@neutron-api.service[90960]: DEBUG neutron.api.extensions [None req-7cd631de-7b8a-4184-940c-4da46da9e831 None None] Loading extension file: extraroute.py {{(pid=90960) _load_all_extensions_from_path /opt/stack/neutron/neutron/api/extensions.py:449}}
Aug 17 07:10:19.373144 np0000007463 devstack@neutron-api.service[90960]: DEBUG neutron.api.extensions [None req-7cd631de-7b8a-4184-940c-4da46da9e831 None None] Ext name="Neutron Extra Route" alias="extraroute" description="Extra routes configuration for L3 router" updated="2013-02-01T10:00:00-00:00" {{(pid=90960) _check_extension /opt/stack/neutron/neutron/api/extensions.py:415}}
Aug 17 07:10:19.373387 np0000007463 devstack@neutron-api.service[90960]: INFO neutron.api.extensions [None req-7cd631de-7b8a-4184-940c-4da46da9e831 None None] Loaded extension: extraroute
Aug 17 07:10:19.373528 np0000007463 devstack@neutron-api.service[90960]: DEBUG neutron.api.extensions [None req-7cd631de-7b8a-4184-940c-4da46da9e831 None None] Loading extension file: extraroute_atomic.py {{(pid=90960) _load_all_extensions_from_path /opt/stack/neutron/neutron/api/extensions.py:449}}
Aug 17 07:10:19.373948 np0000007463 devstack@neutron-api.service[90960]: DEBUG neutron.api.extensions [None req-7cd631de-7b8a-4184-940c-4da46da9e831 None None] Ext name="Atomically add/remove extra routes" alias="extraroute-atomic" description="Edit extra routes of a router on server side by atomically adding/removing extra routes" updated="2019-07-10T00:00:00+00:00" {{(pid=90960) _check_extension /opt/stack/neutron/neutron/api/extensions.py:415}}
Aug 17 07:10:19.374190 np0000007463 devstack@neutron-api.service[90960]: INFO neutron.api.extensions [None req-7cd631de-7b8a-4184-940c-4da46da9e831 None None] Loaded extension: extraroute-atomic
Aug 17 07:10:19.374344 np0000007463 devstack@neutron-api.service[90960]: DEBUG neutron.api.extensions [None req-7cd631de-7b8a-4184-940c-4da46da9e831 None None] Loading extension file: filter_validation.py {{(pid=90960) _load_all_extensions_from_path /opt/stack/neutron/neutron/api/extensions.py:449}}
Aug 17 07:10:19.374735 np0000007463 devstack@neutron-api.service[90960]: DEBUG neutron.api.extensions [None req-7cd631de-7b8a-4184-940c-4da46da9e831 None None] Ext name="Filter parameters validation" alias="filter-validation" description="Provides validation on filter parameters." updated="2018-07-04T10:00:00-00:00" {{(pid=90960) _check_extension /opt/stack/neutron/neutron/api/extensions.py:415}}
Aug 17 07:10:19.374997 np0000007463 devstack@neutron-api.service[90960]: INFO neutron.api.extensions [None req-7cd631de-7b8a-4184-940c-4da46da9e831 None None] Loaded extension: filter-validation
Aug 17 07:10:19.375155 np0000007463 devstack@neutron-api.service[90960]: DEBUG neutron.api.extensions [None req-7cd631de-7b8a-4184-940c-4da46da9e831 None None] Loading extension file: fip_pf_description.py {{(pid=90960) _load_all_extensions_from_path /opt/stack/neutron/neutron/api/extensions.py:449}}
Aug 17 07:10:19.375465 np0000007463 devstack@neutron-api.service[90960]: DEBUG neutron.api.extensions [None req-7cd631de-7b8a-4184-940c-4da46da9e831 None None] Ext name="Floating IP Port Forwarding new attribute description" alias="floating-ip-port-forwarding-description" description="Add a description field to Port Forwarding rules" updated="2019-11-01T10:00:00-00:00" {{(pid=90960) _check_extension /opt/stack/neutron/neutron/api/extensions.py:415}}
Aug 17 07:10:19.375728 np0000007463 devstack@neutron-api.service[90960]: INFO neutron.api.extensions [None req-7cd631de-7b8a-4184-940c-4da46da9e831 None None] Extension floating-ip-port-forwarding-description not supported by any of loaded plugins
Aug 17 07:10:19.375927 np0000007463 devstack@neutron-api.service[90960]: DEBUG neutron.api.extensions [None req-7cd631de-7b8a-4184-940c-4da46da9e831 None None] Loading extension file: fip_pf_detail.py {{(pid=90960) _load_all_extensions_from_path /opt/stack/neutron/neutron/api/extensions.py:449}}
Aug 17 07:10:19.376297 np0000007463 devstack@neutron-api.service[90960]: DEBUG neutron.api.extensions [None req-7cd631de-7b8a-4184-940c-4da46da9e831 None None] Ext name="Floating IP port forwarding detail" alias="floating-ip-port-forwarding-detail" description="Allow list floating ip return more port forwarding data, include'id' and 'internal_port_id'" updated="2022-05-06T10:00:00-00:00" {{(pid=90960) _check_extension /opt/stack/neutron/neutron/api/extensions.py:415}}
Aug 17 07:10:19.376633 np0000007463 devstack@neutron-api.service[90960]: INFO neutron.api.extensions [None req-7cd631de-7b8a-4184-940c-4da46da9e831 None None] Loaded extension: floating-ip-port-forwarding-detail
Aug 17 07:10:19.376747 np0000007463 devstack@neutron-api.service[90960]: DEBUG neutron.api.extensions [None req-7cd631de-7b8a-4184-940c-4da46da9e831 None None] Loading extension file: fip_pf_port_range.py {{(pid=90960) _load_all_extensions_from_path /opt/stack/neutron/neutron/api/extensions.py:449}}
Aug 17 07:10:19.377161 np0000007463 devstack@neutron-api.service[90960]: DEBUG neutron.api.extensions [None req-7cd631de-7b8a-4184-940c-4da46da9e831 None None] Ext name="Floating IP Port Forwarding support port ranges" alias="floating-ip-port-forwarding-port-ranges" description="Add support to port ranges" updated="2020-07-01T10:00:00-00:00" {{(pid=90960) _check_extension /opt/stack/neutron/neutron/api/extensions.py:415}}
Aug 17 07:10:19.377416 np0000007463 devstack@neutron-api.service[90960]: INFO neutron.api.extensions [None req-7cd631de-7b8a-4184-940c-4da46da9e831 None None] Extension floating-ip-port-forwarding-port-ranges not supported by any of loaded plugins
Aug 17 07:10:19.377609 np0000007463 devstack@neutron-api.service[90960]: DEBUG neutron.api.extensions [None req-7cd631de-7b8a-4184-940c-4da46da9e831 None None] Loading extension file: fip_port_details.py {{(pid=90960) _load_all_extensions_from_path /opt/stack/neutron/neutron/api/extensions.py:449}}
Aug 17 07:10:19.377942 np0000007463 devstack@neutron-api.service[90960]: DEBUG neutron.api.extensions [None req-7cd631de-7b8a-4184-940c-4da46da9e831 None None] Ext name="Floating IP Port Details Extension" alias="fip-port-details" description="Add port_details attribute to Floating IP resource" updated="2018-04-09T10:00:00-00:00" {{(pid=90960) _check_extension /opt/stack/neutron/neutron/api/extensions.py:415}}
Aug 17 07:10:19.378213 np0000007463 devstack@neutron-api.service[90960]: INFO neutron.api.extensions [None req-7cd631de-7b8a-4184-940c-4da46da9e831 None None] Loaded extension: fip-port-details
Aug 17 07:10:19.378343 np0000007463 devstack@neutron-api.service[90960]: DEBUG neutron.api.extensions [None req-7cd631de-7b8a-4184-940c-4da46da9e831 None None] Loading extension file: flavors.py {{(pid=90960) _load_all_extensions_from_path /opt/stack/neutron/neutron/api/extensions.py:449}}
Aug 17 07:10:19.378848 np0000007463 devstack@neutron-api.service[90960]: DEBUG neutron.api.extensions [None req-7cd631de-7b8a-4184-940c-4da46da9e831 None None] Ext name="Neutron Service Flavors" alias="flavors" description="Flavor specification for Neutron advanced services." updated="2015-09-17T10:00:00-00:00" {{(pid=90960) _check_extension /opt/stack/neutron/neutron/api/extensions.py:415}}
Aug 17 07:10:19.379036 np0000007463 devstack@neutron-api.service[90960]: INFO neutron.api.extensions [None req-7cd631de-7b8a-4184-940c-4da46da9e831 None None] Loaded extension: flavors
Aug 17 07:10:19.379171 np0000007463 devstack@neutron-api.service[90960]: DEBUG neutron.api.extensions [None req-7cd631de-7b8a-4184-940c-4da46da9e831 None None] Loading extension file: floating_ip_port_forwarding.py {{(pid=90960) _load_all_extensions_from_path /opt/stack/neutron/neutron/api/extensions.py:449}}
Aug 17 07:10:19.379502 np0000007463 devstack@neutron-api.service[90962]: INFO neutron.plugins.ml2.drivers.type_vlan [None req-3ee7e570-19fb-47c6-8334-81af3e94d532 None None] VlanTypeDriver initialization complete
Aug 17 07:10:19.379787 np0000007463 devstack@neutron-api.service[90962]: INFO neutron.plugins.ml2.managers [None req-3ee7e570-19fb-47c6-8334-81af3e94d532 None None] Initializing extension driver 'port_security'
Aug 17 07:10:19.379928 np0000007463 devstack@neutron-api.service[90960]: DEBUG neutron.api.extensions [None req-7cd631de-7b8a-4184-940c-4da46da9e831 None None] Ext name="Floating IP Port Forwarding" alias="floating-ip-port-forwarding" description="Allow port forwarding from floating IP port to an internal port" updated="2018-01-19T10:00:00-00:00" {{(pid=90960) _check_extension /opt/stack/neutron/neutron/api/extensions.py:415}}
Aug 17 07:10:19.380098 np0000007463 devstack@neutron-api.service[90962]: INFO neutron.plugins.ml2.extensions.port_security [None req-3ee7e570-19fb-47c6-8334-81af3e94d532 None None] PortSecurityExtensionDriver initialization complete
Aug 17 07:10:19.380098 np0000007463 devstack@neutron-api.service[90962]: INFO neutron.plugins.ml2.managers [None req-3ee7e570-19fb-47c6-8334-81af3e94d532 None None] Initializing extension driver 'qos'
Aug 17 07:10:19.380178 np0000007463 devstack@neutron-api.service[90960]: INFO neutron.api.extensions [None req-7cd631de-7b8a-4184-940c-4da46da9e831 None None] Extension floating-ip-port-forwarding not supported by any of loaded plugins
Aug 17 07:10:19.380256 np0000007463 devstack@neutron-api.service[90962]: DEBUG neutron.plugins.ml2.extensions.qos [None req-3ee7e570-19fb-47c6-8334-81af3e94d532 None None] QosExtensionDriver initialization complete {{(pid=90962) initialize /opt/stack/neutron/neutron/plugins/ml2/extensions/qos.py:31}}
Aug 17 07:10:19.380298 np0000007463 devstack@neutron-api.service[90960]: DEBUG neutron.api.extensions [None req-7cd631de-7b8a-4184-940c-4da46da9e831 None None] Loading extension file: floatingip_pools.py {{(pid=90960) _load_all_extensions_from_path /opt/stack/neutron/neutron/api/extensions.py:449}}
Aug 17 07:10:19.380406 np0000007463 devstack@neutron-api.service[90962]: INFO neutron.plugins.ml2.managers [None req-3ee7e570-19fb-47c6-8334-81af3e94d532 None None] Initializing mechanism driver 'ovn'
Aug 17 07:10:19.380406 np0000007463 devstack@neutron-api.service[90962]: INFO neutron.plugins.ml2.drivers.ovn.mech_driver.mech_driver [None req-3ee7e570-19fb-47c6-8334-81af3e94d532 None None] Starting OVNMechanismDriver
Aug 17 07:10:19.380487 np0000007463 devstack@neutron-api.service[90960]: DEBUG neutron.api.extensions [None req-7cd631de-7b8a-4184-940c-4da46da9e831 None None] Ext name="Floating IP Pools Extension" alias="floatingip-pools" description="Provides a floating IP pools API." updated="2018-03-21T10:00:00-00:00" {{(pid=90960) _check_extension /opt/stack/neutron/neutron/api/extensions.py:415}}
Aug 17 07:10:19.380736 np0000007463 devstack@neutron-api.service[90960]: INFO neutron.api.extensions [None req-7cd631de-7b8a-4184-940c-4da46da9e831 None None] Loaded extension: floatingip-pools
Aug 17 07:10:19.380978 np0000007463 devstack@neutron-api.service[90960]: DEBUG neutron.api.extensions [None req-7cd631de-7b8a-4184-940c-4da46da9e831 None None] Loading extension file: ip_allocation.py {{(pid=90960) _load_all_extensions_from_path /opt/stack/neutron/neutron/api/extensions.py:449}}
Aug 17 07:10:19.381265 np0000007463 devstack@neutron-api.service[90960]: DEBUG neutron.api.extensions [None req-7cd631de-7b8a-4184-940c-4da46da9e831 None None] Ext name="IP Allocation" alias="ip_allocation" description="IP allocation extension." updated="2016-06-10T23:00:00-00:00" {{(pid=90960) _check_extension /opt/stack/neutron/neutron/api/extensions.py:415}}
Aug 17 07:10:19.381503 np0000007463 devstack@neutron-api.service[90960]: INFO neutron.api.extensions [None req-7cd631de-7b8a-4184-940c-4da46da9e831 None None] Extension ip_allocation not supported by any of loaded plugins
Aug 17 07:10:19.381644 np0000007463 devstack@neutron-api.service[90960]: DEBUG neutron.api.extensions [None req-7cd631de-7b8a-4184-940c-4da46da9e831 None None] Loading extension file: ip_substring_port_filtering.py {{(pid=90960) _load_all_extensions_from_path /opt/stack/neutron/neutron/api/extensions.py:449}}
Aug 17 07:10:19.381838 np0000007463 devstack@neutron-api.service[90962]: DEBUG neutron_lib.callbacks.manager [None req-3ee7e570-19fb-47c6-8334-81af3e94d532 None None] Subscribe: > process before_spawn 55550000, False {{(pid=90962) subscribe /opt/stack/data/venv/lib/python3.12/site-packages/neutron_lib/callbacks/manager.py:52}}
Aug 17 07:10:19.381982 np0000007463 devstack@neutron-api.service[90962]: DEBUG neutron_lib.callbacks.manager [None req-3ee7e570-19fb-47c6-8334-81af3e94d532 None None] Subscribe: > process after_init 55550000, True {{(pid=90962) subscribe /opt/stack/data/venv/lib/python3.12/site-packages/neutron_lib/callbacks/manager.py:52}}
Aug 17 07:10:19.382016 np0000007463 devstack@neutron-api.service[90960]: DEBUG neutron.api.extensions [None req-7cd631de-7b8a-4184-940c-4da46da9e831 None None] Ext name="IP address substring filtering" alias="ip-substring-filtering" description="Provides IP address substring filtering when listing ports" updated="2017-11-28T09:00:00-00:00" {{(pid=90960) _check_extension /opt/stack/neutron/neutron/api/extensions.py:415}}
Aug 17 07:10:19.382089 np0000007463 devstack@neutron-api.service[90962]: DEBUG neutron_lib.callbacks.manager [None req-3ee7e570-19fb-47c6-8334-81af3e94d532 None None] Subscribe: > segment after_create 55550000, False {{(pid=90962) subscribe /opt/stack/data/venv/lib/python3.12/site-packages/neutron_lib/callbacks/manager.py:52}}
Aug 17 07:10:19.382222 np0000007463 devstack@neutron-api.service[90962]: DEBUG neutron_lib.callbacks.manager [None req-3ee7e570-19fb-47c6-8334-81af3e94d532 None None] Subscribe: > segment after_create 55550000, False {{(pid=90962) subscribe /opt/stack/data/venv/lib/python3.12/site-packages/neutron_lib/callbacks/manager.py:52}}
Aug 17 07:10:19.382249 np0000007463 devstack@neutron-api.service[90960]: INFO neutron.api.extensions [None req-7cd631de-7b8a-4184-940c-4da46da9e831 None None] Extension ip-substring-filtering not supported by any of loaded plugins
Aug 17 07:10:19.382369 np0000007463 devstack@neutron-api.service[90962]: DEBUG neutron_lib.callbacks.manager [None req-3ee7e570-19fb-47c6-8334-81af3e94d532 None None] Subscribe: > segment after_delete 55550000, False {{(pid=90962) subscribe /opt/stack/data/venv/lib/python3.12/site-packages/neutron_lib/callbacks/manager.py:52}}
Aug 17 07:10:19.382401 np0000007463 devstack@neutron-api.service[90960]: DEBUG neutron.api.extensions [None req-7cd631de-7b8a-4184-940c-4da46da9e831 None None] Loading extension file: l2_adjacency.py {{(pid=90960) _load_all_extensions_from_path /opt/stack/neutron/neutron/api/extensions.py:449}}
Aug 17 07:10:19.382497 np0000007463 devstack@neutron-api.service[90962]: DEBUG neutron_lib.callbacks.manager [None req-3ee7e570-19fb-47c6-8334-81af3e94d532 None None] Subscribe: > allowed_address_pair before_create 55550000, False {{(pid=90962) subscribe /opt/stack/data/venv/lib/python3.12/site-packages/neutron_lib/callbacks/manager.py:52}}
Aug 17 07:10:19.382623 np0000007463 devstack@neutron-api.service[90962]: DEBUG neutron_lib.callbacks.manager [None req-3ee7e570-19fb-47c6-8334-81af3e94d532 None None] Subscribe: > security_group precommit_create 55550000, False {{(pid=90962) subscribe /opt/stack/data/venv/lib/python3.12/site-packages/neutron_lib/callbacks/manager.py:52}}
Aug 17 07:10:19.382750 np0000007463 devstack@neutron-api.service[90960]: DEBUG neutron.api.extensions [None req-7cd631de-7b8a-4184-940c-4da46da9e831 None None] Ext name="L2 Adjacency" alias="l2_adjacency" description="Display L2 Adjacency for Neutron Networks." updated="2016-04-12T16:00:00-00:00" {{(pid=90960) _check_extension /opt/stack/neutron/neutron/api/extensions.py:415}}
Aug 17 07:10:19.382787 np0000007463 devstack@neutron-api.service[90962]: DEBUG neutron_lib.callbacks.manager [None req-3ee7e570-19fb-47c6-8334-81af3e94d532 None None] Subscribe: > security_group after_update 55550000, False {{(pid=90962) subscribe /opt/stack/data/venv/lib/python3.12/site-packages/neutron_lib/callbacks/manager.py:52}}
Aug 17 07:10:19.382910 np0000007463 devstack@neutron-api.service[90962]: DEBUG neutron_lib.callbacks.manager [None req-3ee7e570-19fb-47c6-8334-81af3e94d532 None None] Subscribe: > security_group after_create 55550000, False {{(pid=90962) subscribe /opt/stack/data/venv/lib/python3.12/site-packages/neutron_lib/callbacks/manager.py:52}}
Aug 17 07:10:19.382992 np0000007463 devstack@neutron-api.service[90962]: DEBUG neutron_lib.callbacks.manager [None req-3ee7e570-19fb-47c6-8334-81af3e94d532 None None] Subscribe: > security_group precommit_delete 55550000, False {{(pid=90962) subscribe /opt/stack/data/venv/lib/python3.12/site-packages/neutron_lib/callbacks/manager.py:52}}
Aug 17 07:10:19.383036 np0000007463 devstack@neutron-api.service[90960]: INFO neutron.api.extensions [None req-7cd631de-7b8a-4184-940c-4da46da9e831 None None] Extension l2_adjacency not supported by any of loaded plugins
Aug 17 07:10:19.383128 np0000007463 devstack@neutron-api.service[90962]: DEBUG neutron_lib.callbacks.manager [None req-3ee7e570-19fb-47c6-8334-81af3e94d532 None None] Subscribe: > security_group after_delete 55550000, False {{(pid=90962) subscribe /opt/stack/data/venv/lib/python3.12/site-packages/neutron_lib/callbacks/manager.py:52}}
Aug 17 07:10:19.383166 np0000007463 devstack@neutron-api.service[90960]: DEBUG neutron.api.extensions [None req-7cd631de-7b8a-4184-940c-4da46da9e831 None None] Loading extension file: l3.py {{(pid=90960) _load_all_extensions_from_path /opt/stack/neutron/neutron/api/extensions.py:449}}
Aug 17 07:10:19.383245 np0000007463 devstack@neutron-api.service[90962]: DEBUG neutron_lib.callbacks.manager [None req-3ee7e570-19fb-47c6-8334-81af3e94d532 None None] Subscribe: > security_group_rule precommit_create 55550000, False {{(pid=90962) subscribe /opt/stack/data/venv/lib/python3.12/site-packages/neutron_lib/callbacks/manager.py:52}}
Aug 17 07:10:19.383330 np0000007463 devstack@neutron-api.service[90962]: DEBUG neutron_lib.callbacks.manager [None req-3ee7e570-19fb-47c6-8334-81af3e94d532 None None] Subscribe: > security_group_rule after_create 55550000, False {{(pid=90962) subscribe /opt/stack/data/venv/lib/python3.12/site-packages/neutron_lib/callbacks/manager.py:52}}
Aug 17 07:10:19.383460 np0000007463 devstack@neutron-api.service[90962]: DEBUG neutron_lib.callbacks.manager [None req-3ee7e570-19fb-47c6-8334-81af3e94d532 None None] Subscribe: > security_group_rule before_delete 55550000, False {{(pid=90962) subscribe /opt/stack/data/venv/lib/python3.12/site-packages/neutron_lib/callbacks/manager.py:52}}
Aug 17 07:10:19.383604 np0000007463 devstack@neutron-api.service[90962]: DEBUG neutron_lib.callbacks.manager [None req-3ee7e570-19fb-47c6-8334-81af3e94d532 None None] Subscribe: > address_group after_create 55550000, False {{(pid=90962) subscribe /opt/stack/data/venv/lib/python3.12/site-packages/neutron_lib/callbacks/manager.py:52}}
Aug 17 07:10:19.383713 np0000007463 devstack@neutron-api.service[90962]: DEBUG neutron_lib.callbacks.manager [None req-3ee7e570-19fb-47c6-8334-81af3e94d532 None None] Subscribe: > address_group after_update 55550000, False {{(pid=90962) subscribe /opt/stack/data/venv/lib/python3.12/site-packages/neutron_lib/callbacks/manager.py:52}}
Aug 17 07:10:19.383791 np0000007463 devstack@neutron-api.service[90962]: DEBUG neutron_lib.callbacks.manager [None req-3ee7e570-19fb-47c6-8334-81af3e94d532 None None] Subscribe: > address_group after_delete 55550000, False {{(pid=90962) subscribe /opt/stack/data/venv/lib/python3.12/site-packages/neutron_lib/callbacks/manager.py:52}}
Aug 17 07:10:19.383849 np0000007463 devstack@neutron-api.service[90960]: DEBUG neutron.api.extensions [None req-7cd631de-7b8a-4184-940c-4da46da9e831 None None] Ext name="Neutron L3 Router" alias="router" description="Router abstraction for basic L3 forwarding between L2 Neutron networks and access to external networks via a NAT gateway." updated="2012-07-20T10:00:00-00:00" {{(pid=90960) _check_extension /opt/stack/neutron/neutron/api/extensions.py:415}}
Aug 17 07:10:19.383997 np0000007463 devstack@neutron-api.service[90962]: DEBUG neutron_lib.callbacks.manager [None req-3ee7e570-19fb-47c6-8334-81af3e94d532 None None] Subscribe: > qos_plugin after_init 55550000, False {{(pid=90962) subscribe /opt/stack/data/venv/lib/python3.12/site-packages/neutron_lib/callbacks/manager.py:52}}
Aug 17 07:10:19.384100 np0000007463 devstack@neutron-api.service[90960]: INFO neutron.api.extensions [None req-7cd631de-7b8a-4184-940c-4da46da9e831 None None] Loaded extension: router
Aug 17 07:10:19.384181 np0000007463 devstack@neutron-api.service[90962]: DEBUG neutron_lib.callbacks.manager [None req-3ee7e570-19fb-47c6-8334-81af3e94d532 None None] Subscribe: > trunk_plugin after_init 55550000, False {{(pid=90962) subscribe /opt/stack/data/venv/lib/python3.12/site-packages/neutron_lib/callbacks/manager.py:52}}
Aug 17 07:10:19.384257 np0000007463 devstack@neutron-api.service[90960]: DEBUG neutron.api.extensions [None req-7cd631de-7b8a-4184-940c-4da46da9e831 None None] Loading extension file: l3_agent_scheduler_ha_chassis_priority.py {{(pid=90960) _load_all_extensions_from_path /opt/stack/neutron/neutron/api/extensions.py:449}}
