Aug 22 05:56:48.501791 np0000007931 devstack@g-api.service[103035]: DEBUG glance.api.middleware.version_negotiation [None req-1b85d969-5beb-493b-bbd9-fde81381ac07 tempest-VolumesActionsTest-851119737 tempest-VolumesActionsTest-851119737-project-member] Determining version of request: GET /v2/images/92be6b07-6995-4774-956f-d11caaa1df01 Accept: application/json {{(pid=103035) process_request /opt/stack/glance/glance/api/middleware/version_negotiation.py:44}}
Aug 22 05:56:48.501791 np0000007931 devstack@g-api.service[103035]: DEBUG glance.api.middleware.version_negotiation [None req-1b85d969-5beb-493b-bbd9-fde81381ac07 tempest-VolumesActionsTest-851119737 tempest-VolumesActionsTest-851119737-project-member] Using url versioning {{(pid=103035) process_request /opt/stack/glance/glance/api/middleware/version_negotiation.py:57}}
Aug 22 05:56:48.501791 np0000007931 devstack@g-api.service[103035]: DEBUG glance.api.middleware.version_negotiation [None req-1b85d969-5beb-493b-bbd9-fde81381ac07 tempest-VolumesActionsTest-851119737 tempest-VolumesActionsTest-851119737-project-member] Matched version: v2 {{(pid=103035) process_request /opt/stack/glance/glance/api/middleware/version_negotiation.py:69}}
Aug 22 05:56:48.502519 np0000007931 devstack@g-api.service[103035]: DEBUG glance.api.middleware.version_negotiation [None req-1b85d969-5beb-493b-bbd9-fde81381ac07 tempest-VolumesActionsTest-851119737 tempest-VolumesActionsTest-851119737-project-member] new path /v2/images/92be6b07-6995-4774-956f-d11caaa1df01 {{(pid=103035) process_request /opt/stack/glance/glance/api/middleware/version_negotiation.py:70}}
Aug 22 05:56:48.527332 np0000007931 devstack@g-api.service[103035]: [pid: 103035|app: 0|req: 51/200] 127.0.0.1 () {40 vars in 838 bytes} [Sat Aug 22 05:56:48 2026] GET /v2/images/92be6b07-6995-4774-956f-d11caaa1df01 => generated 650 bytes in 24 msecs (HTTP/1.1 200) 4 headers in 157 bytes (1 switches on core 0)
Aug 22 05:56:49.162145 np0000007931 devstack@g-api.service[103036]: INFO glance.api.v2.image_data [None req-c514a6ba-c856-4225-9996-97d210b449f4 tempest-VolumesActionsTest-851119737 tempest-VolumesActionsTest-851119737-project-member] Unable to create trust: no such option collect_timing in group [keystone_authtoken] Use the existing user token.
Aug 22 05:56:49.537443 np0000007931 devstack@g-api.service[103034]: DEBUG glance.api.middleware.version_negotiation [None req-8e0206a4-6ae0-4785-ba0d-130e092b10e0 tempest-VolumesActionsTest-851119737 tempest-VolumesActionsTest-851119737-project-member] Determining version of request: GET /v2/images/92be6b07-6995-4774-956f-d11caaa1df01 Accept: application/json {{(pid=103034) process_request /opt/stack/glance/glance/api/middleware/version_negotiation.py:44}}
Aug 22 05:56:49.537858 np0000007931 devstack@g-api.service[103034]: DEBUG glance.api.middleware.version_negotiation [None req-8e0206a4-6ae0-4785-ba0d-130e092b10e0 tempest-VolumesActionsTest-851119737 tempest-VolumesActionsTest-851119737-project-member] Using url versioning {{(pid=103034) process_request /opt/stack/glance/glance/api/middleware/version_negotiation.py:57}}
Aug 22 05:56:49.537858 np0000007931 devstack@g-api.service[103034]: DEBUG glance.api.middleware.version_negotiation [None req-8e0206a4-6ae0-4785-ba0d-130e092b10e0 tempest-VolumesActionsTest-851119737 tempest-VolumesActionsTest-851119737-project-member] Matched version: v2 {{(pid=103034) process_request /opt/stack/glance/glance/api/middleware/version_negotiation.py:69}}
Aug 22 05:56:49.537995 np0000007931 devstack@g-api.service[103034]: DEBUG glance.api.middleware.version_negotiation [None req-8e0206a4-6ae0-4785-ba0d-130e092b10e0 tempest-VolumesActionsTest-851119737 tempest-VolumesActionsTest-851119737-project-member] new path /v2/images/92be6b07-6995-4774-956f-d11caaa1df01 {{(pid=103034) process_request /opt/stack/glance/glance/api/middleware/version_negotiation.py:70}}
Aug 22 05:56:49.561977 np0000007931 devstack@g-api.service[103034]: [pid: 103034|app: 0|req: 49/201] 127.0.0.1 () {40 vars in 838 bytes} [Sat Aug 22 05:56:49 2026] GET /v2/images/92be6b07-6995-4774-956f-d11caaa1df01 => generated 650 bytes in 25 msecs (HTTP/1.1 200) 4 headers in 157 bytes (1 switches on core 0)
Aug 22 05:56:49.871326 np0000007931 devstack@g-api.service[103036]: DEBUG glance.location [None req-c514a6ba-c856-4225-9996-97d210b449f4 tempest-VolumesActionsTest-851119737 tempest-VolumesActionsTest-851119737-project-member] Enabling in-flight format inspection for raw {{(pid=103036) set_data /opt/stack/glance/glance/location.py:596}}
Aug 22 05:56:49.871878 np0000007931 devstack@g-api.service[103036]: DEBUG glance_store.backend [None req-c514a6ba-c856-4225-9996-97d210b449f4 tempest-VolumesActionsTest-851119737 tempest-VolumesActionsTest-851119737-project-member] Attempting to import store swift {{(pid=103036) _load_store /opt/stack/data/venv/lib/python3.12/site-packages/glance_store/backend.py:215}}
Aug 22 05:56:49.876378 np0000007931 devstack@g-api.service[103036]: DEBUG glance_store.capabilities [None req-c514a6ba-c856-4225-9996-97d210b449f4 tempest-VolumesActionsTest-851119737 tempest-VolumesActionsTest-851119737-project-member] Store glance_store._drivers.swift.store.SingleTenantStore doesn't support updating dynamic storage capabilities. Please overwrite 'update_capabilities' method of the store to implement updating logics if needed. {{(pid=103036) update_capabilities /opt/stack/data/venv/lib/python3.12/site-packages/glance_store/capabilities.py:91}}
Aug 22 05:56:49.876756 np0000007931 devstack@g-api.service[103036]: DEBUG glance_store.driver [None req-c514a6ba-c856-4225-9996-97d210b449f4 tempest-VolumesActionsTest-851119737 tempest-VolumesActionsTest-851119737-project-member] Late loading location class glance_store._drivers.swift.store.StoreLocation {{(pid=103036) get_store_location_class /opt/stack/data/venv/lib/python3.12/site-packages/glance_store/driver.py:134}}
Aug 22 05:56:49.877036 np0000007931 devstack@g-api.service[103036]: DEBUG glance_store.location [None req-c514a6ba-c856-4225-9996-97d210b449f4 tempest-VolumesActionsTest-851119737 tempest-VolumesActionsTest-851119737-project-member] Registering scheme swift+https with {'store': , 'location_class': , 'store_entry': 'swift'} {{(pid=103036) register_scheme_map /opt/stack/data/venv/lib/python3.12/site-packages/glance_store/location.py:146}}
Aug 22 05:56:49.877248 np0000007931 devstack@g-api.service[103036]: DEBUG glance_store.location [None req-c514a6ba-c856-4225-9996-97d210b449f4 tempest-VolumesActionsTest-851119737 tempest-VolumesActionsTest-851119737-project-member] Registering scheme swift+https with {'store': , 'location_class': , 'store_entry': 'swift'} {{(pid=103036) register_scheme_map /opt/stack/data/venv/lib/python3.12/site-packages/glance_store/location.py:146}}
Aug 22 05:56:49.877390 np0000007931 devstack@g-api.service[103036]: DEBUG glance_store.location [None req-c514a6ba-c856-4225-9996-97d210b449f4 tempest-VolumesActionsTest-851119737 tempest-VolumesActionsTest-851119737-project-member] Registering scheme swift with {'store': , 'location_class': , 'store_entry': 'swift'} {{(pid=103036) register_scheme_map /opt/stack/data/venv/lib/python3.12/site-packages/glance_store/location.py:146}}
Aug 22 05:56:49.877499 np0000007931 devstack@g-api.service[103036]: DEBUG glance_store.location [None req-c514a6ba-c856-4225-9996-97d210b449f4 tempest-VolumesActionsTest-851119737 tempest-VolumesActionsTest-851119737-project-member] Registering scheme swift+https with {'store': , 'location_class': , 'store_entry': 'swift'} {{(pid=103036) register_scheme_map /opt/stack/data/venv/lib/python3.12/site-packages/glance_store/location.py:146}}
Aug 22 05:56:49.877641 np0000007931 devstack@g-api.service[103036]: DEBUG glance_store.location [None req-c514a6ba-c856-4225-9996-97d210b449f4 tempest-VolumesActionsTest-851119737 tempest-VolumesActionsTest-851119737-project-member] Registering scheme swift with {'store': , 'location_class': , 'store_entry': 'swift'} {{(pid=103036) register_scheme_map /opt/stack/data/venv/lib/python3.12/site-packages/glance_store/location.py:146}}
Aug 22 05:56:49.877701 np0000007931 devstack@g-api.service[103036]: DEBUG glance_store.location [None req-c514a6ba-c856-4225-9996-97d210b449f4 tempest-VolumesActionsTest-851119737 tempest-VolumesActionsTest-851119737-project-member] Registering scheme swift+http with {'store': , 'location_class': , 'store_entry': 'swift'} {{(pid=103036) register_scheme_map /opt/stack/data/venv/lib/python3.12/site-packages/glance_store/location.py:146}}
Aug 22 05:56:49.877761 np0000007931 devstack@g-api.service[103036]: DEBUG glance_store.location [None req-c514a6ba-c856-4225-9996-97d210b449f4 tempest-VolumesActionsTest-851119737 tempest-VolumesActionsTest-851119737-project-member] Registering scheme swift+https with {'store': , 'location_class': , 'store_entry': 'swift'} {{(pid=103036) register_scheme_map /opt/stack/data/venv/lib/python3.12/site-packages/glance_store/location.py:146}}
Aug 22 05:56:49.877960 np0000007931 devstack@g-api.service[103036]: DEBUG glance_store.location [None req-c514a6ba-c856-4225-9996-97d210b449f4 tempest-VolumesActionsTest-851119737 tempest-VolumesActionsTest-851119737-project-member] Registering scheme swift with {'store': , 'location_class': , 'store_entry': 'swift'} {{(pid=103036) register_scheme_map /opt/stack/data/venv/lib/python3.12/site-packages/glance_store/location.py:146}}
Aug 22 05:56:49.877960 np0000007931 devstack@g-api.service[103036]: DEBUG glance_store.location [None req-c514a6ba-c856-4225-9996-97d210b449f4 tempest-VolumesActionsTest-851119737 tempest-VolumesActionsTest-851119737-project-member] Registering scheme swift+http with {'store': , 'location_class': , 'store_entry': 'swift'} {{(pid=103036) register_scheme_map /opt/stack/data/venv/lib/python3.12/site-packages/glance_store/location.py:146}}
Aug 22 05:56:49.877960 np0000007931 devstack@g-api.service[103036]: DEBUG glance_store.location [None req-c514a6ba-c856-4225-9996-97d210b449f4 tempest-VolumesActionsTest-851119737 tempest-VolumesActionsTest-851119737-project-member] Registering scheme swift+config with {'store': , 'location_class': , 'store_entry': 'swift'} {{(pid=103036) register_scheme_map /opt/stack/data/venv/lib/python3.12/site-packages/glance_store/location.py:146}}
Aug 22 05:56:50.249819 np0000007931 devstack@g-api.service[103036]: DEBUG swiftclient [None req-c514a6ba-c856-4225-9996-97d210b449f4 tempest-VolumesActionsTest-851119737 tempest-VolumesActionsTest-851119737-project-member] REQ: curl -i https://10.4.3.194:8080/v1/AUTH_b68cb8717a014831a2a78f6ee2141c94/glance -I -H "X-Auth-Token: gAAAAABqiTohS4sX..." {{(pid=103036) http_log /opt/stack/data/venv/lib/python3.12/site-packages/swiftclient/client.py:160}}
Aug 22 05:56:50.250004 np0000007931 devstack@g-api.service[103036]: DEBUG swiftclient [None req-c514a6ba-c856-4225-9996-97d210b449f4 tempest-VolumesActionsTest-851119737 tempest-VolumesActionsTest-851119737-project-member] RESP STATUS: 204 No Content {{(pid=103036) http_log /opt/stack/data/venv/lib/python3.12/site-packages/swiftclient/client.py:161}}
Aug 22 05:56:50.250276 np0000007931 devstack@g-api.service[103036]: DEBUG swiftclient [None req-c514a6ba-c856-4225-9996-97d210b449f4 tempest-VolumesActionsTest-851119737 tempest-VolumesActionsTest-851119737-project-member] RESP HEADERS: {'Date': 'Sat, 22 Aug 2026 05:56:50 GMT', 'Server': 'Apache/2.4.58 (Ubuntu)', 'Content-Type': 'text/plain; charset=utf-8', 'X-Container-Object-Count': '5', 'X-Container-Bytes-Used': '118292480', 'X-Timestamp': '1787377925.63095', 'Last-Modified': 'Sat, 22 Aug 2026 05:52:06 GMT', 'Accept-Ranges': 'bytes', 'X-Storage-Policy': 'Policy-0', 'X-Container-Sharding': 'False', 'Vary': 'Accept', 'X-Trans-Id': 'tx9bd3abf7f74d443bb9883-006a893a21', 'X-Openstack-Request-Id': 'tx9bd3abf7f74d443bb9883-006a893a21', 'Connection': 'close'} {{(pid=103036) http_log /opt/stack/data/venv/lib/python3.12/site-packages/swiftclient/client.py:162}}
Aug 22 05:56:50.250507 np0000007931 devstack@g-api.service[103036]: DEBUG glance_store._drivers.swift.store [None req-c514a6ba-c856-4225-9996-97d210b449f4 tempest-VolumesActionsTest-851119737 tempest-VolumesActionsTest-851119737-project-member] Adding image object '92be6b07-6995-4774-956f-d11caaa1df01' to Swift {{(pid=103036) add /opt/stack/data/venv/lib/python3.12/site-packages/glance_store/_drivers/swift/store.py:970}}
Aug 22 05:56:50.250612 np0000007931 devstack@g-api.service[103036]: DEBUG glance_store._drivers.swift.store [None req-c514a6ba-c856-4225-9996-97d210b449f4 tempest-VolumesActionsTest-851119737 tempest-VolumesActionsTest-851119737-project-member] Cannot determine image size because it is either not provided in the request or chunked-transfer encoding is used. Adding image as a segmented object to Swift. {{(pid=103036) add /opt/stack/data/venv/lib/python3.12/site-packages/glance_store/_drivers/swift/store.py:994}}
Aug 22 05:56:50.258717 np0000007931 devstack@g-api.service[103036]: DEBUG oslo_utils.imageutils.format_inspector [None req-c514a6ba-c856-4225-9996-97d210b449f4 tempest-VolumesActionsTest-851119737 tempest-VolumesActionsTest-851119737-project-member] Format inspector for vmdk does not match, excluding from consideration (Signature KDMV not found: b'\x00\x00\x00\x00') {{(pid=103036) _process_chunk /opt/stack/data/venv/lib/python3.12/site-packages/oslo_utils/imageutils/format_inspector.py:1758}}
Aug 22 05:56:50.262361 np0000007931 devstack@g-api.service[103036]: DEBUG oslo_utils.imageutils.format_inspector [None req-c514a6ba-c856-4225-9996-97d210b449f4 tempest-VolumesActionsTest-851119737 tempest-VolumesActionsTest-851119737-project-member] Format inspector for vhdx does not match, excluding from consideration (Region signature not found at 30000) {{(pid=103036) _process_chunk /opt/stack/data/venv/lib/python3.12/site-packages/oslo_utils/imageutils/format_inspector.py:1758}}
Aug 22 05:56:50.574751 np0000007931 devstack@g-api.service[103033]: DEBUG glance.api.middleware.version_negotiation [None req-cbc61e08-aa02-4b4a-951d-2f499f0e4ba9 tempest-VolumesActionsTest-851119737 tempest-VolumesActionsTest-851119737-project-member] Determining version of request: GET /v2/images/92be6b07-6995-4774-956f-d11caaa1df01 Accept: application/json {{(pid=103033) process_request /opt/stack/glance/glance/api/middleware/version_negotiation.py:44}}
Aug 22 05:56:50.575134 np0000007931 devstack@g-api.service[103033]: DEBUG glance.api.middleware.version_negotiation [None req-cbc61e08-aa02-4b4a-951d-2f499f0e4ba9 tempest-VolumesActionsTest-851119737 tempest-VolumesActionsTest-851119737-project-member] Using url versioning {{(pid=103033) process_request /opt/stack/glance/glance/api/middleware/version_negotiation.py:57}}
Aug 22 05:56:50.575134 np0000007931 devstack@g-api.service[103033]: DEBUG glance.api.middleware.version_negotiation [None req-cbc61e08-aa02-4b4a-951d-2f499f0e4ba9 tempest-VolumesActionsTest-851119737 tempest-VolumesActionsTest-851119737-project-member] Matched version: v2 {{(pid=103033) process_request /opt/stack/glance/glance/api/middleware/version_negotiation.py:69}}
Aug 22 05:56:50.575210 np0000007931 devstack@g-api.service[103033]: DEBUG glance.api.middleware.version_negotiation [None req-cbc61e08-aa02-4b4a-951d-2f499f0e4ba9 tempest-VolumesActionsTest-851119737 tempest-VolumesActionsTest-851119737-project-member] new path /v2/images/92be6b07-6995-4774-956f-d11caaa1df01 {{(pid=103033) process_request /opt/stack/glance/glance/api/middleware/version_negotiation.py:70}}
Aug 22 05:56:50.585381 np0000007931 devstack@g-api.service[103033]: [pid: 103033|app: 0|req: 53/202] 127.0.0.1 () {40 vars in 838 bytes} [Sat Aug 22 05:56:50 2026] GET /v2/images/92be6b07-6995-4774-956f-d11caaa1df01 => generated 650 bytes in 10 msecs (HTTP/1.1 200) 4 headers in 157 bytes (1 switches on core 0)
Aug 22 05:56:51.601263 np0000007931 devstack@g-api.service[103035]: DEBUG glance.api.middleware.version_negotiation [None req-1e5f5071-a1e2-4232-8e17-b0f537c5bb6e tempest-VolumesActionsTest-851119737 tempest-VolumesActionsTest-851119737-project-member] Determining version of request: GET /v2/images/92be6b07-6995-4774-956f-d11caaa1df01 Accept: application/json {{(pid=103035) process_request /opt/stack/glance/glance/api/middleware/version_negotiation.py:44}}
Aug 22 05:56:51.601263 np0000007931 devstack@g-api.service[103035]: DEBUG glance.api.middleware.version_negotiation [None req-1e5f5071-a1e2-4232-8e17-b0f537c5bb6e tempest-VolumesActionsTest-851119737 tempest-VolumesActionsTest-851119737-project-member] Using url versioning {{(pid=103035) process_request /opt/stack/glance/glance/api/middleware/version_negotiation.py:57}}
Aug 22 05:56:51.601645 np0000007931 devstack@g-api.service[103035]: DEBUG glance.api.middleware.version_negotiation [None req-1e5f5071-a1e2-4232-8e17-b0f537c5bb6e tempest-VolumesActionsTest-851119737 tempest-VolumesActionsTest-851119737-project-member] Matched version: v2 {{(pid=103035) process_request /opt/stack/glance/glance/api/middleware/version_negotiation.py:69}}
Aug 22 05:56:51.601645 np0000007931 devstack@g-api.service[103035]: DEBUG glance.api.middleware.version_negotiation [None req-1e5f5071-a1e2-4232-8e17-b0f537c5bb6e tempest-VolumesActionsTest-851119737 tempest-VolumesActionsTest-851119737-project-member] new path /v2/images/92be6b07-6995-4774-956f-d11caaa1df01 {{(pid=103035) process_request /opt/stack/glance/glance/api/middleware/version_negotiation.py:70}}
Aug 22 05:56:51.622180 np0000007931 devstack@g-api.service[103035]: [pid: 103035|app: 0|req: 52/203] 127.0.0.1 () {40 vars in 838 bytes} [Sat Aug 22 05:56:51 2026] GET /v2/images/92be6b07-6995-4774-956f-d11caaa1df01 => generated 650 bytes in 21 msecs (HTTP/1.1 200) 4 headers in 157 bytes (1 switches on core 0)
Aug 22 05:56:52.404328 np0000007931 devstack@g-api.service[103034]: DEBUG glance.api.middleware.version_negotiation [None req-627de01d-3195-4f35-958a-75c3f8e5acf1 tempest-VolumesActionsTest-851119737 tempest-VolumesActionsTest-851119737-project-member] Determining version of request: GET /v2/images/4b363544-2960-4300-be8f-09a20a07d3a0 Accept: */* {{(pid=103034) process_request /opt/stack/glance/glance/api/middleware/version_negotiation.py:44}}
Aug 22 05:56:52.404759 np0000007931 devstack@g-api.service[103034]: DEBUG glance.api.middleware.version_negotiation [None req-627de01d-3195-4f35-958a-75c3f8e5acf1 tempest-VolumesActionsTest-851119737 tempest-VolumesActionsTest-851119737-project-member] Using url versioning {{(pid=103034) process_request /opt/stack/glance/glance/api/middleware/version_negotiation.py:57}}
Aug 22 05:56:52.404759 np0000007931 devstack@g-api.service[103034]: DEBUG glance.api.middleware.version_negotiation [None req-627de01d-3195-4f35-958a-75c3f8e5acf1 tempest-VolumesActionsTest-851119737 tempest-VolumesActionsTest-851119737-project-member] Matched version: v2 {{(pid=103034) process_request /opt/stack/glance/glance/api/middleware/version_negotiation.py:69}}
Aug 22 05:56:52.406200 np0000007931 devstack@g-api.service[103034]: DEBUG glance.api.middleware.version_negotiation [None req-627de01d-3195-4f35-958a-75c3f8e5acf1 tempest-VolumesActionsTest-851119737 tempest-VolumesActionsTest-851119737-project-member] new path /v2/images/4b363544-2960-4300-be8f-09a20a07d3a0 {{(pid=103034) process_request /opt/stack/glance/glance/api/middleware/version_negotiation.py:70}}
Aug 22 05:56:52.417907 np0000007931 devstack@g-api.service[103034]: [pid: 103034|app: 0|req: 50/204] 127.0.0.1 () {44 vars in 1115 bytes} [Sat Aug 22 05:56:52 2026] GET /v2/images/4b363544-2960-4300-be8f-09a20a07d3a0 => generated 1044 bytes in 13 msecs (HTTP/1.1 200) 4 headers in 158 bytes (1 switches on core 0)
Aug 22 05:56:52.471089 np0000007931 devstack@g-api.service[103033]: DEBUG glance.api.middleware.version_negotiation [None req-836f9c7f-4003-4557-b3d7-fd36da689822 tempest-VolumesActionsTest-851119737 tempest-VolumesActionsTest-851119737-project-member] Determining version of request: GET /v2/schemas/image Accept: */* {{(pid=103033) process_request /opt/stack/glance/glance/api/middleware/version_negotiation.py:44}}
Aug 22 05:56:52.471492 np0000007931 devstack@g-api.service[103033]: DEBUG glance.api.middleware.version_negotiation [None req-836f9c7f-4003-4557-b3d7-fd36da689822 tempest-VolumesActionsTest-851119737 tempest-VolumesActionsTest-851119737-project-member] Using url versioning {{(pid=103033) process_request /opt/stack/glance/glance/api/middleware/version_negotiation.py:57}}
Aug 22 05:56:52.472076 np0000007931 devstack@g-api.service[103033]: DEBUG glance.api.middleware.version_negotiation [None req-836f9c7f-4003-4557-b3d7-fd36da689822 tempest-VolumesActionsTest-851119737 tempest-VolumesActionsTest-851119737-project-member] Matched version: v2 {{(pid=103033) process_request /opt/stack/glance/glance/api/middleware/version_negotiation.py:69}}
Aug 22 05:56:52.472076 np0000007931 devstack@g-api.service[103033]: DEBUG glance.api.middleware.version_negotiation [None req-836f9c7f-4003-4557-b3d7-fd36da689822 tempest-VolumesActionsTest-851119737 tempest-VolumesActionsTest-851119737-project-member] new path /v2/schemas/image {{(pid=103033) process_request /opt/stack/glance/glance/api/middleware/version_negotiation.py:70}}
Aug 22 05:56:52.475156 np0000007931 devstack@g-api.service[103033]: [pid: 103033|app: 0|req: 54/205] 127.0.0.1 () {44 vars in 1055 bytes} [Sat Aug 22 05:56:52 2026] GET /v2/schemas/image => generated 6083 bytes in 4 msecs (HTTP/1.1 200) 4 headers in 158 bytes (1 switches on core 0)
Aug 22 05:56:52.605492 np0000007931 devstack@g-api.service[103036]: DEBUG swiftclient [None req-c514a6ba-c856-4225-9996-97d210b449f4 tempest-VolumesActionsTest-851119737 tempest-VolumesActionsTest-851119737-project-member] REQ: curl -i https://10.4.3.194:8080/v1/AUTH_b68cb8717a014831a2a78f6ee2141c94/glance/92be6b07-6995-4774-956f-d11caaa1df01-00001 -X PUT -H "X-Auth-Token: gAAAAABqiTohS4sX..." {{(pid=103036) http_log /opt/stack/data/venv/lib/python3.12/site-packages/swiftclient/client.py:160}}
Aug 22 05:56:52.605492 np0000007931 devstack@g-api.service[103036]: DEBUG swiftclient [None req-c514a6ba-c856-4225-9996-97d210b449f4 tempest-VolumesActionsTest-851119737 tempest-VolumesActionsTest-851119737-project-member] RESP STATUS: 201 Created {{(pid=103036) http_log /opt/stack/data/venv/lib/python3.12/site-packages/swiftclient/client.py:161}}
Aug 22 05:56:52.605492 np0000007931 devstack@g-api.service[103036]: DEBUG swiftclient [None req-c514a6ba-c856-4225-9996-97d210b449f4 tempest-VolumesActionsTest-851119737 tempest-VolumesActionsTest-851119737-project-member] RESP HEADERS: {'Date': 'Sat, 22 Aug 2026 05:56:52 GMT', 'Server': 'Apache/2.4.58 (Ubuntu)', 'Content-Type': 'text/html; charset=UTF-8', 'Content-Length': '0', 'Etag': 'eda9a9889837ac4bc81d6387d92c1bec', 'Last-Modified': 'Sat, 22 Aug 2026 05:56:51 GMT', 'X-Trans-Id': 'tx965cc7e3054c413db2c5c-006a893a22', 'X-Openstack-Request-Id': 'tx965cc7e3054c413db2c5c-006a893a22', 'Connection': 'close'} {{(pid=103036) http_log /opt/stack/data/venv/lib/python3.12/site-packages/swiftclient/client.py:162}}
Aug 22 05:56:52.605492 np0000007931 devstack@g-api.service[103036]: DEBUG glance_store._drivers.swift.store [None req-c514a6ba-c856-4225-9996-97d210b449f4 tempest-VolumesActionsTest-851119737 tempest-VolumesActionsTest-851119737-project-member] Wrote chunk 92be6b07-6995-4774-956f-d11caaa1df01-00001 (1/?) of length 204800000 to Swift returning MD5 of content: eda9a9889837ac4bc81d6387d92c1bec {{(pid=103036) add /opt/stack/data/venv/lib/python3.12/site-packages/glance_store/_drivers/swift/store.py:1059}}
Aug 22 05:56:52.635777 np0000007931 devstack@g-api.service[103035]: DEBUG glance.api.middleware.version_negotiation [None req-7b3664a0-1ba0-48b3-9716-42e06c9889cc tempest-VolumesActionsTest-851119737 tempest-VolumesActionsTest-851119737-project-member] Determining version of request: GET /v2/images/92be6b07-6995-4774-956f-d11caaa1df01 Accept: application/json {{(pid=103035) process_request /opt/stack/glance/glance/api/middleware/version_negotiation.py:44}}
Aug 22 05:56:52.635777 np0000007931 devstack@g-api.service[103035]: DEBUG glance.api.middleware.version_negotiation [None req-7b3664a0-1ba0-48b3-9716-42e06c9889cc tempest-VolumesActionsTest-851119737 tempest-VolumesActionsTest-851119737-project-member] Using url versioning {{(pid=103035) process_request /opt/stack/glance/glance/api/middleware/version_negotiation.py:57}}
Aug 22 05:56:52.635777 np0000007931 devstack@g-api.service[103035]: DEBUG glance.api.middleware.version_negotiation [None req-7b3664a0-1ba0-48b3-9716-42e06c9889cc tempest-VolumesActionsTest-851119737 tempest-VolumesActionsTest-851119737-project-member] Matched version: v2 {{(pid=103035) process_request /opt/stack/glance/glance/api/middleware/version_negotiation.py:69}}
Aug 22 05:56:52.635777 np0000007931 devstack@g-api.service[103035]: DEBUG glance.api.middleware.version_negotiation [None req-7b3664a0-1ba0-48b3-9716-42e06c9889cc tempest-VolumesActionsTest-851119737 tempest-VolumesActionsTest-851119737-project-member] new path /v2/images/92be6b07-6995-4774-956f-d11caaa1df01 {{(pid=103035) process_request /opt/stack/glance/glance/api/middleware/version_negotiation.py:70}}
Aug 22 05:56:52.653618 np0000007931 devstack@g-api.service[103035]: [pid: 103035|app: 0|req: 53/206] 127.0.0.1 () {40 vars in 838 bytes} [Sat Aug 22 05:56:52 2026] GET /v2/images/92be6b07-6995-4774-956f-d11caaa1df01 => generated 650 bytes in 18 msecs (HTTP/1.1 200) 4 headers in 157 bytes (1 switches on core 0)
Aug 22 05:56:52.886799 np0000007931 devstack@g-api.service[103034]: DEBUG glance.api.middleware.version_negotiation [None req-908857c1-7f74-4431-8ceb-78b9da4cc01a tempest-ServerActionsTestOtherA-450306588 tempest-ServerActionsTestOtherA-450306588-project-member] Determining version of request: GET /v2/images/4b363544-2960-4300-be8f-09a20a07d3a0 Accept: */* {{(pid=103034) process_request /opt/stack/glance/glance/api/middleware/version_negotiation.py:44}}
Aug 22 05:56:52.886799 np0000007931 devstack@g-api.service[103034]: DEBUG glance.api.middleware.version_negotiation [None req-908857c1-7f74-4431-8ceb-78b9da4cc01a tempest-ServerActionsTestOtherA-450306588 tempest-ServerActionsTestOtherA-450306588-project-member] Using url versioning {{(pid=103034) process_request /opt/stack/glance/glance/api/middleware/version_negotiation.py:57}}
Aug 22 05:56:52.886799 np0000007931 devstack@g-api.service[103034]: DEBUG glance.api.middleware.version_negotiation [None req-908857c1-7f74-4431-8ceb-78b9da4cc01a tempest-ServerActionsTestOtherA-450306588 tempest-ServerActionsTestOtherA-450306588-project-member] Matched version: v2 {{(pid=103034) process_request /opt/stack/glance/glance/api/middleware/version_negotiation.py:69}}
Aug 22 05:56:52.886799 np0000007931 devstack@g-api.service[103034]: DEBUG glance.api.middleware.version_negotiation [None req-908857c1-7f74-4431-8ceb-78b9da4cc01a tempest-ServerActionsTestOtherA-450306588 tempest-ServerActionsTestOtherA-450306588-project-member] new path /v2/images/4b363544-2960-4300-be8f-09a20a07d3a0 {{(pid=103034) process_request /opt/stack/glance/glance/api/middleware/version_negotiation.py:70}}
Aug 22 05:56:52.906280 np0000007931 devstack@g-api.service[103034]: [pid: 103034|app: 0|req: 51/207] 127.0.0.1 () {44 vars in 1115 bytes} [Sat Aug 22 05:56:52 2026] GET /v2/images/4b363544-2960-4300-be8f-09a20a07d3a0 => generated 1044 bytes in 21 msecs (HTTP/1.1 200) 4 headers in 158 bytes (1 switches on core 0)
Aug 22 05:56:52.956700 np0000007931 devstack@g-api.service[103033]: DEBUG glance.api.middleware.version_negotiation [None req-908857c1-7f74-4431-8ceb-78b9da4cc01a tempest-ServerActionsTestOtherA-450306588 tempest-ServerActionsTestOtherA-450306588-project-member] Determining version of request: GET /v2/schemas/image Accept: */* {{(pid=103033) process_request /opt/stack/glance/glance/api/middleware/version_negotiation.py:44}}
Aug 22 05:56:52.956840 np0000007931 devstack@g-api.service[103033]: DEBUG glance.api.middleware.version_negotiation [None req-908857c1-7f74-4431-8ceb-78b9da4cc01a tempest-ServerActionsTestOtherA-450306588 tempest-ServerActionsTestOtherA-450306588-project-member] Using url versioning {{(pid=103033) process_request /opt/stack/glance/glance/api/middleware/version_negotiation.py:57}}
Aug 22 05:56:52.956933 np0000007931 devstack@g-api.service[103033]: DEBUG glance.api.middleware.version_negotiation [None req-908857c1-7f74-4431-8ceb-78b9da4cc01a tempest-ServerActionsTestOtherA-450306588 tempest-ServerActionsTestOtherA-450306588-project-member] Matched version: v2 {{(pid=103033) process_request /opt/stack/glance/glance/api/middleware/version_negotiation.py:69}}
Aug 22 05:56:52.957874 np0000007931 devstack@g-api.service[103033]: DEBUG glance.api.middleware.version_negotiation [None req-908857c1-7f74-4431-8ceb-78b9da4cc01a tempest-ServerActionsTestOtherA-450306588 tempest-ServerActionsTestOtherA-450306588-project-member] new path /v2/schemas/image {{(pid=103033) process_request /opt/stack/glance/glance/api/middleware/version_negotiation.py:70}}
Aug 22 05:56:52.961201 np0000007931 devstack@g-api.service[103033]: [pid: 103033|app: 0|req: 55/208] 127.0.0.1 () {44 vars in 1055 bytes} [Sat Aug 22 05:56:52 2026] GET /v2/schemas/image => generated 6083 bytes in 4 msecs (HTTP/1.1 200) 4 headers in 158 bytes (1 switches on core 0)
Aug 22 05:56:53.210762 np0000007931 devstack@g-api.service[103035]: DEBUG glance.api.middleware.version_negotiation [None req-f0856aca-9585-4eef-b096-bf2aa3273a0b tempest-VolumesActionsTest-851119737 tempest-VolumesActionsTest-851119737-project-member] Determining version of request: GET /v2/images/4b363544-2960-4300-be8f-09a20a07d3a0 Accept: */* {{(pid=103035) process_request /opt/stack/glance/glance/api/middleware/version_negotiation.py:44}}
Aug 22 05:56:53.210762 np0000007931 devstack@g-api.service[103035]: DEBUG glance.api.middleware.version_negotiation [None req-f0856aca-9585-4eef-b096-bf2aa3273a0b tempest-VolumesActionsTest-851119737 tempest-VolumesActionsTest-851119737-project-member] Using url versioning {{(pid=103035) process_request /opt/stack/glance/glance/api/middleware/version_negotiation.py:57}}
Aug 22 05:56:53.210762 np0000007931 devstack@g-api.service[103035]: DEBUG glance.api.middleware.version_negotiation [None req-f0856aca-9585-4eef-b096-bf2aa3273a0b tempest-VolumesActionsTest-851119737 tempest-VolumesActionsTest-851119737-project-member] Matched version: v2 {{(pid=103035) process_request /opt/stack/glance/glance/api/middleware/version_negotiation.py:69}}
Aug 22 05:56:53.210905 np0000007931 devstack@g-api.service[103035]: DEBUG glance.api.middleware.version_negotiation [None req-f0856aca-9585-4eef-b096-bf2aa3273a0b tempest-VolumesActionsTest-851119737 tempest-VolumesActionsTest-851119737-project-member] new path /v2/images/4b363544-2960-4300-be8f-09a20a07d3a0 {{(pid=103035) process_request /opt/stack/glance/glance/api/middleware/version_negotiation.py:70}}
Aug 22 05:56:53.219075 np0000007931 devstack@g-api.service[103035]: DEBUG dbcounter [-] [103035] Writing DB stats glance:SELECT=41 {{(pid=103035) stat_writer /opt/stack/data/venv/lib/python3.12/site-packages/dbcounter.py:115}}
Aug 22 05:56:53.237429 np0000007931 devstack@g-api.service[103035]: [pid: 103035|app: 0|req: 54/209] 127.0.0.1 () {44 vars in 1115 bytes} [Sat Aug 22 05:56:53 2026] GET /v2/images/4b363544-2960-4300-be8f-09a20a07d3a0 => generated 1044 bytes in 28 msecs (HTTP/1.1 200) 4 headers in 158 bytes (1 switches on core 0)
Aug 22 05:56:53.295041 np0000007931 devstack@g-api.service[103034]: DEBUG glance.api.middleware.version_negotiation [None req-908857c1-7f74-4431-8ceb-78b9da4cc01a tempest-ServerActionsTestOtherA-450306588 tempest-ServerActionsTestOtherA-450306588-project-member] Determining version of request: GET /v2/schemas/image Accept: */* {{(pid=103034) process_request /opt/stack/glance/glance/api/middleware/version_negotiation.py:44}}
Aug 22 05:56:53.295162 np0000007931 devstack@g-api.service[103034]: DEBUG glance.api.middleware.version_negotiation [None req-908857c1-7f74-4431-8ceb-78b9da4cc01a tempest-ServerActionsTestOtherA-450306588 tempest-ServerActionsTestOtherA-450306588-project-member] Using url versioning {{(pid=103034) process_request /opt/stack/glance/glance/api/middleware/version_negotiation.py:57}}
Aug 22 05:56:53.295297 np0000007931 devstack@g-api.service[103034]: DEBUG glance.api.middleware.version_negotiation [None req-908857c1-7f74-4431-8ceb-78b9da4cc01a tempest-ServerActionsTestOtherA-450306588 tempest-ServerActionsTestOtherA-450306588-project-member] Matched version: v2 {{(pid=103034) process_request /opt/stack/glance/glance/api/middleware/version_negotiation.py:69}}
Aug 22 05:56:53.295787 np0000007931 devstack@g-api.service[103034]: DEBUG glance.api.middleware.version_negotiation [None req-908857c1-7f74-4431-8ceb-78b9da4cc01a tempest-ServerActionsTestOtherA-450306588 tempest-ServerActionsTestOtherA-450306588-project-member] new path /v2/schemas/image {{(pid=103034) process_request /opt/stack/glance/glance/api/middleware/version_negotiation.py:70}}
Aug 22 05:56:53.299608 np0000007931 devstack@g-api.service[103034]: [pid: 103034|app: 0|req: 52/210] 127.0.0.1 () {44 vars in 1055 bytes} [Sat Aug 22 05:56:53 2026] GET /v2/schemas/image => generated 6083 bytes in 5 msecs (HTTP/1.1 200) 4 headers in 158 bytes (1 switches on core 0)
Aug 22 05:56:53.667620 np0000007931 devstack@g-api.service[103033]: DEBUG glance.api.middleware.version_negotiation [None req-908857c1-7f74-4431-8ceb-78b9da4cc01a tempest-ServerActionsTestOtherA-450306588 tempest-ServerActionsTestOtherA-450306588-project-member] Determining version of request: GET /v2/images/92be6b07-6995-4774-956f-d11caaa1df01 Accept: application/json {{(pid=103033) process_request /opt/stack/glance/glance/api/middleware/version_negotiation.py:44}}
Aug 22 05:56:53.667620 np0000007931 devstack@g-api.service[103033]: DEBUG glance.api.middleware.version_negotiation [None req-908857c1-7f74-4431-8ceb-78b9da4cc01a tempest-ServerActionsTestOtherA-450306588 tempest-ServerActionsTestOtherA-450306588-project-member] Using url versioning {{(pid=103033) process_request /opt/stack/glance/glance/api/middleware/version_negotiation.py:57}}
Aug 22 05:56:53.667620 np0000007931 devstack@g-api.service[103033]: DEBUG glance.api.middleware.version_negotiation [None req-908857c1-7f74-4431-8ceb-78b9da4cc01a tempest-ServerActionsTestOtherA-450306588 tempest-ServerActionsTestOtherA-450306588-project-member] Matched version: v2 {{(pid=103033) process_request /opt/stack/glance/glance/api/middleware/version_negotiation.py:69}}
Aug 22 05:56:53.667620 np0000007931 devstack@g-api.service[103033]: DEBUG glance.api.middleware.version_negotiation [None req-908857c1-7f74-4431-8ceb-78b9da4cc01a tempest-ServerActionsTestOtherA-450306588 tempest-ServerActionsTestOtherA-450306588-project-member] new path /v2/images/92be6b07-6995-4774-956f-d11caaa1df01 {{(pid=103033) process_request /opt/stack/glance/glance/api/middleware/version_negotiation.py:70}}
Aug 22 05:56:53.682465 np0000007931 devstack@g-api.service[103033]: [pid: 103033|app: 0|req: 56/211] 127.0.0.1 () {40 vars in 838 bytes} [Sat Aug 22 05:56:53 2026] GET /v2/images/92be6b07-6995-4774-956f-d11caaa1df01 => generated 650 bytes in 15 msecs (HTTP/1.1 200) 4 headers in 157 bytes (1 switches on core 0)
Aug 22 05:56:54.695375 np0000007931 devstack@g-api.service[103035]: DEBUG glance.api.middleware.version_negotiation [None req-908857c1-7f74-4431-8ceb-78b9da4cc01a tempest-ServerActionsTestOtherA-450306588 tempest-ServerActionsTestOtherA-450306588-project-member] Determining version of request: GET /v2/images/92be6b07-6995-4774-956f-d11caaa1df01 Accept: application/json {{(pid=103035) process_request /opt/stack/glance/glance/api/middleware/version_negotiation.py:44}}
Aug 22 05:56:54.695821 np0000007931 devstack@g-api.service[103035]: DEBUG glance.api.middleware.version_negotiation [None req-908857c1-7f74-4431-8ceb-78b9da4cc01a tempest-ServerActionsTestOtherA-450306588 tempest-ServerActionsTestOtherA-450306588-project-member] Using url versioning {{(pid=103035) process_request /opt/stack/glance/glance/api/middleware/version_negotiation.py:57}}
Aug 22 05:56:54.695821 np0000007931 devstack@g-api.service[103035]: DEBUG glance.api.middleware.version_negotiation [None req-908857c1-7f74-4431-8ceb-78b9da4cc01a tempest-ServerActionsTestOtherA-450306588 tempest-ServerActionsTestOtherA-450306588-project-member] Matched version: v2 {{(pid=103035) process_request /opt/stack/glance/glance/api/middleware/version_negotiation.py:69}}
Aug 22 05:56:54.696215 np0000007931 devstack@g-api.service[103035]: DEBUG glance.api.middleware.version_negotiation [None req-908857c1-7f74-4431-8ceb-78b9da4cc01a tempest-ServerActionsTestOtherA-450306588 tempest-ServerActionsTestOtherA-450306588-project-member] new path /v2/images/92be6b07-6995-4774-956f-d11caaa1df01 {{(pid=103035) process_request /opt/stack/glance/glance/api/middleware/version_negotiation.py:70}}
Aug 22 05:56:54.718333 np0000007931 devstack@g-api.service[103035]: [pid: 103035|app: 0|req: 55/212] 127.0.0.1 () {40 vars in 838 bytes} [Sat Aug 22 05:56:54 2026] GET /v2/images/92be6b07-6995-4774-956f-d11caaa1df01 => generated 650 bytes in 23 msecs (HTTP/1.1 200) 4 headers in 157 bytes (1 switches on core 0)
Aug 22 05:56:54.797208 np0000007931 devstack@g-api.service[103036]: DEBUG swiftclient [None req-c514a6ba-c856-4225-9996-97d210b449f4 tempest-VolumesActionsTest-851119737 tempest-VolumesActionsTest-851119737-project-member] REQ: curl -i https://10.4.3.194:8080/v1/AUTH_b68cb8717a014831a2a78f6ee2141c94/glance/92be6b07-6995-4774-956f-d11caaa1df01-00002 -X PUT -H "X-Auth-Token: gAAAAABqiTohS4sX..." {{(pid=103036) http_log /opt/stack/data/venv/lib/python3.12/site-packages/swiftclient/client.py:160}}
Aug 22 05:56:54.797580 np0000007931 devstack@g-api.service[103036]: DEBUG swiftclient [None req-c514a6ba-c856-4225-9996-97d210b449f4 tempest-VolumesActionsTest-851119737 tempest-VolumesActionsTest-851119737-project-member] RESP STATUS: 201 Created {{(pid=103036) http_log /opt/stack/data/venv/lib/python3.12/site-packages/swiftclient/client.py:161}}
Aug 22 05:56:54.797580 np0000007931 devstack@g-api.service[103036]: DEBUG swiftclient [None req-c514a6ba-c856-4225-9996-97d210b449f4 tempest-VolumesActionsTest-851119737 tempest-VolumesActionsTest-851119737-project-member] RESP HEADERS: {'Date': 'Sat, 22 Aug 2026 05:56:54 GMT', 'Server': 'Apache/2.4.58 (Ubuntu)', 'Content-Type': 'text/html; charset=UTF-8', 'Content-Length': '0', 'Etag': 'eda9a9889837ac4bc81d6387d92c1bec', 'Last-Modified': 'Sat, 22 Aug 2026 05:56:53 GMT', 'X-Trans-Id': 'tx0e78e01420d84cb299f62-006a893a24', 'X-Openstack-Request-Id': 'tx0e78e01420d84cb299f62-006a893a24', 'Connection': 'close'} {{(pid=103036) http_log /opt/stack/data/venv/lib/python3.12/site-packages/swiftclient/client.py:162}}
Aug 22 05:56:54.797714 np0000007931 devstack@g-api.service[103036]: DEBUG glance_store._drivers.swift.store [None req-c514a6ba-c856-4225-9996-97d210b449f4 tempest-VolumesActionsTest-851119737 tempest-VolumesActionsTest-851119737-project-member] Wrote chunk 92be6b07-6995-4774-956f-d11caaa1df01-00002 (2/?) of length 204800000 to Swift returning MD5 of content: eda9a9889837ac4bc81d6387d92c1bec {{(pid=103036) add /opt/stack/data/venv/lib/python3.12/site-packages/glance_store/_drivers/swift/store.py:1059}}
Aug 22 05:56:55.070862 np0000007931 devstack@g-api.service[103034]: DEBUG glance.api.middleware.version_negotiation [None req-908857c1-7f74-4431-8ceb-78b9da4cc01a tempest-ServerActionsTestOtherA-450306588 tempest-ServerActionsTestOtherA-450306588-project-member] Determining version of request: GET /v2/images/240d98de-f3ee-4c2e-b6eb-c4bfe027e9d5 Accept: */* {{(pid=103034) process_request /opt/stack/glance/glance/api/middleware/version_negotiation.py:44}}
Aug 22 05:56:55.071342 np0000007931 devstack@g-api.service[103034]: DEBUG glance.api.middleware.version_negotiation [None req-908857c1-7f74-4431-8ceb-78b9da4cc01a tempest-ServerActionsTestOtherA-450306588 tempest-ServerActionsTestOtherA-450306588-project-member] Using url versioning {{(pid=103034) process_request /opt/stack/glance/glance/api/middleware/version_negotiation.py:57}}
Aug 22 05:56:55.071342 np0000007931 devstack@g-api.service[103034]: DEBUG glance.api.middleware.version_negotiation [None req-908857c1-7f74-4431-8ceb-78b9da4cc01a tempest-ServerActionsTestOtherA-450306588 tempest-ServerActionsTestOtherA-450306588-project-member] Matched version: v2 {{(pid=103034) process_request /opt/stack/glance/glance/api/middleware/version_negotiation.py:69}}
Aug 22 05:56:55.071434 np0000007931 devstack@g-api.service[103034]: DEBUG glance.api.middleware.version_negotiation [None req-908857c1-7f74-4431-8ceb-78b9da4cc01a tempest-ServerActionsTestOtherA-450306588 tempest-ServerActionsTestOtherA-450306588-project-member] new path /v2/images/240d98de-f3ee-4c2e-b6eb-c4bfe027e9d5 {{(pid=103034) process_request /opt/stack/glance/glance/api/middleware/version_negotiation.py:70}}
Aug 22 05:56:55.100306 np0000007931 devstack@g-api.service[103034]: [pid: 103034|app: 0|req: 53/213] 127.0.0.1 () {44 vars in 1115 bytes} [Sat Aug 22 05:56:55 2026] GET /v2/images/240d98de-f3ee-4c2e-b6eb-c4bfe027e9d5 => generated 1672 bytes in 29 msecs (HTTP/1.1 200) 4 headers in 158 bytes (1 switches on core 0)
Aug 22 05:56:55.145782 np0000007931 devstack@g-api.service[103033]: DEBUG glance.api.middleware.version_negotiation [None req-bc4356fc-bce0-4bcd-8715-743e2f822d06 tempest-VolumesActionsTest-851119737 tempest-VolumesActionsTest-851119737-project-member] Determining version of request: GET /v2/schemas/image Accept: */* {{(pid=103033) process_request /opt/stack/glance/glance/api/middleware/version_negotiation.py:44}}
Aug 22 05:56:55.146577 np0000007931 devstack@g-api.service[103033]: DEBUG glance.api.middleware.version_negotiation [None req-bc4356fc-bce0-4bcd-8715-743e2f822d06 tempest-VolumesActionsTest-851119737 tempest-VolumesActionsTest-851119737-project-member] Using url versioning {{(pid=103033) process_request /opt/stack/glance/glance/api/middleware/version_negotiation.py:57}}
Aug 22 05:56:55.146577 np0000007931 devstack@g-api.service[103033]: DEBUG glance.api.middleware.version_negotiation [None req-bc4356fc-bce0-4bcd-8715-743e2f822d06 tempest-VolumesActionsTest-851119737 tempest-VolumesActionsTest-851119737-project-member] Matched version: v2 {{(pid=103033) process_request /opt/stack/glance/glance/api/middleware/version_negotiation.py:69}}
Aug 22 05:56:55.146577 np0000007931 devstack@g-api.service[103033]: DEBUG glance.api.middleware.version_negotiation [None req-bc4356fc-bce0-4bcd-8715-743e2f822d06 tempest-VolumesActionsTest-851119737 tempest-VolumesActionsTest-851119737-project-member] new path /v2/schemas/image {{(pid=103033) process_request /opt/stack/glance/glance/api/middleware/version_negotiation.py:70}}
Aug 22 05:56:55.149208 np0000007931 devstack@g-api.service[103033]: [pid: 103033|app: 0|req: 57/214] 127.0.0.1 () {44 vars in 1055 bytes} [Sat Aug 22 05:56:55 2026] GET /v2/schemas/image => generated 6083 bytes in 3 msecs (HTTP/1.1 200) 4 headers in 158 bytes (1 switches on core 0)
Aug 22 05:56:55.736035 np0000007931 devstack@g-api.service[103035]: DEBUG glance.api.middleware.version_negotiation [None req-e24b2861-b1af-4e0b-85f7-c628689aff8c tempest-VolumesActionsTest-851119737 tempest-VolumesActionsTest-851119737-project-member] Determining version of request: GET /v2/images/92be6b07-6995-4774-956f-d11caaa1df01 Accept: application/json {{(pid=103035) process_request /opt/stack/glance/glance/api/middleware/version_negotiation.py:44}}
Aug 22 05:56:55.736674 np0000007931 devstack@g-api.service[103035]: DEBUG glance.api.middleware.version_negotiation [None req-e24b2861-b1af-4e0b-85f7-c628689aff8c tempest-VolumesActionsTest-851119737 tempest-VolumesActionsTest-851119737-project-member] Using url versioning {{(pid=103035) process_request /opt/stack/glance/glance/api/middleware/version_negotiation.py:57}}
Aug 22 05:56:55.736674 np0000007931 devstack@g-api.service[103035]: DEBUG glance.api.middleware.version_negotiation [None req-e24b2861-b1af-4e0b-85f7-c628689aff8c tempest-VolumesActionsTest-851119737 tempest-VolumesActionsTest-851119737-project-member] Matched version: v2 {{(pid=103035) process_request /opt/stack/glance/glance/api/middleware/version_negotiation.py:69}}
Aug 22 05:56:55.736674 np0000007931 devstack@g-api.service[103035]: DEBUG glance.api.middleware.version_negotiation [None req-e24b2861-b1af-4e0b-85f7-c628689aff8c tempest-VolumesActionsTest-851119737 tempest-VolumesActionsTest-851119737-project-member] new path /v2/images/92be6b07-6995-4774-956f-d11caaa1df01 {{(pid=103035) process_request /opt/stack/glance/glance/api/middleware/version_negotiation.py:70}}
Aug 22 05:56:55.748448 np0000007931 devstack@g-api.service[103034]: DEBUG glance.api.middleware.version_negotiation [None req-78f63313-7db2-4c33-814a-b0172c7863ff tempest-ServerStableDeviceRescueTest-1672828553 tempest-ServerStableDeviceRescueTest-1672828553-project-member] Determining version of request: GET /v2/images/fea4643a-dd17-4f58-8160-4cb478cfa2c4 Accept: */* {{(pid=103034) process_request /opt/stack/glance/glance/api/middleware/version_negotiation.py:44}}
Aug 22 05:56:55.748644 np0000007931 devstack@g-api.service[103034]: DEBUG glance.api.middleware.version_negotiation [None req-78f63313-7db2-4c33-814a-b0172c7863ff tempest-ServerStableDeviceRescueTest-1672828553 tempest-ServerStableDeviceRescueTest-1672828553-project-member] Using url versioning {{(pid=103034) process_request /opt/stack/glance/glance/api/middleware/version_negotiation.py:57}}
Aug 22 05:56:55.748797 np0000007931 devstack@g-api.service[103034]: DEBUG glance.api.middleware.version_negotiation [None req-78f63313-7db2-4c33-814a-b0172c7863ff tempest-ServerStableDeviceRescueTest-1672828553 tempest-ServerStableDeviceRescueTest-1672828553-project-member] Matched version: v2 {{(pid=103034) process_request /opt/stack/glance/glance/api/middleware/version_negotiation.py:69}}
Aug 22 05:56:55.748981 np0000007931 devstack@g-api.service[103034]: DEBUG glance.api.middleware.version_negotiation [None req-78f63313-7db2-4c33-814a-b0172c7863ff tempest-ServerStableDeviceRescueTest-1672828553 tempest-ServerStableDeviceRescueTest-1672828553-project-member] new path /v2/images/fea4643a-dd17-4f58-8160-4cb478cfa2c4 {{(pid=103034) process_request /opt/stack/glance/glance/api/middleware/version_negotiation.py:70}}
Aug 22 05:56:55.753434 np0000007931 devstack@g-api.service[103035]: [pid: 103035|app: 0|req: 56/215] 127.0.0.1 () {40 vars in 838 bytes} [Sat Aug 22 05:56:55 2026] GET /v2/images/92be6b07-6995-4774-956f-d11caaa1df01 => generated 650 bytes in 17 msecs (HTTP/1.1 200) 4 headers in 157 bytes (1 switches on core 0)
Aug 22 05:56:55.768303 np0000007931 devstack@g-api.service[103034]: [pid: 103034|app: 0|req: 54/216] 127.0.0.1 () {44 vars in 1115 bytes} [Sat Aug 22 05:56:55 2026] GET /v2/images/fea4643a-dd17-4f58-8160-4cb478cfa2c4 => generated 1044 bytes in 20 msecs (HTTP/1.1 200) 4 headers in 158 bytes (1 switches on core 0)
Aug 22 05:56:55.826082 np0000007931 devstack@g-api.service[103033]: DEBUG glance.api.middleware.version_negotiation [None req-78f63313-7db2-4c33-814a-b0172c7863ff tempest-ServerStableDeviceRescueTest-1672828553 tempest-ServerStableDeviceRescueTest-1672828553-project-member] Determining version of request: GET /v2/schemas/image Accept: */* {{(pid=103033) process_request /opt/stack/glance/glance/api/middleware/version_negotiation.py:44}}
Aug 22 05:56:55.826082 np0000007931 devstack@g-api.service[103033]: DEBUG glance.api.middleware.version_negotiation [None req-78f63313-7db2-4c33-814a-b0172c7863ff tempest-ServerStableDeviceRescueTest-1672828553 tempest-ServerStableDeviceRescueTest-1672828553-project-member] Using url versioning {{(pid=103033) process_request /opt/stack/glance/glance/api/middleware/version_negotiation.py:57}}
Aug 22 05:56:55.826082 np0000007931 devstack@g-api.service[103033]: DEBUG glance.api.middleware.version_negotiation [None req-78f63313-7db2-4c33-814a-b0172c7863ff tempest-ServerStableDeviceRescueTest-1672828553 tempest-ServerStableDeviceRescueTest-1672828553-project-member] Matched version: v2 {{(pid=103033) process_request /opt/stack/glance/glance/api/middleware/version_negotiation.py:69}}
Aug 22 05:56:55.826082 np0000007931 devstack@g-api.service[103033]: DEBUG glance.api.middleware.version_negotiation [None req-78f63313-7db2-4c33-814a-b0172c7863ff tempest-ServerStableDeviceRescueTest-1672828553 tempest-ServerStableDeviceRescueTest-1672828553-project-member] new path /v2/schemas/image {{(pid=103033) process_request /opt/stack/glance/glance/api/middleware/version_negotiation.py:70}}
Aug 22 05:56:55.831284 np0000007931 devstack@g-api.service[103033]: [pid: 103033|app: 0|req: 58/217] 127.0.0.1 () {44 vars in 1055 bytes} [Sat Aug 22 05:56:55 2026] GET /v2/schemas/image => generated 6083 bytes in 6 msecs (HTTP/1.1 200) 4 headers in 158 bytes (1 switches on core 0)
Aug 22 05:56:56.092736 np0000007931 devstack@g-api.service[103035]: DEBUG glance.api.middleware.version_negotiation [None req-92336d69-6512-49a6-a5fb-b08be630b577 tempest-VolumesActionsTest-851119737 tempest-VolumesActionsTest-851119737-project-member] Determining version of request: GET /v2/images/240d98de-f3ee-4c2e-b6eb-c4bfe027e9d5 Accept: */* {{(pid=103035) process_request /opt/stack/glance/glance/api/middleware/version_negotiation.py:44}}
Aug 22 05:56:56.092736 np0000007931 devstack@g-api.service[103035]: DEBUG glance.api.middleware.version_negotiation [None req-92336d69-6512-49a6-a5fb-b08be630b577 tempest-VolumesActionsTest-851119737 tempest-VolumesActionsTest-851119737-project-member] Using url versioning {{(pid=103035) process_request /opt/stack/glance/glance/api/middleware/version_negotiation.py:57}}
