Aug 22 05:51:36.381632 np0000007931 nova-scheduler[96582]: DEBUG cotyledon.oslo_config_glue [-] workarounds.qemu_monitor_announce_self_count = 3 {{(pid=96582) log_opt_values /opt/stack/data/venv/lib/python3.12/site-packages/oslo_config/cfg.py:3560}}
Aug 22 05:51:36.381632 np0000007931 nova-scheduler[96582]: DEBUG cotyledon.oslo_config_glue [-] workarounds.qemu_monitor_announce_self_interval = 1 {{(pid=96582) log_opt_values /opt/stack/data/venv/lib/python3.12/site-packages/oslo_config/cfg.py:3560}}
Aug 22 05:51:36.381632 np0000007931 nova-scheduler[96582]: DEBUG cotyledon.oslo_config_glue [-] workarounds.reserve_disk_resource_for_image_cache = False {{(pid=96582) log_opt_values /opt/stack/data/venv/lib/python3.12/site-packages/oslo_config/cfg.py:3560}}
Aug 22 05:51:36.381632 np0000007931 nova-scheduler[96582]: DEBUG cotyledon.oslo_config_glue [-] workarounds.skip_cpu_compare_at_startup = False {{(pid=96582) log_opt_values /opt/stack/data/venv/lib/python3.12/site-packages/oslo_config/cfg.py:3560}}
Aug 22 05:51:36.381632 np0000007931 nova-scheduler[96582]: DEBUG cotyledon.oslo_config_glue [-] workarounds.skip_cpu_compare_on_dest = False {{(pid=96582) log_opt_values /opt/stack/data/venv/lib/python3.12/site-packages/oslo_config/cfg.py:3560}}
Aug 22 05:51:36.381632 np0000007931 nova-scheduler[96582]: DEBUG cotyledon.oslo_config_glue [-] workarounds.skip_hypervisor_version_check_on_lm = False {{(pid=96582) log_opt_values /opt/stack/data/venv/lib/python3.12/site-packages/oslo_config/cfg.py:3560}}
Aug 22 05:51:36.381632 np0000007931 nova-scheduler[96582]: DEBUG cotyledon.oslo_config_glue [-] workarounds.skip_reserve_in_use_ironic_nodes = False {{(pid=96582) log_opt_values /opt/stack/data/venv/lib/python3.12/site-packages/oslo_config/cfg.py:3560}}
Aug 22 05:51:36.381931 np0000007931 nova-scheduler[96582]: DEBUG cotyledon.oslo_config_glue [-] workarounds.unified_limits_count_pcpu_as_vcpu = False {{(pid=96582) log_opt_values /opt/stack/data/venv/lib/python3.12/site-packages/oslo_config/cfg.py:3560}}
Aug 22 05:51:36.381931 np0000007931 nova-scheduler[96582]: DEBUG cotyledon.oslo_config_glue [-] workarounds.wait_for_vif_plugged_event_during_hard_reboot = [] {{(pid=96582) log_opt_values /opt/stack/data/venv/lib/python3.12/site-packages/oslo_config/cfg.py:3560}}
Aug 22 05:51:36.381931 np0000007931 nova-scheduler[96582]: DEBUG cotyledon.oslo_config_glue [-] wsgi.api_paste_config = /etc/nova/api-paste.ini {{(pid=96582) log_opt_values /opt/stack/data/venv/lib/python3.12/site-packages/oslo_config/cfg.py:3560}}
Aug 22 05:51:36.381931 np0000007931 nova-scheduler[96582]: DEBUG cotyledon.oslo_config_glue [-] wsgi.secure_proxy_ssl_header = None {{(pid=96582) log_opt_values /opt/stack/data/venv/lib/python3.12/site-packages/oslo_config/cfg.py:3560}}
Aug 22 05:51:36.381931 np0000007931 nova-scheduler[96582]: DEBUG cotyledon.oslo_config_glue [-] zvm.ca_file = None {{(pid=96582) log_opt_values /opt/stack/data/venv/lib/python3.12/site-packages/oslo_config/cfg.py:3560}}
Aug 22 05:51:36.381931 np0000007931 nova-scheduler[96582]: DEBUG cotyledon.oslo_config_glue [-] zvm.cloud_connector_url = None {{(pid=96582) log_opt_values /opt/stack/data/venv/lib/python3.12/site-packages/oslo_config/cfg.py:3560}}
Aug 22 05:51:36.381931 np0000007931 nova-scheduler[96582]: DEBUG cotyledon.oslo_config_glue [-] zvm.image_tmp_path = /opt/stack/data/nova/images {{(pid=96582) log_opt_values /opt/stack/data/venv/lib/python3.12/site-packages/oslo_config/cfg.py:3560}}
Aug 22 05:51:36.381931 np0000007931 nova-scheduler[96582]: DEBUG cotyledon.oslo_config_glue [-] zvm.reachable_timeout = 300 {{(pid=96582) log_opt_values /opt/stack/data/venv/lib/python3.12/site-packages/oslo_config/cfg.py:3560}}
Aug 22 05:51:36.381931 np0000007931 nova-scheduler[96582]: DEBUG cotyledon.oslo_config_glue [-] oslo_versionedobjects.fatal_exception_format_errors = False {{(pid=96582) log_opt_values /opt/stack/data/venv/lib/python3.12/site-packages/oslo_config/cfg.py:3560}}
Aug 22 05:51:36.382300 np0000007931 nova-scheduler[96582]: DEBUG cotyledon.oslo_config_glue [-] oslo_middleware.http_basic_auth_user_file = /etc/htpasswd {{(pid=96582) log_opt_values /opt/stack/data/venv/lib/python3.12/site-packages/oslo_config/cfg.py:3560}}
Aug 22 05:51:36.382300 np0000007931 nova-scheduler[96582]: DEBUG cotyledon.oslo_config_glue [-] oslo_messaging_metrics.metrics_buffer_size = 1000 {{(pid=96582) log_opt_values /opt/stack/data/venv/lib/python3.12/site-packages/oslo_config/cfg.py:3560}}
Aug 22 05:51:36.382300 np0000007931 nova-scheduler[96582]: DEBUG cotyledon.oslo_config_glue [-] oslo_messaging_metrics.metrics_enabled = False {{(pid=96582) log_opt_values /opt/stack/data/venv/lib/python3.12/site-packages/oslo_config/cfg.py:3560}}
Aug 22 05:51:36.382300 np0000007931 nova-scheduler[96582]: DEBUG cotyledon.oslo_config_glue [-] oslo_messaging_metrics.metrics_process_name = {{(pid=96582) log_opt_values /opt/stack/data/venv/lib/python3.12/site-packages/oslo_config/cfg.py:3560}}
Aug 22 05:51:36.382300 np0000007931 nova-scheduler[96582]: DEBUG cotyledon.oslo_config_glue [-] oslo_messaging_metrics.metrics_socket_file = /var/tmp/metrics_collector.sock {{(pid=96582) log_opt_values /opt/stack/data/venv/lib/python3.12/site-packages/oslo_config/cfg.py:3560}}
Aug 22 05:51:36.382300 np0000007931 nova-scheduler[96582]: DEBUG cotyledon.oslo_config_glue [-] oslo_messaging_metrics.metrics_thread_stop_timeout = 10 {{(pid=96582) log_opt_values /opt/stack/data/venv/lib/python3.12/site-packages/oslo_config/cfg.py:3560}}
Aug 22 05:51:36.382300 np0000007931 nova-scheduler[96582]: DEBUG cotyledon.oslo_config_glue [-] profiler.connection_string = messaging:// {{(pid=96582) log_opt_values /opt/stack/data/venv/lib/python3.12/site-packages/oslo_config/cfg.py:3560}}
Aug 22 05:51:36.382300 np0000007931 nova-scheduler[96582]: DEBUG cotyledon.oslo_config_glue [-] profiler.enabled = False {{(pid=96582) log_opt_values /opt/stack/data/venv/lib/python3.12/site-packages/oslo_config/cfg.py:3560}}
Aug 22 05:51:36.382300 np0000007931 nova-scheduler[96582]: DEBUG cotyledon.oslo_config_glue [-] profiler.es_doc_type = notification {{(pid=96582) log_opt_values /opt/stack/data/venv/lib/python3.12/site-packages/oslo_config/cfg.py:3560}}
Aug 22 05:51:36.382588 np0000007931 nova-scheduler[96582]: DEBUG cotyledon.oslo_config_glue [-] profiler.es_scroll_size = 10000 {{(pid=96582) log_opt_values /opt/stack/data/venv/lib/python3.12/site-packages/oslo_config/cfg.py:3560}}
Aug 22 05:51:36.382588 np0000007931 nova-scheduler[96582]: DEBUG cotyledon.oslo_config_glue [-] profiler.es_scroll_time = 2m {{(pid=96582) log_opt_values /opt/stack/data/venv/lib/python3.12/site-packages/oslo_config/cfg.py:3560}}
Aug 22 05:51:36.382588 np0000007931 nova-scheduler[96582]: DEBUG cotyledon.oslo_config_glue [-] profiler.filter_error_trace = False {{(pid=96582) log_opt_values /opt/stack/data/venv/lib/python3.12/site-packages/oslo_config/cfg.py:3560}}
Aug 22 05:51:36.382588 np0000007931 nova-scheduler[96582]: DEBUG cotyledon.oslo_config_glue [-] profiler.hmac_keys = **** {{(pid=96582) log_opt_values /opt/stack/data/venv/lib/python3.12/site-packages/oslo_config/cfg.py:3560}}
Aug 22 05:51:36.382588 np0000007931 nova-scheduler[96582]: DEBUG cotyledon.oslo_config_glue [-] profiler.sentinel_service_name = mymaster {{(pid=96582) log_opt_values /opt/stack/data/venv/lib/python3.12/site-packages/oslo_config/cfg.py:3560}}
Aug 22 05:51:36.382588 np0000007931 nova-scheduler[96582]: DEBUG cotyledon.oslo_config_glue [-] profiler.socket_timeout = 0.1 {{(pid=96582) log_opt_values /opt/stack/data/venv/lib/python3.12/site-packages/oslo_config/cfg.py:3560}}
Aug 22 05:51:36.382588 np0000007931 nova-scheduler[96582]: DEBUG cotyledon.oslo_config_glue [-] profiler.trace_requests = False {{(pid=96582) log_opt_values /opt/stack/data/venv/lib/python3.12/site-packages/oslo_config/cfg.py:3560}}
Aug 22 05:51:36.382588 np0000007931 nova-scheduler[96582]: DEBUG cotyledon.oslo_config_glue [-] profiler.trace_sqlalchemy = False {{(pid=96582) log_opt_values /opt/stack/data/venv/lib/python3.12/site-packages/oslo_config/cfg.py:3560}}
Aug 22 05:51:36.382588 np0000007931 nova-scheduler[96582]: DEBUG cotyledon.oslo_config_glue [-] profiler_jaeger.process_tags = {} {{(pid=96582) log_opt_values /opt/stack/data/venv/lib/python3.12/site-packages/oslo_config/cfg.py:3560}}
Aug 22 05:51:36.383046 np0000007931 nova-scheduler[96582]: DEBUG cotyledon.oslo_config_glue [-] profiler_jaeger.service_name_prefix = None {{(pid=96582) log_opt_values /opt/stack/data/venv/lib/python3.12/site-packages/oslo_config/cfg.py:3560}}
Aug 22 05:51:36.383046 np0000007931 nova-scheduler[96582]: DEBUG cotyledon.oslo_config_glue [-] profiler_otlp.service_name_prefix = None {{(pid=96582) log_opt_values /opt/stack/data/venv/lib/python3.12/site-packages/oslo_config/cfg.py:3560}}
Aug 22 05:51:36.383046 np0000007931 nova-scheduler[96582]: DEBUG cotyledon.oslo_config_glue [-] oslo_messaging_rabbit.amqp_auto_delete = False {{(pid=96582) log_opt_values /opt/stack/data/venv/lib/python3.12/site-packages/oslo_config/cfg.py:3560}}
Aug 22 05:51:36.383046 np0000007931 nova-scheduler[96582]: DEBUG cotyledon.oslo_config_glue [-] oslo_messaging_rabbit.amqp_durable_queues = False {{(pid=96582) log_opt_values /opt/stack/data/venv/lib/python3.12/site-packages/oslo_config/cfg.py:3560}}
Aug 22 05:51:36.383046 np0000007931 nova-scheduler[96582]: DEBUG cotyledon.oslo_config_glue [-] oslo_messaging_rabbit.conn_pool_min_size = 2 {{(pid=96582) log_opt_values /opt/stack/data/venv/lib/python3.12/site-packages/oslo_config/cfg.py:3560}}
Aug 22 05:51:36.383046 np0000007931 nova-scheduler[96582]: DEBUG cotyledon.oslo_config_glue [-] oslo_messaging_rabbit.conn_pool_ttl = 1200 {{(pid=96582) log_opt_values /opt/stack/data/venv/lib/python3.12/site-packages/oslo_config/cfg.py:3560}}
Aug 22 05:51:36.383046 np0000007931 nova-scheduler[96582]: DEBUG cotyledon.oslo_config_glue [-] oslo_messaging_rabbit.direct_mandatory_flag = True {{(pid=96582) log_opt_values /opt/stack/data/venv/lib/python3.12/site-packages/oslo_config/cfg.py:3560}}
Aug 22 05:51:36.383046 np0000007931 nova-scheduler[96582]: DEBUG cotyledon.oslo_config_glue [-] oslo_messaging_rabbit.enable_cancel_on_failover = False {{(pid=96582) log_opt_values /opt/stack/data/venv/lib/python3.12/site-packages/oslo_config/cfg.py:3560}}
Aug 22 05:51:36.383046 np0000007931 nova-scheduler[96582]: DEBUG cotyledon.oslo_config_glue [-] oslo_messaging_rabbit.heartbeat_rate = 3 {{(pid=96582) log_opt_values /opt/stack/data/venv/lib/python3.12/site-packages/oslo_config/cfg.py:3560}}
Aug 22 05:51:36.383376 np0000007931 nova-scheduler[96582]: DEBUG cotyledon.oslo_config_glue [-] oslo_messaging_rabbit.heartbeat_timeout_threshold = 60 {{(pid=96582) log_opt_values /opt/stack/data/venv/lib/python3.12/site-packages/oslo_config/cfg.py:3560}}
Aug 22 05:51:36.383376 np0000007931 nova-scheduler[96582]: DEBUG cotyledon.oslo_config_glue [-] oslo_messaging_rabbit.hostname = np0000007931 {{(pid=96582) log_opt_values /opt/stack/data/venv/lib/python3.12/site-packages/oslo_config/cfg.py:3560}}
Aug 22 05:51:36.383376 np0000007931 nova-scheduler[96582]: DEBUG cotyledon.oslo_config_glue [-] oslo_messaging_rabbit.kombu_compression = None {{(pid=96582) log_opt_values /opt/stack/data/venv/lib/python3.12/site-packages/oslo_config/cfg.py:3560}}
Aug 22 05:51:36.383376 np0000007931 nova-scheduler[96582]: DEBUG cotyledon.oslo_config_glue [-] oslo_messaging_rabbit.kombu_failover_strategy = round-robin {{(pid=96582) log_opt_values /opt/stack/data/venv/lib/python3.12/site-packages/oslo_config/cfg.py:3560}}
Aug 22 05:51:36.383376 np0000007931 nova-scheduler[96582]: DEBUG cotyledon.oslo_config_glue [-] oslo_messaging_rabbit.kombu_missing_consumer_retry_timeout = 60 {{(pid=96582) log_opt_values /opt/stack/data/venv/lib/python3.12/site-packages/oslo_config/cfg.py:3560}}
Aug 22 05:51:36.383376 np0000007931 nova-scheduler[96582]: DEBUG cotyledon.oslo_config_glue [-] oslo_messaging_rabbit.kombu_reconnect_delay = 1.0 {{(pid=96582) log_opt_values /opt/stack/data/venv/lib/python3.12/site-packages/oslo_config/cfg.py:3560}}
Aug 22 05:51:36.383376 np0000007931 nova-scheduler[96582]: DEBUG cotyledon.oslo_config_glue [-] oslo_messaging_rabbit.kombu_reconnect_splay = 0.0 {{(pid=96582) log_opt_values /opt/stack/data/venv/lib/python3.12/site-packages/oslo_config/cfg.py:3560}}
Aug 22 05:51:36.383376 np0000007931 nova-scheduler[96582]: DEBUG cotyledon.oslo_config_glue [-] oslo_messaging_rabbit.processname = nova-scheduler {{(pid=96582) log_opt_values /opt/stack/data/venv/lib/python3.12/site-packages/oslo_config/cfg.py:3560}}
Aug 22 05:51:36.383376 np0000007931 nova-scheduler[96582]: DEBUG cotyledon.oslo_config_glue [-] oslo_messaging_rabbit.rabbit_ha_queues = False {{(pid=96582) log_opt_values /opt/stack/data/venv/lib/python3.12/site-packages/oslo_config/cfg.py:3560}}
Aug 22 05:51:36.383691 np0000007931 nova-scheduler[96582]: DEBUG cotyledon.oslo_config_glue [-] oslo_messaging_rabbit.rabbit_interval_max = 30 {{(pid=96582) log_opt_values /opt/stack/data/venv/lib/python3.12/site-packages/oslo_config/cfg.py:3560}}
Aug 22 05:51:36.383691 np0000007931 nova-scheduler[96582]: DEBUG cotyledon.oslo_config_glue [-] oslo_messaging_rabbit.rabbit_login_method = AMQPLAIN {{(pid=96582) log_opt_values /opt/stack/data/venv/lib/python3.12/site-packages/oslo_config/cfg.py:3560}}
Aug 22 05:51:36.383691 np0000007931 nova-scheduler[96582]: DEBUG cotyledon.oslo_config_glue [-] oslo_messaging_rabbit.rabbit_qos_prefetch_count = 0 {{(pid=96582) log_opt_values /opt/stack/data/venv/lib/python3.12/site-packages/oslo_config/cfg.py:3560}}
Aug 22 05:51:36.383691 np0000007931 nova-scheduler[96582]: DEBUG cotyledon.oslo_config_glue [-] oslo_messaging_rabbit.rabbit_quorum_delivery_limit = 0 {{(pid=96582) log_opt_values /opt/stack/data/venv/lib/python3.12/site-packages/oslo_config/cfg.py:3560}}
Aug 22 05:51:36.383691 np0000007931 nova-scheduler[96582]: DEBUG cotyledon.oslo_config_glue [-] oslo_messaging_rabbit.rabbit_quorum_max_memory_bytes = 0 {{(pid=96582) log_opt_values /opt/stack/data/venv/lib/python3.12/site-packages/oslo_config/cfg.py:3560}}
Aug 22 05:51:36.383691 np0000007931 nova-scheduler[96582]: DEBUG cotyledon.oslo_config_glue [-] oslo_messaging_rabbit.rabbit_quorum_max_memory_length = 0 {{(pid=96582) log_opt_values /opt/stack/data/venv/lib/python3.12/site-packages/oslo_config/cfg.py:3560}}
Aug 22 05:51:36.383691 np0000007931 nova-scheduler[96582]: DEBUG cotyledon.oslo_config_glue [-] oslo_messaging_rabbit.rabbit_quorum_queue = False {{(pid=96582) log_opt_values /opt/stack/data/venv/lib/python3.12/site-packages/oslo_config/cfg.py:3560}}
Aug 22 05:51:36.383691 np0000007931 nova-scheduler[96582]: DEBUG cotyledon.oslo_config_glue [-] oslo_messaging_rabbit.rabbit_retry_backoff = 2 {{(pid=96582) log_opt_values /opt/stack/data/venv/lib/python3.12/site-packages/oslo_config/cfg.py:3560}}
Aug 22 05:51:36.383691 np0000007931 nova-scheduler[96582]: DEBUG cotyledon.oslo_config_glue [-] oslo_messaging_rabbit.rabbit_retry_interval = 1 {{(pid=96582) log_opt_values /opt/stack/data/venv/lib/python3.12/site-packages/oslo_config/cfg.py:3560}}
Aug 22 05:51:36.384064 np0000007931 nova-scheduler[96582]: DEBUG cotyledon.oslo_config_glue [-] oslo_messaging_rabbit.rabbit_stream_fanout = False {{(pid=96582) log_opt_values /opt/stack/data/venv/lib/python3.12/site-packages/oslo_config/cfg.py:3560}}
Aug 22 05:51:36.384064 np0000007931 nova-scheduler[96582]: DEBUG cotyledon.oslo_config_glue [-] oslo_messaging_rabbit.rabbit_transient_queues_ttl = 1800 {{(pid=96582) log_opt_values /opt/stack/data/venv/lib/python3.12/site-packages/oslo_config/cfg.py:3560}}
Aug 22 05:51:36.384064 np0000007931 nova-scheduler[96582]: DEBUG cotyledon.oslo_config_glue [-] oslo_messaging_rabbit.rabbit_transient_quorum_queue = False {{(pid=96582) log_opt_values /opt/stack/data/venv/lib/python3.12/site-packages/oslo_config/cfg.py:3560}}
Aug 22 05:51:36.384064 np0000007931 nova-scheduler[96582]: DEBUG cotyledon.oslo_config_glue [-] oslo_messaging_rabbit.rpc_conn_pool_size = 30 {{(pid=96582) log_opt_values /opt/stack/data/venv/lib/python3.12/site-packages/oslo_config/cfg.py:3560}}
Aug 22 05:51:36.384064 np0000007931 nova-scheduler[96582]: DEBUG cotyledon.oslo_config_glue [-] oslo_messaging_rabbit.ssl = False {{(pid=96582) log_opt_values /opt/stack/data/venv/lib/python3.12/site-packages/oslo_config/cfg.py:3560}}
Aug 22 05:51:36.384064 np0000007931 nova-scheduler[96582]: DEBUG cotyledon.oslo_config_glue [-] oslo_messaging_rabbit.ssl_ca_file = {{(pid=96582) log_opt_values /opt/stack/data/venv/lib/python3.12/site-packages/oslo_config/cfg.py:3560}}
Aug 22 05:51:36.384064 np0000007931 nova-scheduler[96582]: DEBUG cotyledon.oslo_config_glue [-] oslo_messaging_rabbit.ssl_cert_file = {{(pid=96582) log_opt_values /opt/stack/data/venv/lib/python3.12/site-packages/oslo_config/cfg.py:3560}}
Aug 22 05:51:36.384064 np0000007931 nova-scheduler[96582]: DEBUG cotyledon.oslo_config_glue [-] oslo_messaging_rabbit.ssl_enforce_fips_mode = False {{(pid=96582) log_opt_values /opt/stack/data/venv/lib/python3.12/site-packages/oslo_config/cfg.py:3560}}
Aug 22 05:51:36.384064 np0000007931 nova-scheduler[96582]: DEBUG cotyledon.oslo_config_glue [-] oslo_messaging_rabbit.ssl_enforce_hostname_verification = True {{(pid=96582) log_opt_values /opt/stack/data/venv/lib/python3.12/site-packages/oslo_config/cfg.py:3560}}
Aug 22 05:51:36.384347 np0000007931 nova-scheduler[96582]: DEBUG cotyledon.oslo_config_glue [-] oslo_messaging_rabbit.ssl_key_file = {{(pid=96582) log_opt_values /opt/stack/data/venv/lib/python3.12/site-packages/oslo_config/cfg.py:3560}}
Aug 22 05:51:36.384347 np0000007931 nova-scheduler[96582]: DEBUG cotyledon.oslo_config_glue [-] oslo_messaging_rabbit.ssl_version = {{(pid=96582) log_opt_values /opt/stack/data/venv/lib/python3.12/site-packages/oslo_config/cfg.py:3560}}
Aug 22 05:51:36.384347 np0000007931 nova-scheduler[96582]: DEBUG cotyledon.oslo_config_glue [-] oslo_messaging_rabbit.use_queue_manager = False {{(pid=96582) log_opt_values /opt/stack/data/venv/lib/python3.12/site-packages/oslo_config/cfg.py:3560}}
Aug 22 05:51:36.384347 np0000007931 nova-scheduler[96582]: DEBUG cotyledon.oslo_config_glue [-] oslo_messaging_notifications.driver = ['messagingv2'] {{(pid=96582) log_opt_values /opt/stack/data/venv/lib/python3.12/site-packages/oslo_config/cfg.py:3560}}
Aug 22 05:51:36.384347 np0000007931 nova-scheduler[96582]: DEBUG cotyledon.oslo_config_glue [-] oslo_messaging_notifications.retry = -1 {{(pid=96582) log_opt_values /opt/stack/data/venv/lib/python3.12/site-packages/oslo_config/cfg.py:3560}}
Aug 22 05:51:36.384347 np0000007931 nova-scheduler[96582]: DEBUG cotyledon.oslo_config_glue [-] oslo_messaging_notifications.topics = ['notifications'] {{(pid=96582) log_opt_values /opt/stack/data/venv/lib/python3.12/site-packages/oslo_config/cfg.py:3560}}
Aug 22 05:51:36.384347 np0000007931 nova-scheduler[96582]: DEBUG cotyledon.oslo_config_glue [-] oslo_messaging_notifications.transport_url = **** {{(pid=96582) log_opt_values /opt/stack/data/venv/lib/python3.12/site-packages/oslo_config/cfg.py:3560}}
Aug 22 05:51:36.384347 np0000007931 nova-scheduler[96582]: DEBUG cotyledon.oslo_config_glue [-] oslo_limit.auth_section = None {{(pid=96582) log_opt_values /opt/stack/data/venv/lib/python3.12/site-packages/oslo_config/cfg.py:3560}}
Aug 22 05:51:36.384347 np0000007931 nova-scheduler[96582]: DEBUG cotyledon.oslo_config_glue [-] oslo_limit.auth_type = None {{(pid=96582) log_opt_values /opt/stack/data/venv/lib/python3.12/site-packages/oslo_config/cfg.py:3560}}
Aug 22 05:51:36.384614 np0000007931 nova-scheduler[96582]: DEBUG cotyledon.oslo_config_glue [-] oslo_limit.cafile = None {{(pid=96582) log_opt_values /opt/stack/data/venv/lib/python3.12/site-packages/oslo_config/cfg.py:3560}}
Aug 22 05:51:36.384614 np0000007931 nova-scheduler[96582]: DEBUG cotyledon.oslo_config_glue [-] oslo_limit.certfile = None {{(pid=96582) log_opt_values /opt/stack/data/venv/lib/python3.12/site-packages/oslo_config/cfg.py:3560}}
Aug 22 05:51:36.384614 np0000007931 nova-scheduler[96582]: DEBUG cotyledon.oslo_config_glue [-] oslo_limit.collect_timing = False {{(pid=96582) log_opt_values /opt/stack/data/venv/lib/python3.12/site-packages/oslo_config/cfg.py:3560}}
Aug 22 05:51:36.384614 np0000007931 nova-scheduler[96582]: DEBUG cotyledon.oslo_config_glue [-] oslo_limit.connect_retries = None {{(pid=96582) log_opt_values /opt/stack/data/venv/lib/python3.12/site-packages/oslo_config/cfg.py:3560}}
Aug 22 05:51:36.384614 np0000007931 nova-scheduler[96582]: DEBUG cotyledon.oslo_config_glue [-] oslo_limit.connect_retry_delay = None {{(pid=96582) log_opt_values /opt/stack/data/venv/lib/python3.12/site-packages/oslo_config/cfg.py:3560}}
Aug 22 05:51:36.384614 np0000007931 nova-scheduler[96582]: DEBUG cotyledon.oslo_config_glue [-] oslo_limit.endpoint_id = None {{(pid=96582) log_opt_values /opt/stack/data/venv/lib/python3.12/site-packages/oslo_config/cfg.py:3560}}
Aug 22 05:51:36.384614 np0000007931 nova-scheduler[96582]: DEBUG cotyledon.oslo_config_glue [-] oslo_limit.endpoint_interface = public {{(pid=96582) log_opt_values /opt/stack/data/venv/lib/python3.12/site-packages/oslo_config/cfg.py:3560}}
Aug 22 05:51:36.384614 np0000007931 nova-scheduler[96582]: DEBUG cotyledon.oslo_config_glue [-] oslo_limit.endpoint_override = None {{(pid=96582) log_opt_values /opt/stack/data/venv/lib/python3.12/site-packages/oslo_config/cfg.py:3560}}
Aug 22 05:51:36.384614 np0000007931 nova-scheduler[96582]: DEBUG cotyledon.oslo_config_glue [-] oslo_limit.endpoint_region_name = None {{(pid=96582) log_opt_values /opt/stack/data/venv/lib/python3.12/site-packages/oslo_config/cfg.py:3560}}
Aug 22 05:51:36.384901 np0000007931 nova-scheduler[96582]: DEBUG cotyledon.oslo_config_glue [-] oslo_limit.endpoint_service_name = None {{(pid=96582) log_opt_values /opt/stack/data/venv/lib/python3.12/site-packages/oslo_config/cfg.py:3560}}
Aug 22 05:51:36.384901 np0000007931 nova-scheduler[96582]: DEBUG cotyledon.oslo_config_glue [-] oslo_limit.endpoint_service_type = None {{(pid=96582) log_opt_values /opt/stack/data/venv/lib/python3.12/site-packages/oslo_config/cfg.py:3560}}
Aug 22 05:51:36.384901 np0000007931 nova-scheduler[96582]: DEBUG cotyledon.oslo_config_glue [-] oslo_limit.insecure = False {{(pid=96582) log_opt_values /opt/stack/data/venv/lib/python3.12/site-packages/oslo_config/cfg.py:3560}}
Aug 22 05:51:36.384901 np0000007931 nova-scheduler[96582]: DEBUG cotyledon.oslo_config_glue [-] oslo_limit.keyfile = None {{(pid=96582) log_opt_values /opt/stack/data/venv/lib/python3.12/site-packages/oslo_config/cfg.py:3560}}
Aug 22 05:51:36.384901 np0000007931 nova-scheduler[96582]: DEBUG cotyledon.oslo_config_glue [-] oslo_limit.max_version = None {{(pid=96582) log_opt_values /opt/stack/data/venv/lib/python3.12/site-packages/oslo_config/cfg.py:3560}}
Aug 22 05:51:36.384901 np0000007931 nova-scheduler[96582]: DEBUG cotyledon.oslo_config_glue [-] oslo_limit.min_version = None {{(pid=96582) log_opt_values /opt/stack/data/venv/lib/python3.12/site-packages/oslo_config/cfg.py:3560}}
Aug 22 05:51:36.384901 np0000007931 nova-scheduler[96582]: DEBUG cotyledon.oslo_config_glue [-] oslo_limit.region_name = None {{(pid=96582) log_opt_values /opt/stack/data/venv/lib/python3.12/site-packages/oslo_config/cfg.py:3560}}
Aug 22 05:51:36.384901 np0000007931 nova-scheduler[96582]: DEBUG cotyledon.oslo_config_glue [-] oslo_limit.retriable_status_codes = None {{(pid=96582) log_opt_values /opt/stack/data/venv/lib/python3.12/site-packages/oslo_config/cfg.py:3560}}
Aug 22 05:51:36.384901 np0000007931 nova-scheduler[96582]: DEBUG cotyledon.oslo_config_glue [-] oslo_limit.service_name = None {{(pid=96582) log_opt_values /opt/stack/data/venv/lib/python3.12/site-packages/oslo_config/cfg.py:3560}}
Aug 22 05:51:36.385226 np0000007931 nova-scheduler[96582]: DEBUG cotyledon.oslo_config_glue [-] oslo_limit.service_type = None {{(pid=96582) log_opt_values /opt/stack/data/venv/lib/python3.12/site-packages/oslo_config/cfg.py:3560}}
Aug 22 05:51:36.385226 np0000007931 nova-scheduler[96582]: DEBUG cotyledon.oslo_config_glue [-] oslo_limit.split_loggers = False {{(pid=96582) log_opt_values /opt/stack/data/venv/lib/python3.12/site-packages/oslo_config/cfg.py:3560}}
Aug 22 05:51:36.385226 np0000007931 nova-scheduler[96582]: DEBUG cotyledon.oslo_config_glue [-] oslo_limit.status_code_retries = None {{(pid=96582) log_opt_values /opt/stack/data/venv/lib/python3.12/site-packages/oslo_config/cfg.py:3560}}
Aug 22 05:51:36.385226 np0000007931 nova-scheduler[96582]: DEBUG cotyledon.oslo_config_glue [-] oslo_limit.status_code_retry_delay = None {{(pid=96582) log_opt_values /opt/stack/data/venv/lib/python3.12/site-packages/oslo_config/cfg.py:3560}}
Aug 22 05:51:36.385226 np0000007931 nova-scheduler[96582]: DEBUG cotyledon.oslo_config_glue [-] oslo_limit.timeout = None {{(pid=96582) log_opt_values /opt/stack/data/venv/lib/python3.12/site-packages/oslo_config/cfg.py:3560}}
Aug 22 05:51:36.385226 np0000007931 nova-scheduler[96582]: DEBUG cotyledon.oslo_config_glue [-] oslo_limit.valid_interfaces = None {{(pid=96582) log_opt_values /opt/stack/data/venv/lib/python3.12/site-packages/oslo_config/cfg.py:3560}}
Aug 22 05:51:36.385226 np0000007931 nova-scheduler[96582]: DEBUG cotyledon.oslo_config_glue [-] oslo_limit.version = None {{(pid=96582) log_opt_values /opt/stack/data/venv/lib/python3.12/site-packages/oslo_config/cfg.py:3560}}
Aug 22 05:51:36.385226 np0000007931 nova-scheduler[96582]: DEBUG cotyledon.oslo_config_glue [-] oslo_reports.file_event_handler = None {{(pid=96582) log_opt_values /opt/stack/data/venv/lib/python3.12/site-packages/oslo_config/cfg.py:3560}}
Aug 22 05:51:36.385226 np0000007931 nova-scheduler[96582]: DEBUG cotyledon.oslo_config_glue [-] oslo_reports.file_event_handler_interval = 1 {{(pid=96582) log_opt_values /opt/stack/data/venv/lib/python3.12/site-packages/oslo_config/cfg.py:3560}}
Aug 22 05:51:36.385708 np0000007931 nova-scheduler[96582]: DEBUG cotyledon.oslo_config_glue [-] oslo_reports.log_dir = None {{(pid=96582) log_opt_values /opt/stack/data/venv/lib/python3.12/site-packages/oslo_config/cfg.py:3560}}
Aug 22 05:51:36.385708 np0000007931 nova-scheduler[96582]: DEBUG cotyledon.oslo_config_glue [-] ******************************************************************************** {{(pid=96582) log_opt_values /opt/stack/data/venv/lib/python3.12/site-packages/oslo_config/cfg.py:3567}}
Aug 22 05:51:36.385708 np0000007931 nova-scheduler[96582]: DEBUG cotyledon._service_worker [-] Run service ServiceWrapper(3) [96582] {{(pid=96582) wait_forever /opt/stack/data/venv/lib/python3.12/site-packages/cotyledon/_service_worker.py:218}}
Aug 22 05:51:36.385708 np0000007931 nova-scheduler[96582]: INFO nova.service [-] Starting scheduler node (version 33.1.0)
Aug 22 05:51:36.385708 np0000007931 nova-scheduler[96582]: INFO dbcounter [None req-d20a0067-19de-422d-b188-8ce6f3720051 None None] Registered counter for database nova_cell0
Aug 22 05:51:36.385873 np0000007931 nova-scheduler[96576]: DEBUG oslo_db.sqlalchemy.engines [None req-8d8574c5-ff19-4f5a-9514-7ecac740722e None None] MySQL server mode set to STRICT_TRANS_TABLES,STRICT_ALL_TABLES,NO_ZERO_IN_DATE,NO_ZERO_DATE,ERROR_FOR_DIVISION_BY_ZERO,TRADITIONAL,NO_ENGINE_SUBSTITUTION {{(pid=96576) _check_effective_sql_mode /opt/stack/data/venv/lib/python3.12/site-packages/oslo_db/sqlalchemy/engines.py:325}}
Aug 22 05:51:36.385873 np0000007931 nova-scheduler[96576]: DEBUG dbcounter [-] [96576] Writer thread running {{(pid=96576) stat_writer /opt/stack/data/venv/lib/python3.12/site-packages/dbcounter.py:102}}
Aug 22 05:51:36.385961 np0000007931 nova-scheduler[96578]: DEBUG oslo_db.sqlalchemy.engines [None req-6695f86b-061f-409b-b5ef-2bfe2d6320a6 None None] MySQL server mode set to STRICT_TRANS_TABLES,STRICT_ALL_TABLES,NO_ZERO_IN_DATE,NO_ZERO_DATE,ERROR_FOR_DIVISION_BY_ZERO,TRADITIONAL,NO_ENGINE_SUBSTITUTION {{(pid=96578) _check_effective_sql_mode /opt/stack/data/venv/lib/python3.12/site-packages/oslo_db/sqlalchemy/engines.py:325}}
Aug 22 05:51:36.386033 np0000007931 nova-scheduler[96576]: DEBUG nova.service [None req-8d8574c5-ff19-4f5a-9514-7ecac740722e None None] Creating RPC server for service: nova-scheduler on topic: scheduler {{(pid=96576) start /opt/stack/nova/nova/service.py:262}}
Aug 22 05:51:36.392933 np0000007931 nova-scheduler[96578]: DEBUG dbcounter [-] [96578] Writer thread running {{(pid=96578) stat_writer /opt/stack/data/venv/lib/python3.12/site-packages/dbcounter.py:102}}
Aug 22 05:51:36.396358 np0000007931 nova-scheduler[96578]: DEBUG nova.service [None req-6695f86b-061f-409b-b5ef-2bfe2d6320a6 None None] Creating RPC server for service: nova-scheduler on topic: scheduler {{(pid=96578) start /opt/stack/nova/nova/service.py:262}}
Aug 22 05:51:36.397201 np0000007931 nova-scheduler[96580]: DEBUG oslo_db.sqlalchemy.engines [None req-91fab8b6-16db-42f8-876a-dc78daa04297 None None] MySQL server mode set to STRICT_TRANS_TABLES,STRICT_ALL_TABLES,NO_ZERO_IN_DATE,NO_ZERO_DATE,ERROR_FOR_DIVISION_BY_ZERO,TRADITIONAL,NO_ENGINE_SUBSTITUTION {{(pid=96580) _check_effective_sql_mode /opt/stack/data/venv/lib/python3.12/site-packages/oslo_db/sqlalchemy/engines.py:325}}
Aug 22 05:51:36.406547 np0000007931 nova-scheduler[96582]: DEBUG oslo_db.sqlalchemy.engines [None req-d20a0067-19de-422d-b188-8ce6f3720051 None None] MySQL server mode set to STRICT_TRANS_TABLES,STRICT_ALL_TABLES,NO_ZERO_IN_DATE,NO_ZERO_DATE,ERROR_FOR_DIVISION_BY_ZERO,TRADITIONAL,NO_ENGINE_SUBSTITUTION {{(pid=96582) _check_effective_sql_mode /opt/stack/data/venv/lib/python3.12/site-packages/oslo_db/sqlalchemy/engines.py:325}}
Aug 22 05:51:36.408585 np0000007931 nova-scheduler[96580]: DEBUG dbcounter [-] [96580] Writer thread running {{(pid=96580) stat_writer /opt/stack/data/venv/lib/python3.12/site-packages/dbcounter.py:102}}
Aug 22 05:51:36.412399 np0000007931 nova-scheduler[96580]: DEBUG nova.service [None req-91fab8b6-16db-42f8-876a-dc78daa04297 None None] Creating RPC server for service: nova-scheduler on topic: scheduler {{(pid=96580) start /opt/stack/nova/nova/service.py:262}}
Aug 22 05:51:36.419426 np0000007931 nova-scheduler[96582]: DEBUG dbcounter [-] [96582] Writer thread running {{(pid=96582) stat_writer /opt/stack/data/venv/lib/python3.12/site-packages/dbcounter.py:102}}
Aug 22 05:51:36.423343 np0000007931 nova-scheduler[96582]: DEBUG nova.service [None req-d20a0067-19de-422d-b188-8ce6f3720051 None None] Creating RPC server for service: nova-scheduler on topic: scheduler {{(pid=96582) start /opt/stack/nova/nova/service.py:262}}
Aug 22 05:51:36.429505 np0000007931 nova-scheduler[96578]: DEBUG nova.service [None req-6695f86b-061f-409b-b5ef-2bfe2d6320a6 None None] Join ServiceGroup membership for this service scheduler {{(pid=96578) start /opt/stack/nova/nova/service.py:288}}
Aug 22 05:51:36.429669 np0000007931 nova-scheduler[96576]: DEBUG nova.service [None req-8d8574c5-ff19-4f5a-9514-7ecac740722e None None] Join ServiceGroup membership for this service scheduler {{(pid=96576) start /opt/stack/nova/nova/service.py:288}}
Aug 22 05:51:36.429803 np0000007931 nova-scheduler[96578]: DEBUG nova.servicegroup.drivers.db [None req-6695f86b-061f-409b-b5ef-2bfe2d6320a6 None None] DB_Driver: join new ServiceGroup member np0000007931 to the scheduler group, service = {{(pid=96578) join /opt/stack/nova/nova/servicegroup/drivers/db.py:44}}
Aug 22 05:51:36.430082 np0000007931 nova-scheduler[96576]: DEBUG nova.servicegroup.drivers.db [None req-8d8574c5-ff19-4f5a-9514-7ecac740722e None None] DB_Driver: join new ServiceGroup member np0000007931 to the scheduler group, service = {{(pid=96576) join /opt/stack/nova/nova/servicegroup/drivers/db.py:44}}
Aug 22 05:51:36.437730 np0000007931 nova-scheduler[96580]: DEBUG nova.service [None req-91fab8b6-16db-42f8-876a-dc78daa04297 None None] Join ServiceGroup membership for this service scheduler {{(pid=96580) start /opt/stack/nova/nova/service.py:288}}
Aug 22 05:51:36.438044 np0000007931 nova-scheduler[96580]: DEBUG nova.servicegroup.drivers.db [None req-91fab8b6-16db-42f8-876a-dc78daa04297 None None] DB_Driver: join new ServiceGroup member np0000007931 to the scheduler group, service = {{(pid=96580) join /opt/stack/nova/nova/servicegroup/drivers/db.py:44}}
Aug 22 05:51:36.443197 np0000007931 nova-scheduler[96582]: DEBUG nova.service [None req-d20a0067-19de-422d-b188-8ce6f3720051 None None] Join ServiceGroup membership for this service scheduler {{(pid=96582) start /opt/stack/nova/nova/service.py:288}}
Aug 22 05:51:36.443475 np0000007931 nova-scheduler[96582]: DEBUG nova.servicegroup.drivers.db [None req-d20a0067-19de-422d-b188-8ce6f3720051 None None] DB_Driver: join new ServiceGroup member np0000007931 to the scheduler group, service = {{(pid=96582) join /opt/stack/nova/nova/servicegroup/drivers/db.py:44}}
Aug 22 05:51:41.444461 np0000007931 nova-scheduler[96578]: DEBUG oslo.service.backend._threading.loopingcall [-] Fixed interval looping call 'nova.servicegroup.drivers.db.DbDriver._report_state' sleeping for 119.99 seconds {{(pid=96578) _run_loop /opt/stack/data/venv/lib/python3.12/site-packages/oslo_service/backend/_threading/loopingcall.py:125}}
Aug 22 05:51:41.445050 np0000007931 nova-scheduler[96576]: DEBUG oslo.service.backend._threading.loopingcall [-] Fixed interval looping call 'nova.servicegroup.drivers.db.DbDriver._report_state' sleeping for 119.99 seconds {{(pid=96576) _run_loop /opt/stack/data/venv/lib/python3.12/site-packages/oslo_service/backend/_threading/loopingcall.py:125}}
Aug 22 05:51:41.448138 np0000007931 nova-scheduler[96580]: DEBUG oslo.service.backend._threading.loopingcall [-] Fixed interval looping call 'nova.servicegroup.drivers.db.DbDriver._report_state' sleeping for 119.99 seconds {{(pid=96580) _run_loop /opt/stack/data/venv/lib/python3.12/site-packages/oslo_service/backend/_threading/loopingcall.py:125}}
Aug 22 05:51:41.453538 np0000007931 nova-scheduler[96582]: DEBUG oslo.service.backend._threading.loopingcall [-] Fixed interval looping call 'nova.servicegroup.drivers.db.DbDriver._report_state' sleeping for 119.99 seconds {{(pid=96582) _run_loop /opt/stack/data/venv/lib/python3.12/site-packages/oslo_service/backend/_threading/loopingcall.py:125}}
Aug 22 05:51:44.937963 np0000007931 nova-scheduler[95383]: DEBUG dbcounter [-] [95383] Writing DB stats nova_api:SELECT=3 {{(pid=95383) stat_writer /opt/stack/data/venv/lib/python3.12/site-packages/dbcounter.py:115}}
Aug 22 05:51:45.076675 np0000007931 nova-scheduler[95383]: DEBUG dbcounter [-] [95383] Writing DB stats nova_cell0:SELECT=1 {{(pid=95383) stat_writer /opt/stack/data/venv/lib/python3.12/site-packages/dbcounter.py:115}}
Aug 22 05:51:45.082198 np0000007931 nova-scheduler[95383]: DEBUG dbcounter [-] [95383] Writing DB stats nova_cell1:SELECT=1 {{(pid=95383) stat_writer /opt/stack/data/venv/lib/python3.12/site-packages/dbcounter.py:115}}
Aug 22 05:51:51.440798 np0000007931 nova-scheduler[96578]: DEBUG dbcounter [-] [96578] Writing DB stats nova_cell0:SELECT=3,nova_cell0:UPDATE=1 {{(pid=96578) stat_writer /opt/stack/data/venv/lib/python3.12/site-packages/dbcounter.py:115}}
Aug 22 05:51:51.442478 np0000007931 nova-scheduler[96576]: DEBUG dbcounter [-] [96576] Writing DB stats nova_cell0:SELECT=4,nova_cell0:INSERT=1,nova_cell0:UPDATE=1 {{(pid=96576) stat_writer /opt/stack/data/venv/lib/python3.12/site-packages/dbcounter.py:115}}
Aug 22 05:51:51.445309 np0000007931 nova-scheduler[96580]: DEBUG dbcounter [-] [96580] Writing DB stats nova_cell0:SELECT=3 {{(pid=96580) stat_writer /opt/stack/data/venv/lib/python3.12/site-packages/dbcounter.py:115}}
Aug 22 05:51:51.451298 np0000007931 nova-scheduler[96582]: DEBUG dbcounter [-] [96582] Writing DB stats nova_cell0:SELECT=3 {{(pid=96582) stat_writer /opt/stack/data/venv/lib/python3.12/site-packages/dbcounter.py:115}}
Aug 22 05:51:56.434547 np0000007931 nova-scheduler[96576]: DEBUG oslo.service.backend._threading.loopingcall [None req-0197ce58-a8fc-4b3b-84c2-f50bb21be8bd None None] Dynamic interval looping call 'nova.service.Service.periodic_tasks' sleeping for 60.00 seconds {{(pid=96576) _run_loop /opt/stack/data/venv/lib/python3.12/site-packages/oslo_service/backend/_threading/loopingcall.py:125}}
Aug 22 05:52:02.440252 np0000007931 nova-scheduler[96580]: DEBUG oslo.service.backend._threading.loopingcall [None req-890acc12-ffc6-4845-861e-a2885fe04c8c None None] Dynamic interval looping call 'nova.service.Service.periodic_tasks' sleeping for 60.00 seconds {{(pid=96580) _run_loop /opt/stack/data/venv/lib/python3.12/site-packages/oslo_service/backend/_threading/loopingcall.py:125}}
Aug 22 05:52:05.446105 np0000007931 nova-scheduler[96582]: DEBUG oslo.service.backend._threading.loopingcall [None req-833718cd-e98a-4af0-9c0a-f8b404bab4e9 None None] Dynamic interval looping call 'nova.service.Service.periodic_tasks' sleeping for 60.00 seconds {{(pid=96582) _run_loop /opt/stack/data/venv/lib/python3.12/site-packages/oslo_service/backend/_threading/loopingcall.py:125}}
Aug 22 05:52:13.432151 np0000007931 nova-scheduler[96578]: DEBUG oslo.service.backend._threading.loopingcall [None req-1d24c266-ceb1-454a-a832-0cdf0317c831 None None] Dynamic interval looping call 'nova.service.Service.periodic_tasks' sleeping for 60.00 seconds {{(pid=96578) _run_loop /opt/stack/data/venv/lib/python3.12/site-packages/oslo_service/backend/_threading/loopingcall.py:125}}
Aug 22 05:52:56.435008 np0000007931 nova-scheduler[96576]: DEBUG oslo.service.backend._threading.loopingcall [None req-0197ce58-a8fc-4b3b-84c2-f50bb21be8bd None None] Dynamic interval looping call 'nova.service.Service.periodic_tasks' sleeping for 60.00 seconds {{(pid=96576) _run_loop /opt/stack/data/venv/lib/python3.12/site-packages/oslo_service/backend/_threading/loopingcall.py:125}}
Aug 22 05:53:02.440827 np0000007931 nova-scheduler[96580]: DEBUG oslo.service.backend._threading.loopingcall [None req-890acc12-ffc6-4845-861e-a2885fe04c8c None None] Dynamic interval looping call 'nova.service.Service.periodic_tasks' sleeping for 60.00 seconds {{(pid=96580) _run_loop /opt/stack/data/venv/lib/python3.12/site-packages/oslo_service/backend/_threading/loopingcall.py:125}}
Aug 22 05:53:05.446679 np0000007931 nova-scheduler[96582]: DEBUG oslo.service.backend._threading.loopingcall [None req-833718cd-e98a-4af0-9c0a-f8b404bab4e9 None None] Dynamic interval looping call 'nova.service.Service.periodic_tasks' sleeping for 60.00 seconds {{(pid=96582) _run_loop /opt/stack/data/venv/lib/python3.12/site-packages/oslo_service/backend/_threading/loopingcall.py:125}}
Aug 22 05:53:13.432605 np0000007931 nova-scheduler[96578]: DEBUG oslo.service.backend._threading.loopingcall [None req-1d24c266-ceb1-454a-a832-0cdf0317c831 None None] Dynamic interval looping call 'nova.service.Service.periodic_tasks' sleeping for 60.00 seconds {{(pid=96578) _run_loop /opt/stack/data/venv/lib/python3.12/site-packages/oslo_service/backend/_threading/loopingcall.py:125}}
Aug 22 05:53:41.450198 np0000007931 nova-scheduler[96578]: DEBUG oslo.service.backend._threading.loopingcall [-] Fixed interval looping call 'nova.servicegroup.drivers.db.DbDriver._report_state' sleeping for 119.99 seconds {{(pid=96578) _run_loop /opt/stack/data/venv/lib/python3.12/site-packages/oslo_service/backend/_threading/loopingcall.py:125}}
Aug 22 05:53:41.451467 np0000007931 nova-scheduler[96576]: DEBUG oslo.service.backend._threading.loopingcall [-] Fixed interval looping call 'nova.servicegroup.drivers.db.DbDriver._report_state' sleeping for 119.99 seconds {{(pid=96576) _run_loop /opt/stack/data/venv/lib/python3.12/site-packages/oslo_service/backend/_threading/loopingcall.py:125}}
Aug 22 05:53:41.454555 np0000007931 nova-scheduler[96580]: DEBUG oslo.service.backend._threading.loopingcall [-] Fixed interval looping call 'nova.servicegroup.drivers.db.DbDriver._report_state' sleeping for 119.98 seconds {{(pid=96580) _run_loop /opt/stack/data/venv/lib/python3.12/site-packages/oslo_service/backend/_threading/loopingcall.py:125}}
Aug 22 05:53:41.456151 np0000007931 nova-scheduler[96582]: DEBUG oslo.service.backend._threading.loopingcall [-] Fixed interval looping call 'nova.servicegroup.drivers.db.DbDriver._report_state' sleeping for 119.99 seconds {{(pid=96582) _run_loop /opt/stack/data/venv/lib/python3.12/site-packages/oslo_service/backend/_threading/loopingcall.py:125}}
Aug 22 05:53:47.916031 np0000007931 nova-scheduler[96576]: DEBUG nova.scheduler.manager [None req-43da8b18-c3a7-4e2e-97c9-5bc1b852eb60 tempest-ServerActionsTestOtherB-879382969 tempest-ServerActionsTestOtherB-879382969-project-member] Starting to schedule for instances: ['75c46289-51c6-4ade-bada-9d9e2498a1f0'] {{(pid=96576) select_destinations /opt/stack/nova/nova/scheduler/manager.py:197}}
Aug 22 05:53:47.916494 np0000007931 nova-scheduler[96576]: DEBUG nova.scheduler.request_filter [None req-43da8b18-c3a7-4e2e-97c9-5bc1b852eb60 tempest-ServerActionsTestOtherB-879382969 tempest-ServerActionsTestOtherB-879382969-project-member] compute_status_filter request filter added forbidden trait COMPUTE_STATUS_DISABLED {{(pid=96576) compute_status_filter /opt/stack/nova/nova/scheduler/request_filter.py:258}}
Aug 22 05:53:47.916494 np0000007931 nova-scheduler[96576]: DEBUG nova.scheduler.request_filter [None req-43da8b18-c3a7-4e2e-97c9-5bc1b852eb60 tempest-ServerActionsTestOtherB-879382969 tempest-ServerActionsTestOtherB-879382969-project-member] Request filter 'compute_status_filter' took 0.0 seconds {{(pid=96576) wrapper /opt/stack/nova/nova/scheduler/request_filter.py:51}}
Aug 22 05:53:47.916812 np0000007931 nova-scheduler[96576]: DEBUG nova.scheduler.request_filter [None req-43da8b18-c3a7-4e2e-97c9-5bc1b852eb60 tempest-ServerActionsTestOtherB-879382969 tempest-ServerActionsTestOtherB-879382969-project-member] Request filter 'accelerators_filter' took 0.0 seconds {{(pid=96576) wrapper /opt/stack/nova/nova/scheduler/request_filter.py:51}}
Aug 22 05:53:47.916897 np0000007931 nova-scheduler[96576]: DEBUG nova.scheduler.request_filter [None req-43da8b18-c3a7-4e2e-97c9-5bc1b852eb60 tempest-ServerActionsTestOtherB-879382969 tempest-ServerActionsTestOtherB-879382969-project-member] Request filter 'packed_virtqueue_filter' took 0.0 seconds {{(pid=96576) wrapper /opt/stack/nova/nova/scheduler/request_filter.py:51}}
Aug 22 05:53:47.917149 np0000007931 nova-scheduler[96576]: DEBUG nova.scheduler.request_filter [None req-43da8b18-c3a7-4e2e-97c9-5bc1b852eb60 tempest-ServerActionsTestOtherB-879382969 tempest-ServerActionsTestOtherB-879382969-project-member] Request filter 'remote_managed_ports_filter' took 0.0 seconds {{(pid=96576) wrapper /opt/stack/nova/nova/scheduler/request_filter.py:51}}
Aug 22 05:53:47.917294 np0000007931 nova-scheduler[96576]: DEBUG nova.scheduler.request_filter [None req-43da8b18-c3a7-4e2e-97c9-5bc1b852eb60 tempest-ServerActionsTestOtherB-879382969 tempest-ServerActionsTestOtherB-879382969-project-member] ephemeral_encryption_filter skipped {{(pid=96576) ephemeral_encryption_filter /opt/stack/nova/nova/scheduler/request_filter.py:431}}
Aug 22 05:53:47.917463 np0000007931 nova-scheduler[96576]: DEBUG nova.scheduler.request_filter [None req-43da8b18-c3a7-4e2e-97c9-5bc1b852eb60 tempest-ServerActionsTestOtherB-879382969 tempest-ServerActionsTestOtherB-879382969-project-member] virtio_sound_filter skipped {{(pid=96576) virtio_sound_filter /opt/stack/nova/nova/scheduler/request_filter.py:465}}
Aug 22 05:53:47.917602 np0000007931 nova-scheduler[96576]: DEBUG nova.scheduler.request_filter [None req-43da8b18-c3a7-4e2e-97c9-5bc1b852eb60 tempest-ServerActionsTestOtherB-879382969 tempest-ServerActionsTestOtherB-879382969-project-member] tpm_secret_security_filter skipped {{(pid=96576) tpm_secret_security_filter /opt/stack/nova/nova/scheduler/request_filter.py:482}}
Aug 22 05:53:47.917995 np0000007931 nova-scheduler[96576]: DEBUG oslo_concurrency.lockutils [None req-43da8b18-c3a7-4e2e-97c9-5bc1b852eb60 tempest-ServerActionsTestOtherB-879382969 tempest-ServerActionsTestOtherB-879382969-project-member] Acquiring lock "00000000-0000-0000-0000-000000000000" by "nova.context.set_target_cell..get_or_set_cached_cell_and_set_connections" {{(pid=96576) inner /opt/stack/data/venv/lib/python3.12/site-packages/oslo_concurrency/lockutils.py:512}}
Aug 22 05:53:47.918256 np0000007931 nova-scheduler[96576]: DEBUG oslo_concurrency.lockutils [None req-43da8b18-c3a7-4e2e-97c9-5bc1b852eb60 tempest-ServerActionsTestOtherB-879382969 tempest-ServerActionsTestOtherB-879382969-project-member] Lock "00000000-0000-0000-0000-000000000000" acquired by "nova.context.set_target_cell..get_or_set_cached_cell_and_set_connections" :: waited 0.000s {{(pid=96576) inner /opt/stack/data/venv/lib/python3.12/site-packages/oslo_concurrency/lockutils.py:525}}
Aug 22 05:53:47.920053 np0000007931 nova-scheduler[96576]: DEBUG oslo_concurrency.lockutils [None req-43da8b18-c3a7-4e2e-97c9-5bc1b852eb60 tempest-ServerActionsTestOtherB-879382969 tempest-ServerActionsTestOtherB-879382969-project-member] Lock "00000000-0000-0000-0000-000000000000" "released" by "nova.context.set_target_cell..get_or_set_cached_cell_and_set_connections" :: held 0.001s {{(pid=96576) inner /opt/stack/data/venv/lib/python3.12/site-packages/oslo_concurrency/lockutils.py:544}}
Aug 22 05:53:47.920053 np0000007931 nova-scheduler[96576]: INFO nova.thread_pool_factory [None req-43da8b18-c3a7-4e2e-97c9-5bc1b852eb60 tempest-ServerActionsTestOtherB-879382969 tempest-ServerActionsTestOtherB-879382969-project-member] The cell_worker thread pool ForkProcess-1.cell_worker is initialized
Aug 22 05:53:47.921251 np0000007931 nova-scheduler[96576]: DEBUG oslo_concurrency.lockutils [None req-43da8b18-c3a7-4e2e-97c9-5bc1b852eb60 tempest-ServerActionsTestOtherB-879382969 tempest-ServerActionsTestOtherB-879382969-project-member] Acquiring lock "131b2095-d152-4ab5-8b03-c82d6e0c19ac" by "nova.context.set_target_cell..get_or_set_cached_cell_and_set_connections" {{(pid=96576) inner /opt/stack/data/venv/lib/python3.12/site-packages/oslo_concurrency/lockutils.py:512}}
Aug 22 05:53:47.921808 np0000007931 nova-scheduler[96576]: DEBUG oslo_concurrency.lockutils [None req-43da8b18-c3a7-4e2e-97c9-5bc1b852eb60 tempest-ServerActionsTestOtherB-879382969 tempest-ServerActionsTestOtherB-879382969-project-member] Lock "131b2095-d152-4ab5-8b03-c82d6e0c19ac" acquired by "nova.context.set_target_cell..get_or_set_cached_cell_and_set_connections" :: waited 0.001s {{(pid=96576) inner /opt/stack/data/venv/lib/python3.12/site-packages/oslo_concurrency/lockutils.py:525}}
Aug 22 05:53:47.923061 np0000007931 nova-scheduler[96576]: DEBUG oslo_concurrency.lockutils [None req-43da8b18-c3a7-4e2e-97c9-5bc1b852eb60 tempest-ServerActionsTestOtherB-879382969 tempest-ServerActionsTestOtherB-879382969-project-member] Lock "131b2095-d152-4ab5-8b03-c82d6e0c19ac" "released" by "nova.context.set_target_cell..get_or_set_cached_cell_and_set_connections" :: held 0.001s {{(pid=96576) inner /opt/stack/data/venv/lib/python3.12/site-packages/oslo_concurrency/lockutils.py:544}}
Aug 22 05:53:47.928005 np0000007931 nova-scheduler[96576]: INFO dbcounter [None req-43da8b18-c3a7-4e2e-97c9-5bc1b852eb60 tempest-ServerActionsTestOtherB-879382969 tempest-ServerActionsTestOtherB-879382969-project-member] Registered counter for database nova_cell0
Aug 22 05:53:47.931993 np0000007931 nova-scheduler[96576]: INFO dbcounter [None req-43da8b18-c3a7-4e2e-97c9-5bc1b852eb60 tempest-ServerActionsTestOtherB-879382969 tempest-ServerActionsTestOtherB-879382969-project-member] Registered counter for database nova_cell1
Aug 22 05:53:47.992340 np0000007931 nova-scheduler[96576]: DEBUG oslo_db.sqlalchemy.engines [None req-43da8b18-c3a7-4e2e-97c9-5bc1b852eb60 tempest-ServerActionsTestOtherB-879382969 tempest-ServerActionsTestOtherB-879382969-project-member] MySQL server mode set to STRICT_TRANS_TABLES,STRICT_ALL_TABLES,NO_ZERO_IN_DATE,NO_ZERO_DATE,ERROR_FOR_DIVISION_BY_ZERO,TRADITIONAL,NO_ENGINE_SUBSTITUTION {{(pid=96576) _check_effective_sql_mode /opt/stack/data/venv/lib/python3.12/site-packages/oslo_db/sqlalchemy/engines.py:325}}
Aug 22 05:53:48.003108 np0000007931 nova-scheduler[96576]: DEBUG dbcounter [-] [96576] Writer thread running {{(pid=96576) stat_writer /opt/stack/data/venv/lib/python3.12/site-packages/dbcounter.py:102}}
Aug 22 05:53:48.008698 np0000007931 nova-scheduler[96576]: DEBUG oslo_db.sqlalchemy.engines [None req-43da8b18-c3a7-4e2e-97c9-5bc1b852eb60 tempest-ServerActionsTestOtherB-879382969 tempest-ServerActionsTestOtherB-879382969-project-member] MySQL server mode set to STRICT_TRANS_TABLES,STRICT_ALL_TABLES,NO_ZERO_IN_DATE,NO_ZERO_DATE,ERROR_FOR_DIVISION_BY_ZERO,TRADITIONAL,NO_ENGINE_SUBSTITUTION {{(pid=96576) _check_effective_sql_mode /opt/stack/data/venv/lib/python3.12/site-packages/oslo_db/sqlalchemy/engines.py:325}}
Aug 22 05:53:48.016846 np0000007931 nova-scheduler[96576]: DEBUG dbcounter [-] [96576] Writer thread running {{(pid=96576) stat_writer /opt/stack/data/venv/lib/python3.12/site-packages/dbcounter.py:102}}
Aug 22 05:53:48.019676 np0000007931 nova-scheduler[96576]: DEBUG nova.scheduler.request_filter [None req-43da8b18-c3a7-4e2e-97c9-5bc1b852eb60 tempest-ServerActionsTestOtherB-879382969 tempest-ServerActionsTestOtherB-879382969-project-member] Added required trait OWNER_NOVA to root provider in request spec {{(pid=96576) owner_nova_filter /opt/stack/nova/nova/scheduler/request_filter.py:580}}
Aug 22 05:53:48.019866 np0000007931 nova-scheduler[96576]: DEBUG nova.scheduler.request_filter [None req-43da8b18-c3a7-4e2e-97c9-5bc1b852eb60 tempest-ServerActionsTestOtherB-879382969 tempest-ServerActionsTestOtherB-879382969-project-member] Request filter 'owner_nova_filter' took 0.1 seconds {{(pid=96576) wrapper /opt/stack/nova/nova/scheduler/request_filter.py:51}}
