May 31 08:17:55.944312 np0000001805 devstack@g-api.service[99031]: [pid: 99031|app: 0|req: 222/439] 127.0.0.1 () {44 vars in 1115 bytes} [Sun May 31 08:17:55 2026] GET /v2/images/220d3823-f5cd-4fea-8b66-a6827d32c16f => generated 1359 bytes in 21 msecs (HTTP/1.1 200) 4 headers in 158 bytes (1 switches on core 0)
May 31 08:17:55.994520 np0000001805 devstack@g-api.service[99030]: DEBUG glance.api.middleware.version_negotiation [None req-156b34ea-2a4b-4579-ad27-e27f446534d0 tempest-ServerBootFromVolumeStableRescueTest-1342356062 tempest-ServerBootFromVolumeStableRescueTest-1342356062-project-member] Determining version of request: GET /v2/schemas/image Accept: */* {{(pid=99030) process_request /opt/stack/glance/glance/api/middleware/version_negotiation.py:44}}
May 31 08:17:55.994636 np0000001805 devstack@g-api.service[99030]: DEBUG glance.api.middleware.version_negotiation [None req-156b34ea-2a4b-4579-ad27-e27f446534d0 tempest-ServerBootFromVolumeStableRescueTest-1342356062 tempest-ServerBootFromVolumeStableRescueTest-1342356062-project-member] Using url versioning {{(pid=99030) process_request /opt/stack/glance/glance/api/middleware/version_negotiation.py:57}}
May 31 08:17:55.994693 np0000001805 devstack@g-api.service[99030]: DEBUG glance.api.middleware.version_negotiation [None req-156b34ea-2a4b-4579-ad27-e27f446534d0 tempest-ServerBootFromVolumeStableRescueTest-1342356062 tempest-ServerBootFromVolumeStableRescueTest-1342356062-project-member] Matched version: v2 {{(pid=99030) process_request /opt/stack/glance/glance/api/middleware/version_negotiation.py:69}}
May 31 08:17:55.994784 np0000001805 devstack@g-api.service[99030]: DEBUG glance.api.middleware.version_negotiation [None req-156b34ea-2a4b-4579-ad27-e27f446534d0 tempest-ServerBootFromVolumeStableRescueTest-1342356062 tempest-ServerBootFromVolumeStableRescueTest-1342356062-project-member] new path /v2/schemas/image {{(pid=99030) process_request /opt/stack/glance/glance/api/middleware/version_negotiation.py:70}}
May 31 08:17:56.002317 np0000001805 devstack@g-api.service[99030]: [pid: 99030|app: 0|req: 218/440] 127.0.0.1 () {44 vars in 1055 bytes} [Sun May 31 08:17:55 2026] GET /v2/schemas/image => generated 6083 bytes in 8 msecs (HTTP/1.1 200) 4 headers in 158 bytes (1 switches on core 0)
May 31 08:17:56.058233 np0000001805 devstack@g-api.service[99031]: DEBUG glance.api.middleware.version_negotiation [None req-8988c98b-d9e5-41d5-af26-bb3b62a23da8 tempest-ServerBootFromVolumeStableRescueTest-1342356062 tempest-ServerBootFromVolumeStableRescueTest-1342356062-project-member] Determining version of request: GET /v2/schemas/image Accept: */* {{(pid=99031) process_request /opt/stack/glance/glance/api/middleware/version_negotiation.py:44}}
May 31 08:17:56.058467 np0000001805 devstack@g-api.service[99031]: DEBUG glance.api.middleware.version_negotiation [None req-8988c98b-d9e5-41d5-af26-bb3b62a23da8 tempest-ServerBootFromVolumeStableRescueTest-1342356062 tempest-ServerBootFromVolumeStableRescueTest-1342356062-project-member] Using url versioning {{(pid=99031) process_request /opt/stack/glance/glance/api/middleware/version_negotiation.py:57}}
May 31 08:17:56.058646 np0000001805 devstack@g-api.service[99031]: DEBUG glance.api.middleware.version_negotiation [None req-8988c98b-d9e5-41d5-af26-bb3b62a23da8 tempest-ServerBootFromVolumeStableRescueTest-1342356062 tempest-ServerBootFromVolumeStableRescueTest-1342356062-project-member] Matched version: v2 {{(pid=99031) process_request /opt/stack/glance/glance/api/middleware/version_negotiation.py:69}}
May 31 08:17:56.058799 np0000001805 devstack@g-api.service[99031]: DEBUG glance.api.middleware.version_negotiation [None req-8988c98b-d9e5-41d5-af26-bb3b62a23da8 tempest-ServerBootFromVolumeStableRescueTest-1342356062 tempest-ServerBootFromVolumeStableRescueTest-1342356062-project-member] new path /v2/schemas/image {{(pid=99031) process_request /opt/stack/glance/glance/api/middleware/version_negotiation.py:70}}
May 31 08:17:56.063001 np0000001805 devstack@g-api.service[99031]: [pid: 99031|app: 0|req: 223/441] 127.0.0.1 () {44 vars in 1055 bytes} [Sun May 31 08:17:56 2026] GET /v2/schemas/image => generated 6083 bytes in 5 msecs (HTTP/1.1 200) 4 headers in 158 bytes (1 switches on core 0)
May 31 08:17:56.125757 np0000001805 devstack@g-api.service[99030]: DEBUG glance.api.middleware.version_negotiation [None req-8988c98b-d9e5-41d5-af26-bb3b62a23da8 tempest-ServerBootFromVolumeStableRescueTest-1342356062 tempest-ServerBootFromVolumeStableRescueTest-1342356062-project-member] Determining version of request: PATCH /v2/images/220d3823-f5cd-4fea-8b66-a6827d32c16f Accept: */* {{(pid=99030) process_request /opt/stack/glance/glance/api/middleware/version_negotiation.py:44}}
May 31 08:17:56.126100 np0000001805 devstack@g-api.service[99030]: DEBUG glance.api.middleware.version_negotiation [None req-8988c98b-d9e5-41d5-af26-bb3b62a23da8 tempest-ServerBootFromVolumeStableRescueTest-1342356062 tempest-ServerBootFromVolumeStableRescueTest-1342356062-project-member] Using url versioning {{(pid=99030) process_request /opt/stack/glance/glance/api/middleware/version_negotiation.py:57}}
May 31 08:17:56.126521 np0000001805 devstack@g-api.service[99030]: DEBUG glance.api.middleware.version_negotiation [None req-8988c98b-d9e5-41d5-af26-bb3b62a23da8 tempest-ServerBootFromVolumeStableRescueTest-1342356062 tempest-ServerBootFromVolumeStableRescueTest-1342356062-project-member] Matched version: v2 {{(pid=99030) process_request /opt/stack/glance/glance/api/middleware/version_negotiation.py:69}}
May 31 08:17:56.126765 np0000001805 devstack@g-api.service[99030]: DEBUG glance.api.middleware.version_negotiation [None req-8988c98b-d9e5-41d5-af26-bb3b62a23da8 tempest-ServerBootFromVolumeStableRescueTest-1342356062 tempest-ServerBootFromVolumeStableRescueTest-1342356062-project-member] new path /v2/images/220d3823-f5cd-4fea-8b66-a6827d32c16f {{(pid=99030) process_request /opt/stack/glance/glance/api/middleware/version_negotiation.py:70}}
May 31 08:17:56.237032 np0000001805 devstack@g-api.service[99031]: DEBUG glance.api.middleware.version_negotiation [None req-8988c98b-d9e5-41d5-af26-bb3b62a23da8 tempest-ServerBootFromVolumeStableRescueTest-1342356062 tempest-ServerBootFromVolumeStableRescueTest-1342356062-project-member] Determining version of request: GET /v2/images/220d3823-f5cd-4fea-8b66-a6827d32c16f Accept: application/json {{(pid=99031) process_request /opt/stack/glance/glance/api/middleware/version_negotiation.py:44}}
May 31 08:17:56.237264 np0000001805 devstack@g-api.service[99031]: DEBUG glance.api.middleware.version_negotiation [None req-8988c98b-d9e5-41d5-af26-bb3b62a23da8 tempest-ServerBootFromVolumeStableRescueTest-1342356062 tempest-ServerBootFromVolumeStableRescueTest-1342356062-project-member] Using url versioning {{(pid=99031) process_request /opt/stack/glance/glance/api/middleware/version_negotiation.py:57}}
May 31 08:17:56.237529 np0000001805 devstack@g-api.service[99031]: DEBUG glance.api.middleware.version_negotiation [None req-8988c98b-d9e5-41d5-af26-bb3b62a23da8 tempest-ServerBootFromVolumeStableRescueTest-1342356062 tempest-ServerBootFromVolumeStableRescueTest-1342356062-project-member] Matched version: v2 {{(pid=99031) process_request /opt/stack/glance/glance/api/middleware/version_negotiation.py:69}}
May 31 08:17:56.237680 np0000001805 devstack@g-api.service[99031]: DEBUG glance.api.middleware.version_negotiation [None req-8988c98b-d9e5-41d5-af26-bb3b62a23da8 tempest-ServerBootFromVolumeStableRescueTest-1342356062 tempest-ServerBootFromVolumeStableRescueTest-1342356062-project-member] new path /v2/images/220d3823-f5cd-4fea-8b66-a6827d32c16f {{(pid=99031) process_request /opt/stack/glance/glance/api/middleware/version_negotiation.py:70}}
May 31 08:17:56.254064 np0000001805 devstack@g-api.service[99031]: [pid: 99031|app: 0|req: 224/442] 127.0.0.1 () {40 vars in 838 bytes} [Sun May 31 08:17:56 2026] GET /v2/images/220d3823-f5cd-4fea-8b66-a6827d32c16f => generated 1359 bytes in 18 msecs (HTTP/1.1 200) 4 headers in 158 bytes (1 switches on core 0)
May 31 08:17:56.283868 np0000001805 devstack@g-api.service[99030]: [pid: 99030|app: 0|req: 219/443] 127.0.0.1 () {46 vars in 1158 bytes} [Sun May 31 08:17:56 2026] PATCH /v2/images/220d3823-f5cd-4fea-8b66-a6827d32c16f => generated 1470 bytes in 158 msecs (HTTP/1.1 200) 4 headers in 158 bytes (1 switches on core 0)
May 31 08:17:56.341464 np0000001805 devstack@g-api.service[99031]: DEBUG glance.api.middleware.version_negotiation [None req-ff151d58-0dd9-45e2-9a88-c5a9bf7568aa tempest-ServerBootFromVolumeStableRescueTest-1342356062 tempest-ServerBootFromVolumeStableRescueTest-1342356062-project-member] Determining version of request: GET /v2/images/220d3823-f5cd-4fea-8b66-a6827d32c16f Accept: */* {{(pid=99031) process_request /opt/stack/glance/glance/api/middleware/version_negotiation.py:44}}
May 31 08:17:56.341611 np0000001805 devstack@g-api.service[99031]: DEBUG glance.api.middleware.version_negotiation [None req-ff151d58-0dd9-45e2-9a88-c5a9bf7568aa tempest-ServerBootFromVolumeStableRescueTest-1342356062 tempest-ServerBootFromVolumeStableRescueTest-1342356062-project-member] Using url versioning {{(pid=99031) process_request /opt/stack/glance/glance/api/middleware/version_negotiation.py:57}}
May 31 08:17:56.341784 np0000001805 devstack@g-api.service[99031]: DEBUG glance.api.middleware.version_negotiation [None req-ff151d58-0dd9-45e2-9a88-c5a9bf7568aa tempest-ServerBootFromVolumeStableRescueTest-1342356062 tempest-ServerBootFromVolumeStableRescueTest-1342356062-project-member] Matched version: v2 {{(pid=99031) process_request /opt/stack/glance/glance/api/middleware/version_negotiation.py:69}}
May 31 08:17:56.341950 np0000001805 devstack@g-api.service[99031]: DEBUG glance.api.middleware.version_negotiation [None req-ff151d58-0dd9-45e2-9a88-c5a9bf7568aa tempest-ServerBootFromVolumeStableRescueTest-1342356062 tempest-ServerBootFromVolumeStableRescueTest-1342356062-project-member] new path /v2/images/220d3823-f5cd-4fea-8b66-a6827d32c16f {{(pid=99031) process_request /opt/stack/glance/glance/api/middleware/version_negotiation.py:70}}
May 31 08:17:56.355108 np0000001805 devstack@g-api.service[99031]: [pid: 99031|app: 0|req: 225/444] 127.0.0.1 () {44 vars in 1115 bytes} [Sun May 31 08:17:56 2026] GET /v2/images/220d3823-f5cd-4fea-8b66-a6827d32c16f => generated 1470 bytes in 14 msecs (HTTP/1.1 200) 4 headers in 158 bytes (1 switches on core 0)
May 31 08:17:56.397392 np0000001805 devstack@g-api.service[99030]: DEBUG glance.api.middleware.version_negotiation [None req-8988c98b-d9e5-41d5-af26-bb3b62a23da8 tempest-ServerBootFromVolumeStableRescueTest-1342356062 tempest-ServerBootFromVolumeStableRescueTest-1342356062-project-member] Determining version of request: PUT /v2/images/220d3823-f5cd-4fea-8b66-a6827d32c16f/file Accept: */* {{(pid=99030) process_request /opt/stack/glance/glance/api/middleware/version_negotiation.py:44}}
May 31 08:17:56.398267 np0000001805 devstack@g-api.service[99030]: DEBUG glance.api.middleware.version_negotiation [None req-8988c98b-d9e5-41d5-af26-bb3b62a23da8 tempest-ServerBootFromVolumeStableRescueTest-1342356062 tempest-ServerBootFromVolumeStableRescueTest-1342356062-project-member] Using url versioning {{(pid=99030) process_request /opt/stack/glance/glance/api/middleware/version_negotiation.py:57}}
May 31 08:17:56.398267 np0000001805 devstack@g-api.service[99030]: DEBUG glance.api.middleware.version_negotiation [None req-8988c98b-d9e5-41d5-af26-bb3b62a23da8 tempest-ServerBootFromVolumeStableRescueTest-1342356062 tempest-ServerBootFromVolumeStableRescueTest-1342356062-project-member] Matched version: v2 {{(pid=99030) process_request /opt/stack/glance/glance/api/middleware/version_negotiation.py:69}}
May 31 08:17:56.398267 np0000001805 devstack@g-api.service[99030]: DEBUG glance.api.middleware.version_negotiation [None req-8988c98b-d9e5-41d5-af26-bb3b62a23da8 tempest-ServerBootFromVolumeStableRescueTest-1342356062 tempest-ServerBootFromVolumeStableRescueTest-1342356062-project-member] new path /v2/images/220d3823-f5cd-4fea-8b66-a6827d32c16f/file {{(pid=99030) process_request /opt/stack/glance/glance/api/middleware/version_negotiation.py:70}}
May 31 08:17:57.038558 np0000001805 devstack@g-api.service[99030]: INFO glance.api.v2.image_data [None req-8988c98b-d9e5-41d5-af26-bb3b62a23da8 tempest-ServerBootFromVolumeStableRescueTest-1342356062 tempest-ServerBootFromVolumeStableRescueTest-1342356062-project-member] Unable to create trust: no such option collect_timing in group [keystone_authtoken] Use the existing user token.
May 31 08:17:57.267341 np0000001805 devstack@g-api.service[99031]: DEBUG glance.api.middleware.version_negotiation [None req-8988c98b-d9e5-41d5-af26-bb3b62a23da8 tempest-ServerBootFromVolumeStableRescueTest-1342356062 tempest-ServerBootFromVolumeStableRescueTest-1342356062-project-member] Determining version of request: GET /v2/images/220d3823-f5cd-4fea-8b66-a6827d32c16f Accept: application/json {{(pid=99031) process_request /opt/stack/glance/glance/api/middleware/version_negotiation.py:44}}
May 31 08:17:57.267897 np0000001805 devstack@g-api.service[99031]: DEBUG glance.api.middleware.version_negotiation [None req-8988c98b-d9e5-41d5-af26-bb3b62a23da8 tempest-ServerBootFromVolumeStableRescueTest-1342356062 tempest-ServerBootFromVolumeStableRescueTest-1342356062-project-member] Using url versioning {{(pid=99031) process_request /opt/stack/glance/glance/api/middleware/version_negotiation.py:57}}
May 31 08:17:57.267897 np0000001805 devstack@g-api.service[99031]: DEBUG glance.api.middleware.version_negotiation [None req-8988c98b-d9e5-41d5-af26-bb3b62a23da8 tempest-ServerBootFromVolumeStableRescueTest-1342356062 tempest-ServerBootFromVolumeStableRescueTest-1342356062-project-member] Matched version: v2 {{(pid=99031) process_request /opt/stack/glance/glance/api/middleware/version_negotiation.py:69}}
May 31 08:17:57.267897 np0000001805 devstack@g-api.service[99031]: DEBUG glance.api.middleware.version_negotiation [None req-8988c98b-d9e5-41d5-af26-bb3b62a23da8 tempest-ServerBootFromVolumeStableRescueTest-1342356062 tempest-ServerBootFromVolumeStableRescueTest-1342356062-project-member] new path /v2/images/220d3823-f5cd-4fea-8b66-a6827d32c16f {{(pid=99031) process_request /opt/stack/glance/glance/api/middleware/version_negotiation.py:70}}
May 31 08:17:57.284978 np0000001805 devstack@g-api.service[99031]: [pid: 99031|app: 0|req: 226/445] 127.0.0.1 () {40 vars in 838 bytes} [Sun May 31 08:17:57 2026] GET /v2/images/220d3823-f5cd-4fea-8b66-a6827d32c16f => generated 1470 bytes in 18 msecs (HTTP/1.1 200) 4 headers in 158 bytes (1 switches on core 0)
May 31 08:17:57.696337 np0000001805 devstack@g-api.service[99030]: DEBUG glance.location [None req-8988c98b-d9e5-41d5-af26-bb3b62a23da8 tempest-ServerBootFromVolumeStableRescueTest-1342356062 tempest-ServerBootFromVolumeStableRescueTest-1342356062-project-member] Enabling in-flight format inspection for qcow2 {{(pid=99030) set_data /opt/stack/glance/glance/location.py:616}}
May 31 08:17:57.696758 np0000001805 devstack@g-api.service[99030]: DEBUG glance_store.backend [None req-8988c98b-d9e5-41d5-af26-bb3b62a23da8 tempest-ServerBootFromVolumeStableRescueTest-1342356062 tempest-ServerBootFromVolumeStableRescueTest-1342356062-project-member] Attempting to import store swift {{(pid=99030) _load_store /opt/stack/data/venv/lib/python3.12/site-packages/glance_store/backend.py:215}}
May 31 08:17:57.698143 np0000001805 devstack@g-api.service[99030]: DEBUG glance_store.capabilities [None req-8988c98b-d9e5-41d5-af26-bb3b62a23da8 tempest-ServerBootFromVolumeStableRescueTest-1342356062 tempest-ServerBootFromVolumeStableRescueTest-1342356062-project-member] Store glance_store._drivers.swift.store.SingleTenantStore doesn't support updating dynamic storage capabilities. Please overwrite 'update_capabilities' method of the store to implement updating logics if needed. {{(pid=99030) update_capabilities /opt/stack/data/venv/lib/python3.12/site-packages/glance_store/capabilities.py:91}}
May 31 08:17:57.698416 np0000001805 devstack@g-api.service[99030]: DEBUG glance_store.driver [None req-8988c98b-d9e5-41d5-af26-bb3b62a23da8 tempest-ServerBootFromVolumeStableRescueTest-1342356062 tempest-ServerBootFromVolumeStableRescueTest-1342356062-project-member] Late loading location class glance_store._drivers.swift.store.StoreLocation {{(pid=99030) get_store_location_class /opt/stack/data/venv/lib/python3.12/site-packages/glance_store/driver.py:134}}
May 31 08:17:57.698416 np0000001805 devstack@g-api.service[99030]: DEBUG glance_store.location [None req-8988c98b-d9e5-41d5-af26-bb3b62a23da8 tempest-ServerBootFromVolumeStableRescueTest-1342356062 tempest-ServerBootFromVolumeStableRescueTest-1342356062-project-member] Registering scheme swift+https with {'store': , 'location_class': , 'store_entry': 'swift'} {{(pid=99030) register_scheme_map /opt/stack/data/venv/lib/python3.12/site-packages/glance_store/location.py:146}}
May 31 08:17:57.698416 np0000001805 devstack@g-api.service[99030]: DEBUG glance_store.location [None req-8988c98b-d9e5-41d5-af26-bb3b62a23da8 tempest-ServerBootFromVolumeStableRescueTest-1342356062 tempest-ServerBootFromVolumeStableRescueTest-1342356062-project-member] Registering scheme swift+https with {'store': , 'location_class': , 'store_entry': 'swift'} {{(pid=99030) register_scheme_map /opt/stack/data/venv/lib/python3.12/site-packages/glance_store/location.py:146}}
May 31 08:17:57.698566 np0000001805 devstack@g-api.service[99030]: DEBUG glance_store.location [None req-8988c98b-d9e5-41d5-af26-bb3b62a23da8 tempest-ServerBootFromVolumeStableRescueTest-1342356062 tempest-ServerBootFromVolumeStableRescueTest-1342356062-project-member] Registering scheme swift with {'store': , 'location_class': , 'store_entry': 'swift'} {{(pid=99030) register_scheme_map /opt/stack/data/venv/lib/python3.12/site-packages/glance_store/location.py:146}}
May 31 08:17:57.698566 np0000001805 devstack@g-api.service[99030]: DEBUG glance_store.location [None req-8988c98b-d9e5-41d5-af26-bb3b62a23da8 tempest-ServerBootFromVolumeStableRescueTest-1342356062 tempest-ServerBootFromVolumeStableRescueTest-1342356062-project-member] Registering scheme swift+https with {'store': , 'location_class': , 'store_entry': 'swift'} {{(pid=99030) register_scheme_map /opt/stack/data/venv/lib/python3.12/site-packages/glance_store/location.py:146}}
May 31 08:17:57.698690 np0000001805 devstack@g-api.service[99030]: DEBUG glance_store.location [None req-8988c98b-d9e5-41d5-af26-bb3b62a23da8 tempest-ServerBootFromVolumeStableRescueTest-1342356062 tempest-ServerBootFromVolumeStableRescueTest-1342356062-project-member] Registering scheme swift with {'store': , 'location_class': , 'store_entry': 'swift'} {{(pid=99030) register_scheme_map /opt/stack/data/venv/lib/python3.12/site-packages/glance_store/location.py:146}}
May 31 08:17:57.698739 np0000001805 devstack@g-api.service[99030]: DEBUG glance_store.location [None req-8988c98b-d9e5-41d5-af26-bb3b62a23da8 tempest-ServerBootFromVolumeStableRescueTest-1342356062 tempest-ServerBootFromVolumeStableRescueTest-1342356062-project-member] Registering scheme swift+http with {'store': , 'location_class': , 'store_entry': 'swift'} {{(pid=99030) register_scheme_map /opt/stack/data/venv/lib/python3.12/site-packages/glance_store/location.py:146}}
May 31 08:17:57.698845 np0000001805 devstack@g-api.service[99030]: DEBUG glance_store.location [None req-8988c98b-d9e5-41d5-af26-bb3b62a23da8 tempest-ServerBootFromVolumeStableRescueTest-1342356062 tempest-ServerBootFromVolumeStableRescueTest-1342356062-project-member] Registering scheme swift+https with {'store': , 'location_class': , 'store_entry': 'swift'} {{(pid=99030) register_scheme_map /opt/stack/data/venv/lib/python3.12/site-packages/glance_store/location.py:146}}
May 31 08:17:57.698918 np0000001805 devstack@g-api.service[99030]: DEBUG glance_store.location [None req-8988c98b-d9e5-41d5-af26-bb3b62a23da8 tempest-ServerBootFromVolumeStableRescueTest-1342356062 tempest-ServerBootFromVolumeStableRescueTest-1342356062-project-member] Registering scheme swift with {'store': , 'location_class': , 'store_entry': 'swift'} {{(pid=99030) register_scheme_map /opt/stack/data/venv/lib/python3.12/site-packages/glance_store/location.py:146}}
May 31 08:17:57.698973 np0000001805 devstack@g-api.service[99030]: DEBUG glance_store.location [None req-8988c98b-d9e5-41d5-af26-bb3b62a23da8 tempest-ServerBootFromVolumeStableRescueTest-1342356062 tempest-ServerBootFromVolumeStableRescueTest-1342356062-project-member] Registering scheme swift+http with {'store': , 'location_class': , 'store_entry': 'swift'} {{(pid=99030) register_scheme_map /opt/stack/data/venv/lib/python3.12/site-packages/glance_store/location.py:146}}
May 31 08:17:57.699038 np0000001805 devstack@g-api.service[99030]: DEBUG glance_store.location [None req-8988c98b-d9e5-41d5-af26-bb3b62a23da8 tempest-ServerBootFromVolumeStableRescueTest-1342356062 tempest-ServerBootFromVolumeStableRescueTest-1342356062-project-member] Registering scheme swift+config with {'store': , 'location_class': , 'store_entry': 'swift'} {{(pid=99030) register_scheme_map /opt/stack/data/venv/lib/python3.12/site-packages/glance_store/location.py:146}}
May 31 08:17:57.962427 np0000001805 devstack@g-api.service[99030]: DEBUG swiftclient [None req-8988c98b-d9e5-41d5-af26-bb3b62a23da8 tempest-ServerBootFromVolumeStableRescueTest-1342356062 tempest-ServerBootFromVolumeStableRescueTest-1342356062-project-member] REQ: curl -i https://10.4.3.106:8080/v1/AUTH_5425f866fa024c7381e7c67cccd04f7d/glance -I -H "X-Auth-Token: gAAAAABqG-61yp9N..." {{(pid=99030) http_log /opt/stack/data/venv/lib/python3.12/site-packages/swiftclient/client.py:160}}
May 31 08:17:57.962499 np0000001805 devstack@g-api.service[99030]: DEBUG swiftclient [None req-8988c98b-d9e5-41d5-af26-bb3b62a23da8 tempest-ServerBootFromVolumeStableRescueTest-1342356062 tempest-ServerBootFromVolumeStableRescueTest-1342356062-project-member] RESP STATUS: 204 No Content {{(pid=99030) http_log /opt/stack/data/venv/lib/python3.12/site-packages/swiftclient/client.py:161}}
May 31 08:17:57.963349 np0000001805 devstack@g-api.service[99030]: DEBUG swiftclient [None req-8988c98b-d9e5-41d5-af26-bb3b62a23da8 tempest-ServerBootFromVolumeStableRescueTest-1342356062 tempest-ServerBootFromVolumeStableRescueTest-1342356062-project-member] RESP HEADERS: {'Date': 'Sun, 31 May 2026 08:17:57 GMT', 'Server': 'Apache/2.4.58 (Ubuntu)', 'Content-Type': 'text/plain; charset=utf-8', 'X-Container-Object-Count': '5', 'X-Container-Bytes-Used': '86048768', 'X-Timestamp': '1780214852.01162', 'Last-Modified': 'Sun, 31 May 2026 08:07:32 GMT', 'Accept-Ranges': 'bytes', 'X-Storage-Policy': 'Policy-0', 'X-Container-Sharding': 'False', 'Vary': 'Accept', 'X-Trans-Id': 'txabe953d8edb8451ba6e02-006a1beeb5', 'X-Openstack-Request-Id': 'txabe953d8edb8451ba6e02-006a1beeb5', 'Connection': 'close'} {{(pid=99030) http_log /opt/stack/data/venv/lib/python3.12/site-packages/swiftclient/client.py:162}}
May 31 08:17:57.963591 np0000001805 devstack@g-api.service[99030]: DEBUG glance_store._drivers.swift.store [None req-8988c98b-d9e5-41d5-af26-bb3b62a23da8 tempest-ServerBootFromVolumeStableRescueTest-1342356062 tempest-ServerBootFromVolumeStableRescueTest-1342356062-project-member] Adding image object '220d3823-f5cd-4fea-8b66-a6827d32c16f' to Swift {{(pid=99030) add /opt/stack/data/venv/lib/python3.12/site-packages/glance_store/_drivers/swift/store.py:970}}
May 31 08:17:57.963710 np0000001805 devstack@g-api.service[99030]: DEBUG glance_store._drivers.swift.store [None req-8988c98b-d9e5-41d5-af26-bb3b62a23da8 tempest-ServerBootFromVolumeStableRescueTest-1342356062 tempest-ServerBootFromVolumeStableRescueTest-1342356062-project-member] Cannot determine image size because it is either not provided in the request or chunked-transfer encoding is used. Adding image as a segmented object to Swift. {{(pid=99030) add /opt/stack/data/venv/lib/python3.12/site-packages/glance_store/_drivers/swift/store.py:994}}
May 31 08:17:57.971566 np0000001805 devstack@g-api.service[99030]: DEBUG oslo_utils.imageutils.format_inspector [None req-8988c98b-d9e5-41d5-af26-bb3b62a23da8 tempest-ServerBootFromVolumeStableRescueTest-1342356062 tempest-ServerBootFromVolumeStableRescueTest-1342356062-project-member] Format inspector for vmdk does not match, excluding from consideration (Signature KDMV not found: b'QFI\xfb') {{(pid=99030) _process_chunk /opt/stack/data/venv/lib/python3.12/site-packages/oslo_utils/imageutils/format_inspector.py:1758}}
May 31 08:17:57.974678 np0000001805 devstack@g-api.service[99030]: DEBUG oslo_utils.imageutils.format_inspector [None req-8988c98b-d9e5-41d5-af26-bb3b62a23da8 tempest-ServerBootFromVolumeStableRescueTest-1342356062 tempest-ServerBootFromVolumeStableRescueTest-1342356062-project-member] Format inspector for vhdx does not match, excluding from consideration (Region signature not found at 30000) {{(pid=99030) _process_chunk /opt/stack/data/venv/lib/python3.12/site-packages/oslo_utils/imageutils/format_inspector.py:1758}}
May 31 08:17:58.272030 np0000001805 devstack@g-api.service[99030]: DEBUG swiftclient [None req-8988c98b-d9e5-41d5-af26-bb3b62a23da8 tempest-ServerBootFromVolumeStableRescueTest-1342356062 tempest-ServerBootFromVolumeStableRescueTest-1342356062-project-member] REQ: curl -i https://10.4.3.106:8080/v1/AUTH_5425f866fa024c7381e7c67cccd04f7d/glance/220d3823-f5cd-4fea-8b66-a6827d32c16f-00001 -X PUT -H "X-Auth-Token: gAAAAABqG-61yp9N..." {{(pid=99030) http_log /opt/stack/data/venv/lib/python3.12/site-packages/swiftclient/client.py:160}}
May 31 08:17:58.273263 np0000001805 devstack@g-api.service[99030]: DEBUG swiftclient [None req-8988c98b-d9e5-41d5-af26-bb3b62a23da8 tempest-ServerBootFromVolumeStableRescueTest-1342356062 tempest-ServerBootFromVolumeStableRescueTest-1342356062-project-member] RESP STATUS: 201 Created {{(pid=99030) http_log /opt/stack/data/venv/lib/python3.12/site-packages/swiftclient/client.py:161}}
May 31 08:17:58.273263 np0000001805 devstack@g-api.service[99030]: DEBUG swiftclient [None req-8988c98b-d9e5-41d5-af26-bb3b62a23da8 tempest-ServerBootFromVolumeStableRescueTest-1342356062 tempest-ServerBootFromVolumeStableRescueTest-1342356062-project-member] RESP HEADERS: {'Date': 'Sun, 31 May 2026 08:17:58 GMT', 'Server': 'Apache/2.4.58 (Ubuntu)', 'Content-Type': 'text/html; charset=UTF-8', 'Content-Length': '0', 'Etag': '4fa343ee581d8d2e78533191fd1ac3e1', 'Last-Modified': 'Sun, 31 May 2026 08:17:58 GMT', 'X-Trans-Id': 'tx43d20e48f18c40658a363-006a1beeb5', 'X-Openstack-Request-Id': 'tx43d20e48f18c40658a363-006a1beeb5', 'Connection': 'close'} {{(pid=99030) http_log /opt/stack/data/venv/lib/python3.12/site-packages/swiftclient/client.py:162}}
May 31 08:17:58.273263 np0000001805 devstack@g-api.service[99030]: DEBUG glance_store._drivers.swift.store [None req-8988c98b-d9e5-41d5-af26-bb3b62a23da8 tempest-ServerBootFromVolumeStableRescueTest-1342356062 tempest-ServerBootFromVolumeStableRescueTest-1342356062-project-member] Wrote chunk 220d3823-f5cd-4fea-8b66-a6827d32c16f-00001 (1/?) of length 23527424 to Swift returning MD5 of content: 4fa343ee581d8d2e78533191fd1ac3e1 {{(pid=99030) add /opt/stack/data/venv/lib/python3.12/site-packages/glance_store/_drivers/swift/store.py:1059}}
May 31 08:17:58.273263 np0000001805 devstack@g-api.service[99030]: DEBUG glance_store._drivers.swift.store [None req-8988c98b-d9e5-41d5-af26-bb3b62a23da8 tempest-ServerBootFromVolumeStableRescueTest-1342356062 tempest-ServerBootFromVolumeStableRescueTest-1342356062-project-member] Not writing zero-length chunk. {{(pid=99030) add /opt/stack/data/venv/lib/python3.12/site-packages/glance_store/_drivers/swift/store.py:1028}}
May 31 08:17:58.296792 np0000001805 devstack@g-api.service[99031]: DEBUG glance.api.middleware.version_negotiation [None req-067f18c8-c6ba-451b-b14b-9a4ad13ad685 tempest-ServerBootFromVolumeStableRescueTest-1342356062 tempest-ServerBootFromVolumeStableRescueTest-1342356062-project-member] Determining version of request: GET /v2/images/220d3823-f5cd-4fea-8b66-a6827d32c16f Accept: application/json {{(pid=99031) process_request /opt/stack/glance/glance/api/middleware/version_negotiation.py:44}}
May 31 08:17:58.296792 np0000001805 devstack@g-api.service[99031]: DEBUG glance.api.middleware.version_negotiation [None req-067f18c8-c6ba-451b-b14b-9a4ad13ad685 tempest-ServerBootFromVolumeStableRescueTest-1342356062 tempest-ServerBootFromVolumeStableRescueTest-1342356062-project-member] Using url versioning {{(pid=99031) process_request /opt/stack/glance/glance/api/middleware/version_negotiation.py:57}}
May 31 08:17:58.296792 np0000001805 devstack@g-api.service[99031]: DEBUG glance.api.middleware.version_negotiation [None req-067f18c8-c6ba-451b-b14b-9a4ad13ad685 tempest-ServerBootFromVolumeStableRescueTest-1342356062 tempest-ServerBootFromVolumeStableRescueTest-1342356062-project-member] Matched version: v2 {{(pid=99031) process_request /opt/stack/glance/glance/api/middleware/version_negotiation.py:69}}
May 31 08:17:58.297328 np0000001805 devstack@g-api.service[99031]: DEBUG glance.api.middleware.version_negotiation [None req-067f18c8-c6ba-451b-b14b-9a4ad13ad685 tempest-ServerBootFromVolumeStableRescueTest-1342356062 tempest-ServerBootFromVolumeStableRescueTest-1342356062-project-member] new path /v2/images/220d3823-f5cd-4fea-8b66-a6827d32c16f {{(pid=99031) process_request /opt/stack/glance/glance/api/middleware/version_negotiation.py:70}}
May 31 08:17:58.303455 np0000001805 devstack@g-api.service[99030]: DEBUG swiftclient [None req-8988c98b-d9e5-41d5-af26-bb3b62a23da8 tempest-ServerBootFromVolumeStableRescueTest-1342356062 tempest-ServerBootFromVolumeStableRescueTest-1342356062-project-member] REQ: curl -i https://10.4.3.106:8080/v1/AUTH_5425f866fa024c7381e7c67cccd04f7d/glance/220d3823-f5cd-4fea-8b66-a6827d32c16f -X PUT -H "X-Object-Manifest: glance/220d3823-f5cd-4fea-8b66-a6827d32c16f-" -H "X-Auth-Token: gAAAAABqG-61yp9N..." -H "Content-Length: 0" {{(pid=99030) http_log /opt/stack/data/venv/lib/python3.12/site-packages/swiftclient/client.py:160}}
May 31 08:17:58.303600 np0000001805 devstack@g-api.service[99030]: DEBUG swiftclient [None req-8988c98b-d9e5-41d5-af26-bb3b62a23da8 tempest-ServerBootFromVolumeStableRescueTest-1342356062 tempest-ServerBootFromVolumeStableRescueTest-1342356062-project-member] RESP STATUS: 201 Created {{(pid=99030) http_log /opt/stack/data/venv/lib/python3.12/site-packages/swiftclient/client.py:161}}
May 31 08:17:58.305263 np0000001805 devstack@g-api.service[99030]: DEBUG swiftclient [None req-8988c98b-d9e5-41d5-af26-bb3b62a23da8 tempest-ServerBootFromVolumeStableRescueTest-1342356062 tempest-ServerBootFromVolumeStableRescueTest-1342356062-project-member] RESP HEADERS: {'Date': 'Sun, 31 May 2026 08:17:58 GMT', 'Server': 'Apache/2.4.58 (Ubuntu)', 'Content-Type': 'text/html; charset=UTF-8', 'Content-Length': '0', 'Etag': 'd41d8cd98f00b204e9800998ecf8427e', 'Last-Modified': 'Sun, 31 May 2026 08:17:59 GMT', 'X-Trans-Id': 'tx1abbf4d8d95f46f396a73-006a1beeb6', 'X-Openstack-Request-Id': 'tx1abbf4d8d95f46f396a73-006a1beeb6', 'Connection': 'close'} {{(pid=99030) http_log /opt/stack/data/venv/lib/python3.12/site-packages/swiftclient/client.py:162}}
May 31 08:17:58.305263 np0000001805 devstack@g-api.service[99030]: INFO glance.location [None req-8988c98b-d9e5-41d5-af26-bb3b62a23da8 tempest-ServerBootFromVolumeStableRescueTest-1342356062 tempest-ServerBootFromVolumeStableRescueTest-1342356062-project-member] Image format matched and virtual size computed: 1073741824
May 31 08:17:58.316272 np0000001805 devstack@g-api.service[99031]: [pid: 99031|app: 0|req: 227/446] 127.0.0.1 () {40 vars in 838 bytes} [Sun May 31 08:17:58 2026] GET /v2/images/220d3823-f5cd-4fea-8b66-a6827d32c16f => generated 1470 bytes in 21 msecs (HTTP/1.1 200) 4 headers in 158 bytes (1 switches on core 0)
May 31 08:17:58.353135 np0000001805 devstack@g-api.service[99030]: DEBUG glance_store.backend [None req-8988c98b-d9e5-41d5-af26-bb3b62a23da8 tempest-ServerBootFromVolumeStableRescueTest-1342356062 tempest-ServerBootFromVolumeStableRescueTest-1342356062-project-member] Attempting to import store swift {{(pid=99030) _load_store /opt/stack/data/venv/lib/python3.12/site-packages/glance_store/backend.py:215}}
May 31 08:17:58.354983 np0000001805 devstack@g-api.service[99030]: DEBUG glance_store.capabilities [None req-8988c98b-d9e5-41d5-af26-bb3b62a23da8 tempest-ServerBootFromVolumeStableRescueTest-1342356062 tempest-ServerBootFromVolumeStableRescueTest-1342356062-project-member] Store glance_store._drivers.swift.store.SingleTenantStore doesn't support updating dynamic storage capabilities. Please overwrite 'update_capabilities' method of the store to implement updating logics if needed. {{(pid=99030) update_capabilities /opt/stack/data/venv/lib/python3.12/site-packages/glance_store/capabilities.py:91}}
May 31 08:17:58.355264 np0000001805 devstack@g-api.service[99030]: DEBUG glance_store.driver [None req-8988c98b-d9e5-41d5-af26-bb3b62a23da8 tempest-ServerBootFromVolumeStableRescueTest-1342356062 tempest-ServerBootFromVolumeStableRescueTest-1342356062-project-member] Late loading location class glance_store._drivers.swift.store.StoreLocation {{(pid=99030) get_store_location_class /opt/stack/data/venv/lib/python3.12/site-packages/glance_store/driver.py:134}}
May 31 08:17:58.355378 np0000001805 devstack@g-api.service[99030]: DEBUG glance_store.location [None req-8988c98b-d9e5-41d5-af26-bb3b62a23da8 tempest-ServerBootFromVolumeStableRescueTest-1342356062 tempest-ServerBootFromVolumeStableRescueTest-1342356062-project-member] Registering scheme swift+https with {'store': , 'location_class': , 'store_entry': 'swift'} {{(pid=99030) register_scheme_map /opt/stack/data/venv/lib/python3.12/site-packages/glance_store/location.py:146}}
May 31 08:17:58.355554 np0000001805 devstack@g-api.service[99030]: DEBUG glance_store.location [None req-8988c98b-d9e5-41d5-af26-bb3b62a23da8 tempest-ServerBootFromVolumeStableRescueTest-1342356062 tempest-ServerBootFromVolumeStableRescueTest-1342356062-project-member] Registering scheme swift+https with {'store': , 'location_class': , 'store_entry': 'swift'} {{(pid=99030) register_scheme_map /opt/stack/data/venv/lib/python3.12/site-packages/glance_store/location.py:146}}
May 31 08:17:58.355661 np0000001805 devstack@g-api.service[99030]: DEBUG glance_store.location [None req-8988c98b-d9e5-41d5-af26-bb3b62a23da8 tempest-ServerBootFromVolumeStableRescueTest-1342356062 tempest-ServerBootFromVolumeStableRescueTest-1342356062-project-member] Registering scheme swift with {'store': , 'location_class': , 'store_entry': 'swift'} {{(pid=99030) register_scheme_map /opt/stack/data/venv/lib/python3.12/site-packages/glance_store/location.py:146}}
May 31 08:17:58.355860 np0000001805 devstack@g-api.service[99030]: DEBUG glance_store.location [None req-8988c98b-d9e5-41d5-af26-bb3b62a23da8 tempest-ServerBootFromVolumeStableRescueTest-1342356062 tempest-ServerBootFromVolumeStableRescueTest-1342356062-project-member] Registering scheme swift+https with {'store': , 'location_class': , 'store_entry': 'swift'} {{(pid=99030) register_scheme_map /opt/stack/data/venv/lib/python3.12/site-packages/glance_store/location.py:146}}
May 31 08:17:58.356003 np0000001805 devstack@g-api.service[99030]: DEBUG glance_store.location [None req-8988c98b-d9e5-41d5-af26-bb3b62a23da8 tempest-ServerBootFromVolumeStableRescueTest-1342356062 tempest-ServerBootFromVolumeStableRescueTest-1342356062-project-member] Registering scheme swift with {'store': , 'location_class': , 'store_entry': 'swift'} {{(pid=99030) register_scheme_map /opt/stack/data/venv/lib/python3.12/site-packages/glance_store/location.py:146}}
May 31 08:17:58.356148 np0000001805 devstack@g-api.service[99030]: DEBUG glance_store.location [None req-8988c98b-d9e5-41d5-af26-bb3b62a23da8 tempest-ServerBootFromVolumeStableRescueTest-1342356062 tempest-ServerBootFromVolumeStableRescueTest-1342356062-project-member] Registering scheme swift+http with {'store': , 'location_class': , 'store_entry': 'swift'} {{(pid=99030) register_scheme_map /opt/stack/data/venv/lib/python3.12/site-packages/glance_store/location.py:146}}
May 31 08:17:58.356686 np0000001805 devstack@g-api.service[99030]: DEBUG glance_store.location [None req-8988c98b-d9e5-41d5-af26-bb3b62a23da8 tempest-ServerBootFromVolumeStableRescueTest-1342356062 tempest-ServerBootFromVolumeStableRescueTest-1342356062-project-member] Registering scheme swift+https with {'store': , 'location_class': , 'store_entry': 'swift'} {{(pid=99030) register_scheme_map /opt/stack/data/venv/lib/python3.12/site-packages/glance_store/location.py:146}}
May 31 08:17:58.356686 np0000001805 devstack@g-api.service[99030]: DEBUG glance_store.location [None req-8988c98b-d9e5-41d5-af26-bb3b62a23da8 tempest-ServerBootFromVolumeStableRescueTest-1342356062 tempest-ServerBootFromVolumeStableRescueTest-1342356062-project-member] Registering scheme swift with {'store': , 'location_class': , 'store_entry': 'swift'} {{(pid=99030) register_scheme_map /opt/stack/data/venv/lib/python3.12/site-packages/glance_store/location.py:146}}
May 31 08:17:58.356686 np0000001805 devstack@g-api.service[99030]: DEBUG glance_store.location [None req-8988c98b-d9e5-41d5-af26-bb3b62a23da8 tempest-ServerBootFromVolumeStableRescueTest-1342356062 tempest-ServerBootFromVolumeStableRescueTest-1342356062-project-member] Registering scheme swift+http with {'store': , 'location_class': , 'store_entry': 'swift'} {{(pid=99030) register_scheme_map /opt/stack/data/venv/lib/python3.12/site-packages/glance_store/location.py:146}}
May 31 08:17:58.356686 np0000001805 devstack@g-api.service[99030]: DEBUG glance_store.location [None req-8988c98b-d9e5-41d5-af26-bb3b62a23da8 tempest-ServerBootFromVolumeStableRescueTest-1342356062 tempest-ServerBootFromVolumeStableRescueTest-1342356062-project-member] Registering scheme swift+config with {'store': , 'location_class': , 'store_entry': 'swift'} {{(pid=99030) register_scheme_map /opt/stack/data/venv/lib/python3.12/site-packages/glance_store/location.py:146}}
May 31 08:17:58.356851 np0000001805 devstack@g-api.service[99030]: DEBUG glance_store.backend [None req-8988c98b-d9e5-41d5-af26-bb3b62a23da8 tempest-ServerBootFromVolumeStableRescueTest-1342356062 tempest-ServerBootFromVolumeStableRescueTest-1342356062-project-member] Skipping store.set_acls... not implemented. {{(pid=99030) set_acls /opt/stack/data/venv/lib/python3.12/site-packages/glance_store/backend.py:507}}
May 31 08:17:58.359517 np0000001805 devstack@g-api.service[99030]: [pid: 99030|app: 0|req: 220/447] 127.0.0.1 () {46 vars in 1158 bytes} [Sun May 31 08:17:56 2026] PUT /v2/images/220d3823-f5cd-4fea-8b66-a6827d32c16f/file => generated 0 bytes in 1962 msecs (HTTP/1.1 204) 4 headers in 171 bytes (1 switches on core 0)
May 31 08:17:58.408203 np0000001805 devstack@g-api.service[99031]: DEBUG glance.api.middleware.version_negotiation [None req-8fa41461-d1f4-4b9f-ae77-eb3c29ada369 tempest-ServerBootFromVolumeStableRescueTest-1342356062 tempest-ServerBootFromVolumeStableRescueTest-1342356062-project-member] Determining version of request: GET /v2/images/220d3823-f5cd-4fea-8b66-a6827d32c16f Accept: */* {{(pid=99031) process_request /opt/stack/glance/glance/api/middleware/version_negotiation.py:44}}
May 31 08:17:58.408203 np0000001805 devstack@g-api.service[99031]: DEBUG glance.api.middleware.version_negotiation [None req-8fa41461-d1f4-4b9f-ae77-eb3c29ada369 tempest-ServerBootFromVolumeStableRescueTest-1342356062 tempest-ServerBootFromVolumeStableRescueTest-1342356062-project-member] Using url versioning {{(pid=99031) process_request /opt/stack/glance/glance/api/middleware/version_negotiation.py:57}}
May 31 08:17:58.408203 np0000001805 devstack@g-api.service[99031]: DEBUG glance.api.middleware.version_negotiation [None req-8fa41461-d1f4-4b9f-ae77-eb3c29ada369 tempest-ServerBootFromVolumeStableRescueTest-1342356062 tempest-ServerBootFromVolumeStableRescueTest-1342356062-project-member] Matched version: v2 {{(pid=99031) process_request /opt/stack/glance/glance/api/middleware/version_negotiation.py:69}}
May 31 08:17:58.408203 np0000001805 devstack@g-api.service[99031]: DEBUG glance.api.middleware.version_negotiation [None req-8fa41461-d1f4-4b9f-ae77-eb3c29ada369 tempest-ServerBootFromVolumeStableRescueTest-1342356062 tempest-ServerBootFromVolumeStableRescueTest-1342356062-project-member] new path /v2/images/220d3823-f5cd-4fea-8b66-a6827d32c16f {{(pid=99031) process_request /opt/stack/glance/glance/api/middleware/version_negotiation.py:70}}
May 31 08:17:58.429437 np0000001805 devstack@g-api.service[99031]: [pid: 99031|app: 0|req: 228/448] 127.0.0.1 () {44 vars in 1115 bytes} [Sun May 31 08:17:58 2026] GET /v2/images/220d3823-f5cd-4fea-8b66-a6827d32c16f => generated 1640 bytes in 23 msecs (HTTP/1.1 200) 4 headers in 158 bytes (1 switches on core 0)
May 31 08:17:58.469508 np0000001805 devstack@g-api.service[99030]: DEBUG glance.api.middleware.version_negotiation [None req-8988c98b-d9e5-41d5-af26-bb3b62a23da8 tempest-ServerBootFromVolumeStableRescueTest-1342356062 tempest-ServerBootFromVolumeStableRescueTest-1342356062-project-member] Determining version of request: GET /v2/schemas/image Accept: */* {{(pid=99030) process_request /opt/stack/glance/glance/api/middleware/version_negotiation.py:44}}
May 31 08:17:58.469832 np0000001805 devstack@g-api.service[99030]: DEBUG glance.api.middleware.version_negotiation [None req-8988c98b-d9e5-41d5-af26-bb3b62a23da8 tempest-ServerBootFromVolumeStableRescueTest-1342356062 tempest-ServerBootFromVolumeStableRescueTest-1342356062-project-member] Using url versioning {{(pid=99030) process_request /opt/stack/glance/glance/api/middleware/version_negotiation.py:57}}
May 31 08:17:58.472468 np0000001805 devstack@g-api.service[99030]: DEBUG glance.api.middleware.version_negotiation [None req-8988c98b-d9e5-41d5-af26-bb3b62a23da8 tempest-ServerBootFromVolumeStableRescueTest-1342356062 tempest-ServerBootFromVolumeStableRescueTest-1342356062-project-member] Matched version: v2 {{(pid=99030) process_request /opt/stack/glance/glance/api/middleware/version_negotiation.py:69}}
May 31 08:17:58.472468 np0000001805 devstack@g-api.service[99030]: DEBUG glance.api.middleware.version_negotiation [None req-8988c98b-d9e5-41d5-af26-bb3b62a23da8 tempest-ServerBootFromVolumeStableRescueTest-1342356062 tempest-ServerBootFromVolumeStableRescueTest-1342356062-project-member] new path /v2/schemas/image {{(pid=99030) process_request /opt/stack/glance/glance/api/middleware/version_negotiation.py:70}}
May 31 08:17:58.473420 np0000001805 devstack@g-api.service[99030]: [pid: 99030|app: 0|req: 221/449] 127.0.0.1 () {44 vars in 1055 bytes} [Sun May 31 08:17:58 2026] GET /v2/schemas/image => generated 6083 bytes in 4 msecs (HTTP/1.1 200) 4 headers in 158 bytes (1 switches on core 0)
May 31 08:17:59.328490 np0000001805 devstack@g-api.service[99031]: DEBUG glance.api.middleware.version_negotiation [None req-8988c98b-d9e5-41d5-af26-bb3b62a23da8 tempest-ServerBootFromVolumeStableRescueTest-1342356062 tempest-ServerBootFromVolumeStableRescueTest-1342356062-project-member] Determining version of request: GET /v2/images/220d3823-f5cd-4fea-8b66-a6827d32c16f Accept: application/json {{(pid=99031) process_request /opt/stack/glance/glance/api/middleware/version_negotiation.py:44}}
May 31 08:17:59.328924 np0000001805 devstack@g-api.service[99031]: DEBUG glance.api.middleware.version_negotiation [None req-8988c98b-d9e5-41d5-af26-bb3b62a23da8 tempest-ServerBootFromVolumeStableRescueTest-1342356062 tempest-ServerBootFromVolumeStableRescueTest-1342356062-project-member] Using url versioning {{(pid=99031) process_request /opt/stack/glance/glance/api/middleware/version_negotiation.py:57}}
May 31 08:17:59.328924 np0000001805 devstack@g-api.service[99031]: DEBUG glance.api.middleware.version_negotiation [None req-8988c98b-d9e5-41d5-af26-bb3b62a23da8 tempest-ServerBootFromVolumeStableRescueTest-1342356062 tempest-ServerBootFromVolumeStableRescueTest-1342356062-project-member] Matched version: v2 {{(pid=99031) process_request /opt/stack/glance/glance/api/middleware/version_negotiation.py:69}}
May 31 08:17:59.328924 np0000001805 devstack@g-api.service[99031]: DEBUG glance.api.middleware.version_negotiation [None req-8988c98b-d9e5-41d5-af26-bb3b62a23da8 tempest-ServerBootFromVolumeStableRescueTest-1342356062 tempest-ServerBootFromVolumeStableRescueTest-1342356062-project-member] new path /v2/images/220d3823-f5cd-4fea-8b66-a6827d32c16f {{(pid=99031) process_request /opt/stack/glance/glance/api/middleware/version_negotiation.py:70}}
May 31 08:17:59.348368 np0000001805 devstack@g-api.service[99031]: [pid: 99031|app: 0|req: 229/450] 127.0.0.1 () {40 vars in 838 bytes} [Sun May 31 08:17:59 2026] GET /v2/images/220d3823-f5cd-4fea-8b66-a6827d32c16f => generated 1640 bytes in 20 msecs (HTTP/1.1 200) 4 headers in 158 bytes (1 switches on core 0)
May 31 08:17:59.358091 np0000001805 devstack@g-api.service[99030]: DEBUG glance.api.middleware.version_negotiation [None req-8988c98b-d9e5-41d5-af26-bb3b62a23da8 tempest-ServerBootFromVolumeStableRescueTest-1342356062 tempest-ServerBootFromVolumeStableRescueTest-1342356062-project-member] Determining version of request: GET /v2/images/220d3823-f5cd-4fea-8b66-a6827d32c16f Accept: application/json {{(pid=99030) process_request /opt/stack/glance/glance/api/middleware/version_negotiation.py:44}}
May 31 08:17:59.358446 np0000001805 devstack@g-api.service[99030]: DEBUG glance.api.middleware.version_negotiation [None req-8988c98b-d9e5-41d5-af26-bb3b62a23da8 tempest-ServerBootFromVolumeStableRescueTest-1342356062 tempest-ServerBootFromVolumeStableRescueTest-1342356062-project-member] Using url versioning {{(pid=99030) process_request /opt/stack/glance/glance/api/middleware/version_negotiation.py:57}}
May 31 08:17:59.358556 np0000001805 devstack@g-api.service[99030]: DEBUG glance.api.middleware.version_negotiation [None req-8988c98b-d9e5-41d5-af26-bb3b62a23da8 tempest-ServerBootFromVolumeStableRescueTest-1342356062 tempest-ServerBootFromVolumeStableRescueTest-1342356062-project-member] Matched version: v2 {{(pid=99030) process_request /opt/stack/glance/glance/api/middleware/version_negotiation.py:69}}
May 31 08:17:59.358709 np0000001805 devstack@g-api.service[99030]: DEBUG glance.api.middleware.version_negotiation [None req-8988c98b-d9e5-41d5-af26-bb3b62a23da8 tempest-ServerBootFromVolumeStableRescueTest-1342356062 tempest-ServerBootFromVolumeStableRescueTest-1342356062-project-member] new path /v2/images/220d3823-f5cd-4fea-8b66-a6827d32c16f {{(pid=99030) process_request /opt/stack/glance/glance/api/middleware/version_negotiation.py:70}}
May 31 08:17:59.373587 np0000001805 devstack@g-api.service[99030]: [pid: 99030|app: 0|req: 222/451] 127.0.0.1 () {40 vars in 838 bytes} [Sun May 31 08:17:59 2026] GET /v2/images/220d3823-f5cd-4fea-8b66-a6827d32c16f => generated 1640 bytes in 16 msecs (HTTP/1.1 200) 4 headers in 158 bytes (1 switches on core 0)
May 31 08:18:01.376841 np0000001805 devstack@g-api.service[99031]: DEBUG glance.api.middleware.version_negotiation [None req-32bd7196-3f65-4a27-9ef1-878f1a0e41fa tempest-ServerBootFromVolumeStableRescueTest-1342356062 tempest-ServerBootFromVolumeStableRescueTest-1342356062-project-member] Determining version of request: GET /v2/images/b71c091c-0bc3-452c-b873-f0af4a2d2155 Accept: */* {{(pid=99031) process_request /opt/stack/glance/glance/api/middleware/version_negotiation.py:44}}
May 31 08:18:01.377513 np0000001805 devstack@g-api.service[99031]: DEBUG glance.api.middleware.version_negotiation [None req-32bd7196-3f65-4a27-9ef1-878f1a0e41fa tempest-ServerBootFromVolumeStableRescueTest-1342356062 tempest-ServerBootFromVolumeStableRescueTest-1342356062-project-member] Using url versioning {{(pid=99031) process_request /opt/stack/glance/glance/api/middleware/version_negotiation.py:57}}
May 31 08:18:01.378685 np0000001805 devstack@g-api.service[99031]: DEBUG glance.api.middleware.version_negotiation [None req-32bd7196-3f65-4a27-9ef1-878f1a0e41fa tempest-ServerBootFromVolumeStableRescueTest-1342356062 tempest-ServerBootFromVolumeStableRescueTest-1342356062-project-member] Matched version: v2 {{(pid=99031) process_request /opt/stack/glance/glance/api/middleware/version_negotiation.py:69}}
May 31 08:18:01.378924 np0000001805 devstack@g-api.service[99031]: DEBUG glance.api.middleware.version_negotiation [None req-32bd7196-3f65-4a27-9ef1-878f1a0e41fa tempest-ServerBootFromVolumeStableRescueTest-1342356062 tempest-ServerBootFromVolumeStableRescueTest-1342356062-project-member] new path /v2/images/b71c091c-0bc3-452c-b873-f0af4a2d2155 {{(pid=99031) process_request /opt/stack/glance/glance/api/middleware/version_negotiation.py:70}}
May 31 08:18:01.393594 np0000001805 devstack@g-api.service[99031]: [pid: 99031|app: 0|req: 230/452] 127.0.0.1 () {44 vars in 1115 bytes} [Sun May 31 08:18:01 2026] GET /v2/images/b71c091c-0bc3-452c-b873-f0af4a2d2155 => generated 1044 bytes in 17 msecs (HTTP/1.1 200) 4 headers in 158 bytes (1 switches on core 0)
May 31 08:18:01.445093 np0000001805 devstack@g-api.service[99030]: DEBUG glance.api.middleware.version_negotiation [None req-1e508e8e-73de-488d-883e-de651a4cff66 tempest-ServerBootFromVolumeStableRescueTest-1342356062 tempest-ServerBootFromVolumeStableRescueTest-1342356062-project-member] Determining version of request: GET /v2/schemas/image Accept: */* {{(pid=99030) process_request /opt/stack/glance/glance/api/middleware/version_negotiation.py:44}}
May 31 08:18:01.445709 np0000001805 devstack@g-api.service[99030]: DEBUG glance.api.middleware.version_negotiation [None req-1e508e8e-73de-488d-883e-de651a4cff66 tempest-ServerBootFromVolumeStableRescueTest-1342356062 tempest-ServerBootFromVolumeStableRescueTest-1342356062-project-member] Using url versioning {{(pid=99030) process_request /opt/stack/glance/glance/api/middleware/version_negotiation.py:57}}
