May 31 08:07:00.398392 np0000001805 devstack@neutron-api.service[87040]: DEBUG neutron.plugins.ml2.drivers.ovn.mech_driver.ovsdb.ovsdb_monitor [None req-f994425d-5f21-4517-bf77-f97a394b2fe8 None None] Touching Hash Ring node "a59dc89439905d14af2c4b8a5e914011" from IDL notify handler {{(pid=87040) notify /opt/stack/neutron/neutron/plugins/ml2/drivers/ovn/mech_driver/ovsdb/ovsdb_monitor.py:978}}
May 31 08:07:00.400735 np0000001805 devstack@neutron-api.service[87040]: DEBUG neutron.plugins.ml2.drivers.ovn.mech_driver.ovsdb.ovsdb_monitor [None req-f994425d-5f21-4517-bf77-f97a394b2fe8 None None] Hash Ring: Node a59dc89439905d14af2c4b8a5e914011 (host: np0000001805) handling event "update" for row 0529bcfa-65e6-42ba-852b-aa669b74f3cf (table: NB_Global) {{(pid=87040) notify /opt/stack/neutron/neutron/plugins/ml2/drivers/ovn/mech_driver/ovsdb/ovsdb_monitor.py:986}}
May 31 08:07:01.597757 np0000001805 devstack@neutron-api.service[87039]: WARNING neutron.plugins.ml2.drivers.ovn.mech_driver.ovsdb.ovn_client [None req-4a1f0c66-ceef-49e0-aea5-16ac3b77ecf6 None None] No hosting information found for port 8705c365-9726-47f0-9ea0-226799453ced: RuntimeError: No hosting information found for port 8705c365-9726-47f0-9ea0-226799453ced
May 31 08:07:01.628946 np0000001805 devstack@neutron-api.service[87039]: INFO neutron.common.ovn.utils [None req-4a1f0c66-ceef-49e0-aea5-16ac3b77ecf6 None None] HA Chassis Group neutron-abd08711-30f5-4684-9a69-573ac4003fe6 synchronized; highest priority chassis 9a16e0a6-8359-43a4-a0be-6f2d3563a997
May 31 08:07:01.629587 np0000001805 devstack@neutron-api.service[87039]: DEBUG ovsdbapp.backend.ovs_idl.transaction [None req-b9dfce83-33d5-4b46-87ff-6e1364e6012d None None] Running txn n=1 command(idx=0): DbSetCommand(_result=None, table=HA_Chassis_Group, record=neutron-abd08711-30f5-4684-9a69-573ac4003fe6, col_values=(('external_ids', {'neutron:availability_zone_hints': '', 'neutron:network_id': 'abd08711-30f5-4684-9a69-573ac4003fe6', 'neutron:router_id': '81dbf695-3cf2-4f3a-b0b4-6d66e606b95c'}),), if_exists=True) {{(pid=87039) do_commit /opt/stack/data/venv/lib/python3.12/site-packages/ovsdbapp/backend/ovs_idl/transaction.py:89}}
May 31 08:07:01.630009 np0000001805 devstack@neutron-api.service[87039]: DEBUG ovsdbapp.backend.ovs_idl.transaction [None req-b9dfce83-33d5-4b46-87ff-6e1364e6012d None None] Running txn n=1 command(idx=1): HAChassisGroupAddChassisCommand(_result=None, hcg=neutron-abd08711-30f5-4684-9a69-573ac4003fe6, chassis=9a16e0a6-8359-43a4-a0be-6f2d3563a997, priority=1, columns={}) {{(pid=87039) do_commit /opt/stack/data/venv/lib/python3.12/site-packages/ovsdbapp/backend/ovs_idl/transaction.py:89}}
May 31 08:07:01.630337 np0000001805 devstack@neutron-api.service[87039]: DEBUG ovsdbapp.backend.ovs_idl.transaction [None req-b9dfce83-33d5-4b46-87ff-6e1364e6012d None None] Transaction caused no change {{(pid=87039) do_commit /opt/stack/data/venv/lib/python3.12/site-packages/ovsdbapp/backend/ovs_idl/transaction.py:129}}
May 31 08:07:01.692777 np0000001805 devstack@neutron-api.service[87039]: DEBUG ovsdbapp.backend.ovs_idl.transaction [None req-b9dfce83-33d5-4b46-87ff-6e1364e6012d None None] Running txn n=1 command(idx=0): CheckRevisionNumberCommand(_result=None, name=lrp-8705c365-9726-47f0-9ea0-226799453ced, resource={'id': '8705c365-9726-47f0-9ea0-226799453ced', 'name': '', 'network_id': 'abd08711-30f5-4684-9a69-573ac4003fe6', 'project_id': '7d9765c8aacb4dc885cf64ab1e21d644', 'mac_address': 'fa:16:3e:e8:73:e5', 'admin_state_up': True, 'status': 'ACTIVE', 'device_id': '81dbf695-3cf2-4f3a-b0b4-6d66e606b95c', 'device_owner': 'network:router_interface', 'standard_attr_id': 24, 'fixed_ips': [{'subnet_id': 'da59d296-170b-47fd-a3c1-98ce510c7431', 'ip_address': 'fd82:b8f0:395b::1'}], 'allowed_address_pairs': [], 'extra_dhcp_opts': [], 'security_groups': [], 'description': '', 'binding:vnic_type': 'normal', 'binding:profile': {}, 'binding:host_id': '', 'binding:vif_type': 'unbound', 'binding:vif_details': {}, 'port_security_enabled': False, 'tags': [], 'created_at': '2026-05-31T08:06:53Z', 'updated_at': '2026-05-31T08:06:56Z', 'revision_number': 2, 'tenant_id': '7d9765c8aacb4dc885cf64ab1e21d644'}, resource_type=router_ports, if_exists=True) {{(pid=87039) do_commit /opt/stack/data/venv/lib/python3.12/site-packages/ovsdbapp/backend/ovs_idl/transaction.py:89}}
May 31 08:07:01.692997 np0000001805 devstack@neutron-api.service[87039]: DEBUG ovsdbapp.backend.ovs_idl.transaction [None req-b9dfce83-33d5-4b46-87ff-6e1364e6012d None None] Running txn n=1 command(idx=1): UpdateLRouterPortCommand(_result=None, name=lrp-8705c365-9726-47f0-9ea0-226799453ced, columns={'external_ids': {'neutron:revision_number': '2', 'neutron:subnet_ids': 'da59d296-170b-47fd-a3c1-98ce510c7431', 'neutron:network_name': 'neutron-abd08711-30f5-4684-9a69-573ac4003fe6', 'neutron:is_ext_gw': 'False', 'neutron:router_name': 'neutron-81dbf695-3cf2-4f3a-b0b4-6d66e606b95c'}, 'options': {}, 'networks': ['fd82:b8f0:395b::1/64'], 'ipv6_ra_configs': {'address_mode': 'slaac', 'send_periodic': 'true', 'mtu': '1372'}}, if_exists=False) {{(pid=87039) do_commit /opt/stack/data/venv/lib/python3.12/site-packages/ovsdbapp/backend/ovs_idl/transaction.py:89}}
May 31 08:07:01.693293 np0000001805 devstack@neutron-api.service[87039]: DEBUG ovsdbapp.backend.ovs_idl.transaction [None req-b9dfce83-33d5-4b46-87ff-6e1364e6012d None None] Running txn n=1 command(idx=2): SetLRouterPortInLSwitchPortCommand(_result=None, lswitch_port=8705c365-9726-47f0-9ea0-226799453ced, lrouter_port=lrp-8705c365-9726-47f0-9ea0-226799453ced, is_gw_port=False, if_exists=True, lsp_address=router) {{(pid=87039) do_commit /opt/stack/data/venv/lib/python3.12/site-packages/ovsdbapp/backend/ovs_idl/transaction.py:89}}
May 31 08:07:01.695489 np0000001805 devstack@neutron-api.service[87039]: DEBUG neutron.plugins.ml2.drivers.ovn.mech_driver.ovsdb.ovsdb_monitor [None req-b9dfce83-33d5-4b46-87ff-6e1364e6012d None None] Touching Hash Ring node "2a85e275e0bb5eec80667ba4ffc849b8" from IDL notify handler {{(pid=87039) notify /opt/stack/neutron/neutron/plugins/ml2/drivers/ovn/mech_driver/ovsdb/ovsdb_monitor.py:978}}
May 31 08:07:01.699758 np0000001805 devstack@neutron-api.service[87039]: DEBUG neutron.plugins.ml2.drivers.ovn.mech_driver.ovsdb.ovsdb_monitor [None req-bdda2aa0-7c77-44e7-a22f-77ae3d586321 None None] Touching Hash Ring node "2a85e275e0bb5eec80667ba4ffc849b8" from IDL notify handler {{(pid=87039) notify /opt/stack/neutron/neutron/plugins/ml2/drivers/ovn/mech_driver/ovsdb/ovsdb_monitor.py:978}}
May 31 08:07:01.699929 np0000001805 devstack@neutron-api.service[87040]: DEBUG neutron.plugins.ml2.drivers.ovn.mech_driver.ovsdb.ovsdb_monitor [None req-35db17a0-f893-420f-9a80-ab77b7436e03 None None] Touching Hash Ring node "a59dc89439905d14af2c4b8a5e914011" from IDL notify handler {{(pid=87040) notify /opt/stack/neutron/neutron/plugins/ml2/drivers/ovn/mech_driver/ovsdb/ovsdb_monitor.py:978}}
May 31 08:07:01.705683 np0000001805 devstack@neutron-api.service[87040]: DEBUG neutron.plugins.ml2.drivers.ovn.mech_driver.ovsdb.ovsdb_monitor [None req-f994425d-5f21-4517-bf77-f97a394b2fe8 None None] Touching Hash Ring node "a59dc89439905d14af2c4b8a5e914011" from IDL notify handler {{(pid=87040) notify /opt/stack/neutron/neutron/plugins/ml2/drivers/ovn/mech_driver/ovsdb/ovsdb_monitor.py:978}}
May 31 08:07:01.705768 np0000001805 devstack@neutron-api.service[87039]: DEBUG neutron.plugins.ml2.drivers.ovn.mech_driver.ovsdb.ovsdb_monitor [None req-bdda2aa0-7c77-44e7-a22f-77ae3d586321 None None] Hash Ring: Node 2a85e275e0bb5eec80667ba4ffc849b8 (host: np0000001805) handling event "update" for row 3f3801a6-4b79-459f-a05c-658b4f3086eb (table: Port_Binding) {{(pid=87039) notify /opt/stack/neutron/neutron/plugins/ml2/drivers/ovn/mech_driver/ovsdb/ovsdb_monitor.py:986}}
May 31 08:07:01.706418 np0000001805 devstack@neutron-api.service[87039]: DEBUG neutron.plugins.ml2.drivers.ovn.mech_driver.ovsdb.ovsdb_monitor [None req-b9dfce83-33d5-4b46-87ff-6e1364e6012d None None] Hash Ring: Node 2a85e275e0bb5eec80667ba4ffc849b8 (host: np0000001805) handling event "update" for row 16c205c8-dc20-4aa9-909f-c977d59d3aa6 (table: Logical_Router_Port) {{(pid=87039) notify /opt/stack/neutron/neutron/plugins/ml2/drivers/ovn/mech_driver/ovsdb/ovsdb_monitor.py:986}}
May 31 08:07:01.714999 np0000001805 devstack@neutron-api.service[87040]: DEBUG neutron.plugins.ml2.drivers.ovn.mech_driver.ovsdb.ovsdb_monitor [None req-35db17a0-f893-420f-9a80-ab77b7436e03 None None] Hash Ring: Node a59dc89439905d14af2c4b8a5e914011 (host: np0000001805) handling event "update" for row 3f3801a6-4b79-459f-a05c-658b4f3086eb (table: Port_Binding) {{(pid=87040) notify /opt/stack/neutron/neutron/plugins/ml2/drivers/ovn/mech_driver/ovsdb/ovsdb_monitor.py:986}}
May 31 08:07:01.716033 np0000001805 devstack@neutron-api.service[87040]: DEBUG neutron.plugins.ml2.drivers.ovn.mech_driver.ovsdb.ovsdb_monitor [None req-f994425d-5f21-4517-bf77-f97a394b2fe8 None None] Hash Ring: Node a59dc89439905d14af2c4b8a5e914011 (host: np0000001805) handling event "update" for row 16c205c8-dc20-4aa9-909f-c977d59d3aa6 (table: Logical_Router_Port) {{(pid=87040) notify /opt/stack/neutron/neutron/plugins/ml2/drivers/ovn/mech_driver/ovsdb/ovsdb_monitor.py:986}}
May 31 08:07:01.730909 np0000001805 devstack@neutron-api.service[87039]: INFO neutron.db.ovn_revision_numbers_db [None req-4a1f0c66-ceef-49e0-aea5-16ac3b77ecf6 None None] Successfully bumped revision number for resource 8705c365-9726-47f0-9ea0-226799453ced (type: router_ports) to 2
May 31 08:07:01.786820 np0000001805 devstack@neutron-api.service[87039]: DEBUG ovsdbapp.backend.ovs_idl.transaction [None req-b9dfce83-33d5-4b46-87ff-6e1364e6012d None None] Running txn n=1 command(idx=0): CheckRevisionNumberCommand(_result=None, name=lrp-8705c365-9726-47f0-9ea0-226799453ced, resource={'id': '8705c365-9726-47f0-9ea0-226799453ced', 'name': '', 'network_id': 'abd08711-30f5-4684-9a69-573ac4003fe6', 'project_id': '7d9765c8aacb4dc885cf64ab1e21d644', 'mac_address': 'fa:16:3e:e8:73:e5', 'admin_state_up': True, 'status': 'ACTIVE', 'device_id': '81dbf695-3cf2-4f3a-b0b4-6d66e606b95c', 'device_owner': 'network:router_interface', 'standard_attr_id': 24, 'fixed_ips': [{'subnet_id': 'da59d296-170b-47fd-a3c1-98ce510c7431', 'ip_address': 'fd82:b8f0:395b::1'}], 'allowed_address_pairs': [], 'extra_dhcp_opts': [], 'security_groups': [], 'description': '', 'binding:vnic_type': 'normal', 'binding:profile': {}, 'binding:host_id': '', 'binding:vif_type': 'unbound', 'binding:vif_details': {}, 'port_security_enabled': False, 'tags': [], 'created_at': '2026-05-31T08:06:53Z', 'updated_at': '2026-05-31T08:06:56Z', 'revision_number': 2, 'tenant_id': '7d9765c8aacb4dc885cf64ab1e21d644'}, resource_type=router_ports, if_exists=True) {{(pid=87039) do_commit /opt/stack/data/venv/lib/python3.12/site-packages/ovsdbapp/backend/ovs_idl/transaction.py:89}}
May 31 08:07:01.787076 np0000001805 devstack@neutron-api.service[87039]: DEBUG ovsdbapp.backend.ovs_idl.transaction [None req-b9dfce83-33d5-4b46-87ff-6e1364e6012d None None] Running txn n=1 command(idx=1): UpdateLRouterPortCommand(_result=None, name=lrp-8705c365-9726-47f0-9ea0-226799453ced, columns={'external_ids': {'neutron:revision_number': '2', 'neutron:subnet_ids': 'da59d296-170b-47fd-a3c1-98ce510c7431', 'neutron:network_name': 'neutron-abd08711-30f5-4684-9a69-573ac4003fe6', 'neutron:is_ext_gw': 'False', 'neutron:router_name': 'neutron-81dbf695-3cf2-4f3a-b0b4-6d66e606b95c'}, 'options': {}, 'networks': ['fd82:b8f0:395b::1/64'], 'ipv6_ra_configs': {'address_mode': 'slaac', 'send_periodic': 'true', 'mtu': '1372'}}, if_exists=False) {{(pid=87039) do_commit /opt/stack/data/venv/lib/python3.12/site-packages/ovsdbapp/backend/ovs_idl/transaction.py:89}}
May 31 08:07:01.787486 np0000001805 devstack@neutron-api.service[87039]: DEBUG ovsdbapp.backend.ovs_idl.transaction [None req-b9dfce83-33d5-4b46-87ff-6e1364e6012d None None] Running txn n=1 command(idx=2): SetLRouterPortInLSwitchPortCommand(_result=None, lswitch_port=8705c365-9726-47f0-9ea0-226799453ced, lrouter_port=lrp-8705c365-9726-47f0-9ea0-226799453ced, is_gw_port=False, if_exists=True, lsp_address=router) {{(pid=87039) do_commit /opt/stack/data/venv/lib/python3.12/site-packages/ovsdbapp/backend/ovs_idl/transaction.py:89}}
May 31 08:07:01.787896 np0000001805 devstack@neutron-api.service[87039]: DEBUG ovsdbapp.backend.ovs_idl.transaction [None req-b9dfce83-33d5-4b46-87ff-6e1364e6012d None None] Transaction caused no change {{(pid=87039) do_commit /opt/stack/data/venv/lib/python3.12/site-packages/ovsdbapp/backend/ovs_idl/transaction.py:129}}
May 31 08:07:01.813481 np0000001805 devstack@neutron-api.service[87039]: INFO neutron.common.ovn.utils [None req-4a1f0c66-ceef-49e0-aea5-16ac3b77ecf6 None None] HA Chassis Group neutron-abd08711-30f5-4684-9a69-573ac4003fe6 synchronized; highest priority chassis 9a16e0a6-8359-43a4-a0be-6f2d3563a997
May 31 08:07:01.813935 np0000001805 devstack@neutron-api.service[87039]: DEBUG ovsdbapp.backend.ovs_idl.transaction [None req-b9dfce83-33d5-4b46-87ff-6e1364e6012d None None] Running txn n=1 command(idx=0): DbSetCommand(_result=None, table=HA_Chassis_Group, record=neutron-abd08711-30f5-4684-9a69-573ac4003fe6, col_values=(('external_ids', {'neutron:availability_zone_hints': '', 'neutron:network_id': 'abd08711-30f5-4684-9a69-573ac4003fe6', 'neutron:router_id': '81dbf695-3cf2-4f3a-b0b4-6d66e606b95c'}),), if_exists=True) {{(pid=87039) do_commit /opt/stack/data/venv/lib/python3.12/site-packages/ovsdbapp/backend/ovs_idl/transaction.py:89}}
May 31 08:07:01.814151 np0000001805 devstack@neutron-api.service[87039]: DEBUG ovsdbapp.backend.ovs_idl.transaction [None req-b9dfce83-33d5-4b46-87ff-6e1364e6012d None None] Running txn n=1 command(idx=1): HAChassisGroupAddChassisCommand(_result=None, hcg=neutron-abd08711-30f5-4684-9a69-573ac4003fe6, chassis=9a16e0a6-8359-43a4-a0be-6f2d3563a997, priority=1, columns={}) {{(pid=87039) do_commit /opt/stack/data/venv/lib/python3.12/site-packages/ovsdbapp/backend/ovs_idl/transaction.py:89}}
May 31 08:07:01.814422 np0000001805 devstack@neutron-api.service[87039]: DEBUG ovsdbapp.backend.ovs_idl.transaction [None req-b9dfce83-33d5-4b46-87ff-6e1364e6012d None None] Transaction caused no change {{(pid=87039) do_commit /opt/stack/data/venv/lib/python3.12/site-packages/ovsdbapp/backend/ovs_idl/transaction.py:129}}
May 31 08:07:01.840217 np0000001805 devstack@neutron-api.service[87039]: INFO neutron.common.ovn.utils [None req-4a1f0c66-ceef-49e0-aea5-16ac3b77ecf6 None None] HA Chassis Group neutron-abd08711-30f5-4684-9a69-573ac4003fe6 synchronized; highest priority chassis 9a16e0a6-8359-43a4-a0be-6f2d3563a997
May 31 08:07:01.840640 np0000001805 devstack@neutron-api.service[87039]: DEBUG ovsdbapp.backend.ovs_idl.transaction [None req-b9dfce83-33d5-4b46-87ff-6e1364e6012d None None] Running txn n=1 command(idx=0): DbSetCommand(_result=None, table=HA_Chassis_Group, record=neutron-abd08711-30f5-4684-9a69-573ac4003fe6, col_values=(('external_ids', {'neutron:availability_zone_hints': '', 'neutron:network_id': 'abd08711-30f5-4684-9a69-573ac4003fe6', 'neutron:router_id': '81dbf695-3cf2-4f3a-b0b4-6d66e606b95c'}),), if_exists=True) {{(pid=87039) do_commit /opt/stack/data/venv/lib/python3.12/site-packages/ovsdbapp/backend/ovs_idl/transaction.py:89}}
May 31 08:07:01.840899 np0000001805 devstack@neutron-api.service[87039]: DEBUG ovsdbapp.backend.ovs_idl.transaction [None req-b9dfce83-33d5-4b46-87ff-6e1364e6012d None None] Running txn n=1 command(idx=1): HAChassisGroupAddChassisCommand(_result=None, hcg=neutron-abd08711-30f5-4684-9a69-573ac4003fe6, chassis=9a16e0a6-8359-43a4-a0be-6f2d3563a997, priority=1, columns={}) {{(pid=87039) do_commit /opt/stack/data/venv/lib/python3.12/site-packages/ovsdbapp/backend/ovs_idl/transaction.py:89}}
May 31 08:07:01.841132 np0000001805 devstack@neutron-api.service[87039]: DEBUG ovsdbapp.backend.ovs_idl.transaction [None req-b9dfce83-33d5-4b46-87ff-6e1364e6012d None None] Transaction caused no change {{(pid=87039) do_commit /opt/stack/data/venv/lib/python3.12/site-packages/ovsdbapp/backend/ovs_idl/transaction.py:129}}
May 31 08:07:07.315027 np0000001805 devstack@neutron-api.service[87039]: DEBUG futurist.periodics [-] Submitting periodic callback 'neutron.plugins.ml2.drivers.ovn.mech_driver.ovsdb.maintenance.HashRingHealthCheckPeriodics.touch_hash_ring_node' {{(pid=87039) _process_scheduled /opt/stack/data/venv/lib/python3.12/site-packages/futurist/periodics.py:784}}
May 31 08:07:07.315471 np0000001805 devstack@neutron-api.service[87039]: DEBUG neutron.plugins.ml2.drivers.ovn.mech_driver.ovsdb.maintenance [-] Touching Hash Ring node "2a85e275e0bb5eec80667ba4ffc849b8" from periodic health check thread {{(pid=87039) touch_hash_ring_node /opt/stack/neutron/neutron/plugins/ml2/drivers/ovn/mech_driver/ovsdb/maintenance.py:1466}}
May 31 08:07:08.162690 np0000001805 devstack@neutron-api.service[87040]: DEBUG futurist.periodics [-] Submitting periodic callback 'neutron.plugins.ml2.drivers.ovn.mech_driver.ovsdb.maintenance.HashRingHealthCheckPeriodics.touch_hash_ring_node' {{(pid=87040) _process_scheduled /opt/stack/data/venv/lib/python3.12/site-packages/futurist/periodics.py:784}}
May 31 08:07:08.163179 np0000001805 devstack@neutron-api.service[87040]: DEBUG neutron.plugins.ml2.drivers.ovn.mech_driver.ovsdb.maintenance [-] Touching Hash Ring node "a59dc89439905d14af2c4b8a5e914011" from periodic health check thread {{(pid=87040) touch_hash_ring_node /opt/stack/neutron/neutron/plugins/ml2/drivers/ovn/mech_driver/ovsdb/maintenance.py:1466}}
May 31 08:07:17.324089 np0000001805 devstack@neutron-api.service[87039]: DEBUG dbcounter [-] [87039] Writing DB stats neutron:SELECT=2219,neutron:INSERT=704,neutron:DELETE=12,neutron:UPDATE=106 {{(pid=87039) stat_writer /opt/stack/data/venv/lib/python3.12/site-packages/dbcounter.py:115}}
May 31 08:07:18.171589 np0000001805 devstack@neutron-api.service[87040]: DEBUG dbcounter [-] [87040] Writing DB stats neutron:SELECT=3636,neutron:INSERT=96,neutron:DELETE=13,neutron:UPDATE=78 {{(pid=87040) stat_writer /opt/stack/data/venv/lib/python3.12/site-packages/dbcounter.py:115}}
May 31 08:07:22.315598 np0000001805 devstack@neutron-api.service[87039]: DEBUG futurist.periodics [-] Submitting periodic callback 'neutron.plugins.ml2.drivers.ovn.mech_driver.ovsdb.maintenance.HashRingHealthCheckPeriodics.touch_hash_ring_node' {{(pid=87039) _process_scheduled /opt/stack/data/venv/lib/python3.12/site-packages/futurist/periodics.py:784}}
May 31 08:07:22.316053 np0000001805 devstack@neutron-api.service[87039]: DEBUG neutron.plugins.ml2.drivers.ovn.mech_driver.ovsdb.maintenance [-] Touching Hash Ring node "2a85e275e0bb5eec80667ba4ffc849b8" from periodic health check thread {{(pid=87039) touch_hash_ring_node /opt/stack/neutron/neutron/plugins/ml2/drivers/ovn/mech_driver/ovsdb/maintenance.py:1466}}
May 31 08:07:23.163265 np0000001805 devstack@neutron-api.service[87040]: DEBUG futurist.periodics [-] Submitting periodic callback 'neutron.plugins.ml2.drivers.ovn.mech_driver.ovsdb.maintenance.HashRingHealthCheckPeriodics.touch_hash_ring_node' {{(pid=87040) _process_scheduled /opt/stack/data/venv/lib/python3.12/site-packages/futurist/periodics.py:784}}
May 31 08:07:23.166288 np0000001805 devstack@neutron-api.service[87040]: DEBUG neutron.plugins.ml2.drivers.ovn.mech_driver.ovsdb.maintenance [-] Touching Hash Ring node "a59dc89439905d14af2c4b8a5e914011" from periodic health check thread {{(pid=87040) touch_hash_ring_node /opt/stack/neutron/neutron/plugins/ml2/drivers/ovn/mech_driver/ovsdb/maintenance.py:1466}}
May 31 08:07:32.324411 np0000001805 devstack@neutron-api.service[87039]: DEBUG dbcounter [-] [87039] Writing DB stats neutron:UPDATE=1,neutron:SELECT=1 {{(pid=87039) stat_writer /opt/stack/data/venv/lib/python3.12/site-packages/dbcounter.py:115}}
May 31 08:07:33.175969 np0000001805 devstack@neutron-api.service[87040]: DEBUG dbcounter [-] [87040] Writing DB stats neutron:UPDATE=1,neutron:SELECT=1 {{(pid=87040) stat_writer /opt/stack/data/venv/lib/python3.12/site-packages/dbcounter.py:115}}
May 31 08:07:37.316145 np0000001805 devstack@neutron-api.service[87039]: DEBUG futurist.periodics [-] Submitting periodic callback 'neutron.plugins.ml2.drivers.ovn.mech_driver.ovsdb.maintenance.HashRingHealthCheckPeriodics.touch_hash_ring_node' {{(pid=87039) _process_scheduled /opt/stack/data/venv/lib/python3.12/site-packages/futurist/periodics.py:784}}
May 31 08:07:37.316661 np0000001805 devstack@neutron-api.service[87039]: DEBUG neutron.plugins.ml2.drivers.ovn.mech_driver.ovsdb.maintenance [-] Touching Hash Ring node "2a85e275e0bb5eec80667ba4ffc849b8" from periodic health check thread {{(pid=87039) touch_hash_ring_node /opt/stack/neutron/neutron/plugins/ml2/drivers/ovn/mech_driver/ovsdb/maintenance.py:1466}}
May 31 08:07:38.166828 np0000001805 devstack@neutron-api.service[87040]: DEBUG futurist.periodics [-] Submitting periodic callback 'neutron.plugins.ml2.drivers.ovn.mech_driver.ovsdb.maintenance.HashRingHealthCheckPeriodics.touch_hash_ring_node' {{(pid=87040) _process_scheduled /opt/stack/data/venv/lib/python3.12/site-packages/futurist/periodics.py:784}}
May 31 08:07:38.166828 np0000001805 devstack@neutron-api.service[87040]: DEBUG neutron.plugins.ml2.drivers.ovn.mech_driver.ovsdb.maintenance [-] Touching Hash Ring node "a59dc89439905d14af2c4b8a5e914011" from periodic health check thread {{(pid=87040) touch_hash_ring_node /opt/stack/neutron/neutron/plugins/ml2/drivers/ovn/mech_driver/ovsdb/maintenance.py:1466}}
May 31 08:07:47.323265 np0000001805 devstack@neutron-api.service[87039]: DEBUG dbcounter [-] [87039] Writing DB stats neutron:UPDATE=1,neutron:SELECT=1 {{(pid=87039) stat_writer /opt/stack/data/venv/lib/python3.12/site-packages/dbcounter.py:115}}
May 31 08:07:48.176074 np0000001805 devstack@neutron-api.service[87040]: DEBUG dbcounter [-] [87040] Writing DB stats neutron:UPDATE=1,neutron:SELECT=1 {{(pid=87040) stat_writer /opt/stack/data/venv/lib/python3.12/site-packages/dbcounter.py:115}}
May 31 08:07:52.316837 np0000001805 devstack@neutron-api.service[87039]: DEBUG futurist.periodics [-] Submitting periodic callback 'neutron.plugins.ml2.drivers.ovn.mech_driver.ovsdb.maintenance.HashRingHealthCheckPeriodics.touch_hash_ring_node' {{(pid=87039) _process_scheduled /opt/stack/data/venv/lib/python3.12/site-packages/futurist/periodics.py:784}}
May 31 08:07:52.318769 np0000001805 devstack@neutron-api.service[87039]: DEBUG neutron.plugins.ml2.drivers.ovn.mech_driver.ovsdb.maintenance [-] Touching Hash Ring node "2a85e275e0bb5eec80667ba4ffc849b8" from periodic health check thread {{(pid=87039) touch_hash_ring_node /opt/stack/neutron/neutron/plugins/ml2/drivers/ovn/mech_driver/ovsdb/maintenance.py:1466}}
May 31 08:07:53.165952 np0000001805 devstack@neutron-api.service[87040]: DEBUG futurist.periodics [-] Submitting periodic callback 'neutron.plugins.ml2.drivers.ovn.mech_driver.ovsdb.maintenance.HashRingHealthCheckPeriodics.touch_hash_ring_node' {{(pid=87040) _process_scheduled /opt/stack/data/venv/lib/python3.12/site-packages/futurist/periodics.py:784}}
May 31 08:07:53.166993 np0000001805 devstack@neutron-api.service[87040]: DEBUG neutron.plugins.ml2.drivers.ovn.mech_driver.ovsdb.maintenance [-] Touching Hash Ring node "a59dc89439905d14af2c4b8a5e914011" from periodic health check thread {{(pid=87040) touch_hash_ring_node /opt/stack/neutron/neutron/plugins/ml2/drivers/ovn/mech_driver/ovsdb/maintenance.py:1466}}
May 31 08:07:57.108025 np0000001805 devstack@neutron-api.service[87039]: DEBUG neutron.api.wsgi [None req-efedf71f-402a-4cf2-875a-0cddcbf1ebc4 admin admin] Missing Content-Type {{(pid=87039) get_content_type /opt/stack/neutron/neutron/api/wsgi.py:80}}
May 31 08:07:57.108458 np0000001805 devstack@neutron-api.service[87039]: DEBUG neutron.api.wsgi [None req-efedf71f-402a-4cf2-875a-0cddcbf1ebc4 admin admin] https://10.4.3.106/networking/v2.0/extensions returned with HTTP 200 {{(pid=87039) __call__ /opt/stack/neutron/neutron/api/wsgi.py:540}}
May 31 08:07:57.108617 np0000001805 devstack@neutron-api.service[87039]: [pid: 87039|app: 0|req: 18/34] 10.4.3.106 () {64 vars in 1292 bytes} [Sun May 31 08:07:57 2026] GET /networking/v2.0/extensions => generated 15209 bytes in 2 msecs (HTTP/1.1 200) 4 headers in 159 bytes (1 switches on core 0)
May 31 08:07:57.360765 np0000001805 devstack@neutron-api.service[87040]: INFO neutron.pecan_wsgi.hooks.translation [None req-ea8a9e4f-86b6-4cdd-904c-053dd25df356 admin admin] GET failed (client error): The resource could not be found.
May 31 08:07:57.361289 np0000001805 devstack@neutron-api.service[87040]: [pid: 87040|app: 0|req: 17/35] 10.4.3.106 () {64 vars in 1294 bytes} [Sun May 31 08:07:57 2026] GET /networking/v2.0/networks/public => generated 108 bytes in 7 msecs (HTTP/1.1 404) 4 headers in 164 bytes (1 switches on core 0)
May 31 08:07:57.399667 np0000001805 devstack@neutron-api.service[87039]: DEBUG neutron.pecan_wsgi.hooks.policy_enforcement [None req-6d93f441-e13b-4467-9943-d91b8244bf63 admin admin] Attributes excluded by policy engine: ['standard_attr_id'] {{(pid=87039) _exclude_attributes_by_policy /opt/stack/neutron/neutron/pecan_wsgi/hooks/policy_enforcement.py:256}}
May 31 08:07:57.400315 np0000001805 devstack@neutron-api.service[87039]: [pid: 87039|app: 0|req: 19/36] 10.4.3.106 () {64 vars in 1309 bytes} [Sun May 31 08:07:57 2026] GET /networking/v2.0/networks?name=public => generated 759 bytes in 33 msecs (HTTP/1.1 200) 4 headers in 157 bytes (1 switches on core 0)
May 31 08:07:57.583631 np0000001805 devstack@neutron-api.service[87040]: DEBUG neutron.api.v2.base [None req-afbad48a-176d-4bab-8335-7e3bc3428365 admin admin] Request body: {'network': {'shared': True, 'name': 'shared', 'admin_state_up': True}} {{(pid=87040) prepare_request_body /opt/stack/neutron/neutron/api/v2/base.py:727}}
May 31 08:07:57.595143 np0000001805 devstack@neutron-api.service[87040]: DEBUG neutron.pecan_wsgi.hooks.quota_enforcement [None req-afbad48a-176d-4bab-8335-7e3bc3428365 admin admin] Made reservation on behalf of 7d9765c8aacb4dc885cf64ab1e21d644 for: {'network': 1} {{(pid=87040) before /opt/stack/neutron/neutron/pecan_wsgi/hooks/quota_enforcement.py:66}}
May 31 08:07:57.597626 np0000001805 devstack@neutron-api.service[87040]: DEBUG neutron_lib.callbacks.manager [None req-afbad48a-176d-4bab-8335-7e3bc3428365 admin admin] Publish callbacks ['neutron.plugins.ml2.plugin.SecurityGroupDbMixin._ensure_default_security_group_handler-3028932'] for network (None), before_create {{(pid=87040) _notify_loop /opt/stack/data/venv/lib/python3.12/site-packages/neutron_lib/callbacks/manager.py:184}}
May 31 08:07:57.621779 np0000001805 devstack@neutron-api.service[87040]: WARNING neutron.services.revisions.revision_plugin [None req-afbad48a-176d-4bab-8335-7e3bc3428365 admin admin] Could not find related network for resource to bump revision.
May 31 08:07:57.646444 np0000001805 devstack@neutron-api.service[87040]: DEBUG neutron.plugins.ml2.drivers.helpers [None req-afbad48a-176d-4bab-8335-7e3bc3428365 admin admin] geneve segment allocate from pool success with {'geneve_vni': 18448} {{(pid=87040) allocate_partially_specified_segment /opt/stack/neutron/neutron/plugins/ml2/drivers/helpers.py:142}}
May 31 08:07:57.652483 np0000001805 devstack@neutron-api.service[87040]: DEBUG neutron_lib.callbacks.manager [None req-afbad48a-176d-4bab-8335-7e3bc3428365 admin admin] Publish callbacks ['neutron.services.segments.db._add_segment_host_mapping_for_segment-8738837430042', 'neutron.plugins.ml2.plugin.Ml2Plugin._handle_segment_change-2754632'] for segment (b1cd2407-88a8-4567-8bf1-326e5daf19f2), precommit_create {{(pid=87040) _notify_loop /opt/stack/data/venv/lib/python3.12/site-packages/neutron_lib/callbacks/manager.py:184}}
May 31 08:07:57.652614 np0000001805 devstack@neutron-api.service[87040]: INFO neutron.db.segments_db [None req-afbad48a-176d-4bab-8335-7e3bc3428365 admin admin] Added segment b1cd2407-88a8-4567-8bf1-326e5daf19f2 of type geneve for network 52e117a6-b96b-46fa-9135-e8f852b43016
May 31 08:07:57.663525 np0000001805 devstack@neutron-api.service[87040]: DEBUG neutron_lib.callbacks.manager [None req-afbad48a-176d-4bab-8335-7e3bc3428365 admin admin] Publish callbacks ['neutron.services.auto_allocate.db._ensure_external_network_default_value_callback-8738836091054'] for network (52e117a6-b96b-46fa-9135-e8f852b43016), precommit_create {{(pid=87040) _notify_loop /opt/stack/data/venv/lib/python3.12/site-packages/neutron_lib/callbacks/manager.py:184}}
May 31 08:07:57.673938 np0000001805 devstack@neutron-api.service[87040]: DEBUG neutron.plugins.ml2.drivers.ovn.mech_driver.mech_driver [None req-afbad48a-176d-4bab-8335-7e3bc3428365 admin admin] Validating network segment with type geneve, segmentation ID 18448, physical network None {{(pid=87040) _validate_network_segments /opt/stack/neutron/neutron/plugins/ml2/drivers/ovn/mech_driver/mech_driver.py:643}}
May 31 08:07:57.674065 np0000001805 devstack@neutron-api.service[87040]: DEBUG neutron.db.ovn_revision_numbers_db [None req-afbad48a-176d-4bab-8335-7e3bc3428365 admin admin] create_initial_revision uuid=52e117a6-b96b-46fa-9135-e8f852b43016, type=networks, rev=-1 {{(pid=87040) create_initial_revision /opt/stack/neutron/neutron/db/ovn_revision_numbers_db.py:98}}
May 31 08:07:57.680306 np0000001805 devstack@neutron-api.service[87040]: DEBUG neutron_lib.callbacks.manager [None req-afbad48a-176d-4bab-8335-7e3bc3428365 admin admin] Publish callbacks ['neutron.plugins.ml2.ovo_rpc._ObjectChangeHandler.handle_event-6645875'] for network (52e117a6-b96b-46fa-9135-e8f852b43016), after_create {{(pid=87040) _notify_loop /opt/stack/data/venv/lib/python3.12/site-packages/neutron_lib/callbacks/manager.py:184}}
May 31 08:07:57.691949 np0000001805 devstack@neutron-api.service[87040]: DEBUG neutron.api.rpc.handlers.resources_rpc [None req-afbad48a-176d-4bab-8335-7e3bc3428365 admin admin] Pushing event updated for resources: {'Network': ['ID=52e117a6-b96b-46fa-9135-e8f852b43016,revision_number=1']} {{(pid=87040) push /opt/stack/neutron/neutron/api/rpc/handlers/resources_rpc.py:237}}
May 31 08:07:57.695696 np0000001805 devstack@neutron-api.service[87040]: DEBUG ovsdbapp.backend.ovs_idl.transaction [None req-f994425d-5f21-4517-bf77-f97a394b2fe8 None None] Running txn n=1 command(idx=0): CheckLivenessCommand(_result=None) {{(pid=87040) do_commit /opt/stack/data/venv/lib/python3.12/site-packages/ovsdbapp/backend/ovs_idl/transaction.py:89}}
May 31 08:07:57.701207 np0000001805 devstack@neutron-api.service[87039]: DEBUG neutron.plugins.ml2.drivers.ovn.mech_driver.ovsdb.ovsdb_monitor [None req-bdda2aa0-7c77-44e7-a22f-77ae3d586321 None None] ChassisAgentWriteEvent : Matched Chassis_Private, update, None None {{(pid=87039) matches /opt/stack/neutron/neutron/plugins/ml2/drivers/ovn/mech_driver/ovsdb/ovsdb_monitor.py:64}}
May 31 08:07:57.702841 np0000001805 devstack@neutron-api.service[87040]: DEBUG neutron.plugins.ml2.drivers.ovn.mech_driver.ovsdb.ovsdb_monitor [None req-35db17a0-f893-420f-9a80-ab77b7436e03 None None] ChassisAgentWriteEvent : Matched Chassis_Private, update, None None {{(pid=87040) matches /opt/stack/neutron/neutron/plugins/ml2/drivers/ovn/mech_driver/ovsdb/ovsdb_monitor.py:64}}
May 31 08:07:57.708088 np0000001805 devstack@neutron-api.service[87039]: DEBUG neutron.common.ovn.hash_ring_manager [None req-b9dfce83-33d5-4b46-87ff-6e1364e6012d None None] Hash Ring loaded. 2 active nodes. 0 offline nodes {{(pid=87039) _load_hash_ring /opt/stack/neutron/neutron/common/ovn/hash_ring_manager.py:102}}
May 31 08:07:57.708711 np0000001805 devstack@neutron-api.service[87040]: DEBUG neutron.common.ovn.hash_ring_manager [None req-f994425d-5f21-4517-bf77-f97a394b2fe8 None None] Hash Ring loaded. 2 active nodes. 0 offline nodes {{(pid=87040) _load_hash_ring /opt/stack/neutron/neutron/common/ovn/hash_ring_manager.py:102}}
May 31 08:07:57.708966 np0000001805 devstack@neutron-api.service[87040]: DEBUG neutron.plugins.ml2.drivers.ovn.mech_driver.ovsdb.ovsdb_monitor [None req-f994425d-5f21-4517-bf77-f97a394b2fe8 None None] Hash Ring: Node a59dc89439905d14af2c4b8a5e914011 (host: np0000001805) handling event "update" for row 0529bcfa-65e6-42ba-852b-aa669b74f3cf (table: NB_Global) {{(pid=87040) notify /opt/stack/neutron/neutron/plugins/ml2/drivers/ovn/mech_driver/ovsdb/ovsdb_monitor.py:986}}
May 31 08:07:57.710341 np0000001805 devstack@neutron-api.service[87040]: DEBUG neutron.plugins.ml2.drivers.ovn.mech_driver.ovsdb.ovsdb_monitor [None req-f994425d-5f21-4517-bf77-f97a394b2fe8 None None] Hash Ring: Node a59dc89439905d14af2c4b8a5e914011 (host: np0000001805) handling event "update" for row 0529bcfa-65e6-42ba-852b-aa669b74f3cf (table: NB_Global) {{(pid=87040) notify /opt/stack/neutron/neutron/plugins/ml2/drivers/ovn/mech_driver/ovsdb/ovsdb_monitor.py:986}}
May 31 08:07:57.711235 np0000001805 devstack@neutron-api.service[87040]: DEBUG neutron.plugins.ml2.drivers.ovn.mech_driver.ovsdb.ovsdb_monitor [None req-f994425d-5f21-4517-bf77-f97a394b2fe8 None None] Hash Ring: Node a59dc89439905d14af2c4b8a5e914011 (host: np0000001805) handling event "update" for row 0529bcfa-65e6-42ba-852b-aa669b74f3cf (table: NB_Global) {{(pid=87040) notify /opt/stack/neutron/neutron/plugins/ml2/drivers/ovn/mech_driver/ovsdb/ovsdb_monitor.py:986}}
May 31 08:07:57.711765 np0000001805 devstack@neutron-api.service[87040]: DEBUG neutron.plugins.ml2.drivers.ovn.mech_driver.ovsdb.ovsdb_monitor [None req-f994425d-5f21-4517-bf77-f97a394b2fe8 None None] Hash Ring: Node a59dc89439905d14af2c4b8a5e914011 (host: np0000001805) handling event "update" for row 0529bcfa-65e6-42ba-852b-aa669b74f3cf (table: NB_Global) {{(pid=87040) notify /opt/stack/neutron/neutron/plugins/ml2/drivers/ovn/mech_driver/ovsdb/ovsdb_monitor.py:986}}
May 31 08:07:57.712306 np0000001805 devstack@neutron-api.service[87039]: DEBUG neutron.common.ovn.hash_ring_manager [None req-bdda2aa0-7c77-44e7-a22f-77ae3d586321 None None] Hash Ring loaded. 2 active nodes. 0 offline nodes {{(pid=87039) _load_hash_ring /opt/stack/neutron/neutron/common/ovn/hash_ring_manager.py:102}}
May 31 08:07:57.713911 np0000001805 devstack@neutron-api.service[87040]: DEBUG neutron.api.rpc.callbacks.version_manager [None req-afbad48a-176d-4bab-8335-7e3bc3428365 admin admin] Tracked resource versions report:
May 31 08:07:57.713911 np0000001805 devstack@neutron-api.service[87040]: pushed versions:
May 31 08:07:57.713911 np0000001805 devstack@neutron-api.service[87040]: { 'AddressGroup': {'1.2'},
May 31 08:07:57.713911 np0000001805 devstack@neutron-api.service[87040]: 'Agent': {'1.1'},
May 31 08:07:57.713911 np0000001805 devstack@neutron-api.service[87040]: 'ConntrackHelper': {'1.0'},
May 31 08:07:57.713911 np0000001805 devstack@neutron-api.service[87040]: 'LocalIPAssociation': {'1.0'},
May 31 08:07:57.713911 np0000001805 devstack@neutron-api.service[87040]: 'Log': {'1.0'},
May 31 08:07:57.713911 np0000001805 devstack@neutron-api.service[87040]: 'NDPProxy': {'1.0'},
May 31 08:07:57.713911 np0000001805 devstack@neutron-api.service[87040]: 'Network': {'1.3'},
May 31 08:07:57.713911 np0000001805 devstack@neutron-api.service[87040]: 'Port': {'1.11'},
May 31 08:07:57.713911 np0000001805 devstack@neutron-api.service[87040]: 'PortForwarding': {'1.3'},
May 31 08:07:57.713911 np0000001805 devstack@neutron-api.service[87040]: 'QosPolicy': {'1.10'},
May 31 08:07:57.713911 np0000001805 devstack@neutron-api.service[87040]: 'SecurityGroup': {'1.6'},
May 31 08:07:57.713911 np0000001805 devstack@neutron-api.service[87040]: 'SecurityGroupRule': {'1.3'},
May 31 08:07:57.713911 np0000001805 devstack@neutron-api.service[87040]: 'SubPort': {'1.0'},
May 31 08:07:57.713911 np0000001805 devstack@neutron-api.service[87040]: 'Subnet': {'1.2'},
May 31 08:07:57.713911 np0000001805 devstack@neutron-api.service[87040]: 'Trunk': {'1.1'}}
May 31 08:07:57.713911 np0000001805 devstack@neutron-api.service[87040]: consumer versions:
May 31 08:07:57.713911 np0000001805 devstack@neutron-api.service[87040]: { OVN Neutron agent@np0000001805: {},
May 31 08:07:57.713911 np0000001805 devstack@neutron-api.service[87040]: OVN Controller Gateway agent@np0000001805: {}}
May 31 08:07:57.713911 np0000001805 devstack@neutron-api.service[87040]: {{(pid=87040) report /opt/stack/neutron/neutron/api/rpc/callbacks/version_manager.py:183}}
May 31 08:07:57.715533 np0000001805 devstack@neutron-api.service[87040]: DEBUG neutron.common.ovn.hash_ring_manager [None req-35db17a0-f893-420f-9a80-ab77b7436e03 None None] Hash Ring loaded. 2 active nodes. 0 offline nodes {{(pid=87040) _load_hash_ring /opt/stack/neutron/neutron/common/ovn/hash_ring_manager.py:102}}
May 31 08:07:57.717087 np0000001805 devstack@neutron-api.service[87040]: DEBUG neutron.plugins.ml2.drivers.ovn.mech_driver.ovsdb.ovsdb_monitor [None req-35db17a0-f893-420f-9a80-ab77b7436e03 None None] Hash Ring: Node a59dc89439905d14af2c4b8a5e914011 (host: np0000001805) handling event "update" for row ea16eedb-9cfa-4ea3-9c05-b7d5cce61430 (table: Chassis_Private) {{(pid=87040) notify /opt/stack/neutron/neutron/plugins/ml2/drivers/ovn/mech_driver/ovsdb/ovsdb_monitor.py:986}}
May 31 08:07:57.721637 np0000001805 devstack@neutron-api.service[87040]: DEBUG ovsdbapp.backend.ovs_idl.transaction [None req-f994425d-5f21-4517-bf77-f97a394b2fe8 None None] Running txn n=1 command(idx=0): AddNetworkCommand(_result=None, network_uuid=52e117a6-b96b-46fa-9135-e8f852b43016, may_exist=True, columns={'external_ids': {'neutron:network_name': 'shared', 'neutron:mtu': '1372', 'neutron:revision_number': '1', 'neutron:availability_zone_hints': '', 'neutron:provnet-network-type': 'geneve'}, 'other_config': {'mcast_snoop': 'false', 'mcast_flood_unregistered': 'false', 'vlan-passthru': 'false'}}) {{(pid=87040) do_commit /opt/stack/data/venv/lib/python3.12/site-packages/ovsdbapp/backend/ovs_idl/transaction.py:89}}
May 31 08:07:57.724685 np0000001805 devstack@neutron-api.service[87040]: DEBUG neutron.plugins.ml2.drivers.ovn.mech_driver.ovsdb.ovsdb_monitor [None req-f994425d-5f21-4517-bf77-f97a394b2fe8 None None] Hash Ring: Node a59dc89439905d14af2c4b8a5e914011 (host: np0000001805) handling event "create" for row 52e117a6-b96b-46fa-9135-e8f852b43016 (table: Logical_Switch) {{(pid=87040) notify /opt/stack/neutron/neutron/plugins/ml2/drivers/ovn/mech_driver/ovsdb/ovsdb_monitor.py:986}}
May 31 08:07:57.730597 np0000001805 devstack@neutron-api.service[87040]: DEBUG neutron.plugins.ml2.drivers.ovn.mech_driver.ovsdb.ovsdb_monitor [None req-35db17a0-f893-420f-9a80-ab77b7436e03 None None] Hash Ring: Node a59dc89439905d14af2c4b8a5e914011 (host: np0000001805) handling event "create" for row dde767ef-1926-45a4-9208-a5de8828b213 (table: Datapath_Binding) {{(pid=87040) notify /opt/stack/neutron/neutron/plugins/ml2/drivers/ovn/mech_driver/ovsdb/ovsdb_monitor.py:986}}
May 31 08:07:57.744077 np0000001805 devstack@neutron-api.service[87040]: INFO neutron.db.ovn_revision_numbers_db [None req-afbad48a-176d-4bab-8335-7e3bc3428365 admin admin] Successfully bumped revision number for resource 52e117a6-b96b-46fa-9135-e8f852b43016 (type: networks) to 1
May 31 08:07:57.758969 np0000001805 devstack@neutron-api.service[87040]: DEBUG neutron_lib.callbacks.manager [None req-afbad48a-176d-4bab-8335-7e3bc3428365 admin admin] Publish callbacks ['neutron.plugins.ml2.plugin.SecurityGroupDbMixin._ensure_default_security_group_handler-3028932'] for port (None), before_create {{(pid=87040) _notify_loop /opt/stack/data/venv/lib/python3.12/site-packages/neutron_lib/callbacks/manager.py:184}}
May 31 08:07:57.814630 np0000001805 devstack@neutron-api.service[87040]: DEBUG neutron_lib.callbacks.manager [None req-afbad48a-176d-4bab-8335-7e3bc3428365 admin admin] Publish callbacks ['neutron.plugins.ml2.drivers.ovn.mech_driver.mech_driver.OVNMechanismDriver._validate_allowed_address_pairs-732742'] for allowed_address_pair (4a4e15a3-84ca-41bc-b9a1-56cd3fb3bec3), before_create {{(pid=87040) _notify_loop /opt/stack/data/venv/lib/python3.12/site-packages/neutron_lib/callbacks/manager.py:184}}
May 31 08:07:57.815189 np0000001805 devstack@neutron-api.service[87040]: DEBUG neutron_lib.callbacks.manager [None req-afbad48a-176d-4bab-8335-7e3bc3428365 admin admin] Publish callbacks [] for port (4a4e15a3-84ca-41bc-b9a1-56cd3fb3bec3), precommit_create {{(pid=87040) _notify_loop /opt/stack/data/venv/lib/python3.12/site-packages/neutron_lib/callbacks/manager.py:184}}
May 31 08:07:57.815428 np0000001805 devstack@neutron-api.service[87040]: DEBUG neutron.plugins.ml2.drivers.ovn.mech_driver.mech_driver [None req-afbad48a-176d-4bab-8335-7e3bc3428365 admin admin] No provisioning block for port 4a4e15a3-84ca-41bc-b9a1-56cd3fb3bec3 since it does not have a host {{(pid=87040) _is_port_provisioning_required /opt/stack/neutron/neutron/plugins/ml2/drivers/ovn/mech_driver/mech_driver.py:896}}
May 31 08:07:57.815546 np0000001805 devstack@neutron-api.service[87040]: DEBUG neutron.db.ovn_revision_numbers_db [None req-afbad48a-176d-4bab-8335-7e3bc3428365 admin admin] create_initial_revision uuid=4a4e15a3-84ca-41bc-b9a1-56cd3fb3bec3, type=ports, rev=-1 {{(pid=87040) create_initial_revision /opt/stack/neutron/neutron/db/ovn_revision_numbers_db.py:98}}
May 31 08:07:57.842532 np0000001805 devstack@neutron-api.service[87040]: DEBUG neutron_lib.callbacks.manager [None req-afbad48a-176d-4bab-8335-7e3bc3428365 admin admin] Publish callbacks ['neutron.plugins.ml2.ovo_rpc._ObjectChangeHandler.handle_event-6645858'] for port (4a4e15a3-84ca-41bc-b9a1-56cd3fb3bec3), after_create {{(pid=87040) _notify_loop /opt/stack/data/venv/lib/python3.12/site-packages/neutron_lib/callbacks/manager.py:184}}
May 31 08:07:57.871205 np0000001805 devstack@neutron-api.service[87040]: DEBUG neutron.api.rpc.handlers.resources_rpc [None req-afbad48a-176d-4bab-8335-7e3bc3428365 admin admin] Pushing event updated for resources: {'Port': ['ID=4a4e15a3-84ca-41bc-b9a1-56cd3fb3bec3,revision_number=1']} {{(pid=87040) push /opt/stack/neutron/neutron/api/rpc/handlers/resources_rpc.py:237}}
May 31 08:07:57.878308 np0000001805 devstack@neutron-api.service[87040]: DEBUG ovsdbapp.backend.ovs_idl.transaction [None req-f994425d-5f21-4517-bf77-f97a394b2fe8 None None] Running txn n=1 command(idx=0): AddLSwitchPortCommand(_result=None, lport=4a4e15a3-84ca-41bc-b9a1-56cd3fb3bec3, lswitch=neutron-52e117a6-b96b-46fa-9135-e8f852b43016, may_exist=True, network_uuid=52e117a6-b96b-46fa-9135-e8f852b43016, columns={'addresses': ['fa:16:3e:cb:da:9a'], 'external_ids': {'neutron:port_name': '', 'neutron:device_id': 'ovnmeta-52e117a6-b96b-46fa-9135-e8f852b43016', 'neutron:project_id': '7d9765c8aacb4dc885cf64ab1e21d644', 'neutron:cidrs': '', 'neutron:device_owner': 'network:distributed', 'neutron:subnet_pool_addr_scope4': '', 'neutron:subnet_pool_addr_scope6': '', 'neutron:network_name': 'neutron-52e117a6-b96b-46fa-9135-e8f852b43016', 'neutron:security_group_ids': '', 'neutron:revision_number': '1', 'neutron:vnic_type': 'normal', 'neutron:port_capabilities': '', 'neutron:mtu': '1372'}, 'parent_name': [], 'tag': [], 'enabled': True, 'options': {}, 'type': 'localport', 'port_security': [], 'dhcpv4_options': [], 'dhcpv6_options': []}) {{(pid=87040) do_commit /opt/stack/data/venv/lib/python3.12/site-packages/ovsdbapp/backend/ovs_idl/transaction.py:89}}
May 31 08:07:57.878932 np0000001805 devstack@neutron-api.service[87040]: DEBUG ovsdbapp.backend.ovs_idl.transaction [None req-f994425d-5f21-4517-bf77-f97a394b2fe8 None None] Running txn n=1 command(idx=1): QoSDelCommand(_result=None, switch=neutron-52e117a6-b96b-46fa-9135-e8f852b43016, conditions=[('direction', '=', 'to-lport'), ('priority', '=', 2002), ('match', '=', 'outport == "4a4e15a3-84ca-41bc-b9a1-56cd3fb3bec3"')], if_exists=True) {{(pid=87040) do_commit /opt/stack/data/venv/lib/python3.12/site-packages/ovsdbapp/backend/ovs_idl/transaction.py:89}}
May 31 08:07:57.879123 np0000001805 devstack@neutron-api.service[87040]: DEBUG ovsdbapp.backend.ovs_idl.transaction [None req-f994425d-5f21-4517-bf77-f97a394b2fe8 None None] Running txn n=1 command(idx=2): QoSDelCommand(_result=None, switch=neutron-52e117a6-b96b-46fa-9135-e8f852b43016, conditions=[('direction', '=', 'from-lport'), ('priority', '=', 2002), ('match', '=', 'inport == "4a4e15a3-84ca-41bc-b9a1-56cd3fb3bec3"')], if_exists=True) {{(pid=87040) do_commit /opt/stack/data/venv/lib/python3.12/site-packages/ovsdbapp/backend/ovs_idl/transaction.py:89}}
May 31 08:07:57.883017 np0000001805 devstack@neutron-api.service[87040]: DEBUG neutron.plugins.ml2.drivers.ovn.mech_driver.ovsdb.ovsdb_monitor [None req-f994425d-5f21-4517-bf77-f97a394b2fe8 None None] Hash Ring: Node a59dc89439905d14af2c4b8a5e914011 (host: np0000001805) handling event "update" for row 52e117a6-b96b-46fa-9135-e8f852b43016 (table: Logical_Switch) {{(pid=87040) notify /opt/stack/neutron/neutron/plugins/ml2/drivers/ovn/mech_driver/ovsdb/ovsdb_monitor.py:986}}
May 31 08:07:57.883214 np0000001805 devstack@neutron-api.service[87040]: DEBUG neutron.plugins.ml2.drivers.ovn.mech_driver.ovsdb.ovsdb_monitor [None req-f994425d-5f21-4517-bf77-f97a394b2fe8 None None] Hash Ring: Node a59dc89439905d14af2c4b8a5e914011 (host: np0000001805) handling event "create" for row 85431d0f-597d-4bd4-aa24-764c88ff7354 (table: Logical_Switch_Port) {{(pid=87040) notify /opt/stack/neutron/neutron/plugins/ml2/drivers/ovn/mech_driver/ovsdb/ovsdb_monitor.py:986}}
May 31 08:07:57.883979 np0000001805 devstack@neutron-api.service[87040]: DEBUG ovsdbapp.backend.ovs_idl.event [None req-f994425d-5f21-4517-bf77-f97a394b2fe8 None None] Matched CREATE: LogicalSwitchPortCreateEvent(events=('create',), table='Logical_Switch_Port', conditions=[], old_conditions=None), priority=20 to row=Logical_Switch_Port(uuid=85431d0f-597d-4bd4-aa24-764c88ff7354, addresses=['fa:16:3e:cb:da:9a'], dhcpv4_options=[], dhcpv6_options=[], dynamic_addresses=[], enabled=True, external_ids={'neutron:cidrs': '', 'neutron:device_id': 'ovnmeta-52e117a6-b96b-46fa-9135-e8f852b43016', 'neutron:device_owner': 'network:distributed', 'neutron:mtu': '1372', 'neutron:network_name': 'neutron-52e117a6-b96b-46fa-9135-e8f852b43016', 'neutron:port_capabilities': '', 'neutron:port_name': '', 'neutron:project_id': '7d9765c8aacb4dc885cf64ab1e21d644', 'neutron:revision_number': '1', 'neutron:security_group_ids': '', 'neutron:subnet_pool_addr_scope4': '', 'neutron:subnet_pool_addr_scope6': '', 'neutron:vnic_type': 'normal'}, ha_chassis_group=[], mirror_rules=[], name='4a4e15a3-84ca-41bc-b9a1-56cd3fb3bec3', options={}, parent_name=[], port_security=[], tag=[], tag_request=[], type='localport', up=[]) old= {{(pid=87040) matches /opt/stack/data/venv/lib/python3.12/site-packages/ovsdbapp/backend/ovs_idl/event.py:55}}
May 31 08:07:57.885118 np0000001805 devstack@neutron-api.service[87040]: INFO neutron.plugins.ml2.drivers.ovn.mech_driver.mech_driver [None req-ed866c23-d76d-4e25-b53e-1181ea12a285 None None] OVN reports status down for port: 4a4e15a3-84ca-41bc-b9a1-56cd3fb3bec3
May 31 08:07:57.886381 np0000001805 devstack@neutron-api.service[87040]: DEBUG neutron.plugins.ml2.drivers.ovn.mech_driver.ovsdb.ovsdb_monitor [None req-f994425d-5f21-4517-bf77-f97a394b2fe8 None None] Hash Ring: Node a59dc89439905d14af2c4b8a5e914011 (host: np0000001805) handling event "update" for row 85431d0f-597d-4bd4-aa24-764c88ff7354 (table: Logical_Switch_Port) {{(pid=87040) notify /opt/stack/neutron/neutron/plugins/ml2/drivers/ovn/mech_driver/ovsdb/ovsdb_monitor.py:986}}
May 31 08:07:57.887357 np0000001805 devstack@neutron-api.service[87039]: DEBUG neutron.plugins.ml2.drivers.ovn.mech_driver.ovsdb.ovsdb_monitor [None req-bdda2aa0-7c77-44e7-a22f-77ae3d586321 None None] Hash Ring: Node 2a85e275e0bb5eec80667ba4ffc849b8 (host: np0000001805) handling event "create" for row dd430ed6-c6d3-46ea-833f-60a5c8096dcd (table: Port_Binding) {{(pid=87039) notify /opt/stack/neutron/neutron/plugins/ml2/drivers/ovn/mech_driver/ovsdb/ovsdb_monitor.py:986}}
May 31 08:07:57.924624 np0000001805 devstack@neutron-api.service[87040]: DEBUG neutron.db.provisioning_blocks [None req-ed866c23-d76d-4e25-b53e-1181ea12a285 None None] Transition to ACTIVE for port object 4a4e15a3-84ca-41bc-b9a1-56cd3fb3bec3 will not be triggered until provisioned by entity L2. {{(pid=87040) add_provisioning_component /opt/stack/neutron/neutron/db/provisioning_blocks.py:74}}
May 31 08:07:57.925046 np0000001805 devstack@neutron-api.service[87040]: INFO neutron.db.ovn_revision_numbers_db [None req-afbad48a-176d-4bab-8335-7e3bc3428365 admin admin] Successfully bumped revision number for resource 4a4e15a3-84ca-41bc-b9a1-56cd3fb3bec3 (type: ports) to 1
May 31 08:07:57.932039 np0000001805 devstack@neutron-api.service[87040]: DEBUG neutron.pecan_wsgi.hooks.policy_enforcement [None req-afbad48a-176d-4bab-8335-7e3bc3428365 admin admin] Attributes excluded by policy engine: ['standard_attr_id'] {{(pid=87040) _exclude_attributes_by_policy /opt/stack/neutron/neutron/pecan_wsgi/hooks/policy_enforcement.py:256}}
May 31 08:07:57.932343 np0000001805 devstack@neutron-api.service[87040]: DEBUG neutron_lib.callbacks.manager [None req-afbad48a-176d-4bab-8335-7e3bc3428365 admin admin] Publish callbacks [] for network (None), before_response {{(pid=87040) _notify_loop /opt/stack/data/venv/lib/python3.12/site-packages/neutron_lib/callbacks/manager.py:184}}
May 31 08:07:57.945411 np0000001805 devstack@neutron-api.service[87040]: [pid: 87040|app: 0|req: 18/37] 10.4.3.106 () {68 vars in 1326 bytes} [Sun May 31 08:07:57 2026] POST /networking/v2.0/networks => generated 679 bytes in 364 msecs (HTTP/1.1 201) 4 headers in 162 bytes (1 switches on core 0)
May 31 08:07:57.955028 np0000001805 devstack@neutron-api.service[87040]: DEBUG neutron.plugins.ml2.plugin [None req-ed866c23-d76d-4e25-b53e-1181ea12a285 None None] Current status of the port 4a4e15a3-84ca-41bc-b9a1-56cd3fb3bec3 is: DOWN; New status is: DOWN {{(pid=87040) _update_individual_port_db_status /opt/stack/neutron/neutron/plugins/ml2/plugin.py:2469}}
