Jul 27 13:20:47.175664 np0000005909 devstack@neutron-api.service[88279]: DEBUG futurist.periodics [-] Submitting periodic callback 'neutron.plugins.ml2.drivers.ovn.mech_driver.ovsdb.maintenance.HashRingHealthCheckPeriodics.touch_hash_ring_node' {{(pid=88279) _process_scheduled /opt/stack/data/venv/lib/python3.12/site-packages/futurist/periodics.py:784}}
Jul 27 13:20:47.176692 np0000005909 devstack@neutron-api.service[88279]: DEBUG neutron.plugins.ml2.drivers.ovn.mech_driver.ovsdb.maintenance [-] Touching Hash Ring node "dc65f613f5195820b75677bb4fdeb636" from periodic health check thread {{(pid=88279) touch_hash_ring_node /opt/stack/neutron/neutron/plugins/ml2/drivers/ovn/mech_driver/ovsdb/maintenance.py:1417}}
Jul 27 13:20:48.015287 np0000005909 devstack@neutron-api.service[88281]: DEBUG futurist.periodics [-] Submitting periodic callback 'neutron.plugins.ml2.drivers.ovn.mech_driver.ovsdb.maintenance.HashRingHealthCheckPeriodics.touch_hash_ring_node' {{(pid=88281) _process_scheduled /opt/stack/data/venv/lib/python3.12/site-packages/futurist/periodics.py:784}}
Jul 27 13:20:48.017847 np0000005909 devstack@neutron-api.service[88281]: DEBUG neutron.plugins.ml2.drivers.ovn.mech_driver.ovsdb.maintenance [-] Touching Hash Ring node "9a334f09f942519ca01f7e1b8aac39ac" from periodic health check thread {{(pid=88281) touch_hash_ring_node /opt/stack/neutron/neutron/plugins/ml2/drivers/ovn/mech_driver/ovsdb/maintenance.py:1417}}
Jul 27 13:20:48.070426 np0000005909 devstack@neutron-api.service[88280]: DEBUG futurist.periodics [-] Submitting periodic callback 'neutron.plugins.ml2.drivers.ovn.mech_driver.ovsdb.maintenance.HashRingHealthCheckPeriodics.touch_hash_ring_node' {{(pid=88280) _process_scheduled /opt/stack/data/venv/lib/python3.12/site-packages/futurist/periodics.py:784}}
Jul 27 13:20:48.071554 np0000005909 devstack@neutron-api.service[88280]: DEBUG neutron.plugins.ml2.drivers.ovn.mech_driver.ovsdb.maintenance [-] Touching Hash Ring node "9e7e3298cefb577d9002d8ff3283e822" from periodic health check thread {{(pid=88280) touch_hash_ring_node /opt/stack/neutron/neutron/plugins/ml2/drivers/ovn/mech_driver/ovsdb/maintenance.py:1417}}
Jul 27 13:20:52.334006 np0000005909 devstack@neutron-api.service[88280]: DEBUG neutron.api.wsgi [None req-9a69db14-ceab-48ca-8e10-60da250e7ed6 admin admin] Missing Content-Type {{(pid=88280) get_content_type /opt/stack/neutron/neutron/api/wsgi.py:80}}
Jul 27 13:20:52.334448 np0000005909 devstack@neutron-api.service[88280]: DEBUG neutron.api.wsgi [None req-9a69db14-ceab-48ca-8e10-60da250e7ed6 admin admin] https://10.4.3.142/networking/v2.0/extensions returned with HTTP 200 {{(pid=88280) __call__ /opt/stack/neutron/neutron/api/wsgi.py:540}}
Jul 27 13:20:52.334907 np0000005909 devstack@neutron-api.service[88280]: [pid: 88280|app: 0|req: 11/34] 10.4.3.142 () {64 vars in 1292 bytes} [Mon Jul 27 13:20:52 2026] GET /networking/v2.0/extensions => generated 16171 bytes in 3 msecs (HTTP/1.1 200) 4 headers in 159 bytes (1 switches on core 0)
Jul 27 13:20:52.576139 np0000005909 devstack@neutron-api.service[88279]: INFO neutron.pecan_wsgi.hooks.translation [None req-817a6e7f-f5a4-4b1b-832a-929d24c6c7be admin admin] GET failed (client error): The resource could not be found.
Jul 27 13:20:52.576716 np0000005909 devstack@neutron-api.service[88279]: [pid: 88279|app: 0|req: 13/35] 10.4.3.142 () {64 vars in 1294 bytes} [Mon Jul 27 13:20:52 2026] GET /networking/v2.0/networks/public => generated 108 bytes in 7 msecs (HTTP/1.1 404) 4 headers in 164 bytes (1 switches on core 0)
Jul 27 13:20:52.616691 np0000005909 devstack@neutron-api.service[88281]: DEBUG neutron.pecan_wsgi.hooks.policy_enforcement [None req-6e323002-adb4-4a7e-8030-44fefe650aa9 admin admin] Attributes excluded by policy engine: ['standard_attr_id'] {{(pid=88281) _exclude_attributes_by_policy /opt/stack/neutron/neutron/pecan_wsgi/hooks/policy_enforcement.py:259}}
Jul 27 13:20:52.617759 np0000005909 devstack@neutron-api.service[88281]: [pid: 88281|app: 0|req: 12/36] 10.4.3.142 () {64 vars in 1309 bytes} [Mon Jul 27 13:20:52 2026] GET /networking/v2.0/networks?name=public => generated 759 bytes in 36 msecs (HTTP/1.1 200) 4 headers in 157 bytes (1 switches on core 0)
Jul 27 13:20:52.797950 np0000005909 devstack@neutron-api.service[88280]: DEBUG neutron.api.v2.base [None req-4aec2a3e-a0a2-47ac-a408-8038157fe33e admin admin] Request body: {'network': {'name': 'shared', 'shared': True, 'admin_state_up': True}} {{(pid=88280) prepare_request_body /opt/stack/neutron/neutron/api/v2/base.py:727}}
Jul 27 13:20:52.812265 np0000005909 devstack@neutron-api.service[88280]: DEBUG neutron.pecan_wsgi.hooks.quota_enforcement [None req-4aec2a3e-a0a2-47ac-a408-8038157fe33e admin admin] Made reservation on behalf of 26d8519a90334ae2b41889a5d188a989 for: {'network': 1} {{(pid=88280) before /opt/stack/neutron/neutron/pecan_wsgi/hooks/quota_enforcement.py:66}}
Jul 27 13:20:52.815763 np0000005909 devstack@neutron-api.service[88280]: DEBUG neutron_lib.callbacks.manager [None req-4aec2a3e-a0a2-47ac-a408-8038157fe33e admin admin] Publish callbacks ['neutron.plugins.ml2.plugin.SecurityGroupDbMixin._ensure_default_security_group_handler-72908'] for network (None), before_create {{(pid=88280) _notify_loop /opt/stack/data/venv/lib/python3.12/site-packages/neutron_lib/callbacks/manager.py:184}}
Jul 27 13:20:52.840418 np0000005909 devstack@neutron-api.service[88280]: WARNING neutron.services.revisions.revision_plugin [None req-4aec2a3e-a0a2-47ac-a408-8038157fe33e admin admin] Could not find related network for resource to bump revision.
Jul 27 13:20:52.864052 np0000005909 devstack@neutron-api.service[88280]: DEBUG neutron.plugins.ml2.drivers.helpers [None req-4aec2a3e-a0a2-47ac-a408-8038157fe33e admin admin] geneve segment allocate from pool success with {'geneve_vni': 51498} {{(pid=88280) allocate_partially_specified_segment /opt/stack/neutron/neutron/plugins/ml2/drivers/helpers.py:142}}
Jul 27 13:20:52.869652 np0000005909 devstack@neutron-api.service[88280]: DEBUG neutron_lib.callbacks.manager [None req-4aec2a3e-a0a2-47ac-a408-8038157fe33e admin admin] Publish callbacks ['neutron.plugins.ml2.plugin.Ml2Plugin._handle_segment_change-177288'] for segment (eb9d151a-0f2c-454c-a646-da7f8701f5b4), precommit_create {{(pid=88280) _notify_loop /opt/stack/data/venv/lib/python3.12/site-packages/neutron_lib/callbacks/manager.py:184}}
Jul 27 13:20:52.869789 np0000005909 devstack@neutron-api.service[88280]: INFO neutron.db.segments_db [None req-4aec2a3e-a0a2-47ac-a408-8038157fe33e admin admin] Added segment eb9d151a-0f2c-454c-a646-da7f8701f5b4 of type geneve for network cae20b73-80d5-4108-ba95-3afcbd55a56e
Jul 27 13:20:52.880104 np0000005909 devstack@neutron-api.service[88280]: DEBUG neutron_lib.callbacks.manager [None req-4aec2a3e-a0a2-47ac-a408-8038157fe33e admin admin] Publish callbacks ['neutron.services.auto_allocate.db._ensure_external_network_default_value_callback-8395608082716'] for network (cae20b73-80d5-4108-ba95-3afcbd55a56e), precommit_create {{(pid=88280) _notify_loop /opt/stack/data/venv/lib/python3.12/site-packages/neutron_lib/callbacks/manager.py:184}}
Jul 27 13:20:52.888652 np0000005909 devstack@neutron-api.service[88280]: DEBUG neutron.plugins.ml2.drivers.ovn.mech_driver.mech_driver [None req-4aec2a3e-a0a2-47ac-a408-8038157fe33e admin admin] Validating network segment with type geneve, segmentation ID 51498, physical network None {{(pid=88280) _validate_network_segments /opt/stack/neutron/neutron/plugins/ml2/drivers/ovn/mech_driver/mech_driver.py:646}}
Jul 27 13:20:52.888789 np0000005909 devstack@neutron-api.service[88280]: DEBUG neutron.db.ovn_revision_numbers_db [None req-4aec2a3e-a0a2-47ac-a408-8038157fe33e admin admin] create_initial_revision uuid=cae20b73-80d5-4108-ba95-3afcbd55a56e, type=networks, rev=-1 {{(pid=88280) create_initial_revision /opt/stack/neutron/neutron/db/ovn_revision_numbers_db.py:98}}
Jul 27 13:20:52.896176 np0000005909 devstack@neutron-api.service[88280]: DEBUG neutron_lib.callbacks.manager [None req-4aec2a3e-a0a2-47ac-a408-8038157fe33e admin admin] Publish callbacks ['neutron.plugins.ml2.ovo_rpc._ObjectChangeHandler.handle_event-1795789'] for network (cae20b73-80d5-4108-ba95-3afcbd55a56e), after_create {{(pid=88280) _notify_loop /opt/stack/data/venv/lib/python3.12/site-packages/neutron_lib/callbacks/manager.py:184}}
Jul 27 13:20:52.907487 np0000005909 devstack@neutron-api.service[88280]: DEBUG neutron.api.rpc.handlers.resources_rpc [None req-4aec2a3e-a0a2-47ac-a408-8038157fe33e admin admin] Pushing event updated for resources: {'Network': ['ID=cae20b73-80d5-4108-ba95-3afcbd55a56e,revision_number=1']} {{(pid=88280) push /opt/stack/neutron/neutron/api/rpc/handlers/resources_rpc.py:237}}
Jul 27 13:20:52.911096 np0000005909 devstack@neutron-api.service[88280]: DEBUG ovsdbapp.backend.ovs_idl.transaction [None req-ece23f0d-c2af-4714-a711-c91b52b3fd62 None None] Running txn n=1 command(idx=0): CheckLivenessCommand(_result=None) {{(pid=88280) do_commit /opt/stack/data/venv/lib/python3.12/site-packages/ovsdbapp/backend/ovs_idl/transaction.py:89}}
Jul 27 13:20:52.927415 np0000005909 devstack@neutron-api.service[88281]: DEBUG ovsdbapp.backend.ovs_idl.event [-] Matched UPDATE: ChassisAgentWriteEvent(events=('create', 'update'), table='Chassis_Private', conditions=None, old_conditions=None), priority=20 to row=Chassis_Private(uuid=cf2e8476-543a-46fd-b123-90e1cac0d3e7, chassis=ef218366-6386-485d-8c85-08fe89d956f6, external_ids={'neutron:ovn-bridge': 'br-int', 'neutron:ovn-neutron-agent-id': 'b46665e0-8aca-5a5a-8712-5e21fb8e8518', 'neutron:ovn-neutron-agent-sb-cfg': '1'}, name='e223dacd-035b-4ba9-9518-89d376da0280', nb_cfg=2, nb_cfg_timestamp=1785158452922) old=Chassis_Private(uuid=cf2e8476-543a-46fd-b123-90e1cac0d3e7, nb_cfg=1, nb_cfg_timestamp=1785158379621) {{(pid=88281) matches /opt/stack/data/venv/lib/python3.12/site-packages/ovsdbapp/backend/ovs_idl/event.py:55}}
Jul 27 13:20:52.928117 np0000005909 devstack@neutron-api.service[88279]: DEBUG ovsdbapp.backend.ovs_idl.event [None req-dd7a0028-f642-409e-bcbd-da9c64f2e2fe None None] Matched UPDATE: ChassisAgentWriteEvent(events=('create', 'update'), table='Chassis_Private', conditions=None, old_conditions=None), priority=20 to row=Chassis_Private(uuid=cf2e8476-543a-46fd-b123-90e1cac0d3e7, chassis=ef218366-6386-485d-8c85-08fe89d956f6, external_ids={'neutron:ovn-bridge': 'br-int', 'neutron:ovn-neutron-agent-id': 'b46665e0-8aca-5a5a-8712-5e21fb8e8518', 'neutron:ovn-neutron-agent-sb-cfg': '1'}, name='e223dacd-035b-4ba9-9518-89d376da0280', nb_cfg=2, nb_cfg_timestamp=1785158452922) old=Chassis_Private(uuid=cf2e8476-543a-46fd-b123-90e1cac0d3e7, nb_cfg=1, nb_cfg_timestamp=1785158379621) {{(pid=88279) matches /opt/stack/data/venv/lib/python3.12/site-packages/ovsdbapp/backend/ovs_idl/event.py:55}}
Jul 27 13:20:52.928898 np0000005909 devstack@neutron-api.service[88280]: DEBUG ovsdbapp.backend.ovs_idl.event [None req-802d8d23-a2e7-4061-b458-2b600bb87f5e None None] Matched UPDATE: ChassisAgentWriteEvent(events=('create', 'update'), table='Chassis_Private', conditions=None, old_conditions=None), priority=20 to row=Chassis_Private(uuid=cf2e8476-543a-46fd-b123-90e1cac0d3e7, chassis=ef218366-6386-485d-8c85-08fe89d956f6, external_ids={'neutron:ovn-bridge': 'br-int', 'neutron:ovn-neutron-agent-id': 'b46665e0-8aca-5a5a-8712-5e21fb8e8518', 'neutron:ovn-neutron-agent-sb-cfg': '1'}, name='e223dacd-035b-4ba9-9518-89d376da0280', nb_cfg=2, nb_cfg_timestamp=1785158452922) old=Chassis_Private(uuid=cf2e8476-543a-46fd-b123-90e1cac0d3e7, nb_cfg=1, nb_cfg_timestamp=1785158379621) {{(pid=88280) matches /opt/stack/data/venv/lib/python3.12/site-packages/ovsdbapp/backend/ovs_idl/event.py:55}}
Jul 27 13:20:52.931735 np0000005909 devstack@neutron-api.service[88279]: DEBUG neutron.common.ovn.hash_ring_manager [None req-1244bbf9-75d4-4920-8126-b9cd7fe85f54 None None] Hash Ring loaded. 3 active nodes. 0 offline nodes {{(pid=88279) _load_hash_ring /opt/stack/neutron/neutron/common/ovn/hash_ring_manager.py:110}}
Jul 27 13:20:52.931918 np0000005909 devstack@neutron-api.service[88279]: DEBUG neutron.plugins.ml2.drivers.ovn.mech_driver.ovsdb.ovsdb_monitor [None req-1244bbf9-75d4-4920-8126-b9cd7fe85f54 None None] Hash Ring: Node dc65f613f5195820b75677bb4fdeb636 (host: np0000005909) handling event "update" for row 59ec4d82-3bf1-4f23-9d0b-2eb08e995d84 (table: NB_Global) {{(pid=88279) notify /opt/stack/neutron/neutron/plugins/ml2/drivers/ovn/mech_driver/ovsdb/ovsdb_monitor.py:1013}}
Jul 27 13:20:52.933118 np0000005909 devstack@neutron-api.service[88279]: DEBUG neutron.plugins.ml2.drivers.ovn.mech_driver.ovsdb.ovsdb_monitor [None req-1244bbf9-75d4-4920-8126-b9cd7fe85f54 None None] Hash Ring: Node dc65f613f5195820b75677bb4fdeb636 (host: np0000005909) handling event "update" for row 59ec4d82-3bf1-4f23-9d0b-2eb08e995d84 (table: NB_Global) {{(pid=88279) notify /opt/stack/neutron/neutron/plugins/ml2/drivers/ovn/mech_driver/ovsdb/ovsdb_monitor.py:1013}}
Jul 27 13:20:52.934203 np0000005909 devstack@neutron-api.service[88279]: DEBUG neutron.plugins.ml2.drivers.ovn.mech_driver.ovsdb.ovsdb_monitor [None req-1244bbf9-75d4-4920-8126-b9cd7fe85f54 None None] Hash Ring: Node dc65f613f5195820b75677bb4fdeb636 (host: np0000005909) handling event "update" for row 59ec4d82-3bf1-4f23-9d0b-2eb08e995d84 (table: NB_Global) {{(pid=88279) notify /opt/stack/neutron/neutron/plugins/ml2/drivers/ovn/mech_driver/ovsdb/ovsdb_monitor.py:1013}}
Jul 27 13:20:52.934349 np0000005909 devstack@neutron-api.service[88280]: DEBUG neutron.common.ovn.hash_ring_manager [None req-ece23f0d-c2af-4714-a711-c91b52b3fd62 None None] Hash Ring loaded. 3 active nodes. 0 offline nodes {{(pid=88280) _load_hash_ring /opt/stack/neutron/neutron/common/ovn/hash_ring_manager.py:110}}
Jul 27 13:20:52.934489 np0000005909 devstack@neutron-api.service[88279]: DEBUG neutron.plugins.ml2.drivers.ovn.mech_driver.ovsdb.ovsdb_monitor [None req-1244bbf9-75d4-4920-8126-b9cd7fe85f54 None None] Hash Ring: Node dc65f613f5195820b75677bb4fdeb636 (host: np0000005909) handling event "update" for row 59ec4d82-3bf1-4f23-9d0b-2eb08e995d84 (table: NB_Global) {{(pid=88279) notify /opt/stack/neutron/neutron/plugins/ml2/drivers/ovn/mech_driver/ovsdb/ovsdb_monitor.py:1013}}
Jul 27 13:20:52.936478 np0000005909 devstack@neutron-api.service[88281]: DEBUG neutron.common.ovn.hash_ring_manager [None req-af437480-06a8-4399-ab9c-f70e00c04d90 None None] Hash Ring loaded. 3 active nodes. 0 offline nodes {{(pid=88281) _load_hash_ring /opt/stack/neutron/neutron/common/ovn/hash_ring_manager.py:110}}
Jul 27 13:20:52.937573 np0000005909 devstack@neutron-api.service[88280]: DEBUG neutron.common.ovn.hash_ring_manager [None req-802d8d23-a2e7-4061-b458-2b600bb87f5e None None] Hash Ring loaded. 3 active nodes. 0 offline nodes {{(pid=88280) _load_hash_ring /opt/stack/neutron/neutron/common/ovn/hash_ring_manager.py:110}}
Jul 27 13:20:52.937657 np0000005909 devstack@neutron-api.service[88279]: DEBUG neutron.common.ovn.hash_ring_manager [None req-dd7a0028-f642-409e-bcbd-da9c64f2e2fe None None] Hash Ring loaded. 3 active nodes. 0 offline nodes {{(pid=88279) _load_hash_ring /opt/stack/neutron/neutron/common/ovn/hash_ring_manager.py:110}}
Jul 27 13:20:52.937832 np0000005909 devstack@neutron-api.service[88281]: DEBUG neutron.common.ovn.hash_ring_manager [-] Hash Ring loaded. 3 active nodes. 0 offline nodes {{(pid=88281) _load_hash_ring /opt/stack/neutron/neutron/common/ovn/hash_ring_manager.py:110}}
Jul 27 13:20:52.937933 np0000005909 devstack@neutron-api.service[88281]: DEBUG neutron.plugins.ml2.drivers.ovn.mech_driver.ovsdb.ovsdb_monitor [-] Hash Ring: Node 9a334f09f942519ca01f7e1b8aac39ac (host: np0000005909) handling event "update" for row cf2e8476-543a-46fd-b123-90e1cac0d3e7 (table: Chassis_Private) {{(pid=88281) notify /opt/stack/neutron/neutron/plugins/ml2/drivers/ovn/mech_driver/ovsdb/ovsdb_monitor.py:1013}}
Jul 27 13:20:52.946253 np0000005909 devstack@neutron-api.service[88280]: DEBUG ovsdbapp.backend.ovs_idl.transaction [None req-ece23f0d-c2af-4714-a711-c91b52b3fd62 None None] Running txn n=1 command(idx=0): AddNetworkCommand(_result=None, network_uuid=cae20b73-80d5-4108-ba95-3afcbd55a56e, may_exist=True, columns={'external_ids': {'neutron:network_name': 'shared', 'neutron:mtu': '1372', 'neutron:revision_number': '1', 'neutron:availability_zone_hints': '', 'neutron:provnet-network-type': 'geneve'}, 'other_config': {'mcast_snoop': 'false', 'mcast_flood_unregistered': 'false', 'vlan-passthru': 'false'}}) {{(pid=88280) do_commit /opt/stack/data/venv/lib/python3.12/site-packages/ovsdbapp/backend/ovs_idl/transaction.py:89}}
Jul 27 13:20:52.947840 np0000005909 devstack@neutron-api.service[88280]: DEBUG neutron.plugins.ml2.drivers.ovn.mech_driver.ovsdb.ovsdb_monitor [None req-ece23f0d-c2af-4714-a711-c91b52b3fd62 None None] Hash Ring: Node 9e7e3298cefb577d9002d8ff3283e822 (host: np0000005909) handling event "create" for row cae20b73-80d5-4108-ba95-3afcbd55a56e (table: Logical_Switch) {{(pid=88280) notify /opt/stack/neutron/neutron/plugins/ml2/drivers/ovn/mech_driver/ovsdb/ovsdb_monitor.py:1013}}
Jul 27 13:20:52.951335 np0000005909 devstack@neutron-api.service[88281]: DEBUG neutron.plugins.ml2.drivers.ovn.mech_driver.ovsdb.ovsdb_monitor [-] Hash Ring: Node 9a334f09f942519ca01f7e1b8aac39ac (host: np0000005909) handling event "create" for row e6ada0b2-193e-4406-b6fd-6e7cdb0940f7 (table: Datapath_Binding) {{(pid=88281) notify /opt/stack/neutron/neutron/plugins/ml2/drivers/ovn/mech_driver/ovsdb/ovsdb_monitor.py:1013}}
Jul 27 13:20:52.966403 np0000005909 devstack@neutron-api.service[88280]: INFO neutron.db.ovn_revision_numbers_db [None req-4aec2a3e-a0a2-47ac-a408-8038157fe33e admin admin] Successfully bumped revision number for resource cae20b73-80d5-4108-ba95-3afcbd55a56e (type: networks) to 1
Jul 27 13:20:52.976486 np0000005909 devstack@neutron-api.service[88280]: DEBUG neutron_lib.callbacks.manager [None req-4aec2a3e-a0a2-47ac-a408-8038157fe33e admin admin] Publish callbacks ['neutron.plugins.ml2.plugin.SecurityGroupDbMixin._ensure_default_security_group_handler-72908'] for port (None), before_create {{(pid=88280) _notify_loop /opt/stack/data/venv/lib/python3.12/site-packages/neutron_lib/callbacks/manager.py:184}}
Jul 27 13:20:53.028500 np0000005909 devstack@neutron-api.service[88280]: DEBUG neutron_lib.callbacks.manager [None req-4aec2a3e-a0a2-47ac-a408-8038157fe33e admin admin] Publish callbacks ['neutron.plugins.ml2.drivers.ovn.mech_driver.mech_driver.OVNMechanismDriver._validate_allowed_address_pairs-255981'] for allowed_address_pair (2855dcc3-2b05-44ea-bfde-9b0acca5a00c), before_create {{(pid=88280) _notify_loop /opt/stack/data/venv/lib/python3.12/site-packages/neutron_lib/callbacks/manager.py:184}}
Jul 27 13:20:53.028938 np0000005909 devstack@neutron-api.service[88280]: DEBUG neutron_lib.callbacks.manager [None req-4aec2a3e-a0a2-47ac-a408-8038157fe33e admin admin] Publish callbacks [] for port (2855dcc3-2b05-44ea-bfde-9b0acca5a00c), precommit_create {{(pid=88280) _notify_loop /opt/stack/data/venv/lib/python3.12/site-packages/neutron_lib/callbacks/manager.py:184}}
Jul 27 13:20:53.029081 np0000005909 devstack@neutron-api.service[88280]: DEBUG neutron.plugins.ml2.drivers.ovn.mech_driver.mech_driver [None req-4aec2a3e-a0a2-47ac-a408-8038157fe33e admin admin] No provisioning block for port 2855dcc3-2b05-44ea-bfde-9b0acca5a00c since it does not have a host {{(pid=88280) _is_port_provisioning_required /opt/stack/neutron/neutron/plugins/ml2/drivers/ovn/mech_driver/mech_driver.py:899}}
Jul 27 13:20:53.029174 np0000005909 devstack@neutron-api.service[88280]: DEBUG neutron.db.ovn_revision_numbers_db [None req-4aec2a3e-a0a2-47ac-a408-8038157fe33e admin admin] create_initial_revision uuid=2855dcc3-2b05-44ea-bfde-9b0acca5a00c, type=ports, rev=-1 {{(pid=88280) create_initial_revision /opt/stack/neutron/neutron/db/ovn_revision_numbers_db.py:98}}
Jul 27 13:20:53.053917 np0000005909 devstack@neutron-api.service[88280]: DEBUG neutron_lib.callbacks.manager [None req-4aec2a3e-a0a2-47ac-a408-8038157fe33e admin admin] Publish callbacks ['neutron.plugins.ml2.ovo_rpc._ObjectChangeHandler.handle_event-1795838'] for port (2855dcc3-2b05-44ea-bfde-9b0acca5a00c), after_create {{(pid=88280) _notify_loop /opt/stack/data/venv/lib/python3.12/site-packages/neutron_lib/callbacks/manager.py:184}}
Jul 27 13:20:53.079898 np0000005909 devstack@neutron-api.service[88280]: DEBUG neutron.api.rpc.handlers.resources_rpc [None req-4aec2a3e-a0a2-47ac-a408-8038157fe33e admin admin] Pushing event updated for resources: {'Port': ['ID=2855dcc3-2b05-44ea-bfde-9b0acca5a00c,revision_number=1']} {{(pid=88280) push /opt/stack/neutron/neutron/api/rpc/handlers/resources_rpc.py:237}}
Jul 27 13:20:53.084691 np0000005909 devstack@neutron-api.service[88280]: DEBUG neutron.plugins.ml2.drivers.ovn.mech_driver.ovsdb.commands [None req-4aec2a3e-a0a2-47ac-a408-8038157fe33e admin admin] Converting tag [] to a tag_request {{(pid=88280) _tag_column_to_tag_request /opt/stack/neutron/neutron/plugins/ml2/drivers/ovn/mech_driver/ovsdb/commands.py:205}}
Jul 27 13:20:53.085334 np0000005909 devstack@neutron-api.service[88280]: DEBUG ovsdbapp.backend.ovs_idl.transaction [None req-ece23f0d-c2af-4714-a711-c91b52b3fd62 None None] Running txn n=1 command(idx=0): AddLSwitchPortCommand(_result=None, lport=2855dcc3-2b05-44ea-bfde-9b0acca5a00c, lswitch=neutron-cae20b73-80d5-4108-ba95-3afcbd55a56e, may_exist=True, network_uuid=cae20b73-80d5-4108-ba95-3afcbd55a56e, columns={'addresses': ['fa:16:3e:88:e6:aa'], 'external_ids': {'neutron:port_name': '', 'neutron:device_id': 'ovnmeta-cae20b73-80d5-4108-ba95-3afcbd55a56e', 'neutron:project_id': '26d8519a90334ae2b41889a5d188a989', 'neutron:cidrs': '', 'neutron:device_owner': 'network:distributed', 'neutron:subnet_pool_addr_scope4': '', 'neutron:subnet_pool_addr_scope6': '', 'neutron:network_name': 'neutron-cae20b73-80d5-4108-ba95-3afcbd55a56e', 'neutron:security_group_ids': '', 'neutron:revision_number': '1', 'neutron:vnic_type': 'normal', 'neutron:port_capabilities': '', 'neutron:mtu': '1372'}, 'parent_name': [], 'enabled': True, 'options': {}, 'type': 'localport', 'port_security': [], 'dhcpv4_options': [], 'dhcpv6_options': [], 'tag_request': []}) {{(pid=88280) do_commit /opt/stack/data/venv/lib/python3.12/site-packages/ovsdbapp/backend/ovs_idl/transaction.py:89}}
Jul 27 13:20:53.085838 np0000005909 devstack@neutron-api.service[88280]: DEBUG ovsdbapp.backend.ovs_idl.transaction [None req-ece23f0d-c2af-4714-a711-c91b52b3fd62 None None] Running txn n=1 command(idx=1): QoSDelCommand(_result=None, switch=neutron-cae20b73-80d5-4108-ba95-3afcbd55a56e, conditions=[('direction', '=', 'to-lport'), ('priority', '=', 2002), ('match', '=', 'outport == "2855dcc3-2b05-44ea-bfde-9b0acca5a00c"')], if_exists=True) {{(pid=88280) do_commit /opt/stack/data/venv/lib/python3.12/site-packages/ovsdbapp/backend/ovs_idl/transaction.py:89}}
Jul 27 13:20:53.086067 np0000005909 devstack@neutron-api.service[88280]: DEBUG ovsdbapp.backend.ovs_idl.transaction [None req-ece23f0d-c2af-4714-a711-c91b52b3fd62 None None] Running txn n=1 command(idx=2): QoSDelCommand(_result=None, switch=neutron-cae20b73-80d5-4108-ba95-3afcbd55a56e, conditions=[('direction', '=', 'from-lport'), ('priority', '=', 2002), ('match', '=', 'inport == "2855dcc3-2b05-44ea-bfde-9b0acca5a00c"')], if_exists=True) {{(pid=88280) do_commit /opt/stack/data/venv/lib/python3.12/site-packages/ovsdbapp/backend/ovs_idl/transaction.py:89}}
Jul 27 13:20:53.088859 np0000005909 devstack@neutron-api.service[88280]: DEBUG neutron.plugins.ml2.drivers.ovn.mech_driver.ovsdb.ovsdb_monitor [None req-ece23f0d-c2af-4714-a711-c91b52b3fd62 None None] Hash Ring: Node 9e7e3298cefb577d9002d8ff3283e822 (host: np0000005909) handling event "update" for row cae20b73-80d5-4108-ba95-3afcbd55a56e (table: Logical_Switch) {{(pid=88280) notify /opt/stack/neutron/neutron/plugins/ml2/drivers/ovn/mech_driver/ovsdb/ovsdb_monitor.py:1013}}
Jul 27 13:20:53.089108 np0000005909 devstack@neutron-api.service[88281]: DEBUG neutron.plugins.ml2.drivers.ovn.mech_driver.ovsdb.ovsdb_monitor [None req-af437480-06a8-4399-ab9c-f70e00c04d90 None None] Hash Ring: Node 9a334f09f942519ca01f7e1b8aac39ac (host: np0000005909) handling event "create" for row 51701c56-ea62-4a1f-8e68-b74175fda48c (table: Logical_Switch_Port) {{(pid=88281) notify /opt/stack/neutron/neutron/plugins/ml2/drivers/ovn/mech_driver/ovsdb/ovsdb_monitor.py:1013}}
Jul 27 13:20:53.090420 np0000005909 devstack@neutron-api.service[88281]: DEBUG ovsdbapp.backend.ovs_idl.event [None req-af437480-06a8-4399-ab9c-f70e00c04d90 None None] Matched CREATE: LogicalSwitchPortCreateEvent(events=('create',), table='Logical_Switch_Port', conditions=[], old_conditions=None), priority=20 to row=Logical_Switch_Port(uuid=51701c56-ea62-4a1f-8e68-b74175fda48c, addresses=['fa:16:3e:88:e6:aa'], dhcpv4_options=[], dhcpv6_options=[], dynamic_addresses=[], enabled=True, external_ids={'neutron:cidrs': '', 'neutron:device_id': 'ovnmeta-cae20b73-80d5-4108-ba95-3afcbd55a56e', 'neutron:device_owner': 'network:distributed', 'neutron:mtu': '1372', 'neutron:network_name': 'neutron-cae20b73-80d5-4108-ba95-3afcbd55a56e', 'neutron:port_capabilities': '', 'neutron:port_name': '', 'neutron:project_id': '26d8519a90334ae2b41889a5d188a989', 'neutron:revision_number': '1', 'neutron:security_group_ids': '', 'neutron:subnet_pool_addr_scope4': '', 'neutron:subnet_pool_addr_scope6': '', 'neutron:vnic_type': 'normal'}, ha_chassis_group=[], mirror_rules=[], name='2855dcc3-2b05-44ea-bfde-9b0acca5a00c', options={}, parent_name=[], port_security=[], tag=[], tag_request=[], type='localport', up=[]) old= {{(pid=88281) matches /opt/stack/data/venv/lib/python3.12/site-packages/ovsdbapp/backend/ovs_idl/event.py:55}}
Jul 27 13:20:53.091317 np0000005909 devstack@neutron-api.service[88281]: DEBUG neutron.plugins.ml2.drivers.ovn.mech_driver.ovsdb.ovsdb_monitor [None req-af437480-06a8-4399-ab9c-f70e00c04d90 None None] Hash Ring: Node 9a334f09f942519ca01f7e1b8aac39ac (host: np0000005909) handling event "update" for row 51701c56-ea62-4a1f-8e68-b74175fda48c (table: Logical_Switch_Port) {{(pid=88281) notify /opt/stack/neutron/neutron/plugins/ml2/drivers/ovn/mech_driver/ovsdb/ovsdb_monitor.py:1013}}
Jul 27 13:20:53.092384 np0000005909 devstack@neutron-api.service[88281]: INFO neutron.plugins.ml2.drivers.ovn.mech_driver.mech_driver [None req-ab36a0ab-c7d0-4363-919f-e67e8fe508cd None None] OVN reports status down for port: 2855dcc3-2b05-44ea-bfde-9b0acca5a00c
Jul 27 13:20:53.092781 np0000005909 devstack@neutron-api.service[88279]: DEBUG neutron.plugins.ml2.drivers.ovn.mech_driver.ovsdb.ovsdb_monitor [None req-dd7a0028-f642-409e-bcbd-da9c64f2e2fe None None] Hash Ring: Node dc65f613f5195820b75677bb4fdeb636 (host: np0000005909) handling event "create" for row d2884deb-8bb3-4246-b7d2-111fe844373e (table: Port_Binding) {{(pid=88279) notify /opt/stack/neutron/neutron/plugins/ml2/drivers/ovn/mech_driver/ovsdb/ovsdb_monitor.py:1013}}
Jul 27 13:20:53.111953 np0000005909 devstack@neutron-api.service[88281]: DEBUG neutron.db.provisioning_blocks [None req-ab36a0ab-c7d0-4363-919f-e67e8fe508cd None None] Transition to ACTIVE for port object 2855dcc3-2b05-44ea-bfde-9b0acca5a00c will not be triggered until provisioned by entity L2. {{(pid=88281) add_provisioning_component /opt/stack/neutron/neutron/db/provisioning_blocks.py:74}}
Jul 27 13:20:53.117450 np0000005909 devstack@neutron-api.service[88280]: INFO neutron.db.ovn_revision_numbers_db [None req-4aec2a3e-a0a2-47ac-a408-8038157fe33e admin admin] Successfully bumped revision number for resource 2855dcc3-2b05-44ea-bfde-9b0acca5a00c (type: ports) to 1
Jul 27 13:20:53.126575 np0000005909 devstack@neutron-api.service[88280]: DEBUG neutron.pecan_wsgi.hooks.policy_enforcement [None req-4aec2a3e-a0a2-47ac-a408-8038157fe33e admin admin] Attributes excluded by policy engine: ['standard_attr_id'] {{(pid=88280) _exclude_attributes_by_policy /opt/stack/neutron/neutron/pecan_wsgi/hooks/policy_enforcement.py:259}}
Jul 27 13:20:53.126864 np0000005909 devstack@neutron-api.service[88280]: DEBUG neutron_lib.callbacks.manager [None req-4aec2a3e-a0a2-47ac-a408-8038157fe33e admin admin] Publish callbacks [] for network (None), before_response {{(pid=88280) _notify_loop /opt/stack/data/venv/lib/python3.12/site-packages/neutron_lib/callbacks/manager.py:184}}
Jul 27 13:20:53.130046 np0000005909 devstack@neutron-api.service[88281]: DEBUG neutron.plugins.ml2.plugin [None req-ab36a0ab-c7d0-4363-919f-e67e8fe508cd None None] Current status of the port 2855dcc3-2b05-44ea-bfde-9b0acca5a00c is: DOWN; New status is: DOWN {{(pid=88281) _update_individual_port_db_status /opt/stack/neutron/neutron/plugins/ml2/plugin.py:2473}}
Jul 27 13:20:53.131543 np0000005909 devstack@neutron-api.service[88281]: DEBUG ovsdbapp.backend.ovs_idl.transaction [None req-af437480-06a8-4399-ab9c-f70e00c04d90 None None] Running txn n=1 command(idx=0): DbRemoveCommand(_result=None, table=Logical_Switch_Port, record=2855dcc3-2b05-44ea-bfde-9b0acca5a00c, column=external_ids, values=('neutron:host_id',), keyvalues={}, if_exists=True) {{(pid=88281) do_commit /opt/stack/data/venv/lib/python3.12/site-packages/ovsdbapp/backend/ovs_idl/transaction.py:89}}
Jul 27 13:20:53.140339 np0000005909 devstack@neutron-api.service[88280]: [pid: 88280|app: 0|req: 12/37] 10.4.3.142 () {68 vars in 1326 bytes} [Mon Jul 27 13:20:52 2026] POST /networking/v2.0/networks => generated 679 bytes in 344 msecs (HTTP/1.1 201) 4 headers in 162 bytes (1 switches on core 0)
Jul 27 13:20:53.320537 np0000005909 devstack@neutron-api.service[88279]: INFO neutron.pecan_wsgi.hooks.translation [None req-4ed3a753-bb1a-49d2-99cd-8097d073dac2 admin admin] GET failed (client error): The resource could not be found.
Jul 27 13:20:53.321432 np0000005909 devstack@neutron-api.service[88279]: [pid: 88279|app: 0|req: 14/38] 10.4.3.142 () {64 vars in 1294 bytes} [Mon Jul 27 13:20:53 2026] GET /networking/v2.0/networks/shared => generated 108 bytes in 10 msecs (HTTP/1.1 404) 4 headers in 164 bytes (1 switches on core 0)
Jul 27 13:20:53.346078 np0000005909 devstack@neutron-api.service[88281]: DEBUG neutron.pecan_wsgi.hooks.policy_enforcement [None req-65b70deb-615a-4722-ab17-27fb11218f8d admin admin] Attributes excluded by policy engine: ['standard_attr_id'] {{(pid=88281) _exclude_attributes_by_policy /opt/stack/neutron/neutron/pecan_wsgi/hooks/policy_enforcement.py:259}}
Jul 27 13:20:53.347079 np0000005909 devstack@neutron-api.service[88281]: [pid: 88281|app: 0|req: 13/39] 10.4.3.142 () {64 vars in 1309 bytes} [Mon Jul 27 13:20:53 2026] GET /networking/v2.0/networks?name=shared => generated 663 bytes in 20 msecs (HTTP/1.1 200) 4 headers in 157 bytes (1 switches on core 0)
Jul 27 13:20:53.357497 np0000005909 devstack@neutron-api.service[88280]: DEBUG neutron.api.v2.base [None req-d96eae14-7d06-40dc-a28b-a73c83f35107 admin admin] Request body: {'subnet': {'network_id': 'cae20b73-80d5-4108-ba95-3afcbd55a56e', 'description': 'shared-subnet', 'cidr': '192.168.233.0/24', 'name': 'shared-subnet', 'ip_version': 4}} {{(pid=88280) prepare_request_body /opt/stack/neutron/neutron/api/v2/base.py:727}}
Jul 27 13:20:53.378112 np0000005909 devstack@neutron-api.service[88280]: DEBUG neutron.pecan_wsgi.hooks.quota_enforcement [None req-d96eae14-7d06-40dc-a28b-a73c83f35107 admin admin] Made reservation on behalf of 26d8519a90334ae2b41889a5d188a989 for: {'subnet': 1} {{(pid=88280) before /opt/stack/neutron/neutron/pecan_wsgi/hooks/quota_enforcement.py:66}}
Jul 27 13:20:53.380144 np0000005909 devstack@neutron-api.service[88280]: DEBUG neutron_lib.callbacks.manager [None req-d96eae14-7d06-40dc-a28b-a73c83f35107 admin admin] Publish callbacks [] for subnet (None), before_create {{(pid=88280) _notify_loop /opt/stack/data/venv/lib/python3.12/site-packages/neutron_lib/callbacks/manager.py:184}}
Jul 27 13:20:53.424045 np0000005909 devstack@neutron-api.service[88280]: DEBUG neutron.db.ovn_revision_numbers_db [None req-d96eae14-7d06-40dc-a28b-a73c83f35107 admin admin] create_initial_revision uuid=a630a729-a988-42e2-a076-45179fdff14f, type=subnets, rev=-1 {{(pid=88280) create_initial_revision /opt/stack/neutron/neutron/db/ovn_revision_numbers_db.py:98}}
Jul 27 13:20:53.443175 np0000005909 devstack@neutron-api.service[88280]: DEBUG neutron_lib.callbacks.manager [None req-d96eae14-7d06-40dc-a28b-a73c83f35107 admin admin] Publish callbacks ['neutron.plugins.ml2.ovo_rpc._ObjectChangeHandler.handle_event-1795825'] for subnet (a630a729-a988-42e2-a076-45179fdff14f), after_create {{(pid=88280) _notify_loop /opt/stack/data/venv/lib/python3.12/site-packages/neutron_lib/callbacks/manager.py:184}}
Jul 27 13:20:53.453396 np0000005909 devstack@neutron-api.service[88280]: DEBUG neutron.api.rpc.handlers.resources_rpc [None req-d96eae14-7d06-40dc-a28b-a73c83f35107 admin admin] Pushing event updated for resources: {'Subnet': ['ID=a630a729-a988-42e2-a076-45179fdff14f,revision_number=0']} {{(pid=88280) push /opt/stack/neutron/neutron/api/rpc/handlers/resources_rpc.py:237}}
Jul 27 13:20:53.491340 np0000005909 devstack@neutron-api.service[88280]: DEBUG neutron_lib.callbacks.manager [None req-d96eae14-7d06-40dc-a28b-a73c83f35107 admin admin] Publish callbacks ['neutron.plugins.ml2.plugin.SecurityGroupDbMixin._ensure_default_security_group_handler-72908', 'neutron.services.ovn_l3.plugin.OVNL3RouterPlugin._port_update-8395608086168', 'neutron.db.l3_db.L3_NAT_dbonly_mixin._prevent_internal_ip_change_for_fip-8395609949808'] for port (2855dcc3-2b05-44ea-bfde-9b0acca5a00c), before_update {{(pid=88280) _notify_loop /opt/stack/data/venv/lib/python3.12/site-packages/neutron_lib/callbacks/manager.py:184}}
Jul 27 13:20:53.563935 np0000005909 devstack@neutron-api.service[88280]: DEBUG neutron.db.db_base_plugin_common [None req-d96eae14-7d06-40dc-a28b-a73c83f35107 admin admin] Allocated IP 192.168.233.2 (cae20b73-80d5-4108-ba95-3afcbd55a56e/a630a729-a988-42e2-a076-45179fdff14f/2855dcc3-2b05-44ea-bfde-9b0acca5a00c) {{(pid=88280) _store_ip_allocation /opt/stack/neutron/neutron/db/db_base_plugin_common.py:131}}
Jul 27 13:20:53.615479 np0000005909 devstack@neutron-api.service[88280]: DEBUG neutron_lib.callbacks.manager [None req-d96eae14-7d06-40dc-a28b-a73c83f35107 admin admin] Publish callbacks [] for port (2855dcc3-2b05-44ea-bfde-9b0acca5a00c), precommit_update {{(pid=88280) _notify_loop /opt/stack/data/venv/lib/python3.12/site-packages/neutron_lib/callbacks/manager.py:184}}
Jul 27 13:20:53.615660 np0000005909 devstack@neutron-api.service[88280]: DEBUG neutron.plugins.ml2.drivers.ovn.mech_driver.mech_driver [None req-d96eae14-7d06-40dc-a28b-a73c83f35107 admin admin] No provisioning block for port 2855dcc3-2b05-44ea-bfde-9b0acca5a00c since it does not have a host {{(pid=88280) _is_port_provisioning_required /opt/stack/neutron/neutron/plugins/ml2/drivers/ovn/mech_driver/mech_driver.py:899}}
Jul 27 13:20:53.630618 np0000005909 devstack@neutron-api.service[88280]: DEBUG neutron_lib.callbacks.manager [None req-d96eae14-7d06-40dc-a28b-a73c83f35107 admin admin] Publish callbacks ['neutron.plugins.ml2.ovo_rpc._ObjectChangeHandler.handle_event-1795838', 'neutron.services.ovn_l3.plugin.OVNL3RouterPlugin._port_update-8395608086168'] for port (2855dcc3-2b05-44ea-bfde-9b0acca5a00c), after_update {{(pid=88280) _notify_loop /opt/stack/data/venv/lib/python3.12/site-packages/neutron_lib/callbacks/manager.py:184}}
Jul 27 13:20:53.657754 np0000005909 devstack@neutron-api.service[88280]: DEBUG neutron.api.rpc.handlers.resources_rpc [None req-d96eae14-7d06-40dc-a28b-a73c83f35107 admin admin] Pushing event updated for resources: {'Port': ['ID=2855dcc3-2b05-44ea-bfde-9b0acca5a00c,revision_number=2']} {{(pid=88280) push /opt/stack/neutron/neutron/api/rpc/handlers/resources_rpc.py:237}}
Jul 27 13:20:53.730465 np0000005909 devstack@neutron-api.service[88280]: DEBUG neutron.plugins.ml2.drivers.ovn.mech_driver.ovsdb.commands [None req-d96eae14-7d06-40dc-a28b-a73c83f35107 admin admin] Converting tag [] to a tag_request {{(pid=88280) _tag_column_to_tag_request /opt/stack/neutron/neutron/plugins/ml2/drivers/ovn/mech_driver/ovsdb/commands.py:205}}
Jul 27 13:20:53.731017 np0000005909 devstack@neutron-api.service[88280]: DEBUG ovsdbapp.backend.ovs_idl.transaction [None req-ece23f0d-c2af-4714-a711-c91b52b3fd62 None None] Running txn n=1 command(idx=0): CheckRevisionNumberCommand(_result=None, name=2855dcc3-2b05-44ea-bfde-9b0acca5a00c, resource={'id': '2855dcc3-2b05-44ea-bfde-9b0acca5a00c', 'name': '', 'network_id': 'cae20b73-80d5-4108-ba95-3afcbd55a56e', 'project_id': '26d8519a90334ae2b41889a5d188a989', 'mac_address': 'fa:16:3e:88:e6:aa', 'admin_state_up': True, 'status': 'DOWN', 'device_id': 'ovnmeta-cae20b73-80d5-4108-ba95-3afcbd55a56e', 'device_owner': 'network:distributed', 'standard_attr_id': 28, 'fixed_ips': [{'subnet_id': 'a630a729-a988-42e2-a076-45179fdff14f', 'ip_address': '192.168.233.2'}], 'allowed_address_pairs': [], 'extra_dhcp_opts': [], 'security_groups': [], 'description': '', 'binding:vnic_type': 'normal', 'binding:profile': {}, 'binding:host_id': '', 'binding:vif_type': 'unbound', 'binding:vif_details': {}, 'port_security_enabled': False, 'tags': [], 'created_at': '2026-07-27T13:20:52Z', 'updated_at': '2026-07-27T13:20:53Z', 'revision_number': 2, 'tenant_id': '26d8519a90334ae2b41889a5d188a989', 'network': {'id': 'cae20b73-80d5-4108-ba95-3afcbd55a56e', 'name': 'shared', 'tenant_id': '26d8519a90334ae2b41889a5d188a989', 'project_id': '26d8519a90334ae2b41889a5d188a989', 'admin_state_up': True, 'mtu': 1372, 'status': 'ACTIVE', 'subnets': ['a630a729-a988-42e2-a076-45179fdff14f'], 'standard_attr_id': 26, 'shared': True, 'availability_zone_hints': [], 'availability_zones': [], 'ipv4_address_scope': None, 'ipv6_address_scope': None, 'router:external': False, 'qinq': False, 'vlan_transparent': False, 'description': '', 'port_security_enabled': True, 'tags': [], 'created_at': '2026-07-27T13:20:52Z', 'updated_at': '2026-07-27T13:20:53Z', 'revision_number': 2, 'provider:network_type': 'geneve', 'provider:physical_network': None, 'provider:segmentation_id': 51498}}, resource_type=ports, if_exists=True) {{(pid=88280) do_commit /opt/stack/data/venv/lib/python3.12/site-packages/ovsdbapp/backend/ovs_idl/transaction.py:89}}
Jul 27 13:20:53.731273 np0000005909 devstack@neutron-api.service[88280]: DEBUG ovsdbapp.backend.ovs_idl.transaction [None req-ece23f0d-c2af-4714-a711-c91b52b3fd62 None None] Running txn n=1 command(idx=1): AddDHCPOptionsCommand(_result=None, columns={'cidr': '192.168.233.0/24', 'options': {'server_id': '192.168.233.1', 'lease_time': '43200', 'mtu': '1372', 'router': '192.168.233.1', 'server_mac': 'fa:16:3e:9a:5a:55', 'dns_server': '{127.0.0.53}', 'classless_static_route': '{169.254.169.254/32,192.168.233.2, 0.0.0.0/0,192.168.233.1}'}, 'external_ids': {'subnet_id': 'a630a729-a988-42e2-a076-45179fdff14f', 'neutron:network_id': 'cae20b73-80d5-4108-ba95-3afcbd55a56e', 'neutron:revision_number': '0'}}, may_exist=True, subnet_id=a630a729-a988-42e2-a076-45179fdff14f, port_id=None, new_insert=False) {{(pid=88280) do_commit /opt/stack/data/venv/lib/python3.12/site-packages/ovsdbapp/backend/ovs_idl/transaction.py:89}}
Jul 27 13:20:53.731511 np0000005909 devstack@neutron-api.service[88280]: DEBUG ovsdbapp.backend.ovs_idl.transaction [None req-ece23f0d-c2af-4714-a711-c91b52b3fd62 None None] Running txn n=1 command(idx=2): SetLSwitchPortCommand(_result=None, lport=2855dcc3-2b05-44ea-bfde-9b0acca5a00c, external_ids_update=None, columns={'external_ids': {'neutron:port_name': '', 'neutron:device_id': 'ovnmeta-cae20b73-80d5-4108-ba95-3afcbd55a56e', 'neutron:project_id': '26d8519a90334ae2b41889a5d188a989', 'neutron:cidrs': '192.168.233.2/24', 'neutron:device_owner': 'network:distributed', 'neutron:subnet_pool_addr_scope4': '', 'neutron:subnet_pool_addr_scope6': '', 'neutron:network_name': 'neutron-cae20b73-80d5-4108-ba95-3afcbd55a56e', 'neutron:security_group_ids': '', 'neutron:revision_number': '2', 'neutron:vnic_type': 'normal', 'neutron:port_capabilities': '', 'neutron:mtu': '1372'}, 'parent_name': [], 'options': {}, 'enabled': True, 'port_security': [], 'dhcpv4_options': [], 'dhcpv6_options': [], 'type': 'localport', 'addresses': ['fa:16:3e:88:e6:aa 192.168.233.2'], 'ha_chassis_group': [], 'tag_request': []}, if_exists=False) {{(pid=88280) do_commit /opt/stack/data/venv/lib/python3.12/site-packages/ovsdbapp/backend/ovs_idl/transaction.py:89}}
Jul 27 13:20:53.732026 np0000005909 devstack@neutron-api.service[88280]: DEBUG ovsdbapp.backend.ovs_idl.transaction [None req-ece23f0d-c2af-4714-a711-c91b52b3fd62 None None] Running txn n=1 command(idx=3): PgDelPortCommand(_result=None, port_group=neutron_pg_drop, lsp=['2855dcc3-2b05-44ea-bfde-9b0acca5a00c'], if_exists=False) {{(pid=88280) do_commit /opt/stack/data/venv/lib/python3.12/site-packages/ovsdbapp/backend/ovs_idl/transaction.py:89}}
Jul 27 13:20:53.735504 np0000005909 devstack@neutron-api.service[88279]: DEBUG neutron.plugins.ml2.drivers.ovn.mech_driver.ovsdb.ovsdb_monitor [None req-1244bbf9-75d4-4920-8126-b9cd7fe85f54 None None] Hash Ring: Node dc65f613f5195820b75677bb4fdeb636 (host: np0000005909) handling event "create" for row 58a7a72c-0c6b-4d16-b9eb-4a3946b15f48 (table: DHCP_Options) {{(pid=88279) notify /opt/stack/neutron/neutron/plugins/ml2/drivers/ovn/mech_driver/ovsdb/ovsdb_monitor.py:1013}}
Jul 27 13:20:53.736739 np0000005909 devstack@neutron-api.service[88281]: DEBUG neutron.plugins.ml2.drivers.ovn.mech_driver.ovsdb.ovsdb_monitor [None req-af437480-06a8-4399-ab9c-f70e00c04d90 None None] Hash Ring: Node 9a334f09f942519ca01f7e1b8aac39ac (host: np0000005909) handling event "update" for row 51701c56-ea62-4a1f-8e68-b74175fda48c (table: Logical_Switch_Port) {{(pid=88281) notify /opt/stack/neutron/neutron/plugins/ml2/drivers/ovn/mech_driver/ovsdb/ovsdb_monitor.py:1013}}
Jul 27 13:20:53.737934 np0000005909 devstack@neutron-api.service[88279]: DEBUG neutron.plugins.ml2.drivers.ovn.mech_driver.ovsdb.ovsdb_monitor [None req-dd7a0028-f642-409e-bcbd-da9c64f2e2fe None None] Hash Ring: Node dc65f613f5195820b75677bb4fdeb636 (host: np0000005909) handling event "update" for row d2884deb-8bb3-4246-b7d2-111fe844373e (table: Port_Binding) {{(pid=88279) notify /opt/stack/neutron/neutron/plugins/ml2/drivers/ovn/mech_driver/ovsdb/ovsdb_monitor.py:1013}}
Jul 27 13:20:53.758689 np0000005909 devstack@neutron-api.service[88280]: INFO neutron.db.ovn_revision_numbers_db [None req-d96eae14-7d06-40dc-a28b-a73c83f35107 admin admin] Successfully bumped revision number for resource 2855dcc3-2b05-44ea-bfde-9b0acca5a00c (type: ports) to 2
Jul 27 13:20:53.765799 np0000005909 devstack@neutron-api.service[88280]: DEBUG neutron.plugins.ml2.plugin [None req-d96eae14-7d06-40dc-a28b-a73c83f35107 admin admin] In _notify_port_updated(), no bound segment for port 2855dcc3-2b05-44ea-bfde-9b0acca5a00c on network cae20b73-80d5-4108-ba95-3afcbd55a56e {{(pid=88280) _notify_port_updated /opt/stack/neutron/neutron/plugins/ml2/plugin.py:1041}}
Jul 27 13:20:53.779762 np0000005909 devstack@neutron-api.service[88280]: INFO neutron.db.ovn_revision_numbers_db [None req-d96eae14-7d06-40dc-a28b-a73c83f35107 admin admin] Successfully bumped revision number for resource a630a729-a988-42e2-a076-45179fdff14f (type: subnets) to 0
Jul 27 13:20:53.780697 np0000005909 devstack@neutron-api.service[88280]: DEBUG neutron.pecan_wsgi.hooks.policy_enforcement [None req-d96eae14-7d06-40dc-a28b-a73c83f35107 admin admin] Attributes excluded by policy engine: ['standard_attr_id', 'shared', 'network'] {{(pid=88280) _exclude_attributes_by_policy /opt/stack/neutron/neutron/pecan_wsgi/hooks/policy_enforcement.py:259}}
Jul 27 13:20:53.780956 np0000005909 devstack@neutron-api.service[88280]: DEBUG neutron_lib.callbacks.manager [None req-d96eae14-7d06-40dc-a28b-a73c83f35107 admin admin] Publish callbacks [] for subnet (None), before_response {{(pid=88280) _notify_loop /opt/stack/data/venv/lib/python3.12/site-packages/neutron_lib/callbacks/manager.py:184}}
Jul 27 13:20:53.790876 np0000005909 devstack@neutron-api.service[88280]: [pid: 88280|app: 0|req: 13/40] 10.4.3.142 () {68 vars in 1324 bytes} [Mon Jul 27 13:20:53 2026] POST /networking/v2.0/subnets => generated 665 bytes in 436 msecs (HTTP/1.1 201) 4 headers in 162 bytes (1 switches on core 0)
Jul 27 13:20:57.931620 np0000005909 devstack@neutron-api.service[88279]: DEBUG ovsdbapp.backend.ovs_idl.event [None req-dd7a0028-f642-409e-bcbd-da9c64f2e2fe None None] Matched UPDATE: ChassisOVNAgentWriteEvent(events=('create', 'update'), table='Chassis_Private', conditions=None, old_conditions=None), priority=20 to row=Chassis_Private(uuid=cf2e8476-543a-46fd-b123-90e1cac0d3e7, chassis=ef218366-6386-485d-8c85-08fe89d956f6, external_ids={'neutron:ovn-bridge': 'br-int', 'neutron:ovn-neutron-agent-id': 'b46665e0-8aca-5a5a-8712-5e21fb8e8518', 'neutron:ovn-neutron-agent-sb-cfg': '2'}, name='e223dacd-035b-4ba9-9518-89d376da0280', nb_cfg=2, nb_cfg_timestamp=1785158452922) old=Chassis_Private(uuid=cf2e8476-543a-46fd-b123-90e1cac0d3e7, external_ids={'neutron:ovn-bridge': 'br-int', 'neutron:ovn-neutron-agent-id': 'b46665e0-8aca-5a5a-8712-5e21fb8e8518', 'neutron:ovn-neutron-agent-sb-cfg': '1'}) {{(pid=88279) matches /opt/stack/data/venv/lib/python3.12/site-packages/ovsdbapp/backend/ovs_idl/event.py:55}}
Jul 27 13:20:57.932012 np0000005909 devstack@neutron-api.service[88281]: DEBUG ovsdbapp.backend.ovs_idl.event [-] Matched UPDATE: ChassisOVNAgentWriteEvent(events=('create', 'update'), table='Chassis_Private', conditions=None, old_conditions=None), priority=20 to row=Chassis_Private(uuid=cf2e8476-543a-46fd-b123-90e1cac0d3e7, chassis=ef218366-6386-485d-8c85-08fe89d956f6, external_ids={'neutron:ovn-bridge': 'br-int', 'neutron:ovn-neutron-agent-id': 'b46665e0-8aca-5a5a-8712-5e21fb8e8518', 'neutron:ovn-neutron-agent-sb-cfg': '2'}, name='e223dacd-035b-4ba9-9518-89d376da0280', nb_cfg=2, nb_cfg_timestamp=1785158452922) old=Chassis_Private(uuid=cf2e8476-543a-46fd-b123-90e1cac0d3e7, external_ids={'neutron:ovn-bridge': 'br-int', 'neutron:ovn-neutron-agent-id': 'b46665e0-8aca-5a5a-8712-5e21fb8e8518', 'neutron:ovn-neutron-agent-sb-cfg': '1'}) {{(pid=88281) matches /opt/stack/data/venv/lib/python3.12/site-packages/ovsdbapp/backend/ovs_idl/event.py:55}}
Jul 27 13:20:57.932283 np0000005909 devstack@neutron-api.service[88280]: DEBUG ovsdbapp.backend.ovs_idl.event [None req-802d8d23-a2e7-4061-b458-2b600bb87f5e None None] Matched UPDATE: ChassisOVNAgentWriteEvent(events=('create', 'update'), table='Chassis_Private', conditions=None, old_conditions=None), priority=20 to row=Chassis_Private(uuid=cf2e8476-543a-46fd-b123-90e1cac0d3e7, chassis=ef218366-6386-485d-8c85-08fe89d956f6, external_ids={'neutron:ovn-bridge': 'br-int', 'neutron:ovn-neutron-agent-id': 'b46665e0-8aca-5a5a-8712-5e21fb8e8518', 'neutron:ovn-neutron-agent-sb-cfg': '2'}, name='e223dacd-035b-4ba9-9518-89d376da0280', nb_cfg=2, nb_cfg_timestamp=1785158452922) old=Chassis_Private(uuid=cf2e8476-543a-46fd-b123-90e1cac0d3e7, external_ids={'neutron:ovn-bridge': 'br-int', 'neutron:ovn-neutron-agent-id': 'b46665e0-8aca-5a5a-8712-5e21fb8e8518', 'neutron:ovn-neutron-agent-sb-cfg': '1'}) {{(pid=88280) matches /opt/stack/data/venv/lib/python3.12/site-packages/ovsdbapp/backend/ovs_idl/event.py:55}}
Jul 27 13:20:57.932560 np0000005909 devstack@neutron-api.service[88281]: DEBUG neutron.plugins.ml2.drivers.ovn.mech_driver.ovsdb.ovsdb_monitor [-] Hash Ring: Node 9a334f09f942519ca01f7e1b8aac39ac (host: np0000005909) handling event "update" for row cf2e8476-543a-46fd-b123-90e1cac0d3e7 (table: Chassis_Private) {{(pid=88281) notify /opt/stack/neutron/neutron/plugins/ml2/drivers/ovn/mech_driver/ovsdb/ovsdb_monitor.py:1013}}
Jul 27 13:21:02.176585 np0000005909 devstack@neutron-api.service[88279]: DEBUG futurist.periodics [-] Submitting periodic callback 'neutron.plugins.ml2.drivers.ovn.mech_driver.ovsdb.maintenance.HashRingHealthCheckPeriodics.touch_hash_ring_node' {{(pid=88279) _process_scheduled /opt/stack/data/venv/lib/python3.12/site-packages/futurist/periodics.py:784}}
Jul 27 13:21:02.177014 np0000005909 devstack@neutron-api.service[88279]: DEBUG neutron.plugins.ml2.drivers.ovn.mech_driver.ovsdb.maintenance [-] Touching Hash Ring node "dc65f613f5195820b75677bb4fdeb636" from periodic health check thread {{(pid=88279) touch_hash_ring_node /opt/stack/neutron/neutron/plugins/ml2/drivers/ovn/mech_driver/ovsdb/maintenance.py:1417}}
Jul 27 13:21:03.017971 np0000005909 devstack@neutron-api.service[88281]: DEBUG futurist.periodics [-] Submitting periodic callback 'neutron.plugins.ml2.drivers.ovn.mech_driver.ovsdb.maintenance.HashRingHealthCheckPeriodics.touch_hash_ring_node' {{(pid=88281) _process_scheduled /opt/stack/data/venv/lib/python3.12/site-packages/futurist/periodics.py:784}}
Jul 27 13:21:03.018390 np0000005909 devstack@neutron-api.service[88281]: DEBUG neutron.plugins.ml2.drivers.ovn.mech_driver.ovsdb.maintenance [-] Touching Hash Ring node "9a334f09f942519ca01f7e1b8aac39ac" from periodic health check thread {{(pid=88281) touch_hash_ring_node /opt/stack/neutron/neutron/plugins/ml2/drivers/ovn/mech_driver/ovsdb/maintenance.py:1417}}
Jul 27 13:21:03.071336 np0000005909 devstack@neutron-api.service[88280]: DEBUG futurist.periodics [-] Submitting periodic callback 'neutron.plugins.ml2.drivers.ovn.mech_driver.ovsdb.maintenance.HashRingHealthCheckPeriodics.touch_hash_ring_node' {{(pid=88280) _process_scheduled /opt/stack/data/venv/lib/python3.12/site-packages/futurist/periodics.py:784}}
Jul 27 13:21:03.071785 np0000005909 devstack@neutron-api.service[88280]: DEBUG neutron.plugins.ml2.drivers.ovn.mech_driver.ovsdb.maintenance [-] Touching Hash Ring node "9e7e3298cefb577d9002d8ff3283e822" from periodic health check thread {{(pid=88280) touch_hash_ring_node /opt/stack/neutron/neutron/plugins/ml2/drivers/ovn/mech_driver/ovsdb/maintenance.py:1417}}
Jul 27 13:21:12.183257 np0000005909 devstack@neutron-api.service[88279]: DEBUG dbcounter [-] [88279] Writing DB stats neutron:UPDATE=2,neutron:SELECT=8 {{(pid=88279) stat_writer /opt/stack/data/venv/lib/python3.12/site-packages/dbcounter.py:115}}
