Jun 11 17:11:12.670079 np0000002651 nova-scheduler[95730]: DEBUG cotyledon.oslo_config_glue [-] oslo_limit.endpoint_id = None {{(pid=95730) log_opt_values /opt/stack/data/venv/lib/python3.12/site-packages/oslo_config/cfg.py:3256}}
Jun 11 17:11:12.670079 np0000002651 nova-scheduler[95730]: DEBUG cotyledon.oslo_config_glue [-] oslo_limit.endpoint_interface = public {{(pid=95730) log_opt_values /opt/stack/data/venv/lib/python3.12/site-packages/oslo_config/cfg.py:3256}}
Jun 11 17:11:12.670079 np0000002651 nova-scheduler[95730]: DEBUG cotyledon.oslo_config_glue [-] oslo_limit.endpoint_override = None {{(pid=95730) log_opt_values /opt/stack/data/venv/lib/python3.12/site-packages/oslo_config/cfg.py:3256}}
Jun 11 17:11:12.670079 np0000002651 nova-scheduler[95730]: DEBUG cotyledon.oslo_config_glue [-] oslo_limit.endpoint_region_name = None {{(pid=95730) log_opt_values /opt/stack/data/venv/lib/python3.12/site-packages/oslo_config/cfg.py:3256}}
Jun 11 17:11:12.670079 np0000002651 nova-scheduler[95730]: DEBUG cotyledon.oslo_config_glue [-] oslo_limit.endpoint_service_name = None {{(pid=95730) log_opt_values /opt/stack/data/venv/lib/python3.12/site-packages/oslo_config/cfg.py:3256}}
Jun 11 17:11:12.670275 np0000002651 nova-scheduler[95730]: DEBUG cotyledon.oslo_config_glue [-] oslo_limit.endpoint_service_type = None {{(pid=95730) log_opt_values /opt/stack/data/venv/lib/python3.12/site-packages/oslo_config/cfg.py:3256}}
Jun 11 17:11:12.670275 np0000002651 nova-scheduler[95730]: DEBUG cotyledon.oslo_config_glue [-] oslo_limit.insecure = False {{(pid=95730) log_opt_values /opt/stack/data/venv/lib/python3.12/site-packages/oslo_config/cfg.py:3256}}
Jun 11 17:11:12.670275 np0000002651 nova-scheduler[95730]: DEBUG cotyledon.oslo_config_glue [-] oslo_limit.keyfile = None {{(pid=95730) log_opt_values /opt/stack/data/venv/lib/python3.12/site-packages/oslo_config/cfg.py:3256}}
Jun 11 17:11:12.670275 np0000002651 nova-scheduler[95730]: DEBUG cotyledon.oslo_config_glue [-] oslo_limit.max_version = None {{(pid=95730) log_opt_values /opt/stack/data/venv/lib/python3.12/site-packages/oslo_config/cfg.py:3256}}
Jun 11 17:11:12.670275 np0000002651 nova-scheduler[95730]: DEBUG cotyledon.oslo_config_glue [-] oslo_limit.min_version = None {{(pid=95730) log_opt_values /opt/stack/data/venv/lib/python3.12/site-packages/oslo_config/cfg.py:3256}}
Jun 11 17:11:12.670275 np0000002651 nova-scheduler[95730]: DEBUG cotyledon.oslo_config_glue [-] oslo_limit.region_name = None {{(pid=95730) log_opt_values /opt/stack/data/venv/lib/python3.12/site-packages/oslo_config/cfg.py:3256}}
Jun 11 17:11:12.670275 np0000002651 nova-scheduler[95730]: DEBUG cotyledon.oslo_config_glue [-] oslo_limit.retriable_status_codes = None {{(pid=95730) log_opt_values /opt/stack/data/venv/lib/python3.12/site-packages/oslo_config/cfg.py:3256}}
Jun 11 17:11:12.670275 np0000002651 nova-scheduler[95730]: DEBUG cotyledon.oslo_config_glue [-] oslo_limit.service_name = None {{(pid=95730) log_opt_values /opt/stack/data/venv/lib/python3.12/site-packages/oslo_config/cfg.py:3256}}
Jun 11 17:11:12.670275 np0000002651 nova-scheduler[95730]: DEBUG cotyledon.oslo_config_glue [-] oslo_limit.service_type = None {{(pid=95730) log_opt_values /opt/stack/data/venv/lib/python3.12/site-packages/oslo_config/cfg.py:3256}}
Jun 11 17:11:12.670450 np0000002651 nova-scheduler[95730]: DEBUG cotyledon.oslo_config_glue [-] oslo_limit.split_loggers = False {{(pid=95730) log_opt_values /opt/stack/data/venv/lib/python3.12/site-packages/oslo_config/cfg.py:3256}}
Jun 11 17:11:12.670450 np0000002651 nova-scheduler[95730]: DEBUG cotyledon.oslo_config_glue [-] oslo_limit.status_code_retries = None {{(pid=95730) log_opt_values /opt/stack/data/venv/lib/python3.12/site-packages/oslo_config/cfg.py:3256}}
Jun 11 17:11:12.670450 np0000002651 nova-scheduler[95730]: DEBUG cotyledon.oslo_config_glue [-] oslo_limit.status_code_retry_delay = None {{(pid=95730) log_opt_values /opt/stack/data/venv/lib/python3.12/site-packages/oslo_config/cfg.py:3256}}
Jun 11 17:11:12.670450 np0000002651 nova-scheduler[95730]: DEBUG cotyledon.oslo_config_glue [-] oslo_limit.timeout = None {{(pid=95730) log_opt_values /opt/stack/data/venv/lib/python3.12/site-packages/oslo_config/cfg.py:3256}}
Jun 11 17:11:12.670544 np0000002651 nova-scheduler[95732]: INFO nova.service [-] Starting scheduler node (version 33.1.0)
Jun 11 17:11:12.670573 np0000002651 nova-scheduler[95730]: DEBUG cotyledon.oslo_config_glue [-] oslo_limit.valid_interfaces = None {{(pid=95730) log_opt_values /opt/stack/data/venv/lib/python3.12/site-packages/oslo_config/cfg.py:3256}}
Jun 11 17:11:12.670573 np0000002651 nova-scheduler[95730]: DEBUG cotyledon.oslo_config_glue [-] oslo_limit.version = None {{(pid=95730) log_opt_values /opt/stack/data/venv/lib/python3.12/site-packages/oslo_config/cfg.py:3256}}
Jun 11 17:11:12.670573 np0000002651 nova-scheduler[95730]: DEBUG cotyledon.oslo_config_glue [-] oslo_reports.file_event_handler = None {{(pid=95730) log_opt_values /opt/stack/data/venv/lib/python3.12/site-packages/oslo_config/cfg.py:3256}}
Jun 11 17:11:12.670573 np0000002651 nova-scheduler[95730]: DEBUG cotyledon.oslo_config_glue [-] oslo_reports.file_event_handler_interval = 1 {{(pid=95730) log_opt_values /opt/stack/data/venv/lib/python3.12/site-packages/oslo_config/cfg.py:3256}}
Jun 11 17:11:12.670573 np0000002651 nova-scheduler[95730]: DEBUG cotyledon.oslo_config_glue [-] oslo_reports.log_dir = None {{(pid=95730) log_opt_values /opt/stack/data/venv/lib/python3.12/site-packages/oslo_config/cfg.py:3256}}
Jun 11 17:11:12.670573 np0000002651 nova-scheduler[95730]: DEBUG cotyledon.oslo_config_glue [-] ******************************************************************************** {{(pid=95730) log_opt_values /opt/stack/data/venv/lib/python3.12/site-packages/oslo_config/cfg.py:3263}}
Jun 11 17:11:12.670573 np0000002651 nova-scheduler[95730]: DEBUG cotyledon._service_worker [-] Run service ServiceWrapper(1) [95730] {{(pid=95730) wait_forever /opt/stack/data/venv/lib/python3.12/site-packages/cotyledon/_service_worker.py:218}}
Jun 11 17:11:12.670573 np0000002651 nova-scheduler[95730]: INFO nova.service [-] Starting scheduler node (version 33.1.0)
Jun 11 17:11:12.670755 np0000002651 nova-scheduler[95732]: INFO dbcounter [None req-e759adbb-fd0a-4adf-ab15-25ec52902b29 None None] Registered counter for database nova_cell0
Jun 11 17:11:12.670787 np0000002651 nova-scheduler[95730]: INFO dbcounter [None req-e5b2704a-8172-4671-848b-4b5acff5e14a None None] Registered counter for database nova_cell0
Jun 11 17:11:12.683706 np0000002651 nova-scheduler[95728]: DEBUG oslo_db.sqlalchemy.engines [None req-47e88e9c-47f5-4497-a9a9-2ac178f4c47e None None] MySQL server mode set to STRICT_TRANS_TABLES,STRICT_ALL_TABLES,NO_ZERO_IN_DATE,NO_ZERO_DATE,ERROR_FOR_DIVISION_BY_ZERO,TRADITIONAL,NO_ENGINE_SUBSTITUTION {{(pid=95728) _check_effective_sql_mode /opt/stack/data/venv/lib/python3.12/site-packages/oslo_db/sqlalchemy/engines.py:325}}
Jun 11 17:11:12.694890 np0000002651 nova-scheduler[95728]: DEBUG dbcounter [-] [95728] Writer thread running {{(pid=95728) stat_writer /opt/stack/data/venv/lib/python3.12/site-packages/dbcounter.py:102}}
Jun 11 17:11:12.706096 np0000002651 nova-scheduler[95732]: DEBUG oslo_db.sqlalchemy.engines [None req-e759adbb-fd0a-4adf-ab15-25ec52902b29 None None] MySQL server mode set to STRICT_TRANS_TABLES,STRICT_ALL_TABLES,NO_ZERO_IN_DATE,NO_ZERO_DATE,ERROR_FOR_DIVISION_BY_ZERO,TRADITIONAL,NO_ENGINE_SUBSTITUTION {{(pid=95732) _check_effective_sql_mode /opt/stack/data/venv/lib/python3.12/site-packages/oslo_db/sqlalchemy/engines.py:325}}
Jun 11 17:11:12.711951 np0000002651 nova-scheduler[95728]: DEBUG nova.service [None req-47e88e9c-47f5-4497-a9a9-2ac178f4c47e None None] Creating RPC server for service: nova-scheduler on topic: scheduler {{(pid=95728) start /opt/stack/nova/nova/service.py:196}}
Jun 11 17:11:12.718076 np0000002651 nova-scheduler[95732]: DEBUG dbcounter [-] [95732] Writer thread running {{(pid=95732) stat_writer /opt/stack/data/venv/lib/python3.12/site-packages/dbcounter.py:102}}
Jun 11 17:11:12.721557 np0000002651 nova-scheduler[95730]: DEBUG oslo_db.sqlalchemy.engines [None req-e5b2704a-8172-4671-848b-4b5acff5e14a None None] MySQL server mode set to STRICT_TRANS_TABLES,STRICT_ALL_TABLES,NO_ZERO_IN_DATE,NO_ZERO_DATE,ERROR_FOR_DIVISION_BY_ZERO,TRADITIONAL,NO_ENGINE_SUBSTITUTION {{(pid=95730) _check_effective_sql_mode /opt/stack/data/venv/lib/python3.12/site-packages/oslo_db/sqlalchemy/engines.py:325}}
Jun 11 17:11:12.722343 np0000002651 nova-scheduler[95732]: DEBUG nova.service [None req-e759adbb-fd0a-4adf-ab15-25ec52902b29 None None] Creating RPC server for service: nova-scheduler on topic: scheduler {{(pid=95732) start /opt/stack/nova/nova/service.py:196}}
Jun 11 17:11:12.737904 np0000002651 nova-scheduler[95730]: DEBUG dbcounter [-] [95730] Writer thread running {{(pid=95730) stat_writer /opt/stack/data/venv/lib/python3.12/site-packages/dbcounter.py:102}}
Jun 11 17:11:12.743778 np0000002651 nova-scheduler[95730]: DEBUG nova.service [None req-e5b2704a-8172-4671-848b-4b5acff5e14a None None] Creating RPC server for service: nova-scheduler on topic: scheduler {{(pid=95730) start /opt/stack/nova/nova/service.py:196}}
Jun 11 17:11:12.749766 np0000002651 nova-scheduler[95728]: DEBUG nova.service [None req-47e88e9c-47f5-4497-a9a9-2ac178f4c47e None None] Join ServiceGroup membership for this service scheduler {{(pid=95728) start /opt/stack/nova/nova/service.py:222}}
Jun 11 17:11:12.749900 np0000002651 nova-scheduler[95732]: DEBUG nova.service [None req-e759adbb-fd0a-4adf-ab15-25ec52902b29 None None] Join ServiceGroup membership for this service scheduler {{(pid=95732) start /opt/stack/nova/nova/service.py:222}}
Jun 11 17:11:12.750066 np0000002651 nova-scheduler[95732]: DEBUG nova.servicegroup.drivers.db [None req-e759adbb-fd0a-4adf-ab15-25ec52902b29 None None] DB_Driver: join new ServiceGroup member np0000002651 to the scheduler group, service = {{(pid=95732) join /opt/stack/nova/nova/servicegroup/drivers/db.py:44}}
Jun 11 17:11:12.750161 np0000002651 nova-scheduler[95728]: DEBUG nova.servicegroup.drivers.db [None req-47e88e9c-47f5-4497-a9a9-2ac178f4c47e None None] DB_Driver: join new ServiceGroup member np0000002651 to the scheduler group, service = {{(pid=95728) join /opt/stack/nova/nova/servicegroup/drivers/db.py:44}}
Jun 11 17:11:12.763638 np0000002651 nova-scheduler[95730]: DEBUG nova.service [None req-e5b2704a-8172-4671-848b-4b5acff5e14a None None] Join ServiceGroup membership for this service scheduler {{(pid=95730) start /opt/stack/nova/nova/service.py:222}}
Jun 11 17:11:12.763938 np0000002651 nova-scheduler[95730]: DEBUG nova.servicegroup.drivers.db [None req-e5b2704a-8172-4671-848b-4b5acff5e14a None None] DB_Driver: join new ServiceGroup member np0000002651 to the scheduler group, service = {{(pid=95730) join /opt/stack/nova/nova/servicegroup/drivers/db.py:44}}
Jun 11 17:11:17.778432 np0000002651 nova-scheduler[95728]: DEBUG oslo.service.backend._threading.loopingcall [-] Fixed interval looping call 'nova.servicegroup.drivers.db.DbDriver._report_state' sleeping for 119.97 seconds {{(pid=95728) _run_loop /opt/stack/data/venv/lib/python3.12/site-packages/oslo_service/backend/_threading/loopingcall.py:125}}
Jun 11 17:11:17.778918 np0000002651 nova-scheduler[95732]: DEBUG oslo.service.backend._threading.loopingcall [-] Fixed interval looping call 'nova.servicegroup.drivers.db.DbDriver._report_state' sleeping for 119.98 seconds {{(pid=95732) _run_loop /opt/stack/data/venv/lib/python3.12/site-packages/oslo_service/backend/_threading/loopingcall.py:125}}
Jun 11 17:11:17.788362 np0000002651 nova-scheduler[95730]: DEBUG oslo.service.backend._threading.loopingcall [-] Fixed interval looping call 'nova.servicegroup.drivers.db.DbDriver._report_state' sleeping for 119.98 seconds {{(pid=95730) _run_loop /opt/stack/data/venv/lib/python3.12/site-packages/oslo_service/backend/_threading/loopingcall.py:125}}
Jun 11 17:11:21.247105 np0000002651 nova-scheduler[94532]: DEBUG dbcounter [-] [94532] Writing DB stats nova_api:SELECT=3 {{(pid=94532) stat_writer /opt/stack/data/venv/lib/python3.12/site-packages/dbcounter.py:115}}
Jun 11 17:11:21.383386 np0000002651 nova-scheduler[94532]: DEBUG dbcounter [-] [94532] Writing DB stats nova_cell0:SELECT=1 {{(pid=94532) stat_writer /opt/stack/data/venv/lib/python3.12/site-packages/dbcounter.py:115}}
Jun 11 17:11:21.388970 np0000002651 nova-scheduler[94532]: DEBUG dbcounter [-] [94532] Writing DB stats nova_cell1:SELECT=1 {{(pid=94532) stat_writer /opt/stack/data/venv/lib/python3.12/site-packages/dbcounter.py:115}}
Jun 11 17:11:22.753091 np0000002651 nova-scheduler[95732]: DEBUG oslo.service.backend._threading.loopingcall [None req-0e1f326f-b246-4155-9dab-a21d8852b54b None None] Dynamic interval looping call 'nova.service.Service.periodic_tasks' sleeping for 60.00 seconds {{(pid=95732) _run_loop /opt/stack/data/venv/lib/python3.12/site-packages/oslo_service/backend/_threading/loopingcall.py:125}}
Jun 11 17:11:25.769387 np0000002651 nova-scheduler[95730]: DEBUG oslo.service.backend._threading.loopingcall [None req-57cdaf1d-dfa2-401c-bcc2-7233bf6d2c53 None None] Dynamic interval looping call 'nova.service.Service.periodic_tasks' sleeping for 60.00 seconds {{(pid=95730) _run_loop /opt/stack/data/venv/lib/python3.12/site-packages/oslo_service/backend/_threading/loopingcall.py:125}}
Jun 11 17:11:27.769185 np0000002651 nova-scheduler[95728]: DEBUG dbcounter [-] [95728] Writing DB stats nova_cell0:SELECT=4,nova_cell0:INSERT=1,nova_cell0:UPDATE=1 {{(pid=95728) stat_writer /opt/stack/data/venv/lib/python3.12/site-packages/dbcounter.py:115}}
Jun 11 17:11:27.773668 np0000002651 nova-scheduler[95732]: DEBUG dbcounter [-] [95732] Writing DB stats nova_cell0:SELECT=3,nova_cell0:UPDATE=1 {{(pid=95732) stat_writer /opt/stack/data/venv/lib/python3.12/site-packages/dbcounter.py:115}}
Jun 11 17:11:27.779648 np0000002651 nova-scheduler[95730]: DEBUG dbcounter [-] [95730] Writing DB stats nova_cell0:SELECT=3 {{(pid=95730) stat_writer /opt/stack/data/venv/lib/python3.12/site-packages/dbcounter.py:115}}
Jun 11 17:11:28.752712 np0000002651 nova-scheduler[95728]: DEBUG oslo.service.backend._threading.loopingcall [None req-a3125c8b-6083-4705-858c-31bf7af639f3 None None] Dynamic interval looping call 'nova.service.Service.periodic_tasks' sleeping for 60.00 seconds {{(pid=95728) _run_loop /opt/stack/data/venv/lib/python3.12/site-packages/oslo_service/backend/_threading/loopingcall.py:125}}
Jun 11 17:12:22.753516 np0000002651 nova-scheduler[95732]: DEBUG oslo.service.backend._threading.loopingcall [None req-0e1f326f-b246-4155-9dab-a21d8852b54b None None] Dynamic interval looping call 'nova.service.Service.periodic_tasks' sleeping for 60.00 seconds {{(pid=95732) _run_loop /opt/stack/data/venv/lib/python3.12/site-packages/oslo_service/backend/_threading/loopingcall.py:125}}
Jun 11 17:12:25.769910 np0000002651 nova-scheduler[95730]: DEBUG oslo.service.backend._threading.loopingcall [None req-57cdaf1d-dfa2-401c-bcc2-7233bf6d2c53 None None] Dynamic interval looping call 'nova.service.Service.periodic_tasks' sleeping for 60.00 seconds {{(pid=95730) _run_loop /opt/stack/data/venv/lib/python3.12/site-packages/oslo_service/backend/_threading/loopingcall.py:125}}
Jun 11 17:12:28.753252 np0000002651 nova-scheduler[95728]: DEBUG oslo.service.backend._threading.loopingcall [None req-a3125c8b-6083-4705-858c-31bf7af639f3 None None] Dynamic interval looping call 'nova.service.Service.periodic_tasks' sleeping for 60.00 seconds {{(pid=95728) _run_loop /opt/stack/data/venv/lib/python3.12/site-packages/oslo_service/backend/_threading/loopingcall.py:125}}
Jun 11 17:13:17.756915 np0000002651 nova-scheduler[95728]: DEBUG oslo.service.backend._threading.loopingcall [-] Fixed interval looping call 'nova.servicegroup.drivers.db.DbDriver._report_state' sleeping for 119.99 seconds {{(pid=95728) _run_loop /opt/stack/data/venv/lib/python3.12/site-packages/oslo_service/backend/_threading/loopingcall.py:125}}
Jun 11 17:13:17.764848 np0000002651 nova-scheduler[95732]: DEBUG oslo.service.backend._threading.loopingcall [-] Fixed interval looping call 'nova.servicegroup.drivers.db.DbDriver._report_state' sleeping for 120.00 seconds {{(pid=95732) _run_loop /opt/stack/data/venv/lib/python3.12/site-packages/oslo_service/backend/_threading/loopingcall.py:125}}
Jun 11 17:13:17.773239 np0000002651 nova-scheduler[95730]: DEBUG oslo.service.backend._threading.loopingcall [-] Fixed interval looping call 'nova.servicegroup.drivers.db.DbDriver._report_state' sleeping for 120.00 seconds {{(pid=95730) _run_loop /opt/stack/data/venv/lib/python3.12/site-packages/oslo_service/backend/_threading/loopingcall.py:125}}
Jun 11 17:13:22.754024 np0000002651 nova-scheduler[95732]: DEBUG oslo.service.backend._threading.loopingcall [None req-0e1f326f-b246-4155-9dab-a21d8852b54b None None] Dynamic interval looping call 'nova.service.Service.periodic_tasks' sleeping for 60.00 seconds {{(pid=95732) _run_loop /opt/stack/data/venv/lib/python3.12/site-packages/oslo_service/backend/_threading/loopingcall.py:125}}
Jun 11 17:13:25.770431 np0000002651 nova-scheduler[95730]: DEBUG oslo.service.backend._threading.loopingcall [None req-57cdaf1d-dfa2-401c-bcc2-7233bf6d2c53 None None] Dynamic interval looping call 'nova.service.Service.periodic_tasks' sleeping for 60.00 seconds {{(pid=95730) _run_loop /opt/stack/data/venv/lib/python3.12/site-packages/oslo_service/backend/_threading/loopingcall.py:125}}
Jun 11 17:13:27.752955 np0000002651 nova-scheduler[95728]: DEBUG dbcounter [-] [95728] Writing DB stats nova_cell0:SELECT=1,nova_cell0:UPDATE=1 {{(pid=95728) stat_writer /opt/stack/data/venv/lib/python3.12/site-packages/dbcounter.py:115}}
Jun 11 17:13:27.762934 np0000002651 nova-scheduler[95732]: DEBUG dbcounter [-] [95732] Writing DB stats nova_cell0:SELECT=1 {{(pid=95732) stat_writer /opt/stack/data/venv/lib/python3.12/site-packages/dbcounter.py:115}}
Jun 11 17:13:27.770834 np0000002651 nova-scheduler[95730]: DEBUG dbcounter [-] [95730] Writing DB stats nova_cell0:SELECT=1 {{(pid=95730) stat_writer /opt/stack/data/venv/lib/python3.12/site-packages/dbcounter.py:115}}
Jun 11 17:13:28.753752 np0000002651 nova-scheduler[95728]: DEBUG oslo.service.backend._threading.loopingcall [None req-a3125c8b-6083-4705-858c-31bf7af639f3 None None] Dynamic interval looping call 'nova.service.Service.periodic_tasks' sleeping for 60.00 seconds {{(pid=95728) _run_loop /opt/stack/data/venv/lib/python3.12/site-packages/oslo_service/backend/_threading/loopingcall.py:125}}
Jun 11 17:14:02.147681 np0000002651 nova-scheduler[95732]: DEBUG nova.scheduler.manager [None req-eccd232d-1d17-483e-8326-9e42242fb083 tempest-ServerActionsTestOtherB-682318772 tempest-ServerActionsTestOtherB-682318772-project-member] Starting to schedule for instances: ['08278520-e009-47fe-82fa-99d627398950'] {{(pid=95732) select_destinations /opt/stack/nova/nova/scheduler/manager.py:210}}
Jun 11 17:14:02.147681 np0000002651 nova-scheduler[95732]: DEBUG nova.scheduler.request_filter [None req-eccd232d-1d17-483e-8326-9e42242fb083 tempest-ServerActionsTestOtherB-682318772 tempest-ServerActionsTestOtherB-682318772-project-member] compute_status_filter request filter added forbidden trait COMPUTE_STATUS_DISABLED {{(pid=95732) compute_status_filter /opt/stack/nova/nova/scheduler/request_filter.py:253}}
Jun 11 17:14:02.147681 np0000002651 nova-scheduler[95732]: DEBUG nova.scheduler.request_filter [None req-eccd232d-1d17-483e-8326-9e42242fb083 tempest-ServerActionsTestOtherB-682318772 tempest-ServerActionsTestOtherB-682318772-project-member] Request filter 'compute_status_filter' took 0.0 seconds {{(pid=95732) wrapper /opt/stack/nova/nova/scheduler/request_filter.py:46}}
Jun 11 17:14:02.147681 np0000002651 nova-scheduler[95732]: DEBUG nova.scheduler.request_filter [None req-eccd232d-1d17-483e-8326-9e42242fb083 tempest-ServerActionsTestOtherB-682318772 tempest-ServerActionsTestOtherB-682318772-project-member] Request filter 'accelerators_filter' took 0.0 seconds {{(pid=95732) wrapper /opt/stack/nova/nova/scheduler/request_filter.py:46}}
Jun 11 17:14:02.147681 np0000002651 nova-scheduler[95732]: DEBUG nova.scheduler.request_filter [None req-eccd232d-1d17-483e-8326-9e42242fb083 tempest-ServerActionsTestOtherB-682318772 tempest-ServerActionsTestOtherB-682318772-project-member] Request filter 'packed_virtqueue_filter' took 0.0 seconds {{(pid=95732) wrapper /opt/stack/nova/nova/scheduler/request_filter.py:46}}
Jun 11 17:14:02.148188 np0000002651 nova-scheduler[95732]: DEBUG nova.scheduler.request_filter [None req-eccd232d-1d17-483e-8326-9e42242fb083 tempest-ServerActionsTestOtherB-682318772 tempest-ServerActionsTestOtherB-682318772-project-member] Request filter 'remote_managed_ports_filter' took 0.0 seconds {{(pid=95732) wrapper /opt/stack/nova/nova/scheduler/request_filter.py:46}}
Jun 11 17:14:02.148188 np0000002651 nova-scheduler[95732]: DEBUG nova.scheduler.request_filter [None req-eccd232d-1d17-483e-8326-9e42242fb083 tempest-ServerActionsTestOtherB-682318772 tempest-ServerActionsTestOtherB-682318772-project-member] ephemeral_encryption_filter skipped {{(pid=95732) ephemeral_encryption_filter /opt/stack/nova/nova/scheduler/request_filter.py:426}}
Jun 11 17:14:02.148188 np0000002651 nova-scheduler[95732]: DEBUG nova.scheduler.request_filter [None req-eccd232d-1d17-483e-8326-9e42242fb083 tempest-ServerActionsTestOtherB-682318772 tempest-ServerActionsTestOtherB-682318772-project-member] virtio_sound_filter skipped {{(pid=95732) virtio_sound_filter /opt/stack/nova/nova/scheduler/request_filter.py:460}}
Jun 11 17:14:02.148188 np0000002651 nova-scheduler[95732]: DEBUG nova.scheduler.request_filter [None req-eccd232d-1d17-483e-8326-9e42242fb083 tempest-ServerActionsTestOtherB-682318772 tempest-ServerActionsTestOtherB-682318772-project-member] tpm_secret_security_filter skipped {{(pid=95732) tpm_secret_security_filter /opt/stack/nova/nova/scheduler/request_filter.py:477}}
Jun 11 17:14:02.840296 np0000002651 nova-scheduler[95732]: INFO nova.utils [None req-eccd232d-1d17-483e-8326-9e42242fb083 tempest-ServerActionsTestOtherB-682318772 tempest-ServerActionsTestOtherB-682318772-project-member] The cell worker thread pool ForkProcess-3.cell_worker is initialized
Jun 11 17:14:02.840702 np0000002651 nova-scheduler[95732]: DEBUG oslo_concurrency.lockutils [None req-eccd232d-1d17-483e-8326-9e42242fb083 tempest-ServerActionsTestOtherB-682318772 tempest-ServerActionsTestOtherB-682318772-project-member] Acquiring lock "473a7d36-67d0-497c-bf4b-aeda9f718ce2" by "nova.context.set_target_cell..get_or_set_cached_cell_and_set_connections" {{(pid=95732) inner /opt/stack/data/venv/lib/python3.12/site-packages/oslo_concurrency/lockutils.py:511}}
Jun 11 17:14:02.840966 np0000002651 nova-scheduler[95732]: DEBUG oslo_concurrency.lockutils [None req-eccd232d-1d17-483e-8326-9e42242fb083 tempest-ServerActionsTestOtherB-682318772 tempest-ServerActionsTestOtherB-682318772-project-member] Lock "473a7d36-67d0-497c-bf4b-aeda9f718ce2" acquired by "nova.context.set_target_cell..get_or_set_cached_cell_and_set_connections" :: waited 0.000s {{(pid=95732) inner /opt/stack/data/venv/lib/python3.12/site-packages/oslo_concurrency/lockutils.py:524}}
Jun 11 17:14:02.842517 np0000002651 nova-scheduler[95732]: DEBUG oslo_concurrency.lockutils [None req-eccd232d-1d17-483e-8326-9e42242fb083 tempest-ServerActionsTestOtherB-682318772 tempest-ServerActionsTestOtherB-682318772-project-member] Lock "473a7d36-67d0-497c-bf4b-aeda9f718ce2" "released" by "nova.context.set_target_cell..get_or_set_cached_cell_and_set_connections" :: held 0.002s {{(pid=95732) inner /opt/stack/data/venv/lib/python3.12/site-packages/oslo_concurrency/lockutils.py:543}}
Jun 11 17:14:02.844520 np0000002651 nova-scheduler[95732]: INFO dbcounter [None req-eccd232d-1d17-483e-8326-9e42242fb083 tempest-ServerActionsTestOtherB-682318772 tempest-ServerActionsTestOtherB-682318772-project-member] Registered counter for database nova_cell1
Jun 11 17:14:02.896157 np0000002651 nova-scheduler[95732]: DEBUG oslo_db.sqlalchemy.engines [None req-eccd232d-1d17-483e-8326-9e42242fb083 tempest-ServerActionsTestOtherB-682318772 tempest-ServerActionsTestOtherB-682318772-project-member] MySQL server mode set to STRICT_TRANS_TABLES,STRICT_ALL_TABLES,NO_ZERO_IN_DATE,NO_ZERO_DATE,ERROR_FOR_DIVISION_BY_ZERO,TRADITIONAL,NO_ENGINE_SUBSTITUTION {{(pid=95732) _check_effective_sql_mode /opt/stack/data/venv/lib/python3.12/site-packages/oslo_db/sqlalchemy/engines.py:325}}
Jun 11 17:14:02.904122 np0000002651 nova-scheduler[95732]: DEBUG dbcounter [-] [95732] Writer thread running {{(pid=95732) stat_writer /opt/stack/data/venv/lib/python3.12/site-packages/dbcounter.py:102}}
Jun 11 17:14:02.925331 np0000002651 nova-scheduler[95732]: DEBUG oslo_db.sqlalchemy.engines [None req-eccd232d-1d17-483e-8326-9e42242fb083 tempest-ServerActionsTestOtherB-682318772 tempest-ServerActionsTestOtherB-682318772-project-member] Parent process 94532 forked (95732) with an open database connection, which is being discarded and recreated. {{(pid=95732) checkout /opt/stack/data/venv/lib/python3.12/site-packages/oslo_db/sqlalchemy/engines.py:402}}
Jun 11 17:14:02.971214 np0000002651 nova-scheduler[95732]: DEBUG dbcounter [-] [95732] Writer thread running {{(pid=95732) stat_writer /opt/stack/data/venv/lib/python3.12/site-packages/dbcounter.py:102}}
Jun 11 17:14:02.976549 np0000002651 nova-scheduler[95732]: DEBUG oslo_concurrency.lockutils [None req-eccd232d-1d17-483e-8326-9e42242fb083 tempest-ServerActionsTestOtherB-682318772 tempest-ServerActionsTestOtherB-682318772-project-member] Acquiring lock "473a7d36-67d0-497c-bf4b-aeda9f718ce2" by "nova.context.set_target_cell..get_or_set_cached_cell_and_set_connections" {{(pid=95732) inner /opt/stack/data/venv/lib/python3.12/site-packages/oslo_concurrency/lockutils.py:511}}
Jun 11 17:14:02.976776 np0000002651 nova-scheduler[95732]: DEBUG oslo_concurrency.lockutils [None req-eccd232d-1d17-483e-8326-9e42242fb083 tempest-ServerActionsTestOtherB-682318772 tempest-ServerActionsTestOtherB-682318772-project-member] Lock "473a7d36-67d0-497c-bf4b-aeda9f718ce2" acquired by "nova.context.set_target_cell..get_or_set_cached_cell_and_set_connections" :: waited 0.000s {{(pid=95732) inner /opt/stack/data/venv/lib/python3.12/site-packages/oslo_concurrency/lockutils.py:524}}
Jun 11 17:14:02.976943 np0000002651 nova-scheduler[95732]: DEBUG oslo_concurrency.lockutils [None req-eccd232d-1d17-483e-8326-9e42242fb083 tempest-ServerActionsTestOtherB-682318772 tempest-ServerActionsTestOtherB-682318772-project-member] Lock "473a7d36-67d0-497c-bf4b-aeda9f718ce2" "released" by "nova.context.set_target_cell..get_or_set_cached_cell_and_set_connections" :: held 0.000s {{(pid=95732) inner /opt/stack/data/venv/lib/python3.12/site-packages/oslo_concurrency/lockutils.py:543}}
Jun 11 17:14:02.980423 np0000002651 nova-scheduler[95732]: DEBUG oslo_concurrency.lockutils [None req-eccd232d-1d17-483e-8326-9e42242fb083 tempest-ServerActionsTestOtherB-682318772 tempest-ServerActionsTestOtherB-682318772-project-member] Acquiring lock "('np0000002651', 'np0000002651')" by "nova.scheduler.host_manager.HostState.update.._locked_update" {{(pid=95732) inner /opt/stack/data/venv/lib/python3.12/site-packages/oslo_concurrency/lockutils.py:511}}
Jun 11 17:14:02.980604 np0000002651 nova-scheduler[95732]: DEBUG oslo_concurrency.lockutils [None req-eccd232d-1d17-483e-8326-9e42242fb083 tempest-ServerActionsTestOtherB-682318772 tempest-ServerActionsTestOtherB-682318772-project-member] Lock "('np0000002651', 'np0000002651')" acquired by "nova.scheduler.host_manager.HostState.update.._locked_update" :: waited 0.000s {{(pid=95732) inner /opt/stack/data/venv/lib/python3.12/site-packages/oslo_concurrency/lockutils.py:524}}
Jun 11 17:14:02.981739 np0000002651 nova-scheduler[95732]: DEBUG nova.scheduler.host_manager [None req-eccd232d-1d17-483e-8326-9e42242fb083 tempest-ServerActionsTestOtherB-682318772 tempest-ServerActionsTestOtherB-682318772-project-member] Update host state from compute node: ComputeNode(cpu_allocation_ratio=4.0,cpu_info='{"arch": "x86_64", "model": "EPYC-Milan", "vendor": "AMD", "topology": {"cells": 1, "sockets": 12, "cores": 1, "threads": 1}, "maxphysaddr": {"mode": "emulate", "bits": 40}, "features": ["sse4.2", "xsaves", "mtrr", "abm", "fxsr", "vgif", "vaes", "cx8", "invpcid", "pdpe1gb", "mmxext", "nx", "clwb", "xsaveopt", "amd-psfd", "fsgsbase", "tsc_adjust", "pschange-mc-no", "lbrv", "de", "ibpb", "rdtscp", "gds-no", "xsaveerptr", "vpclmulqdq", "x2apic", "xsavec", "aes", "movbe", "syscall", "pse36", "stibp", "svme-addr-chk", "osvw", "fma", "rdseed", "vmcb-clean", "amd-ssbd", "ssbd", "clflush", "pse", "clzero", "mce", "msr", "xgetbv1", "vme", "pat", "perfctr_core", "nrip-save", "no-nested-data-bp", "avx", "arch-capabilities", "3dnowprefetch", "rdpid", "fsrm", "mca", "sse2", "sha-ni", "pni", "pause-filter", "wbnoinvd", "pclmuldq", "f16c", "tsc", "v-vmsave-vmload", "popcnt", "bmi2", "clflushopt", "erms", "null-sel-clr-base", "sse4.1", "stibp-always-on", "topoext", "ibrs", "sse4a", "rdctl-no", "avx2", "umip", "pae", "lfence-always-serializing", "skip-l1dfl-vmentry", "tsc-deadline", "pge", "spec-ctrl", "fxsr_opt", "tsc-scale", "apic", "pcid", "cmov", "smep", "lm", "fpu", "hypervisor", "misalignsse", "mds-no", "cr8legacy", "adx", "amd-stibp", "npt", "bmi1", "cx16", "smap", "arat", "flushbyasid", "ssse3", "sse", "xsave", "pfthreshold", "rdrand", "sep", "mmx", "pku", "cmp_legacy", "lahf_lm", "virt-ssbd", "svm"]}',created_at=2026-06-11T17:11:38Z,current_workload=0,deleted=False,deleted_at=None,disk_allocation_ratio=1.0,disk_available_least=74,free_disk_gb=95,free_ram_mb=23518,host='np0000002651',host_ip=10.4.3.79,hypervisor_hostname='np0000002651',hypervisor_type='QEMU',hypervisor_version=8002002,id=1,local_gb=95,local_gb_used=0,mapped=1,memory_mb=24030,memory_mb_used=512,metrics='[]',numa_topology='{"nova_object.name": "NUMATopology", "nova_object.namespace": "nova", "nova_object.version": "1.2", "nova_object.data": {"cells": [{"nova_object.name": "NUMACell", "nova_object.namespace": "nova", "nova_object.version": "1.5", "nova_object.data": {"id": 0, "cpuset": [0, 1, 2, 3, 4, 5, 6, 7, 8, 9, 10, 11], "pcpuset": [0, 1, 2, 3, 4, 5, 6, 7, 8, 9, 10, 11], "memory": 24030, "cpu_usage": 0, "memory_usage": 0, "pinned_cpus": [], "siblings": [[6], [2], [5], [11], [8], [4], [1], [7], [10], [0], [3], [9]], "mempages": [{"nova_object.name": "NUMAPagesTopology", "nova_object.namespace": "nova", "nova_object.version": "1.1", "nova_object.data": {"size_kb": 4, "total": 6151798, "used": 0, "reserved": 0}, "nova_object.changes": ["size_kb", "total", "reserved", "used"]}, {"nova_object.name": "NUMAPagesTopology", "nova_object.namespace": "nova", "nova_object.version": "1.1", "nova_object.data": {"size_kb": 2048, "total": 0, "used": 0, "reserved": 0}, "nova_object.changes": ["size_kb", "total", "reserved", "used"]}, {"nova_object.name": "NUMAPagesTopology", "nova_object.namespace": "nova", "nova_object.version": "1.1", "nova_object.data": {"size_kb": 1048576, "total": 0, "used": 0, "reserved": 0}, "nova_object.changes": ["size_kb", "total", "reserved", "used"]}], "network_metadata": {"nova_object.name": "NetworkMetadata", "nova_object.namespace": "nova", "nova_object.version": "1.0", "nova_object.data": {"physnets": [], "tunneled": false}, "nova_object.changes": ["physnets", "tunneled"]}, "socket": null}, "nova_object.changes": ["memory_usage", "pinned_cpus", "cpuset", "socket", "cpu_usage", "id", "mempages", "network_metadata", "memory", "siblings", "pcpuset"]}]}, "nova_object.changes": ["cells"]}',pci_device_pools=PciDevicePoolList,ram_allocation_ratio=1.0,running_vms=0,service_id=3,stats={failed_builds='0',uptime=' 17:13:23 up 25 min, 2 users, load average: 1.32, 1.32, 0.80
Jun 11 17:14:02.981739 np0000002651 nova-scheduler[95732]: '},supported_hv_specs=[HVSpec,HVSpec,HVSpec,HVSpec,HVSpec,HVSpec,HVSpec,HVSpec,HVSpec,HVSpec,HVSpec,HVSpec,HVSpec,HVSpec,HVSpec,HVSpec,HVSpec,HVSpec,HVSpec,HVSpec,HVSpec,HVSpec,HVSpec,HVSpec,HVSpec],updated_at=2026-06-11T17:13:26Z,uuid=b9425811-9416-4265-b57a-dabb45c1aa3b,vcpus=12,vcpus_used=0) {{(pid=95732) _locked_update /opt/stack/nova/nova/scheduler/host_manager.py:168}}
Jun 11 17:14:02.982466 np0000002651 nova-scheduler[95732]: DEBUG nova.scheduler.host_manager [None req-eccd232d-1d17-483e-8326-9e42242fb083 tempest-ServerActionsTestOtherB-682318772 tempest-ServerActionsTestOtherB-682318772-project-member] Update host state with aggregates: [] {{(pid=95732) _locked_update /opt/stack/nova/nova/scheduler/host_manager.py:171}}
Jun 11 17:14:02.982562 np0000002651 nova-scheduler[95732]: DEBUG nova.scheduler.host_manager [None req-eccd232d-1d17-483e-8326-9e42242fb083 tempest-ServerActionsTestOtherB-682318772 tempest-ServerActionsTestOtherB-682318772-project-member] Update host state with service dict: {'id': 3, 'uuid': '95d3b3ae-1ccd-4355-b433-a392c801fae1', 'host': 'np0000002651', 'binary': 'nova-compute', 'topic': 'compute', 'report_count': 2, 'disabled': False, 'disabled_reason': None, 'last_seen_up': datetime.datetime(2026, 6, 11, 17, 13, 46, tzinfo=datetime.timezone.utc), 'forced_down': False, 'version': 72, 'created_at': datetime.datetime(2026, 6, 11, 17, 11, 36, tzinfo=datetime.timezone.utc), 'updated_at': datetime.datetime(2026, 6, 11, 17, 13, 46, tzinfo=datetime.timezone.utc), 'deleted_at': None, 'deleted': False} {{(pid=95732) _locked_update /opt/stack/nova/nova/scheduler/host_manager.py:174}}
Jun 11 17:14:02.982729 np0000002651 nova-scheduler[95732]: DEBUG nova.scheduler.host_manager [None req-eccd232d-1d17-483e-8326-9e42242fb083 tempest-ServerActionsTestOtherB-682318772 tempest-ServerActionsTestOtherB-682318772-project-member] Update host state with instances: [] {{(pid=95732) _locked_update /opt/stack/nova/nova/scheduler/host_manager.py:177}}
Jun 11 17:14:02.982873 np0000002651 nova-scheduler[95732]: DEBUG oslo_concurrency.lockutils [None req-eccd232d-1d17-483e-8326-9e42242fb083 tempest-ServerActionsTestOtherB-682318772 tempest-ServerActionsTestOtherB-682318772-project-member] Lock "('np0000002651', 'np0000002651')" "released" by "nova.scheduler.host_manager.HostState.update.._locked_update" :: held 0.002s {{(pid=95732) inner /opt/stack/data/venv/lib/python3.12/site-packages/oslo_concurrency/lockutils.py:543}}
Jun 11 17:14:02.983403 np0000002651 nova-scheduler[95732]: DEBUG nova.filters [None req-eccd232d-1d17-483e-8326-9e42242fb083 tempest-ServerActionsTestOtherB-682318772 tempest-ServerActionsTestOtherB-682318772-project-member] Starting with 1 host(s) {{(pid=95732) get_filtered_objects /opt/stack/nova/nova/filters.py:70}}
Jun 11 17:14:02.983674 np0000002651 nova-scheduler[95732]: DEBUG nova.filters [None req-eccd232d-1d17-483e-8326-9e42242fb083 tempest-ServerActionsTestOtherB-682318772 tempest-ServerActionsTestOtherB-682318772-project-member] Filter ComputeFilter returned 1 host(s) {{(pid=95732) get_filtered_objects /opt/stack/nova/nova/filters.py:102}}
Jun 11 17:14:02.983871 np0000002651 nova-scheduler[95732]: DEBUG nova.filters [None req-eccd232d-1d17-483e-8326-9e42242fb083 tempest-ServerActionsTestOtherB-682318772 tempest-ServerActionsTestOtherB-682318772-project-member] Filter ComputeCapabilitiesFilter returned 1 host(s) {{(pid=95732) get_filtered_objects /opt/stack/nova/nova/filters.py:102}}
Jun 11 17:14:02.984123 np0000002651 nova-scheduler[95732]: DEBUG nova.filters [None req-eccd232d-1d17-483e-8326-9e42242fb083 tempest-ServerActionsTestOtherB-682318772 tempest-ServerActionsTestOtherB-682318772-project-member] Filter ImagePropertiesFilter returned 1 host(s) {{(pid=95732) get_filtered_objects /opt/stack/nova/nova/filters.py:102}}
Jun 11 17:14:02.984248 np0000002651 nova-scheduler[95732]: DEBUG nova.filters [None req-eccd232d-1d17-483e-8326-9e42242fb083 tempest-ServerActionsTestOtherB-682318772 tempest-ServerActionsTestOtherB-682318772-project-member] Filter ServerGroupAntiAffinityFilter returned 1 host(s) {{(pid=95732) get_filtered_objects /opt/stack/nova/nova/filters.py:102}}
Jun 11 17:14:02.984394 np0000002651 nova-scheduler[95732]: DEBUG nova.filters [None req-eccd232d-1d17-483e-8326-9e42242fb083 tempest-ServerActionsTestOtherB-682318772 tempest-ServerActionsTestOtherB-682318772-project-member] Filter ServerGroupAffinityFilter returned 1 host(s) {{(pid=95732) get_filtered_objects /opt/stack/nova/nova/filters.py:102}}
Jun 11 17:14:02.984634 np0000002651 nova-scheduler[95732]: DEBUG nova.filters [None req-eccd232d-1d17-483e-8326-9e42242fb083 tempest-ServerActionsTestOtherB-682318772 tempest-ServerActionsTestOtherB-682318772-project-member] Filter SameHostFilter returned 1 host(s) {{(pid=95732) get_filtered_objects /opt/stack/nova/nova/filters.py:102}}
Jun 11 17:14:02.984634 np0000002651 nova-scheduler[95732]: DEBUG nova.filters [None req-eccd232d-1d17-483e-8326-9e42242fb083 tempest-ServerActionsTestOtherB-682318772 tempest-ServerActionsTestOtherB-682318772-project-member] Filter DifferentHostFilter returned 1 host(s) {{(pid=95732) get_filtered_objects /opt/stack/nova/nova/filters.py:102}}
Jun 11 17:14:02.984824 np0000002651 nova-scheduler[95732]: DEBUG nova.scheduler.manager [None req-eccd232d-1d17-483e-8326-9e42242fb083 tempest-ServerActionsTestOtherB-682318772 tempest-ServerActionsTestOtherB-682318772-project-member] Filtered [(np0000002651, np0000002651) ram: 23518MB disk: 75776MB io_ops: 0 instances: 0, allocation_candidates: 1] {{(pid=95732) _get_sorted_hosts /opt/stack/nova/nova/scheduler/manager.py:743}}
Jun 11 17:14:02.985049 np0000002651 nova-scheduler[95732]: DEBUG nova.scheduler.manager [None req-eccd232d-1d17-483e-8326-9e42242fb083 tempest-ServerActionsTestOtherB-682318772 tempest-ServerActionsTestOtherB-682318772-project-member] Weighed [WeighedHost [host: (np0000002651, np0000002651) ram: 23518MB disk: 75776MB io_ops: 0 instances: 0, allocation_candidates: 1, weight: 0.0]] {{(pid=95732) _get_sorted_hosts /opt/stack/nova/nova/scheduler/manager.py:765}}
Jun 11 17:14:02.985238 np0000002651 nova-scheduler[95732]: DEBUG nova.scheduler.utils [None req-eccd232d-1d17-483e-8326-9e42242fb083 tempest-ServerActionsTestOtherB-682318772 tempest-ServerActionsTestOtherB-682318772-project-member] Attempting to claim resources in the placement API for instance 08278520-e009-47fe-82fa-99d627398950 {{(pid=95732) claim_resources /opt/stack/nova/nova/scheduler/utils.py:1345}}
Jun 11 17:14:03.151551 np0000002651 nova-scheduler[95732]: DEBUG nova.scheduler.manager [None req-eccd232d-1d17-483e-8326-9e42242fb083 tempest-ServerActionsTestOtherB-682318772 tempest-ServerActionsTestOtherB-682318772-project-member] [instance: 08278520-e009-47fe-82fa-99d627398950] Selected host: (np0000002651, np0000002651) ram: 23518MB disk: 75776MB io_ops: 0 instances: 0, allocation_candidates: 1 {{(pid=95732) _consume_selected_host /opt/stack/nova/nova/scheduler/manager.py:625}}
Jun 11 17:14:03.152053 np0000002651 nova-scheduler[95732]: DEBUG oslo_concurrency.lockutils [None req-eccd232d-1d17-483e-8326-9e42242fb083 tempest-ServerActionsTestOtherB-682318772 tempest-ServerActionsTestOtherB-682318772-project-member] Acquiring lock "('np0000002651', 'np0000002651')" by "nova.scheduler.host_manager.HostState.consume_from_request.._locked" {{(pid=95732) inner /opt/stack/data/venv/lib/python3.12/site-packages/oslo_concurrency/lockutils.py:511}}
Jun 11 17:14:03.152053 np0000002651 nova-scheduler[95732]: DEBUG oslo_concurrency.lockutils [None req-eccd232d-1d17-483e-8326-9e42242fb083 tempest-ServerActionsTestOtherB-682318772 tempest-ServerActionsTestOtherB-682318772-project-member] Lock "('np0000002651', 'np0000002651')" acquired by "nova.scheduler.host_manager.HostState.consume_from_request.._locked" :: waited 0.000s {{(pid=95732) inner /opt/stack/data/venv/lib/python3.12/site-packages/oslo_concurrency/lockutils.py:524}}
Jun 11 17:14:03.152706 np0000002651 nova-scheduler[95732]: DEBUG oslo_concurrency.lockutils [None req-eccd232d-1d17-483e-8326-9e42242fb083 tempest-ServerActionsTestOtherB-682318772 tempest-ServerActionsTestOtherB-682318772-project-member] Lock "('np0000002651', 'np0000002651')" "released" by "nova.scheduler.host_manager.HostState.consume_from_request.._locked" :: held 0.000s {{(pid=95732) inner /opt/stack/data/venv/lib/python3.12/site-packages/oslo_concurrency/lockutils.py:543}}
Jun 11 17:14:04.163877 np0000002651 nova-scheduler[95728]: DEBUG nova.scheduler.manager [None req-66cdf1a9-64c8-4645-9a2e-8abf0b0f12e7 tempest-ServerActionsTestOtherA-551270047 tempest-ServerActionsTestOtherA-551270047-project-member] Starting to schedule for instances: ['461adb44-4fa7-4fcb-902b-acfe716b67ea'] {{(pid=95728) select_destinations /opt/stack/nova/nova/scheduler/manager.py:210}}
Jun 11 17:14:04.165034 np0000002651 nova-scheduler[95728]: DEBUG nova.scheduler.request_filter [None req-66cdf1a9-64c8-4645-9a2e-8abf0b0f12e7 tempest-ServerActionsTestOtherA-551270047 tempest-ServerActionsTestOtherA-551270047-project-member] compute_status_filter request filter added forbidden trait COMPUTE_STATUS_DISABLED {{(pid=95728) compute_status_filter /opt/stack/nova/nova/scheduler/request_filter.py:253}}
Jun 11 17:14:04.165282 np0000002651 nova-scheduler[95728]: DEBUG nova.scheduler.request_filter [None req-66cdf1a9-64c8-4645-9a2e-8abf0b0f12e7 tempest-ServerActionsTestOtherA-551270047 tempest-ServerActionsTestOtherA-551270047-project-member] Request filter 'compute_status_filter' took 0.0 seconds {{(pid=95728) wrapper /opt/stack/nova/nova/scheduler/request_filter.py:46}}
Jun 11 17:14:04.165648 np0000002651 nova-scheduler[95728]: DEBUG nova.scheduler.request_filter [None req-66cdf1a9-64c8-4645-9a2e-8abf0b0f12e7 tempest-ServerActionsTestOtherA-551270047 tempest-ServerActionsTestOtherA-551270047-project-member] Request filter 'accelerators_filter' took 0.0 seconds {{(pid=95728) wrapper /opt/stack/nova/nova/scheduler/request_filter.py:46}}
Jun 11 17:14:04.165878 np0000002651 nova-scheduler[95728]: DEBUG nova.scheduler.request_filter [None req-66cdf1a9-64c8-4645-9a2e-8abf0b0f12e7 tempest-ServerActionsTestOtherA-551270047 tempest-ServerActionsTestOtherA-551270047-project-member] Request filter 'packed_virtqueue_filter' took 0.0 seconds {{(pid=95728) wrapper /opt/stack/nova/nova/scheduler/request_filter.py:46}}
Jun 11 17:14:04.166218 np0000002651 nova-scheduler[95728]: DEBUG nova.scheduler.request_filter [None req-66cdf1a9-64c8-4645-9a2e-8abf0b0f12e7 tempest-ServerActionsTestOtherA-551270047 tempest-ServerActionsTestOtherA-551270047-project-member] Request filter 'remote_managed_ports_filter' took 0.0 seconds {{(pid=95728) wrapper /opt/stack/nova/nova/scheduler/request_filter.py:46}}
Jun 11 17:14:04.166454 np0000002651 nova-scheduler[95728]: DEBUG nova.scheduler.request_filter [None req-66cdf1a9-64c8-4645-9a2e-8abf0b0f12e7 tempest-ServerActionsTestOtherA-551270047 tempest-ServerActionsTestOtherA-551270047-project-member] ephemeral_encryption_filter skipped {{(pid=95728) ephemeral_encryption_filter /opt/stack/nova/nova/scheduler/request_filter.py:426}}
Jun 11 17:14:04.166580 np0000002651 nova-scheduler[95728]: DEBUG nova.scheduler.request_filter [None req-66cdf1a9-64c8-4645-9a2e-8abf0b0f12e7 tempest-ServerActionsTestOtherA-551270047 tempest-ServerActionsTestOtherA-551270047-project-member] virtio_sound_filter skipped {{(pid=95728) virtio_sound_filter /opt/stack/nova/nova/scheduler/request_filter.py:460}}
Jun 11 17:14:04.166742 np0000002651 nova-scheduler[95728]: DEBUG nova.scheduler.request_filter [None req-66cdf1a9-64c8-4645-9a2e-8abf0b0f12e7 tempest-ServerActionsTestOtherA-551270047 tempest-ServerActionsTestOtherA-551270047-project-member] tpm_secret_security_filter skipped {{(pid=95728) tpm_secret_security_filter /opt/stack/nova/nova/scheduler/request_filter.py:477}}
Jun 11 17:14:04.271999 np0000002651 nova-scheduler[95728]: INFO nova.utils [None req-66cdf1a9-64c8-4645-9a2e-8abf0b0f12e7 tempest-ServerActionsTestOtherA-551270047 tempest-ServerActionsTestOtherA-551270047-project-member] The cell worker thread pool ForkProcess-1.cell_worker is initialized
Jun 11 17:14:04.272421 np0000002651 nova-scheduler[95728]: DEBUG oslo_concurrency.lockutils [None req-66cdf1a9-64c8-4645-9a2e-8abf0b0f12e7 tempest-ServerActionsTestOtherA-551270047 tempest-ServerActionsTestOtherA-551270047-project-member] Acquiring lock "473a7d36-67d0-497c-bf4b-aeda9f718ce2" by "nova.context.set_target_cell..get_or_set_cached_cell_and_set_connections" {{(pid=95728) inner /opt/stack/data/venv/lib/python3.12/site-packages/oslo_concurrency/lockutils.py:511}}
Jun 11 17:14:04.272646 np0000002651 nova-scheduler[95728]: DEBUG oslo_concurrency.lockutils [None req-66cdf1a9-64c8-4645-9a2e-8abf0b0f12e7 tempest-ServerActionsTestOtherA-551270047 tempest-ServerActionsTestOtherA-551270047-project-member] Lock "473a7d36-67d0-497c-bf4b-aeda9f718ce2" acquired by "nova.context.set_target_cell..get_or_set_cached_cell_and_set_connections" :: waited 0.000s {{(pid=95728) inner /opt/stack/data/venv/lib/python3.12/site-packages/oslo_concurrency/lockutils.py:524}}
Jun 11 17:14:04.274254 np0000002651 nova-scheduler[95728]: DEBUG oslo_concurrency.lockutils [None req-66cdf1a9-64c8-4645-9a2e-8abf0b0f12e7 tempest-ServerActionsTestOtherA-551270047 tempest-ServerActionsTestOtherA-551270047-project-member] Lock "473a7d36-67d0-497c-bf4b-aeda9f718ce2" "released" by "nova.context.set_target_cell..get_or_set_cached_cell_and_set_connections" :: held 0.002s {{(pid=95728) inner /opt/stack/data/venv/lib/python3.12/site-packages/oslo_concurrency/lockutils.py:543}}
Jun 11 17:14:04.280170 np0000002651 nova-scheduler[95728]: INFO dbcounter [None req-66cdf1a9-64c8-4645-9a2e-8abf0b0f12e7 tempest-ServerActionsTestOtherA-551270047 tempest-ServerActionsTestOtherA-551270047-project-member] Registered counter for database nova_cell1
Jun 11 17:14:04.334804 np0000002651 nova-scheduler[95728]: DEBUG oslo_db.sqlalchemy.engines [None req-66cdf1a9-64c8-4645-9a2e-8abf0b0f12e7 tempest-ServerActionsTestOtherA-551270047 tempest-ServerActionsTestOtherA-551270047-project-member] MySQL server mode set to STRICT_TRANS_TABLES,STRICT_ALL_TABLES,NO_ZERO_IN_DATE,NO_ZERO_DATE,ERROR_FOR_DIVISION_BY_ZERO,TRADITIONAL,NO_ENGINE_SUBSTITUTION {{(pid=95728) _check_effective_sql_mode /opt/stack/data/venv/lib/python3.12/site-packages/oslo_db/sqlalchemy/engines.py:325}}
Jun 11 17:14:04.340720 np0000002651 nova-scheduler[95728]: DEBUG dbcounter [-] [95728] Writer thread running {{(pid=95728) stat_writer /opt/stack/data/venv/lib/python3.12/site-packages/dbcounter.py:102}}
Jun 11 17:14:04.402750 np0000002651 nova-scheduler[95728]: DEBUG dbcounter [-] [95728] Writer thread running {{(pid=95728) stat_writer /opt/stack/data/venv/lib/python3.12/site-packages/dbcounter.py:102}}
Jun 11 17:14:04.407438 np0000002651 nova-scheduler[95728]: DEBUG oslo_concurrency.lockutils [None req-66cdf1a9-64c8-4645-9a2e-8abf0b0f12e7 tempest-ServerActionsTestOtherA-551270047 tempest-ServerActionsTestOtherA-551270047-project-member] Acquiring lock "473a7d36-67d0-497c-bf4b-aeda9f718ce2" by "nova.context.set_target_cell..get_or_set_cached_cell_and_set_connections" {{(pid=95728) inner /opt/stack/data/venv/lib/python3.12/site-packages/oslo_concurrency/lockutils.py:511}}
Jun 11 17:14:04.407620 np0000002651 nova-scheduler[95728]: DEBUG oslo_concurrency.lockutils [None req-66cdf1a9-64c8-4645-9a2e-8abf0b0f12e7 tempest-ServerActionsTestOtherA-551270047 tempest-ServerActionsTestOtherA-551270047-project-member] Lock "473a7d36-67d0-497c-bf4b-aeda9f718ce2" acquired by "nova.context.set_target_cell..get_or_set_cached_cell_and_set_connections" :: waited 0.000s {{(pid=95728) inner /opt/stack/data/venv/lib/python3.12/site-packages/oslo_concurrency/lockutils.py:524}}
Jun 11 17:14:04.407809 np0000002651 nova-scheduler[95728]: DEBUG oslo_concurrency.lockutils [None req-66cdf1a9-64c8-4645-9a2e-8abf0b0f12e7 tempest-ServerActionsTestOtherA-551270047 tempest-ServerActionsTestOtherA-551270047-project-member] Lock "473a7d36-67d0-497c-bf4b-aeda9f718ce2" "released" by "nova.context.set_target_cell..get_or_set_cached_cell_and_set_connections" :: held 0.000s {{(pid=95728) inner /opt/stack/data/venv/lib/python3.12/site-packages/oslo_concurrency/lockutils.py:543}}
Jun 11 17:14:04.415156 np0000002651 nova-scheduler[95728]: DEBUG oslo_concurrency.lockutils [None req-66cdf1a9-64c8-4645-9a2e-8abf0b0f12e7 tempest-ServerActionsTestOtherA-551270047 tempest-ServerActionsTestOtherA-551270047-project-member] Acquiring lock "('np0000002651', 'np0000002651')" by "nova.scheduler.host_manager.HostState.update.._locked_update" {{(pid=95728) inner /opt/stack/data/venv/lib/python3.12/site-packages/oslo_concurrency/lockutils.py:511}}
Jun 11 17:14:04.415156 np0000002651 nova-scheduler[95728]: DEBUG oslo_concurrency.lockutils [None req-66cdf1a9-64c8-4645-9a2e-8abf0b0f12e7 tempest-ServerActionsTestOtherA-551270047 tempest-ServerActionsTestOtherA-551270047-project-member] Lock "('np0000002651', 'np0000002651')" acquired by "nova.scheduler.host_manager.HostState.update.._locked_update" :: waited 0.000s {{(pid=95728) inner /opt/stack/data/venv/lib/python3.12/site-packages/oslo_concurrency/lockutils.py:524}}
