Jul 19 17:07:47.808128 np0000005450 devstack@g-api.service[100123]: DEBUG glance.api.middleware.version_negotiation [None req-e0e7b4c4-0133-4cb3-8af9-8f940598be8a tempest-ServerStableDeviceRescueTest-511452885 tempest-ServerStableDeviceRescueTest-511452885-project-member] new path /v2/images/bd89ba8d-9e88-4caf-a1f7-981072ca4bc8 {{(pid=100123) process_request /opt/stack/glance/glance/api/middleware/version_negotiation.py:70}}
Jul 19 17:07:47.822890 np0000005450 devstack@g-api.service[100123]: [pid: 100123|app: 0|req: 34/91] 127.0.0.1 () {44 vars in 1115 bytes} [Sun Jul 19 17:07:47 2026] GET /v2/images/bd89ba8d-9e88-4caf-a1f7-981072ca4bc8 => generated 1044 bytes in 17 msecs (HTTP/1.1 200) 4 headers in 158 bytes (1 switches on core 0)
Jul 19 17:07:47.835349 np0000005450 devstack@g-api.service[100122]: DEBUG glance.api.middleware.version_negotiation [None req-e0e7b4c4-0133-4cb3-8af9-8f940598be8a tempest-ServerStableDeviceRescueTest-511452885 tempest-ServerStableDeviceRescueTest-511452885-project-member] Determining version of request: GET /v2/schemas/image Accept: */* {{(pid=100122) process_request /opt/stack/glance/glance/api/middleware/version_negotiation.py:44}}
Jul 19 17:07:47.835525 np0000005450 devstack@g-api.service[100122]: DEBUG glance.api.middleware.version_negotiation [None req-e0e7b4c4-0133-4cb3-8af9-8f940598be8a tempest-ServerStableDeviceRescueTest-511452885 tempest-ServerStableDeviceRescueTest-511452885-project-member] Using url versioning {{(pid=100122) process_request /opt/stack/glance/glance/api/middleware/version_negotiation.py:57}}
Jul 19 17:07:47.835683 np0000005450 devstack@g-api.service[100122]: DEBUG glance.api.middleware.version_negotiation [None req-e0e7b4c4-0133-4cb3-8af9-8f940598be8a tempest-ServerStableDeviceRescueTest-511452885 tempest-ServerStableDeviceRescueTest-511452885-project-member] Matched version: v2 {{(pid=100122) process_request /opt/stack/glance/glance/api/middleware/version_negotiation.py:69}}
Jul 19 17:07:47.835813 np0000005450 devstack@g-api.service[100122]: DEBUG glance.api.middleware.version_negotiation [None req-e0e7b4c4-0133-4cb3-8af9-8f940598be8a tempest-ServerStableDeviceRescueTest-511452885 tempest-ServerStableDeviceRescueTest-511452885-project-member] new path /v2/schemas/image {{(pid=100122) process_request /opt/stack/glance/glance/api/middleware/version_negotiation.py:70}}
Jul 19 17:07:47.839010 np0000005450 devstack@g-api.service[100122]: [pid: 100122|app: 0|req: 31/92] 127.0.0.1 () {44 vars in 1055 bytes} [Sun Jul 19 17:07:47 2026] GET /v2/schemas/image => generated 6083 bytes in 4 msecs (HTTP/1.1 200) 4 headers in 158 bytes (1 switches on core 0)
Jul 19 17:07:47.853204 np0000005450 devstack@g-api.service[100123]: DEBUG glance.api.middleware.version_negotiation [None req-5073f30e-6ed6-4743-87ba-6fb2ca411450 tempest-TaggedBootDevicesTest-577093340 tempest-TaggedBootDevicesTest-577093340-project-member] Determining version of request: GET /v2/schemas/image Accept: */* {{(pid=100123) process_request /opt/stack/glance/glance/api/middleware/version_negotiation.py:44}}
Jul 19 17:07:47.853620 np0000005450 devstack@g-api.service[100123]: DEBUG glance.api.middleware.version_negotiation [None req-5073f30e-6ed6-4743-87ba-6fb2ca411450 tempest-TaggedBootDevicesTest-577093340 tempest-TaggedBootDevicesTest-577093340-project-member] Using url versioning {{(pid=100123) process_request /opt/stack/glance/glance/api/middleware/version_negotiation.py:57}}
Jul 19 17:07:47.854139 np0000005450 devstack@g-api.service[100123]: DEBUG glance.api.middleware.version_negotiation [None req-5073f30e-6ed6-4743-87ba-6fb2ca411450 tempest-TaggedBootDevicesTest-577093340 tempest-TaggedBootDevicesTest-577093340-project-member] Matched version: v2 {{(pid=100123) process_request /opt/stack/glance/glance/api/middleware/version_negotiation.py:69}}
Jul 19 17:07:47.854359 np0000005450 devstack@g-api.service[100123]: DEBUG glance.api.middleware.version_negotiation [None req-5073f30e-6ed6-4743-87ba-6fb2ca411450 tempest-TaggedBootDevicesTest-577093340 tempest-TaggedBootDevicesTest-577093340-project-member] new path /v2/schemas/image {{(pid=100123) process_request /opt/stack/glance/glance/api/middleware/version_negotiation.py:70}}
Jul 19 17:07:47.856846 np0000005450 devstack@g-api.service[100123]: [pid: 100123|app: 0|req: 35/93] 127.0.0.1 () {44 vars in 1055 bytes} [Sun Jul 19 17:07:47 2026] GET /v2/schemas/image => generated 6083 bytes in 4 msecs (HTTP/1.1 200) 4 headers in 158 bytes (1 switches on core 0)
Jul 19 17:07:47.865450 np0000005450 devstack@g-api.service[100122]: DEBUG glance.api.middleware.version_negotiation [None req-5073f30e-6ed6-4743-87ba-6fb2ca411450 tempest-TaggedBootDevicesTest-577093340 tempest-TaggedBootDevicesTest-577093340-project-member] Determining version of request: GET /v2/images/bd89ba8d-9e88-4caf-a1f7-981072ca4bc8 Accept: */* {{(pid=100122) process_request /opt/stack/glance/glance/api/middleware/version_negotiation.py:44}}
Jul 19 17:07:47.865450 np0000005450 devstack@g-api.service[100122]: DEBUG glance.api.middleware.version_negotiation [None req-5073f30e-6ed6-4743-87ba-6fb2ca411450 tempest-TaggedBootDevicesTest-577093340 tempest-TaggedBootDevicesTest-577093340-project-member] Using url versioning {{(pid=100122) process_request /opt/stack/glance/glance/api/middleware/version_negotiation.py:57}}
Jul 19 17:07:47.865639 np0000005450 devstack@g-api.service[100122]: DEBUG glance.api.middleware.version_negotiation [None req-5073f30e-6ed6-4743-87ba-6fb2ca411450 tempest-TaggedBootDevicesTest-577093340 tempest-TaggedBootDevicesTest-577093340-project-member] Matched version: v2 {{(pid=100122) process_request /opt/stack/glance/glance/api/middleware/version_negotiation.py:69}}
Jul 19 17:07:47.865639 np0000005450 devstack@g-api.service[100122]: DEBUG glance.api.middleware.version_negotiation [None req-5073f30e-6ed6-4743-87ba-6fb2ca411450 tempest-TaggedBootDevicesTest-577093340 tempest-TaggedBootDevicesTest-577093340-project-member] new path /v2/images/bd89ba8d-9e88-4caf-a1f7-981072ca4bc8 {{(pid=100122) process_request /opt/stack/glance/glance/api/middleware/version_negotiation.py:70}}
Jul 19 17:07:47.877431 np0000005450 devstack@g-api.service[100122]: [pid: 100122|app: 0|req: 32/94] 127.0.0.1 () {44 vars in 1115 bytes} [Sun Jul 19 17:07:47 2026] GET /v2/images/bd89ba8d-9e88-4caf-a1f7-981072ca4bc8 => generated 1044 bytes in 12 msecs (HTTP/1.1 200) 4 headers in 158 bytes (1 switches on core 0)
Jul 19 17:07:47.884476 np0000005450 devstack@g-api.service[100123]: DEBUG glance.api.middleware.version_negotiation [None req-5073f30e-6ed6-4743-87ba-6fb2ca411450 tempest-TaggedBootDevicesTest-577093340 tempest-TaggedBootDevicesTest-577093340-project-member] Determining version of request: GET /v2/schemas/image Accept: */* {{(pid=100123) process_request /opt/stack/glance/glance/api/middleware/version_negotiation.py:44}}
Jul 19 17:07:47.884667 np0000005450 devstack@g-api.service[100123]: DEBUG glance.api.middleware.version_negotiation [None req-5073f30e-6ed6-4743-87ba-6fb2ca411450 tempest-TaggedBootDevicesTest-577093340 tempest-TaggedBootDevicesTest-577093340-project-member] Using url versioning {{(pid=100123) process_request /opt/stack/glance/glance/api/middleware/version_negotiation.py:57}}
Jul 19 17:07:47.884799 np0000005450 devstack@g-api.service[100123]: DEBUG glance.api.middleware.version_negotiation [None req-5073f30e-6ed6-4743-87ba-6fb2ca411450 tempest-TaggedBootDevicesTest-577093340 tempest-TaggedBootDevicesTest-577093340-project-member] Matched version: v2 {{(pid=100123) process_request /opt/stack/glance/glance/api/middleware/version_negotiation.py:69}}
Jul 19 17:07:47.884888 np0000005450 devstack@g-api.service[100123]: DEBUG glance.api.middleware.version_negotiation [None req-5073f30e-6ed6-4743-87ba-6fb2ca411450 tempest-TaggedBootDevicesTest-577093340 tempest-TaggedBootDevicesTest-577093340-project-member] new path /v2/schemas/image {{(pid=100123) process_request /opt/stack/glance/glance/api/middleware/version_negotiation.py:70}}
Jul 19 17:07:47.888278 np0000005450 devstack@g-api.service[100123]: [pid: 100123|app: 0|req: 36/95] 127.0.0.1 () {44 vars in 1055 bytes} [Sun Jul 19 17:07:47 2026] GET /v2/schemas/image => generated 6083 bytes in 4 msecs (HTTP/1.1 200) 4 headers in 158 bytes (1 switches on core 0)
Jul 19 17:07:47.899059 np0000005450 devstack@g-api.service[100122]: DEBUG glance.api.middleware.version_negotiation [None req-5073f30e-6ed6-4743-87ba-6fb2ca411450 tempest-TaggedBootDevicesTest-577093340 tempest-TaggedBootDevicesTest-577093340-project-member] Determining version of request: GET /v2/schemas/image Accept: */* {{(pid=100122) process_request /opt/stack/glance/glance/api/middleware/version_negotiation.py:44}}
Jul 19 17:07:47.899296 np0000005450 devstack@g-api.service[100122]: DEBUG glance.api.middleware.version_negotiation [None req-5073f30e-6ed6-4743-87ba-6fb2ca411450 tempest-TaggedBootDevicesTest-577093340 tempest-TaggedBootDevicesTest-577093340-project-member] Using url versioning {{(pid=100122) process_request /opt/stack/glance/glance/api/middleware/version_negotiation.py:57}}
Jul 19 17:07:47.899489 np0000005450 devstack@g-api.service[100122]: DEBUG glance.api.middleware.version_negotiation [None req-5073f30e-6ed6-4743-87ba-6fb2ca411450 tempest-TaggedBootDevicesTest-577093340 tempest-TaggedBootDevicesTest-577093340-project-member] Matched version: v2 {{(pid=100122) process_request /opt/stack/glance/glance/api/middleware/version_negotiation.py:69}}
Jul 19 17:07:47.899635 np0000005450 devstack@g-api.service[100122]: DEBUG glance.api.middleware.version_negotiation [None req-5073f30e-6ed6-4743-87ba-6fb2ca411450 tempest-TaggedBootDevicesTest-577093340 tempest-TaggedBootDevicesTest-577093340-project-member] new path /v2/schemas/image {{(pid=100122) process_request /opt/stack/glance/glance/api/middleware/version_negotiation.py:70}}
Jul 19 17:07:47.902534 np0000005450 devstack@g-api.service[100122]: [pid: 100122|app: 0|req: 33/96] 127.0.0.1 () {44 vars in 1055 bytes} [Sun Jul 19 17:07:47 2026] GET /v2/schemas/image => generated 6083 bytes in 4 msecs (HTTP/1.1 200) 4 headers in 158 bytes (1 switches on core 0)
Jul 19 17:07:47.923663 np0000005450 devstack@g-api.service[100123]: DEBUG glance.api.middleware.version_negotiation [None req-5073f30e-6ed6-4743-87ba-6fb2ca411450 tempest-TaggedBootDevicesTest-577093340 tempest-TaggedBootDevicesTest-577093340-project-member] Determining version of request: GET /v2/images/bd89ba8d-9e88-4caf-a1f7-981072ca4bc8 Accept: */* {{(pid=100123) process_request /opt/stack/glance/glance/api/middleware/version_negotiation.py:44}}
Jul 19 17:07:47.923821 np0000005450 devstack@g-api.service[100123]: DEBUG glance.api.middleware.version_negotiation [None req-5073f30e-6ed6-4743-87ba-6fb2ca411450 tempest-TaggedBootDevicesTest-577093340 tempest-TaggedBootDevicesTest-577093340-project-member] Using url versioning {{(pid=100123) process_request /opt/stack/glance/glance/api/middleware/version_negotiation.py:57}}
Jul 19 17:07:47.925245 np0000005450 devstack@g-api.service[100123]: DEBUG glance.api.middleware.version_negotiation [None req-5073f30e-6ed6-4743-87ba-6fb2ca411450 tempest-TaggedBootDevicesTest-577093340 tempest-TaggedBootDevicesTest-577093340-project-member] Matched version: v2 {{(pid=100123) process_request /opt/stack/glance/glance/api/middleware/version_negotiation.py:69}}
Jul 19 17:07:47.925245 np0000005450 devstack@g-api.service[100123]: DEBUG glance.api.middleware.version_negotiation [None req-5073f30e-6ed6-4743-87ba-6fb2ca411450 tempest-TaggedBootDevicesTest-577093340 tempest-TaggedBootDevicesTest-577093340-project-member] new path /v2/images/bd89ba8d-9e88-4caf-a1f7-981072ca4bc8 {{(pid=100123) process_request /opt/stack/glance/glance/api/middleware/version_negotiation.py:70}}
Jul 19 17:07:47.933655 np0000005450 devstack@g-api.service[100123]: [pid: 100123|app: 0|req: 37/97] 127.0.0.1 () {44 vars in 1115 bytes} [Sun Jul 19 17:07:47 2026] GET /v2/images/bd89ba8d-9e88-4caf-a1f7-981072ca4bc8 => generated 1044 bytes in 10 msecs (HTTP/1.1 200) 4 headers in 158 bytes (1 switches on core 0)
Jul 19 17:07:47.942755 np0000005450 devstack@g-api.service[100122]: DEBUG glance.api.middleware.version_negotiation [None req-5073f30e-6ed6-4743-87ba-6fb2ca411450 tempest-TaggedBootDevicesTest-577093340 tempest-TaggedBootDevicesTest-577093340-project-member] Determining version of request: GET /v2/schemas/image Accept: */* {{(pid=100122) process_request /opt/stack/glance/glance/api/middleware/version_negotiation.py:44}}
Jul 19 17:07:47.942882 np0000005450 devstack@g-api.service[100122]: DEBUG glance.api.middleware.version_negotiation [None req-5073f30e-6ed6-4743-87ba-6fb2ca411450 tempest-TaggedBootDevicesTest-577093340 tempest-TaggedBootDevicesTest-577093340-project-member] Using url versioning {{(pid=100122) process_request /opt/stack/glance/glance/api/middleware/version_negotiation.py:57}}
Jul 19 17:07:47.943009 np0000005450 devstack@g-api.service[100122]: DEBUG glance.api.middleware.version_negotiation [None req-5073f30e-6ed6-4743-87ba-6fb2ca411450 tempest-TaggedBootDevicesTest-577093340 tempest-TaggedBootDevicesTest-577093340-project-member] Matched version: v2 {{(pid=100122) process_request /opt/stack/glance/glance/api/middleware/version_negotiation.py:69}}
Jul 19 17:07:47.943104 np0000005450 devstack@g-api.service[100122]: DEBUG glance.api.middleware.version_negotiation [None req-5073f30e-6ed6-4743-87ba-6fb2ca411450 tempest-TaggedBootDevicesTest-577093340 tempest-TaggedBootDevicesTest-577093340-project-member] new path /v2/schemas/image {{(pid=100122) process_request /opt/stack/glance/glance/api/middleware/version_negotiation.py:70}}
Jul 19 17:07:47.945731 np0000005450 devstack@g-api.service[100122]: [pid: 100122|app: 0|req: 34/98] 127.0.0.1 () {44 vars in 1055 bytes} [Sun Jul 19 17:07:47 2026] GET /v2/schemas/image => generated 6083 bytes in 3 msecs (HTTP/1.1 200) 4 headers in 158 bytes (1 switches on core 0)
Jul 19 17:07:48.145493 np0000005450 devstack@g-api.service[100124]: DEBUG swiftclient [None req-4fdcebab-be21-42fe-a001-365869621d72 tempest-ServerStableDeviceRescueTest-511452885 tempest-ServerStableDeviceRescueTest-511452885-project-member] REQ: curl -i https://10.4.3.170:8080/v1/AUTH_e284f87e100d4f12863abb5d77c680b1/glance -I -H "X-Auth-Token: gAAAAABqXQRjBMyO..." {{(pid=100124) http_log /opt/stack/data/venv/lib/python3.12/site-packages/swiftclient/client.py:160}}
Jul 19 17:07:48.145639 np0000005450 devstack@g-api.service[100124]: DEBUG swiftclient [None req-4fdcebab-be21-42fe-a001-365869621d72 tempest-ServerStableDeviceRescueTest-511452885 tempest-ServerStableDeviceRescueTest-511452885-project-member] RESP STATUS: 204 No Content {{(pid=100124) http_log /opt/stack/data/venv/lib/python3.12/site-packages/swiftclient/client.py:161}}
Jul 19 17:07:48.146101 np0000005450 devstack@g-api.service[100124]: DEBUG swiftclient [None req-4fdcebab-be21-42fe-a001-365869621d72 tempest-ServerStableDeviceRescueTest-511452885 tempest-ServerStableDeviceRescueTest-511452885-project-member] RESP HEADERS: {'Date': 'Sun, 19 Jul 2026 17:07:48 GMT', 'Server': 'Apache/2.4.58 (Ubuntu)', 'Content-Type': 'text/plain; charset=utf-8', 'X-Container-Object-Count': '3', 'X-Container-Bytes-Used': '64356352', 'X-Timestamp': '1784480661.43755', 'Last-Modified': 'Sun, 19 Jul 2026 17:04:22 GMT', 'Accept-Ranges': 'bytes', 'X-Storage-Policy': 'Policy-0', 'X-Container-Sharding': 'False', 'Vary': 'Accept', 'X-Trans-Id': 'tx0b19e7af54dd40098eab2-006a5d0463', 'X-Openstack-Request-Id': 'tx0b19e7af54dd40098eab2-006a5d0463', 'Connection': 'close'} {{(pid=100124) http_log /opt/stack/data/venv/lib/python3.12/site-packages/swiftclient/client.py:162}}
Jul 19 17:07:48.147508 np0000005450 devstack@g-api.service[100124]: DEBUG glance_store._drivers.swift.store [None req-4fdcebab-be21-42fe-a001-365869621d72 tempest-ServerStableDeviceRescueTest-511452885 tempest-ServerStableDeviceRescueTest-511452885-project-member] Adding image object '698c3163-2d8c-40c1-81ef-6f424c438807' to Swift {{(pid=100124) add /opt/stack/data/venv/lib/python3.12/site-packages/glance_store/_drivers/swift/store.py:970}}
Jul 19 17:07:48.147608 np0000005450 devstack@g-api.service[100124]: DEBUG glance_store._drivers.swift.store [None req-4fdcebab-be21-42fe-a001-365869621d72 tempest-ServerStableDeviceRescueTest-511452885 tempest-ServerStableDeviceRescueTest-511452885-project-member] Cannot determine image size because it is either not provided in the request or chunked-transfer encoding is used. Adding image as a segmented object to Swift. {{(pid=100124) add /opt/stack/data/venv/lib/python3.12/site-packages/glance_store/_drivers/swift/store.py:994}}
Jul 19 17:07:48.156108 np0000005450 devstack@g-api.service[100124]: DEBUG oslo_utils.imageutils.format_inspector [None req-4fdcebab-be21-42fe-a001-365869621d72 tempest-ServerStableDeviceRescueTest-511452885 tempest-ServerStableDeviceRescueTest-511452885-project-member] Format inspector for vmdk does not match, excluding from consideration (Signature KDMV not found: b'QFI\xfb') {{(pid=100124) _process_chunk /opt/stack/data/venv/lib/python3.12/site-packages/oslo_utils/imageutils/format_inspector.py:1758}}
Jul 19 17:07:48.158976 np0000005450 devstack@g-api.service[100124]: DEBUG oslo_utils.imageutils.format_inspector [None req-4fdcebab-be21-42fe-a001-365869621d72 tempest-ServerStableDeviceRescueTest-511452885 tempest-ServerStableDeviceRescueTest-511452885-project-member] Format inspector for vhdx does not match, excluding from consideration (Region signature not found at 30000) {{(pid=100124) _process_chunk /opt/stack/data/venv/lib/python3.12/site-packages/oslo_utils/imageutils/format_inspector.py:1758}}
Jul 19 17:07:48.543791 np0000005450 devstack@g-api.service[100123]: DEBUG glance.api.middleware.version_negotiation [None req-5073f30e-6ed6-4743-87ba-6fb2ca411450 tempest-TaggedBootDevicesTest-577093340 tempest-TaggedBootDevicesTest-577093340-project-member] Determining version of request: GET /versions Accept: */* {{(pid=100123) process_request /opt/stack/glance/glance/api/middleware/version_negotiation.py:44}}
Jul 19 17:07:48.544562 np0000005450 devstack@g-api.service[100123]: [pid: 100123|app: 0|req: 38/99] 127.0.0.1 () {44 vars in 1039 bytes} [Sun Jul 19 17:07:48 2026] GET /versions => generated 1515 bytes in 1 msecs (HTTP/1.1 200) 3 headers in 92 bytes (1 switches on core 0)
Jul 19 17:07:48.552356 np0000005450 devstack@g-api.service[100122]: DEBUG glance.api.middleware.version_negotiation [None req-5073f30e-6ed6-4743-87ba-6fb2ca411450 tempest-TaggedBootDevicesTest-577093340 tempest-TaggedBootDevicesTest-577093340-project-member] Determining version of request: GET /v2/images/bd89ba8d-9e88-4caf-a1f7-981072ca4bc8/locations Accept: */* {{(pid=100122) process_request /opt/stack/glance/glance/api/middleware/version_negotiation.py:44}}
Jul 19 17:07:48.552680 np0000005450 devstack@g-api.service[100122]: DEBUG glance.api.middleware.version_negotiation [None req-5073f30e-6ed6-4743-87ba-6fb2ca411450 tempest-TaggedBootDevicesTest-577093340 tempest-TaggedBootDevicesTest-577093340-project-member] Using url versioning {{(pid=100122) process_request /opt/stack/glance/glance/api/middleware/version_negotiation.py:57}}
Jul 19 17:07:48.552863 np0000005450 devstack@g-api.service[100122]: DEBUG glance.api.middleware.version_negotiation [None req-5073f30e-6ed6-4743-87ba-6fb2ca411450 tempest-TaggedBootDevicesTest-577093340 tempest-TaggedBootDevicesTest-577093340-project-member] Matched version: v2 {{(pid=100122) process_request /opt/stack/glance/glance/api/middleware/version_negotiation.py:69}}
Jul 19 17:07:48.552972 np0000005450 devstack@g-api.service[100122]: DEBUG glance.api.middleware.version_negotiation [None req-5073f30e-6ed6-4743-87ba-6fb2ca411450 tempest-TaggedBootDevicesTest-577093340 tempest-TaggedBootDevicesTest-577093340-project-member] new path /v2/images/bd89ba8d-9e88-4caf-a1f7-981072ca4bc8/locations {{(pid=100122) process_request /opt/stack/glance/glance/api/middleware/version_negotiation.py:70}}
Jul 19 17:07:48.701607 np0000005450 devstack@g-api.service[100122]: [pid: 100122|app: 0|req: 35/100] 127.0.0.1 () {44 vars in 1135 bytes} [Sun Jul 19 17:07:48 2026] GET /v2/images/bd89ba8d-9e88-4caf-a1f7-981072ca4bc8/locations => generated 92 bytes in 149 msecs (HTTP/1.1 200) 4 headers in 156 bytes (1 switches on core 0)
Jul 19 17:07:48.713276 np0000005450 devstack@g-api.service[100123]: DEBUG glance.api.middleware.version_negotiation [None req-5073f30e-6ed6-4743-87ba-6fb2ca411450 tempest-TaggedBootDevicesTest-577093340 tempest-TaggedBootDevicesTest-577093340-project-member] Determining version of request: GET /v2/images/bd89ba8d-9e88-4caf-a1f7-981072ca4bc8 Accept: */* {{(pid=100123) process_request /opt/stack/glance/glance/api/middleware/version_negotiation.py:44}}
Jul 19 17:07:48.713643 np0000005450 devstack@g-api.service[100123]: DEBUG glance.api.middleware.version_negotiation [None req-5073f30e-6ed6-4743-87ba-6fb2ca411450 tempest-TaggedBootDevicesTest-577093340 tempest-TaggedBootDevicesTest-577093340-project-member] Using url versioning {{(pid=100123) process_request /opt/stack/glance/glance/api/middleware/version_negotiation.py:57}}
Jul 19 17:07:48.713699 np0000005450 devstack@g-api.service[100123]: DEBUG glance.api.middleware.version_negotiation [None req-5073f30e-6ed6-4743-87ba-6fb2ca411450 tempest-TaggedBootDevicesTest-577093340 tempest-TaggedBootDevicesTest-577093340-project-member] Matched version: v2 {{(pid=100123) process_request /opt/stack/glance/glance/api/middleware/version_negotiation.py:69}}
Jul 19 17:07:48.713794 np0000005450 devstack@g-api.service[100123]: DEBUG glance.api.middleware.version_negotiation [None req-5073f30e-6ed6-4743-87ba-6fb2ca411450 tempest-TaggedBootDevicesTest-577093340 tempest-TaggedBootDevicesTest-577093340-project-member] new path /v2/images/bd89ba8d-9e88-4caf-a1f7-981072ca4bc8 {{(pid=100123) process_request /opt/stack/glance/glance/api/middleware/version_negotiation.py:70}}
Jul 19 17:07:48.714630 np0000005450 devstack@g-api.service[100124]: DEBUG swiftclient [None req-4fdcebab-be21-42fe-a001-365869621d72 tempest-ServerStableDeviceRescueTest-511452885 tempest-ServerStableDeviceRescueTest-511452885-project-member] REQ: curl -i https://10.4.3.170:8080/v1/AUTH_e284f87e100d4f12863abb5d77c680b1/glance/698c3163-2d8c-40c1-81ef-6f424c438807-00001 -X PUT -H "X-Auth-Token: gAAAAABqXQRjBMyO..." {{(pid=100124) http_log /opt/stack/data/venv/lib/python3.12/site-packages/swiftclient/client.py:160}}
Jul 19 17:07:48.715056 np0000005450 devstack@g-api.service[100124]: DEBUG swiftclient [None req-4fdcebab-be21-42fe-a001-365869621d72 tempest-ServerStableDeviceRescueTest-511452885 tempest-ServerStableDeviceRescueTest-511452885-project-member] RESP STATUS: 201 Created {{(pid=100124) http_log /opt/stack/data/venv/lib/python3.12/site-packages/swiftclient/client.py:161}}
Jul 19 17:07:48.715056 np0000005450 devstack@g-api.service[100124]: DEBUG swiftclient [None req-4fdcebab-be21-42fe-a001-365869621d72 tempest-ServerStableDeviceRescueTest-511452885 tempest-ServerStableDeviceRescueTest-511452885-project-member] RESP HEADERS: {'Date': 'Sun, 19 Jul 2026 17:07:48 GMT', 'Server': 'Apache/2.4.58 (Ubuntu)', 'Content-Type': 'text/html; charset=UTF-8', 'Content-Length': '0', 'Etag': '3a622a4ecd976270487e19b73755fcea', 'Last-Modified': 'Sun, 19 Jul 2026 17:07:49 GMT', 'X-Trans-Id': 'txff7472e978f24ac98aa98-006a5d0464', 'X-Openstack-Request-Id': 'txff7472e978f24ac98aa98-006a5d0464', 'Connection': 'close'} {{(pid=100124) http_log /opt/stack/data/venv/lib/python3.12/site-packages/swiftclient/client.py:162}}
Jul 19 17:07:48.715056 np0000005450 devstack@g-api.service[100124]: DEBUG glance_store._drivers.swift.store [None req-4fdcebab-be21-42fe-a001-365869621d72 tempest-ServerStableDeviceRescueTest-511452885 tempest-ServerStableDeviceRescueTest-511452885-project-member] Wrote chunk 698c3163-2d8c-40c1-81ef-6f424c438807-00001 (1/?) of length 53542912 to Swift returning MD5 of content: 3a622a4ecd976270487e19b73755fcea {{(pid=100124) add /opt/stack/data/venv/lib/python3.12/site-packages/glance_store/_drivers/swift/store.py:1059}}
Jul 19 17:07:48.715351 np0000005450 devstack@g-api.service[100124]: DEBUG glance_store._drivers.swift.store [None req-4fdcebab-be21-42fe-a001-365869621d72 tempest-ServerStableDeviceRescueTest-511452885 tempest-ServerStableDeviceRescueTest-511452885-project-member] Not writing zero-length chunk. {{(pid=100124) add /opt/stack/data/venv/lib/python3.12/site-packages/glance_store/_drivers/swift/store.py:1028}}
Jul 19 17:07:48.730417 np0000005450 devstack@g-api.service[100123]: [pid: 100123|app: 0|req: 39/101] 127.0.0.1 () {44 vars in 1115 bytes} [Sun Jul 19 17:07:48 2026] GET /v2/images/bd89ba8d-9e88-4caf-a1f7-981072ca4bc8 => generated 1044 bytes in 17 msecs (HTTP/1.1 200) 4 headers in 158 bytes (1 switches on core 0)
Jul 19 17:07:48.740030 np0000005450 devstack@g-api.service[100122]: DEBUG glance.api.middleware.version_negotiation [None req-5073f30e-6ed6-4743-87ba-6fb2ca411450 service glance] Determining version of request: GET /v2/schemas/image Accept: */* {{(pid=100122) process_request /opt/stack/glance/glance/api/middleware/version_negotiation.py:44}}
Jul 19 17:07:48.740255 np0000005450 devstack@g-api.service[100122]: DEBUG glance.api.middleware.version_negotiation [None req-5073f30e-6ed6-4743-87ba-6fb2ca411450 service glance] Using url versioning {{(pid=100122) process_request /opt/stack/glance/glance/api/middleware/version_negotiation.py:57}}
Jul 19 17:07:48.740447 np0000005450 devstack@g-api.service[100122]: DEBUG glance.api.middleware.version_negotiation [None req-5073f30e-6ed6-4743-87ba-6fb2ca411450 service glance] Matched version: v2 {{(pid=100122) process_request /opt/stack/glance/glance/api/middleware/version_negotiation.py:69}}
Jul 19 17:07:48.740589 np0000005450 devstack@g-api.service[100122]: DEBUG glance.api.middleware.version_negotiation [None req-5073f30e-6ed6-4743-87ba-6fb2ca411450 service glance] new path /v2/schemas/image {{(pid=100122) process_request /opt/stack/glance/glance/api/middleware/version_negotiation.py:70}}
Jul 19 17:07:48.752733 np0000005450 devstack@g-api.service[100124]: DEBUG swiftclient [None req-4fdcebab-be21-42fe-a001-365869621d72 tempest-ServerStableDeviceRescueTest-511452885 tempest-ServerStableDeviceRescueTest-511452885-project-member] REQ: curl -i https://10.4.3.170:8080/v1/AUTH_e284f87e100d4f12863abb5d77c680b1/glance/698c3163-2d8c-40c1-81ef-6f424c438807 -X PUT -H "X-Object-Manifest: glance/698c3163-2d8c-40c1-81ef-6f424c438807-" -H "X-Auth-Token: gAAAAABqXQRjBMyO..." -H "Content-Length: 0" {{(pid=100124) http_log /opt/stack/data/venv/lib/python3.12/site-packages/swiftclient/client.py:160}}
Jul 19 17:07:48.752820 np0000005450 devstack@g-api.service[100124]: DEBUG swiftclient [None req-4fdcebab-be21-42fe-a001-365869621d72 tempest-ServerStableDeviceRescueTest-511452885 tempest-ServerStableDeviceRescueTest-511452885-project-member] RESP STATUS: 201 Created {{(pid=100124) http_log /opt/stack/data/venv/lib/python3.12/site-packages/swiftclient/client.py:161}}
Jul 19 17:07:48.752949 np0000005450 devstack@g-api.service[100124]: DEBUG swiftclient [None req-4fdcebab-be21-42fe-a001-365869621d72 tempest-ServerStableDeviceRescueTest-511452885 tempest-ServerStableDeviceRescueTest-511452885-project-member] RESP HEADERS: {'Date': 'Sun, 19 Jul 2026 17:07:48 GMT', 'Server': 'Apache/2.4.58 (Ubuntu)', 'Content-Type': 'text/html; charset=UTF-8', 'Content-Length': '0', 'Etag': 'd41d8cd98f00b204e9800998ecf8427e', 'Last-Modified': 'Sun, 19 Jul 2026 17:07:49 GMT', 'X-Trans-Id': 'txf883f7cb41604732bbef1-006a5d0464', 'X-Openstack-Request-Id': 'txf883f7cb41604732bbef1-006a5d0464', 'Connection': 'close'} {{(pid=100124) http_log /opt/stack/data/venv/lib/python3.12/site-packages/swiftclient/client.py:162}}
Jul 19 17:07:48.753381 np0000005450 devstack@g-api.service[100124]: INFO glance.location [None req-4fdcebab-be21-42fe-a001-365869621d72 tempest-ServerStableDeviceRescueTest-511452885 tempest-ServerStableDeviceRescueTest-511452885-project-member] Image format matched and virtual size computed: 1073741824
Jul 19 17:07:48.754845 np0000005450 devstack@g-api.service[100122]: [pid: 100122|app: 0|req: 36/102] 127.0.0.1 () {44 vars in 1055 bytes} [Sun Jul 19 17:07:48 2026] GET /v2/schemas/image => generated 6083 bytes in 14 msecs (HTTP/1.1 200) 4 headers in 158 bytes (1 switches on core 0)
Jul 19 17:07:48.754973 np0000005450 devstack@g-api.service[100123]: DEBUG glance.api.middleware.version_negotiation [None req-5073f30e-6ed6-4743-87ba-6fb2ca411450 tempest-TaggedBootDevicesTest-577093340 tempest-TaggedBootDevicesTest-577093340-project-member] Determining version of request: GET /v2/images/698c3163-2d8c-40c1-81ef-6f424c438807 Accept: */* {{(pid=100123) process_request /opt/stack/glance/glance/api/middleware/version_negotiation.py:44}}
Jul 19 17:07:48.754973 np0000005450 devstack@g-api.service[100123]: DEBUG glance.api.middleware.version_negotiation [None req-5073f30e-6ed6-4743-87ba-6fb2ca411450 tempest-TaggedBootDevicesTest-577093340 tempest-TaggedBootDevicesTest-577093340-project-member] Using url versioning {{(pid=100123) process_request /opt/stack/glance/glance/api/middleware/version_negotiation.py:57}}
Jul 19 17:07:48.754973 np0000005450 devstack@g-api.service[100123]: DEBUG glance.api.middleware.version_negotiation [None req-5073f30e-6ed6-4743-87ba-6fb2ca411450 tempest-TaggedBootDevicesTest-577093340 tempest-TaggedBootDevicesTest-577093340-project-member] Matched version: v2 {{(pid=100123) process_request /opt/stack/glance/glance/api/middleware/version_negotiation.py:69}}
Jul 19 17:07:48.754973 np0000005450 devstack@g-api.service[100123]: DEBUG glance.api.middleware.version_negotiation [None req-5073f30e-6ed6-4743-87ba-6fb2ca411450 tempest-TaggedBootDevicesTest-577093340 tempest-TaggedBootDevicesTest-577093340-project-member] new path /v2/images/698c3163-2d8c-40c1-81ef-6f424c438807 {{(pid=100123) process_request /opt/stack/glance/glance/api/middleware/version_negotiation.py:70}}
Jul 19 17:07:48.763477 np0000005450 devstack@g-api.service[100122]: DEBUG glance.api.middleware.version_negotiation [None req-5073f30e-6ed6-4743-87ba-6fb2ca411450 tempest-TaggedBootDevicesTest-577093340 tempest-TaggedBootDevicesTest-577093340-project-member] Determining version of request: GET /v2/schemas/image Accept: */* {{(pid=100122) process_request /opt/stack/glance/glance/api/middleware/version_negotiation.py:44}}
Jul 19 17:07:48.763685 np0000005450 devstack@g-api.service[100122]: DEBUG glance.api.middleware.version_negotiation [None req-5073f30e-6ed6-4743-87ba-6fb2ca411450 tempest-TaggedBootDevicesTest-577093340 tempest-TaggedBootDevicesTest-577093340-project-member] Using url versioning {{(pid=100122) process_request /opt/stack/glance/glance/api/middleware/version_negotiation.py:57}}
Jul 19 17:07:48.764427 np0000005450 devstack@g-api.service[100122]: DEBUG glance.api.middleware.version_negotiation [None req-5073f30e-6ed6-4743-87ba-6fb2ca411450 tempest-TaggedBootDevicesTest-577093340 tempest-TaggedBootDevicesTest-577093340-project-member] Matched version: v2 {{(pid=100122) process_request /opt/stack/glance/glance/api/middleware/version_negotiation.py:69}}
Jul 19 17:07:48.764725 np0000005450 devstack@g-api.service[100122]: DEBUG glance.api.middleware.version_negotiation [None req-5073f30e-6ed6-4743-87ba-6fb2ca411450 tempest-TaggedBootDevicesTest-577093340 tempest-TaggedBootDevicesTest-577093340-project-member] new path /v2/schemas/image {{(pid=100122) process_request /opt/stack/glance/glance/api/middleware/version_negotiation.py:70}}
Jul 19 17:07:48.768107 np0000005450 devstack@g-api.service[100122]: [pid: 100122|app: 0|req: 37/103] 127.0.0.1 () {44 vars in 1055 bytes} [Sun Jul 19 17:07:48 2026] GET /v2/schemas/image => generated 6083 bytes in 5 msecs (HTTP/1.1 200) 4 headers in 158 bytes (1 switches on core 0)
Jul 19 17:07:48.770166 np0000005450 devstack@g-api.service[100123]: [pid: 100123|app: 0|req: 40/104] 127.0.0.1 () {44 vars in 1115 bytes} [Sun Jul 19 17:07:48 2026] GET /v2/images/698c3163-2d8c-40c1-81ef-6f424c438807 => generated 1444 bytes in 16 msecs (HTTP/1.1 200) 4 headers in 158 bytes (1 switches on core 0)
Jul 19 17:07:48.797371 np0000005450 devstack@g-api.service[100124]: DEBUG glance_store.backend [None req-4fdcebab-be21-42fe-a001-365869621d72 tempest-ServerStableDeviceRescueTest-511452885 tempest-ServerStableDeviceRescueTest-511452885-project-member] Attempting to import store swift {{(pid=100124) _load_store /opt/stack/data/venv/lib/python3.12/site-packages/glance_store/backend.py:215}}
Jul 19 17:07:48.798497 np0000005450 devstack@g-api.service[100122]: DEBUG glance.api.middleware.version_negotiation [None req-5073f30e-6ed6-4743-87ba-6fb2ca411450 tempest-TaggedBootDevicesTest-577093340 tempest-TaggedBootDevicesTest-577093340-project-member] Determining version of request: GET /v2/schemas/image Accept: */* {{(pid=100122) process_request /opt/stack/glance/glance/api/middleware/version_negotiation.py:44}}
Jul 19 17:07:48.798661 np0000005450 devstack@g-api.service[100122]: DEBUG glance.api.middleware.version_negotiation [None req-5073f30e-6ed6-4743-87ba-6fb2ca411450 tempest-TaggedBootDevicesTest-577093340 tempest-TaggedBootDevicesTest-577093340-project-member] Using url versioning {{(pid=100122) process_request /opt/stack/glance/glance/api/middleware/version_negotiation.py:57}}
Jul 19 17:07:48.798788 np0000005450 devstack@g-api.service[100122]: DEBUG glance.api.middleware.version_negotiation [None req-5073f30e-6ed6-4743-87ba-6fb2ca411450 tempest-TaggedBootDevicesTest-577093340 tempest-TaggedBootDevicesTest-577093340-project-member] Matched version: v2 {{(pid=100122) process_request /opt/stack/glance/glance/api/middleware/version_negotiation.py:69}}
Jul 19 17:07:48.798877 np0000005450 devstack@g-api.service[100122]: DEBUG glance.api.middleware.version_negotiation [None req-5073f30e-6ed6-4743-87ba-6fb2ca411450 tempest-TaggedBootDevicesTest-577093340 tempest-TaggedBootDevicesTest-577093340-project-member] new path /v2/schemas/image {{(pid=100122) process_request /opt/stack/glance/glance/api/middleware/version_negotiation.py:70}}
Jul 19 17:07:48.799107 np0000005450 devstack@g-api.service[100124]: DEBUG glance_store.capabilities [None req-4fdcebab-be21-42fe-a001-365869621d72 tempest-ServerStableDeviceRescueTest-511452885 tempest-ServerStableDeviceRescueTest-511452885-project-member] Store glance_store._drivers.swift.store.SingleTenantStore doesn't support updating dynamic storage capabilities. Please overwrite 'update_capabilities' method of the store to implement updating logics if needed. {{(pid=100124) update_capabilities /opt/stack/data/venv/lib/python3.12/site-packages/glance_store/capabilities.py:91}}
Jul 19 17:07:48.799263 np0000005450 devstack@g-api.service[100124]: DEBUG glance_store.driver [None req-4fdcebab-be21-42fe-a001-365869621d72 tempest-ServerStableDeviceRescueTest-511452885 tempest-ServerStableDeviceRescueTest-511452885-project-member] Late loading location class glance_store._drivers.swift.store.StoreLocation {{(pid=100124) get_store_location_class /opt/stack/data/venv/lib/python3.12/site-packages/glance_store/driver.py:134}}
Jul 19 17:07:48.799448 np0000005450 devstack@g-api.service[100124]: DEBUG glance_store.location [None req-4fdcebab-be21-42fe-a001-365869621d72 tempest-ServerStableDeviceRescueTest-511452885 tempest-ServerStableDeviceRescueTest-511452885-project-member] Registering scheme swift+https with {'store': , 'location_class': , 'store_entry': 'swift'} {{(pid=100124) register_scheme_map /opt/stack/data/venv/lib/python3.12/site-packages/glance_store/location.py:146}}
Jul 19 17:07:48.799573 np0000005450 devstack@g-api.service[100124]: DEBUG glance_store.location [None req-4fdcebab-be21-42fe-a001-365869621d72 tempest-ServerStableDeviceRescueTest-511452885 tempest-ServerStableDeviceRescueTest-511452885-project-member] Registering scheme swift+https with {'store': , 'location_class': , 'store_entry': 'swift'} {{(pid=100124) register_scheme_map /opt/stack/data/venv/lib/python3.12/site-packages/glance_store/location.py:146}}
Jul 19 17:07:48.799748 np0000005450 devstack@g-api.service[100124]: DEBUG glance_store.location [None req-4fdcebab-be21-42fe-a001-365869621d72 tempest-ServerStableDeviceRescueTest-511452885 tempest-ServerStableDeviceRescueTest-511452885-project-member] Registering scheme swift with {'store': , 'location_class': , 'store_entry': 'swift'} {{(pid=100124) register_scheme_map /opt/stack/data/venv/lib/python3.12/site-packages/glance_store/location.py:146}}
Jul 19 17:07:48.799901 np0000005450 devstack@g-api.service[100124]: DEBUG glance_store.location [None req-4fdcebab-be21-42fe-a001-365869621d72 tempest-ServerStableDeviceRescueTest-511452885 tempest-ServerStableDeviceRescueTest-511452885-project-member] Registering scheme swift+https with {'store': , 'location_class': , 'store_entry': 'swift'} {{(pid=100124) register_scheme_map /opt/stack/data/venv/lib/python3.12/site-packages/glance_store/location.py:146}}
Jul 19 17:07:48.800027 np0000005450 devstack@g-api.service[100124]: DEBUG glance_store.location [None req-4fdcebab-be21-42fe-a001-365869621d72 tempest-ServerStableDeviceRescueTest-511452885 tempest-ServerStableDeviceRescueTest-511452885-project-member] Registering scheme swift with {'store': , 'location_class': , 'store_entry': 'swift'} {{(pid=100124) register_scheme_map /opt/stack/data/venv/lib/python3.12/site-packages/glance_store/location.py:146}}
Jul 19 17:07:48.800141 np0000005450 devstack@g-api.service[100124]: DEBUG glance_store.location [None req-4fdcebab-be21-42fe-a001-365869621d72 tempest-ServerStableDeviceRescueTest-511452885 tempest-ServerStableDeviceRescueTest-511452885-project-member] Registering scheme swift+http with {'store': , 'location_class': , 'store_entry': 'swift'} {{(pid=100124) register_scheme_map /opt/stack/data/venv/lib/python3.12/site-packages/glance_store/location.py:146}}
Jul 19 17:07:48.800270 np0000005450 devstack@g-api.service[100124]: DEBUG glance_store.location [None req-4fdcebab-be21-42fe-a001-365869621d72 tempest-ServerStableDeviceRescueTest-511452885 tempest-ServerStableDeviceRescueTest-511452885-project-member] Registering scheme swift+https with {'store': , 'location_class': , 'store_entry': 'swift'} {{(pid=100124) register_scheme_map /opt/stack/data/venv/lib/python3.12/site-packages/glance_store/location.py:146}}
Jul 19 17:07:48.800479 np0000005450 devstack@g-api.service[100124]: DEBUG glance_store.location [None req-4fdcebab-be21-42fe-a001-365869621d72 tempest-ServerStableDeviceRescueTest-511452885 tempest-ServerStableDeviceRescueTest-511452885-project-member] Registering scheme swift with {'store': , 'location_class': , 'store_entry': 'swift'} {{(pid=100124) register_scheme_map /opt/stack/data/venv/lib/python3.12/site-packages/glance_store/location.py:146}}
Jul 19 17:07:48.800538 np0000005450 devstack@g-api.service[100124]: DEBUG glance_store.location [None req-4fdcebab-be21-42fe-a001-365869621d72 tempest-ServerStableDeviceRescueTest-511452885 tempest-ServerStableDeviceRescueTest-511452885-project-member] Registering scheme swift+http with {'store': , 'location_class': , 'store_entry': 'swift'} {{(pid=100124) register_scheme_map /opt/stack/data/venv/lib/python3.12/site-packages/glance_store/location.py:146}}
Jul 19 17:07:48.800648 np0000005450 devstack@g-api.service[100124]: DEBUG glance_store.location [None req-4fdcebab-be21-42fe-a001-365869621d72 tempest-ServerStableDeviceRescueTest-511452885 tempest-ServerStableDeviceRescueTest-511452885-project-member] Registering scheme swift+config with {'store': , 'location_class': , 'store_entry': 'swift'} {{(pid=100124) register_scheme_map /opt/stack/data/venv/lib/python3.12/site-packages/glance_store/location.py:146}}
Jul 19 17:07:48.800762 np0000005450 devstack@g-api.service[100124]: DEBUG glance_store.backend [None req-4fdcebab-be21-42fe-a001-365869621d72 tempest-ServerStableDeviceRescueTest-511452885 tempest-ServerStableDeviceRescueTest-511452885-project-member] Skipping store.set_acls... not implemented. {{(pid=100124) set_acls /opt/stack/data/venv/lib/python3.12/site-packages/glance_store/backend.py:507}}
Jul 19 17:07:48.801197 np0000005450 devstack@g-api.service[100122]: [pid: 100122|app: 0|req: 38/105] 127.0.0.1 () {44 vars in 1055 bytes} [Sun Jul 19 17:07:48 2026] GET /v2/schemas/image => generated 6083 bytes in 3 msecs (HTTP/1.1 200) 4 headers in 158 bytes (1 switches on core 0)
Jul 19 17:07:48.802658 np0000005450 devstack@g-api.service[100124]: [pid: 100124|app: 0|req: 28/106] 127.0.0.1 () {46 vars in 1158 bytes} [Sun Jul 19 17:07:46 2026] PUT /v2/images/698c3163-2d8c-40c1-81ef-6f424c438807/file => generated 0 bytes in 2328 msecs (HTTP/1.1 204) 4 headers in 171 bytes (1 switches on core 0)
Jul 19 17:07:48.841143 np0000005450 devstack@g-api.service[100123]: DEBUG glance.api.middleware.version_negotiation [None req-9252700f-bca5-4a6e-82c1-5a2cde8c47de tempest-ServerStableDeviceRescueTest-511452885 tempest-ServerStableDeviceRescueTest-511452885-project-member] Determining version of request: GET /v2/images/698c3163-2d8c-40c1-81ef-6f424c438807 Accept: */* {{(pid=100123) process_request /opt/stack/glance/glance/api/middleware/version_negotiation.py:44}}
Jul 19 17:07:48.841407 np0000005450 devstack@g-api.service[100123]: DEBUG glance.api.middleware.version_negotiation [None req-9252700f-bca5-4a6e-82c1-5a2cde8c47de tempest-ServerStableDeviceRescueTest-511452885 tempest-ServerStableDeviceRescueTest-511452885-project-member] Using url versioning {{(pid=100123) process_request /opt/stack/glance/glance/api/middleware/version_negotiation.py:57}}
Jul 19 17:07:48.841570 np0000005450 devstack@g-api.service[100123]: DEBUG glance.api.middleware.version_negotiation [None req-9252700f-bca5-4a6e-82c1-5a2cde8c47de tempest-ServerStableDeviceRescueTest-511452885 tempest-ServerStableDeviceRescueTest-511452885-project-member] Matched version: v2 {{(pid=100123) process_request /opt/stack/glance/glance/api/middleware/version_negotiation.py:69}}
Jul 19 17:07:48.841673 np0000005450 devstack@g-api.service[100123]: DEBUG glance.api.middleware.version_negotiation [None req-9252700f-bca5-4a6e-82c1-5a2cde8c47de tempest-ServerStableDeviceRescueTest-511452885 tempest-ServerStableDeviceRescueTest-511452885-project-member] new path /v2/images/698c3163-2d8c-40c1-81ef-6f424c438807 {{(pid=100123) process_request /opt/stack/glance/glance/api/middleware/version_negotiation.py:70}}
Jul 19 17:07:48.855147 np0000005450 devstack@g-api.service[100123]: [pid: 100123|app: 0|req: 41/107] 127.0.0.1 () {44 vars in 1115 bytes} [Sun Jul 19 17:07:48 2026] GET /v2/images/698c3163-2d8c-40c1-81ef-6f424c438807 => generated 1614 bytes in 14 msecs (HTTP/1.1 200) 4 headers in 158 bytes (1 switches on core 0)
Jul 19 17:07:48.885616 np0000005450 devstack@g-api.service[100122]: DEBUG glance.api.middleware.version_negotiation [None req-9252700f-bca5-4a6e-82c1-5a2cde8c47de tempest-ServerStableDeviceRescueTest-511452885 tempest-ServerStableDeviceRescueTest-511452885-project-member] Determining version of request: GET /v2/schemas/image Accept: */* {{(pid=100122) process_request /opt/stack/glance/glance/api/middleware/version_negotiation.py:44}}
Jul 19 17:07:48.885781 np0000005450 devstack@g-api.service[100122]: DEBUG glance.api.middleware.version_negotiation [None req-9252700f-bca5-4a6e-82c1-5a2cde8c47de tempest-ServerStableDeviceRescueTest-511452885 tempest-ServerStableDeviceRescueTest-511452885-project-member] Using url versioning {{(pid=100122) process_request /opt/stack/glance/glance/api/middleware/version_negotiation.py:57}}
Jul 19 17:07:48.885894 np0000005450 devstack@g-api.service[100122]: DEBUG glance.api.middleware.version_negotiation [None req-9252700f-bca5-4a6e-82c1-5a2cde8c47de tempest-ServerStableDeviceRescueTest-511452885 tempest-ServerStableDeviceRescueTest-511452885-project-member] Matched version: v2 {{(pid=100122) process_request /opt/stack/glance/glance/api/middleware/version_negotiation.py:69}}
Jul 19 17:07:48.885981 np0000005450 devstack@g-api.service[100122]: DEBUG glance.api.middleware.version_negotiation [None req-9252700f-bca5-4a6e-82c1-5a2cde8c47de tempest-ServerStableDeviceRescueTest-511452885 tempest-ServerStableDeviceRescueTest-511452885-project-member] new path /v2/schemas/image {{(pid=100122) process_request /opt/stack/glance/glance/api/middleware/version_negotiation.py:70}}
Jul 19 17:07:48.893707 np0000005450 devstack@g-api.service[100122]: [pid: 100122|app: 0|req: 39/108] 127.0.0.1 () {44 vars in 1055 bytes} [Sun Jul 19 17:07:48 2026] GET /v2/schemas/image => generated 6083 bytes in 8 msecs (HTTP/1.1 200) 4 headers in 158 bytes (1 switches on core 0)
Jul 19 17:07:49.863765 np0000005450 devstack@g-api.service[100124]: DEBUG glance.api.middleware.version_negotiation [None req-4fdcebab-be21-42fe-a001-365869621d72 tempest-ServerStableDeviceRescueTest-511452885 tempest-ServerStableDeviceRescueTest-511452885-project-member] Determining version of request: GET /v2/images/698c3163-2d8c-40c1-81ef-6f424c438807 Accept: */* {{(pid=100124) process_request /opt/stack/glance/glance/api/middleware/version_negotiation.py:44}}
Jul 19 17:07:49.863765 np0000005450 devstack@g-api.service[100124]: DEBUG glance.api.middleware.version_negotiation [None req-4fdcebab-be21-42fe-a001-365869621d72 tempest-ServerStableDeviceRescueTest-511452885 tempest-ServerStableDeviceRescueTest-511452885-project-member] Using url versioning {{(pid=100124) process_request /opt/stack/glance/glance/api/middleware/version_negotiation.py:57}}
Jul 19 17:07:49.863765 np0000005450 devstack@g-api.service[100124]: DEBUG glance.api.middleware.version_negotiation [None req-4fdcebab-be21-42fe-a001-365869621d72 tempest-ServerStableDeviceRescueTest-511452885 tempest-ServerStableDeviceRescueTest-511452885-project-member] Matched version: v2 {{(pid=100124) process_request /opt/stack/glance/glance/api/middleware/version_negotiation.py:69}}
Jul 19 17:07:49.864165 np0000005450 devstack@g-api.service[100124]: DEBUG glance.api.middleware.version_negotiation [None req-4fdcebab-be21-42fe-a001-365869621d72 tempest-ServerStableDeviceRescueTest-511452885 tempest-ServerStableDeviceRescueTest-511452885-project-member] new path /v2/images/698c3163-2d8c-40c1-81ef-6f424c438807 {{(pid=100124) process_request /opt/stack/glance/glance/api/middleware/version_negotiation.py:70}}
Jul 19 17:07:49.886861 np0000005450 devstack@g-api.service[100124]: [pid: 100124|app: 0|req: 29/109] 127.0.0.1 () {44 vars in 1115 bytes} [Sun Jul 19 17:07:49 2026] GET /v2/images/698c3163-2d8c-40c1-81ef-6f424c438807 => generated 1614 bytes in 24 msecs (HTTP/1.1 200) 4 headers in 158 bytes (1 switches on core 0)
Jul 19 17:07:49.920729 np0000005450 devstack@g-api.service[100123]: DEBUG glance.api.middleware.version_negotiation [None req-4fdcebab-be21-42fe-a001-365869621d72 tempest-ServerStableDeviceRescueTest-511452885 tempest-ServerStableDeviceRescueTest-511452885-project-member] Determining version of request: GET /v2/schemas/image Accept: */* {{(pid=100123) process_request /opt/stack/glance/glance/api/middleware/version_negotiation.py:44}}
Jul 19 17:07:49.921144 np0000005450 devstack@g-api.service[100123]: DEBUG glance.api.middleware.version_negotiation [None req-4fdcebab-be21-42fe-a001-365869621d72 tempest-ServerStableDeviceRescueTest-511452885 tempest-ServerStableDeviceRescueTest-511452885-project-member] Using url versioning {{(pid=100123) process_request /opt/stack/glance/glance/api/middleware/version_negotiation.py:57}}
Jul 19 17:07:49.921144 np0000005450 devstack@g-api.service[100123]: DEBUG glance.api.middleware.version_negotiation [None req-4fdcebab-be21-42fe-a001-365869621d72 tempest-ServerStableDeviceRescueTest-511452885 tempest-ServerStableDeviceRescueTest-511452885-project-member] Matched version: v2 {{(pid=100123) process_request /opt/stack/glance/glance/api/middleware/version_negotiation.py:69}}
Jul 19 17:07:49.921593 np0000005450 devstack@g-api.service[100123]: DEBUG glance.api.middleware.version_negotiation [None req-4fdcebab-be21-42fe-a001-365869621d72 tempest-ServerStableDeviceRescueTest-511452885 tempest-ServerStableDeviceRescueTest-511452885-project-member] new path /v2/schemas/image {{(pid=100123) process_request /opt/stack/glance/glance/api/middleware/version_negotiation.py:70}}
Jul 19 17:07:49.928062 np0000005450 devstack@g-api.service[100123]: [pid: 100123|app: 0|req: 42/110] 127.0.0.1 () {44 vars in 1055 bytes} [Sun Jul 19 17:07:49 2026] GET /v2/schemas/image => generated 6083 bytes in 7 msecs (HTTP/1.1 200) 4 headers in 158 bytes (1 switches on core 0)
Jul 19 17:07:50.018729 np0000005450 devstack@g-api.service[100122]: DEBUG glance.api.middleware.version_negotiation [None req-4fdcebab-be21-42fe-a001-365869621d72 tempest-ServerStableDeviceRescueTest-511452885 tempest-ServerStableDeviceRescueTest-511452885-project-member] Determining version of request: GET /v2/images/698c3163-2d8c-40c1-81ef-6f424c438807 Accept: */* {{(pid=100122) process_request /opt/stack/glance/glance/api/middleware/version_negotiation.py:44}}
Jul 19 17:07:50.019036 np0000005450 devstack@g-api.service[100122]: DEBUG glance.api.middleware.version_negotiation [None req-4fdcebab-be21-42fe-a001-365869621d72 tempest-ServerStableDeviceRescueTest-511452885 tempest-ServerStableDeviceRescueTest-511452885-project-member] Using url versioning {{(pid=100122) process_request /opt/stack/glance/glance/api/middleware/version_negotiation.py:57}}
Jul 19 17:07:50.019036 np0000005450 devstack@g-api.service[100122]: DEBUG glance.api.middleware.version_negotiation [None req-4fdcebab-be21-42fe-a001-365869621d72 tempest-ServerStableDeviceRescueTest-511452885 tempest-ServerStableDeviceRescueTest-511452885-project-member] Matched version: v2 {{(pid=100122) process_request /opt/stack/glance/glance/api/middleware/version_negotiation.py:69}}
