Jul 19 17:04:13.090705 np0000005450 devstack@placement-api.service[90366]: framework. For more detail see
Jul 19 17:04:13.090705 np0000005450 devstack@placement-api.service[90366]: https://eventlet.readthedocs.io/en/latest/asyncio/migration.html
Jul 19 17:04:13.090705 np0000005450 devstack@placement-api.service[90366]: import eventlet # type: ignore[import-not-found]
Jul 19 17:04:13.090705 np0000005450 devstack@placement-api.service[90366]:
Jul 19 17:04:13.442536 np0000005450 devstack@placement-api.service[90366]: INFO placement.requestlog [req-1eaeda7a-b215-4def-aaa9-725e50061729 req-ef875203-efcb-4878-9ad3-a325bf7d1e5b service nova] 10.4.3.170 "GET /placement/resource_providers?in_tree=a48dc2ea-0b17-4418-af85-24e168cdabea" status: 200 len: 26 microversion: 1.14
Jul 19 17:04:13.442772 np0000005450 devstack@placement-api.service[90366]: [pid: 90366|app: 0|req: 2/6] 10.4.3.170 () {68 vars in 1498 bytes} [Sun Jul 19 17:04:12 2026] GET /placement/resource_providers?in_tree=a48dc2ea-0b17-4418-af85-24e168cdabea => generated 26 bytes in 538 msecs (HTTP/1.1 200) 6 headers in 224 bytes (1 switches on core 0)
Jul 19 17:04:13.484115 np0000005450 devstack@placement-api.service[90365]: DEBUG placement.requestlog [req-1eaeda7a-b215-4def-aaa9-725e50061729 req-dcd62866-2670-496d-99d7-8045043c69e5 None None] Starting request: 10.4.3.170 "POST /placement/resource_providers" {{(pid=90365) __call__ /opt/stack/placement/placement/requestlog.py:55}}
Jul 19 17:04:13.656975 np0000005450 devstack@placement-api.service[90365]: WARNING py.warnings [req-1eaeda7a-b215-4def-aaa9-725e50061729 req-dcd62866-2670-496d-99d7-8045043c69e5 None None] /opt/stack/data/venv/lib/python3.12/site-packages/oslo_cache/_memcache_pool.py:29: EventletDeprecationWarning:
Jul 19 17:04:13.656975 np0000005450 devstack@placement-api.service[90365]: Eventlet is deprecated. It is currently being maintained in bugfix mode, and
Jul 19 17:04:13.656975 np0000005450 devstack@placement-api.service[90365]: we strongly recommend against using it for new projects.
Jul 19 17:04:13.656975 np0000005450 devstack@placement-api.service[90365]: If you are already using Eventlet, we recommend migrating to a different
Jul 19 17:04:13.656975 np0000005450 devstack@placement-api.service[90365]: framework. For more detail see
Jul 19 17:04:13.656975 np0000005450 devstack@placement-api.service[90365]: https://eventlet.readthedocs.io/en/latest/asyncio/migration.html
Jul 19 17:04:13.656975 np0000005450 devstack@placement-api.service[90365]: import eventlet # type: ignore[import-not-found]
Jul 19 17:04:13.656975 np0000005450 devstack@placement-api.service[90365]:
Jul 19 17:04:13.681418 np0000005450 devstack@placement-api.service[90365]: INFO placement.requestlog [req-1eaeda7a-b215-4def-aaa9-725e50061729 req-dcd62866-2670-496d-99d7-8045043c69e5 service nova] 10.4.3.170 "POST /placement/resource_providers" status: 200 len: 835 microversion: 1.20
Jul 19 17:04:13.681715 np0000005450 devstack@placement-api.service[90365]: [pid: 90365|app: 0|req: 2/7] 10.4.3.170 () {72 vars in 1462 bytes} [Sun Jul 19 17:04:13 2026] POST /placement/resource_providers => generated 835 bytes in 198 msecs (HTTP/1.1 200) 9 headers in 392 bytes (1 switches on core 0)
Jul 19 17:04:13.717304 np0000005450 devstack@placement-api.service[90364]: DEBUG placement.requestlog [req-1eaeda7a-b215-4def-aaa9-725e50061729 req-d0b7b0c2-587a-4a6c-a4e6-ea82b50d5306 None None] Starting request: 10.4.3.170 "GET /placement/resource_providers/a48dc2ea-0b17-4418-af85-24e168cdabea/allocations" {{(pid=90364) __call__ /opt/stack/placement/placement/requestlog.py:55}}
Jul 19 17:04:13.892679 np0000005450 devstack@placement-api.service[90364]: WARNING py.warnings [req-1eaeda7a-b215-4def-aaa9-725e50061729 req-d0b7b0c2-587a-4a6c-a4e6-ea82b50d5306 None None] /opt/stack/data/venv/lib/python3.12/site-packages/oslo_cache/_memcache_pool.py:29: EventletDeprecationWarning:
Jul 19 17:04:13.892679 np0000005450 devstack@placement-api.service[90364]: Eventlet is deprecated. It is currently being maintained in bugfix mode, and
Jul 19 17:04:13.892679 np0000005450 devstack@placement-api.service[90364]: we strongly recommend against using it for new projects.
Jul 19 17:04:13.892679 np0000005450 devstack@placement-api.service[90364]: If you are already using Eventlet, we recommend migrating to a different
Jul 19 17:04:13.892679 np0000005450 devstack@placement-api.service[90364]: framework. For more detail see
Jul 19 17:04:13.892679 np0000005450 devstack@placement-api.service[90364]: https://eventlet.readthedocs.io/en/latest/asyncio/migration.html
Jul 19 17:04:13.892679 np0000005450 devstack@placement-api.service[90364]: import eventlet # type: ignore[import-not-found]
Jul 19 17:04:13.892679 np0000005450 devstack@placement-api.service[90364]:
Jul 19 17:04:13.908286 np0000005450 devstack@placement-api.service[90364]: INFO placement.requestlog [req-1eaeda7a-b215-4def-aaa9-725e50061729 req-d0b7b0c2-587a-4a6c-a4e6-ea82b50d5306 service nova] 10.4.3.170 "GET /placement/resource_providers/a48dc2ea-0b17-4418-af85-24e168cdabea/allocations" status: 200 len: 54 microversion: 1.0
Jul 19 17:04:13.908494 np0000005450 devstack@placement-api.service[90364]: [pid: 90364|app: 0|req: 4/8] 10.4.3.170 () {66 vars in 1512 bytes} [Sun Jul 19 17:04:13 2026] GET /placement/resource_providers/a48dc2ea-0b17-4418-af85-24e168cdabea/allocations => generated 54 bytes in 191 msecs (HTTP/1.1 200) 6 headers in 223 bytes (1 switches on core 0)
Jul 19 17:04:13.963836 np0000005450 devstack@placement-api.service[90366]: DEBUG placement.requestlog [req-1eaeda7a-b215-4def-aaa9-725e50061729 req-d0ff21e1-d69d-425f-a45f-1d5a9dd854ed None None] Starting request: 10.4.3.170 "PUT /placement/resource_providers/a48dc2ea-0b17-4418-af85-24e168cdabea/inventories" {{(pid=90366) __call__ /opt/stack/placement/placement/requestlog.py:55}}
Jul 19 17:04:13.991133 np0000005450 devstack@placement-api.service[90366]: INFO placement.requestlog [req-1eaeda7a-b215-4def-aaa9-725e50061729 req-d0ff21e1-d69d-425f-a45f-1d5a9dd854ed service nova] 10.4.3.170 "PUT /placement/resource_providers/a48dc2ea-0b17-4418-af85-24e168cdabea/inventories" status: 200 len: 398 microversion: 1.26
Jul 19 17:04:13.991433 np0000005450 devstack@placement-api.service[90366]: [pid: 90366|app: 0|req: 3/9] 10.4.3.170 () {72 vars in 1609 bytes} [Sun Jul 19 17:04:13 2026] PUT /placement/resource_providers/a48dc2ea-0b17-4418-af85-24e168cdabea/inventories => generated 398 bytes in 28 msecs (HTTP/1.1 200) 8 headers in 296 bytes (1 switches on core 0)
Jul 19 17:04:14.026542 np0000005450 devstack@placement-api.service[90365]: DEBUG placement.requestlog [req-1eaeda7a-b215-4def-aaa9-725e50061729 req-427d14e0-1b1f-4f39-909c-d613c08b4644 None None] Starting request: 10.4.3.170 "GET /placement/traits?name=in:COMPUTE_STORAGE_BUS_FDC,COMPUTE_STORAGE_VIRTIO_FS,COMPUTE_GRAPHICS_MODEL_QXL,COMPUTE_VOLUME_ATTACH_WITH_TAG,HW_CPU_X86_SSE,COMPUTE_IMAGE_TYPE_ISO,COMPUTE_SOUND_MODEL_ICH6,COMPUTE_VOLUME_MULTI_ATTACH,COMPUTE_NET_ATTACH_INTERFACE,COMPUTE_NET_VIF_MODEL_RTL8139,COMPUTE_IMAGE_TYPE_QCOW2,COMPUTE_TRUSTED_CERTS,COMPUTE_SOUND_MODEL_SB16,COMPUTE_NET_ATTACH_INTERFACE_WITH_TAG,COMPUTE_ARCH_MIPSEL,COMPUTE_STORAGE_BUS_SCSI,COMPUTE_NET_VIF_MODEL_LAN9118,COMPUTE_STORAGE_BUS_SATA,COMPUTE_GRAPHICS_MODEL_CIRRUS,COMPUTE_NET_VIF_MODEL_NE2K_PCI,COMPUTE_ACCELERATORS,COMPUTE_ARCH_AARCH64,COMPUTE_IMAGE_TYPE_ARI,COMPUTE_SECURITY_UEFI_SECURE_BOOT,COMPUTE_ARCH_PPC64LE,COMPUTE_GRAPHICS_MODEL_VMVGA,COMPUTE_IMAGE_TYPE_AKI,COMPUTE_ADDRESS_SPACE_PASSTHROUGH,COMPUTE_SOUND_MODEL_ES1370,COMPUTE_VOLUME_EXTEND,COMPUTE_RESCUE_BFV,COMPUTE_DEVICE_TAGGING,COMPUTE_IMAGE_TYPE_RAW,COMPUTE_STORAGE_BUS_VIRTIO,COMPUTE_SOCKET_PCI_NUMA_AFFINITY,COMPUTE_IMAGE_TYPE_AMI,COMPUTE_GRAPHICS_MODEL_VIRTIO,COMPUTE_VIOMMU_MODEL_SMMUV3,COMPUTE_NET_VIRTIO_PACKED,HW_CPU_X86_SSE41,COMPUTE_STORAGE_BUS_IDE,COMPUTE_NODE,COMPUTE_ARCH_S390X,COMPUTE_NET_VIF_MODEL_SPAPR_VLAN,COMPUTE_VIOMMU_MODEL_AUTO,COMPUTE_SOUND_MODEL_AC97,COMPUTE_SECURITY_STATELESS_FIRMWARE,COMPUTE_GRAPHICS_MODEL_NONE,HW_CPU_X86_SSE42,HW_CPU_X86_SSE2,COMPUTE_NET_VIF_MODEL_IGB,COMPUTE_NET_VIF_MODEL_PCNET,COMPUTE_NET_VIF_MODEL_VMXNET3,COMPUTE_ADDRESS_SPACE_EMULATED,HW_CPU_X86_SSSE3,COMPUTE_ARCH_X86_64,COMPUTE_SOUND_MODEL_USB,COMPUTE_GRAPHICS_MODEL_VGA,COMPUTE_GRAPHICS_MODEL_BOCHS,COMPUTE_NET_VIF_MODEL_E1000E,COMPUTE_NET_VIF_MODEL_VIRTIO,COMPUTE_ARCH_RISCV64,COMPUTE_STORAGE_BUS_USB,COMPUTE_SOUND_MODEL_PCSPK,COMPUTE_VIOMMU_MODEL_INTEL,COMPUTE_SOUND_MODEL_ICH9,HW_ARCH_X86_64,HW_CPU_X86_MMX,COMPUTE_NET_VIF_MODEL_E1000,COMPUTE_VIOMMU_MODEL_VIRTIO" {{(pid=90365) __call__ /opt/stack/placement/placement/requestlog.py:55}}
Jul 19 17:04:14.037167 np0000005450 devstack@placement-api.service[90365]: INFO placement.requestlog [req-1eaeda7a-b215-4def-aaa9-725e50061729 req-427d14e0-1b1f-4f39-909c-d613c08b4644 service nova] 10.4.3.170 "GET /placement/traits?name=in:COMPUTE_STORAGE_BUS_FDC,COMPUTE_STORAGE_VIRTIO_FS,COMPUTE_GRAPHICS_MODEL_QXL,COMPUTE_VOLUME_ATTACH_WITH_TAG,HW_CPU_X86_SSE,COMPUTE_IMAGE_TYPE_ISO,COMPUTE_SOUND_MODEL_ICH6,COMPUTE_VOLUME_MULTI_ATTACH,COMPUTE_NET_ATTACH_INTERFACE,COMPUTE_NET_VIF_MODEL_RTL8139,COMPUTE_IMAGE_TYPE_QCOW2,COMPUTE_TRUSTED_CERTS,COMPUTE_SOUND_MODEL_SB16,COMPUTE_NET_ATTACH_INTERFACE_WITH_TAG,COMPUTE_ARCH_MIPSEL,COMPUTE_STORAGE_BUS_SCSI,COMPUTE_NET_VIF_MODEL_LAN9118,COMPUTE_STORAGE_BUS_SATA,COMPUTE_GRAPHICS_MODEL_CIRRUS,COMPUTE_NET_VIF_MODEL_NE2K_PCI,COMPUTE_ACCELERATORS,COMPUTE_ARCH_AARCH64,COMPUTE_IMAGE_TYPE_ARI,COMPUTE_SECURITY_UEFI_SECURE_BOOT,COMPUTE_ARCH_PPC64LE,COMPUTE_GRAPHICS_MODEL_VMVGA,COMPUTE_IMAGE_TYPE_AKI,COMPUTE_ADDRESS_SPACE_PASSTHROUGH,COMPUTE_SOUND_MODEL_ES1370,COMPUTE_VOLUME_EXTEND,COMPUTE_RESCUE_BFV,COMPUTE_DEVICE_TAGGING,COMPUTE_IMAGE_TYPE_RAW,COMPUTE_STORAGE_BUS_VIRTIO,COMPUTE_SOCKET_PCI_NUMA_AFFINITY,COMPUTE_IMAGE_TYPE_AMI,COMPUTE_GRAPHICS_MODEL_VIRTIO,COMPUTE_VIOMMU_MODEL_SMMUV3,COMPUTE_NET_VIRTIO_PACKED,HW_CPU_X86_SSE41,COMPUTE_STORAGE_BUS_IDE,COMPUTE_NODE,COMPUTE_ARCH_S390X,COMPUTE_NET_VIF_MODEL_SPAPR_VLAN,COMPUTE_VIOMMU_MODEL_AUTO,COMPUTE_SOUND_MODEL_AC97,COMPUTE_SECURITY_STATELESS_FIRMWARE,COMPUTE_GRAPHICS_MODEL_NONE,HW_CPU_X86_SSE42,HW_CPU_X86_SSE2,COMPUTE_NET_VIF_MODEL_IGB,COMPUTE_NET_VIF_MODEL_PCNET,COMPUTE_NET_VIF_MODEL_VMXNET3,COMPUTE_ADDRESS_SPACE_EMULATED,HW_CPU_X86_SSSE3,COMPUTE_ARCH_X86_64,COMPUTE_SOUND_MODEL_USB,COMPUTE_GRAPHICS_MODEL_VGA,COMPUTE_GRAPHICS_MODEL_BOCHS,COMPUTE_NET_VIF_MODEL_E1000E,COMPUTE_NET_VIF_MODEL_VIRTIO,COMPUTE_ARCH_RISCV64,COMPUTE_STORAGE_BUS_USB,COMPUTE_SOUND_MODEL_PCSPK,COMPUTE_VIOMMU_MODEL_INTEL,COMPUTE_SOUND_MODEL_ICH9,HW_ARCH_X86_64,HW_CPU_X86_MMX,COMPUTE_NET_VIF_MODEL_E1000,COMPUTE_VIOMMU_MODEL_VIRTIO" status: 200 len: 1991 microversion: 1.6
Jul 19 17:04:14.037982 np0000005450 devstack@placement-api.service[90365]: [pid: 90365|app: 0|req: 3/10] 10.4.3.170 () {68 vars in 4925 bytes} [Sun Jul 19 17:04:14 2026] GET /placement/traits?name=in:COMPUTE_STORAGE_BUS_FDC,COMPUTE_STORAGE_VIRTIO_FS,COMPUTE_GRAPHICS_MODEL_QXL,COMPUTE_VOLUME_ATTACH_WITH_TAG,HW_CPU_X86_SSE,COMPUTE_IMAGE_TYPE_ISO,COMPUTE_SOUND_MODEL_ICH6,COMPUTE_VOLUME_MULTI_ATTACH,COMPUTE_NET_ATTACH_INTERFACE,COMPUTE_NET_VIF_MODEL_RTL8139,COMPUTE_IMAGE_TYPE_QCOW2,COMPUTE_TRUSTED_CERTS,COMPUTE_SOUND_MODEL_SB16,COMPUTE_NET_ATTACH_INTERFACE_WITH_TAG,COMPUTE_ARCH_MIPSEL,COMPUTE_STORAGE_BUS_SCSI,COMPUTE_NET_VIF_MODEL_LAN9118,COMPUTE_STORAGE_BUS_SATA,COMPUTE_GRAPHICS_MODEL_CIRRUS,COMPUTE_NET_VIF_MODEL_NE2K_PCI,COMPUTE_ACCELERATORS,COMPUTE_ARCH_AARCH64,COMPUTE_IMAGE_TYPE_ARI,COMPUTE_SECURITY_UEFI_SECURE_BOOT,COMPUTE_ARCH_PPC64LE,COMPUTE_GRAPHICS_MODEL_VMVGA,COMPUTE_IMAGE_TYPE_AKI,COMPUTE_ADDRESS_SPACE_PASSTHROUGH,COMPUTE_SOUND_MODEL_ES1370,COMPUTE_VOLUME_EXTEND,COMPUTE_RESCUE_BFV,COMPUTE_DEVICE_TAGGING,COMPUTE_IMAGE_TYPE_RAW,COMPUTE_STORAGE_BUS_VIRTIO,COMPUTE_SOCKET_PCI_NUMA_AFFINITY,COMPUTE_IMAGE_TYPE_AMI,COMPUTE_GRAPHICS_MODEL_VIRTIO,COMPUTE_VIOMMU_MODEL_SMMUV3,COMPUTE_NET_VIRTIO_PACKED,HW_CPU_X86_SSE41,COMPUTE_STORAGE_BUS_IDE,COMPUTE_NODE,COMPUTE_ARCH_S390X,COMPUTE_NET_VIF_MODEL_SPAPR_VLAN,COMPUTE_VIOMMU_MODEL_AUTO,COMPUTE_SOUND_MODEL_AC97,COMPUTE_SECURITY_STATELESS_FIRMWARE,COMPUTE_GRAPHICS_MODEL_NONE,HW_CPU_X86_SSE42,HW_CPU_X86_SSE2,COMPUTE_NET_VIF_MODEL_IGB,COMPUTE_NET_VIF_MODEL_PCNET,COMPUTE_NET_VIF_MODEL_VMXNET3,COMPUTE_ADDRESS_SPACE_EMULATED,HW_CPU_X86_SSSE3,COMPUTE_ARCH_X86_64,COMPUTE_SOUND_MODEL_USB,COMPUTE_GRAPHICS_MODEL_VGA,COMPUTE_GRAPHICS_MODEL_BOCHS,COMPUTE_NET_VIF_MODEL_E1000E,COMPUTE_NET_VIF_MODEL_VIRTIO,COMPUTE_ARCH_RISCV64,COMPUTE_STORAGE_BUS_USB,COMPUTE_SOUND_MODEL_PCSPK,COMPUTE_VIOMMU_MODEL_INTEL,COMPUTE_SOUND_MODEL_ICH9,HW_ARCH_X86_64,HW_CPU_X86_MMX,COMPUTE_NET_VIF_MODEL_E1000,COMPUTE_VIOMMU_MODEL_VIRTIO => generated 1991 bytes in 11 msecs (HTTP/1.1 200) 6 headers in 225 bytes (2 switches on core 0)
Jul 19 17:04:14.062886 np0000005450 devstack@placement-api.service[90364]: DEBUG placement.requestlog [req-1eaeda7a-b215-4def-aaa9-725e50061729 req-87b02f9c-4537-467a-91f7-4e42fd616195 None None] Starting request: 10.4.3.170 "PUT /placement/resource_providers/a48dc2ea-0b17-4418-af85-24e168cdabea/traits" {{(pid=90364) __call__ /opt/stack/placement/placement/requestlog.py:55}}
Jul 19 17:04:14.119720 np0000005450 devstack@placement-api.service[90364]: INFO placement.requestlog [req-1eaeda7a-b215-4def-aaa9-725e50061729 req-87b02f9c-4537-467a-91f7-4e42fd616195 service nova] 10.4.3.170 "PUT /placement/resource_providers/a48dc2ea-0b17-4418-af85-24e168cdabea/traits" status: 200 len: 2026 microversion: 1.6
Jul 19 17:04:14.119984 np0000005450 devstack@placement-api.service[90364]: [pid: 90364|app: 0|req: 5/11] 10.4.3.170 () {72 vars in 1594 bytes} [Sun Jul 19 17:04:14 2026] PUT /placement/resource_providers/a48dc2ea-0b17-4418-af85-24e168cdabea/traits => generated 2026 bytes in 57 msecs (HTTP/1.1 200) 6 headers in 225 bytes (1 switches on core 0)
Jul 19 17:04:23.987914 np0000005450 devstack@placement-api.service[90366]: DEBUG dbcounter [-] [90366] Writing DB stats placement:SELECT=4,placement:INSERT=3,placement:UPDATE=1 {{(pid=90366) stat_writer /opt/stack/data/venv/lib/python3.12/site-packages/dbcounter.py:115}}
Jul 19 17:04:24.033096 np0000005450 devstack@placement-api.service[90365]: DEBUG dbcounter [-] [90365] Writing DB stats placement:INSERT=1,placement:UPDATE=1,placement:SELECT=1 {{(pid=90365) stat_writer /opt/stack/data/venv/lib/python3.12/site-packages/dbcounter.py:115}}
Jul 19 17:04:24.118066 np0000005450 devstack@placement-api.service[90364]: DEBUG dbcounter [-] [90364] Writing DB stats placement:SELECT=5,placement:INSERT=70,placement:UPDATE=1 {{(pid=90364) stat_writer /opt/stack/data/venv/lib/python3.12/site-packages/dbcounter.py:115}}
Jul 19 17:04:36.260556 np0000005450 devstack@placement-api.service[90366]: DEBUG placement.requestlog [None req-db7c877f-f0a2-4210-83b1-e9615adfb026 None None] Starting request: 10.4.3.170 "GET /placement//" {{(pid=90366) __call__ /opt/stack/placement/placement/requestlog.py:55}}
Jul 19 17:04:36.261104 np0000005450 devstack@placement-api.service[90366]: INFO placement.requestlog [None req-db7c877f-f0a2-4210-83b1-e9615adfb026 None None] 10.4.3.170 "GET /placement//" status: 200 len: 136 microversion: 1.0
Jul 19 17:04:36.261329 np0000005450 devstack@placement-api.service[90366]: [pid: 90366|app: 0|req: 4/12] 10.4.3.170 () {64 vars in 1227 bytes} [Sun Jul 19 17:04:36 2026] GET /placement/ => generated 136 bytes in 1 msecs (HTTP/1.1 200) 6 headers in 224 bytes (1 switches on core 0)
Jul 19 17:05:04.300564 np0000005450 devstack@placement-api.service[90365]: DEBUG placement.requestlog [req-3a9cb8d5-9083-4538-87c2-e7c1fa5d949f req-c064a17c-5e19-41ad-b711-962ca95f90b2 None None] Starting request: 10.4.3.170 "GET /placement/resource_providers/a48dc2ea-0b17-4418-af85-24e168cdabea/allocations" {{(pid=90365) __call__ /opt/stack/placement/placement/requestlog.py:55}}
Jul 19 17:05:04.310911 np0000005450 devstack@placement-api.service[90365]: INFO placement.requestlog [req-3a9cb8d5-9083-4538-87c2-e7c1fa5d949f req-c064a17c-5e19-41ad-b711-962ca95f90b2 service nova] 10.4.3.170 "GET /placement/resource_providers/a48dc2ea-0b17-4418-af85-24e168cdabea/allocations" status: 200 len: 54 microversion: 1.0
Jul 19 17:05:04.311399 np0000005450 devstack@placement-api.service[90365]: [pid: 90365|app: 0|req: 4/13] 10.4.3.170 () {66 vars in 1512 bytes} [Sun Jul 19 17:05:04 2026] GET /placement/resource_providers/a48dc2ea-0b17-4418-af85-24e168cdabea/allocations => generated 54 bytes in 11 msecs (HTTP/1.1 200) 6 headers in 223 bytes (1 switches on core 0)
Jul 19 17:05:04.338498 np0000005450 devstack@placement-api.service[90364]: DEBUG placement.requestlog [req-3a9cb8d5-9083-4538-87c2-e7c1fa5d949f req-4554e641-cf05-42df-959f-63514614717e None None] Starting request: 10.4.3.170 "GET /placement/resource_providers/a48dc2ea-0b17-4418-af85-24e168cdabea/allocations" {{(pid=90364) __call__ /opt/stack/placement/placement/requestlog.py:55}}
Jul 19 17:05:04.346636 np0000005450 devstack@placement-api.service[90364]: INFO placement.requestlog [req-3a9cb8d5-9083-4538-87c2-e7c1fa5d949f req-4554e641-cf05-42df-959f-63514614717e service nova] 10.4.3.170 "GET /placement/resource_providers/a48dc2ea-0b17-4418-af85-24e168cdabea/allocations" status: 200 len: 54 microversion: 1.0
Jul 19 17:05:04.346807 np0000005450 devstack@placement-api.service[90364]: [pid: 90364|app: 0|req: 6/14] 10.4.3.170 () {66 vars in 1512 bytes} [Sun Jul 19 17:05:04 2026] GET /placement/resource_providers/a48dc2ea-0b17-4418-af85-24e168cdabea/allocations => generated 54 bytes in 8 msecs (HTTP/1.1 200) 6 headers in 223 bytes (1 switches on core 0)
Jul 19 17:05:14.309735 np0000005450 devstack@placement-api.service[90365]: DEBUG dbcounter [-] [90365] Writing DB stats placement:SELECT=2 {{(pid=90365) stat_writer /opt/stack/data/venv/lib/python3.12/site-packages/dbcounter.py:115}}
Jul 19 17:05:14.346304 np0000005450 devstack@placement-api.service[90364]: DEBUG dbcounter [-] [90364] Writing DB stats placement:SELECT=2 {{(pid=90364) stat_writer /opt/stack/data/venv/lib/python3.12/site-packages/dbcounter.py:115}}
Jul 19 17:06:01.376301 np0000005450 devstack@placement-api.service[90366]: DEBUG placement.requestlog [req-03ceef96-1308-45d2-bce0-7210e875a468 req-aeaccbbc-160f-4be4-9513-9976ec147fcc None None] Starting request: 10.4.3.170 "GET /placement/resource_providers/a48dc2ea-0b17-4418-af85-24e168cdabea/allocations" {{(pid=90366) __call__ /opt/stack/placement/placement/requestlog.py:55}}
Jul 19 17:06:01.388571 np0000005450 devstack@placement-api.service[90366]: INFO placement.requestlog [req-03ceef96-1308-45d2-bce0-7210e875a468 req-aeaccbbc-160f-4be4-9513-9976ec147fcc service nova] 10.4.3.170 "GET /placement/resource_providers/a48dc2ea-0b17-4418-af85-24e168cdabea/allocations" status: 200 len: 54 microversion: 1.0
Jul 19 17:06:01.388802 np0000005450 devstack@placement-api.service[90366]: [pid: 90366|app: 0|req: 5/15] 10.4.3.170 () {66 vars in 1512 bytes} [Sun Jul 19 17:06:01 2026] GET /placement/resource_providers/a48dc2ea-0b17-4418-af85-24e168cdabea/allocations => generated 54 bytes in 13 msecs (HTTP/1.1 200) 6 headers in 223 bytes (1 switches on core 0)
Jul 19 17:06:01.416869 np0000005450 devstack@placement-api.service[90365]: DEBUG placement.requestlog [req-03ceef96-1308-45d2-bce0-7210e875a468 req-9d21dfa9-3bda-4040-9044-ab1279fcf993 None None] Starting request: 10.4.3.170 "GET /placement/resource_providers/a48dc2ea-0b17-4418-af85-24e168cdabea/allocations" {{(pid=90365) __call__ /opt/stack/placement/placement/requestlog.py:55}}
Jul 19 17:06:01.424194 np0000005450 devstack@placement-api.service[90365]: INFO placement.requestlog [req-03ceef96-1308-45d2-bce0-7210e875a468 req-9d21dfa9-3bda-4040-9044-ab1279fcf993 service nova] 10.4.3.170 "GET /placement/resource_providers/a48dc2ea-0b17-4418-af85-24e168cdabea/allocations" status: 200 len: 54 microversion: 1.0
Jul 19 17:06:01.424456 np0000005450 devstack@placement-api.service[90365]: [pid: 90365|app: 0|req: 5/16] 10.4.3.170 () {66 vars in 1512 bytes} [Sun Jul 19 17:06:01 2026] GET /placement/resource_providers/a48dc2ea-0b17-4418-af85-24e168cdabea/allocations => generated 54 bytes in 8 msecs (HTTP/1.1 200) 6 headers in 223 bytes (1 switches on core 0)
Jul 19 17:06:11.386993 np0000005450 devstack@placement-api.service[90366]: DEBUG dbcounter [-] [90366] Writing DB stats placement:SELECT=2 {{(pid=90366) stat_writer /opt/stack/data/venv/lib/python3.12/site-packages/dbcounter.py:115}}
Jul 19 17:06:11.423277 np0000005450 devstack@placement-api.service[90365]: DEBUG dbcounter [-] [90365] Writing DB stats placement:SELECT=2 {{(pid=90365) stat_writer /opt/stack/data/venv/lib/python3.12/site-packages/dbcounter.py:115}}
Jul 19 17:06:19.504578 np0000005450 devstack@placement-api.service[90364]: DEBUG placement.requestlog [req-fd14344f-197e-40bd-8f66-ad877c1ac801 req-530719c9-3ca5-4b4c-8d4b-48934d592113 None None] Starting request: 10.4.3.170 "GET /placement/allocation_candidates?limit=1000&resources=DISK_GB%3A1%2CMEMORY_MB%3A192%2CVCPU%3A1&root_required=%21COMPUTE_STATUS_DISABLED" {{(pid=90364) __call__ /opt/stack/placement/placement/requestlog.py:55}}
Jul 19 17:06:19.991144 np0000005450 devstack@placement-api.service[90364]: DEBUG placement.objects.research_context [req-fd14344f-197e-40bd-8f66-ad877c1ac801 req-530719c9-3ca5-4b4c-8d4b-48934d592113 service nova] getting providers with 1 DISK_GB {{(pid=90364) __init__ /opt/stack/placement/placement/objects/research_context.py:137}}
Jul 19 17:06:20.002755 np0000005450 devstack@placement-api.service[90364]: DEBUG placement.objects.research_context [req-fd14344f-197e-40bd-8f66-ad877c1ac801 req-530719c9-3ca5-4b4c-8d4b-48934d592113 service nova] getting providers with 192 MEMORY_MB {{(pid=90364) __init__ /opt/stack/placement/placement/objects/research_context.py:137}}
Jul 19 17:06:20.007704 np0000005450 devstack@placement-api.service[90364]: DEBUG placement.objects.research_context [req-fd14344f-197e-40bd-8f66-ad877c1ac801 req-530719c9-3ca5-4b4c-8d4b-48934d592113 service nova] getting providers with 1 VCPU {{(pid=90364) __init__ /opt/stack/placement/placement/objects/research_context.py:137}}
Jul 19 17:06:20.011542 np0000005450 devstack@placement-api.service[90364]: DEBUG placement.objects.research_context [req-fd14344f-197e-40bd-8f66-ad877c1ac801 req-530719c9-3ca5-4b4c-8d4b-48934d592113 service nova] found 1 providers with available 1 DISK_GB {{(pid=90364) get_provider_ids_matching /opt/stack/placement/placement/objects/research_context.py:563}}
Jul 19 17:06:20.013690 np0000005450 devstack@placement-api.service[90364]: DEBUG placement.objects.research_context [req-fd14344f-197e-40bd-8f66-ad877c1ac801 req-530719c9-3ca5-4b4c-8d4b-48934d592113 service nova] found 1 providers with available 192 MEMORY_MB {{(pid=90364) get_provider_ids_matching /opt/stack/placement/placement/objects/research_context.py:563}}
Jul 19 17:06:20.013690 np0000005450 devstack@placement-api.service[90364]: DEBUG placement.objects.research_context [req-fd14344f-197e-40bd-8f66-ad877c1ac801 req-530719c9-3ca5-4b4c-8d4b-48934d592113 service nova] found 1 providers after filtering by previous result {{(pid=90364) get_provider_ids_matching /opt/stack/placement/placement/objects/research_context.py:594}}
Jul 19 17:06:20.013690 np0000005450 devstack@placement-api.service[90364]: DEBUG placement.objects.research_context [req-fd14344f-197e-40bd-8f66-ad877c1ac801 req-530719c9-3ca5-4b4c-8d4b-48934d592113 service nova] found 1 providers with available 1 VCPU {{(pid=90364) get_provider_ids_matching /opt/stack/placement/placement/objects/research_context.py:563}}
Jul 19 17:06:20.013690 np0000005450 devstack@placement-api.service[90364]: DEBUG placement.objects.research_context [req-fd14344f-197e-40bd-8f66-ad877c1ac801 req-530719c9-3ca5-4b4c-8d4b-48934d592113 service nova] found 1 providers after filtering by previous result {{(pid=90364) get_provider_ids_matching /opt/stack/placement/placement/objects/research_context.py:594}}
Jul 19 17:06:20.027403 np0000005450 devstack@placement-api.service[90364]: DEBUG placement.objects.allocation_candidate [req-fd14344f-197e-40bd-8f66-ad877c1ac801 req-530719c9-3ca5-4b4c-8d4b-48934d592113 service nova] RequestGroup(use_same_provider=False, resources={DISK_GB:1, MEMORY_MB:192, VCPU:1}, traits=(), aggregates=[]) (suffix '') returned 1 matches {{(pid=90364) _get_by_requests /opt/stack/placement/placement/objects/allocation_candidate.py:158}}
Jul 19 17:06:20.028833 np0000005450 devstack@placement-api.service[90364]: DEBUG placement.objects.allocation_candidate [req-fd14344f-197e-40bd-8f66-ad877c1ac801 req-530719c9-3ca5-4b4c-8d4b-48934d592113 service nova] Merging candidates yields 1 allocation requests and 1 provider summaries {{(pid=90364) _merge_candidates /opt/stack/placement/placement/objects/allocation_candidate.py:908}}
Jul 19 17:06:20.030685 np0000005450 devstack@placement-api.service[90364]: INFO placement.requestlog [req-fd14344f-197e-40bd-8f66-ad877c1ac801 req-530719c9-3ca5-4b4c-8d4b-48934d592113 service nova] 10.4.3.170 "GET /placement/allocation_candidates?limit=1000&resources=DISK_GB%3A1%2CMEMORY_MB%3A192%2CVCPU%3A1&root_required=%21COMPUTE_STATUS_DISABLED" status: 200 len: 2490 microversion: 1.36
Jul 19 17:06:20.031356 np0000005450 devstack@placement-api.service[90364]: [pid: 90364|app: 0|req: 7/17] 10.4.3.170 () {68 vars in 1625 bytes} [Sun Jul 19 17:06:19 2026] GET /placement/allocation_candidates?limit=1000&resources=DISK_GB%3A1%2CMEMORY_MB%3A192%2CVCPU%3A1&root_required=%21COMPUTE_STATUS_DISABLED => generated 2490 bytes in 527 msecs (HTTP/1.1 200) 8 headers in 297 bytes (1 switches on core 0)
Jul 19 17:06:20.192581 np0000005450 devstack@placement-api.service[90366]: DEBUG placement.requestlog [req-fd14344f-197e-40bd-8f66-ad877c1ac801 req-069a7881-3ce9-4248-b103-8cd2dd5edd71 None None] Starting request: 10.4.3.170 "GET /placement/allocations/855fbeab-732a-4eaa-9a83-f39f2acf35ce" {{(pid=90366) __call__ /opt/stack/placement/placement/requestlog.py:55}}
Jul 19 17:06:20.210381 np0000005450 devstack@placement-api.service[90366]: INFO placement.requestlog [req-fd14344f-197e-40bd-8f66-ad877c1ac801 req-069a7881-3ce9-4248-b103-8cd2dd5edd71 service nova] 10.4.3.170 "GET /placement/allocations/855fbeab-732a-4eaa-9a83-f39f2acf35ce" status: 200 len: 19 microversion: 1.28
Jul 19 17:06:20.210557 np0000005450 devstack@placement-api.service[90366]: [pid: 90366|app: 0|req: 6/18] 10.4.3.170 () {68 vars in 1501 bytes} [Sun Jul 19 17:06:20 2026] GET /placement/allocations/855fbeab-732a-4eaa-9a83-f39f2acf35ce => generated 19 bytes in 18 msecs (HTTP/1.1 200) 8 headers in 295 bytes (1 switches on core 0)
Jul 19 17:06:20.246332 np0000005450 devstack@placement-api.service[90365]: DEBUG placement.requestlog [req-fd14344f-197e-40bd-8f66-ad877c1ac801 req-2b1a92de-48cf-49af-8186-0c87daa47c6d None None] Starting request: 10.4.3.170 "PUT /placement/allocations/855fbeab-732a-4eaa-9a83-f39f2acf35ce" {{(pid=90365) __call__ /opt/stack/placement/placement/requestlog.py:55}}
Jul 19 17:06:20.307616 np0000005450 devstack@placement-api.service[90365]: DEBUG placement.handlers.allocation [req-fd14344f-197e-40bd-8f66-ad877c1ac801 req-2b1a92de-48cf-49af-8186-0c87daa47c6d service nova] Successfully wrote allocations [, , ] {{(pid=90365) _update_consumers_and_create_allocations /opt/stack/placement/placement/handlers/allocation.py:462}}
Jul 19 17:06:20.310780 np0000005450 devstack@placement-api.service[90365]: INFO placement.requestlog [req-fd14344f-197e-40bd-8f66-ad877c1ac801 req-2b1a92de-48cf-49af-8186-0c87daa47c6d service nova] 10.4.3.170 "PUT /placement/allocations/855fbeab-732a-4eaa-9a83-f39f2acf35ce" status: 204 len: 0 microversion: 1.36
Jul 19 17:06:20.311027 np0000005450 devstack@placement-api.service[90365]: [pid: 90365|app: 0|req: 6/19] 10.4.3.170 () {72 vars in 1554 bytes} [Sun Jul 19 17:06:20 2026] PUT /placement/allocations/855fbeab-732a-4eaa-9a83-f39f2acf35ce => generated 0 bytes in 65 msecs (HTTP/1.1 204) 5 headers in 199 bytes (2 switches on core 0)
Jul 19 17:06:20.818842 np0000005450 devstack@placement-api.service[90364]: DEBUG placement.requestlog [req-fd14344f-197e-40bd-8f66-ad877c1ac801 req-5dd38c80-b542-4bf6-8c82-e59d2bb9f74d None None] Starting request: 10.4.3.170 "GET /placement/allocations/855fbeab-732a-4eaa-9a83-f39f2acf35ce" {{(pid=90364) __call__ /opt/stack/placement/placement/requestlog.py:55}}
Jul 19 17:06:20.833258 np0000005450 devstack@placement-api.service[90364]: INFO placement.requestlog [req-fd14344f-197e-40bd-8f66-ad877c1ac801 req-5dd38c80-b542-4bf6-8c82-e59d2bb9f74d service nova] 10.4.3.170 "GET /placement/allocations/855fbeab-732a-4eaa-9a83-f39f2acf35ce" status: 200 len: 257 microversion: 1.28
Jul 19 17:06:20.833258 np0000005450 devstack@placement-api.service[90364]: [pid: 90364|app: 0|req: 8/20] 10.4.3.170 () {68 vars in 1499 bytes} [Sun Jul 19 17:06:20 2026] GET /placement/allocations/855fbeab-732a-4eaa-9a83-f39f2acf35ce => generated 257 bytes in 14 msecs (HTTP/1.1 200) 8 headers in 296 bytes (1 switches on core 0)
Jul 19 17:06:21.000259 np0000005450 devstack@placement-api.service[90366]: DEBUG placement.requestlog [req-fd14344f-197e-40bd-8f66-ad877c1ac801 req-d764d484-280a-4e1b-9735-0afd471c8c35 None None] Starting request: 10.4.3.170 "GET /placement/resource_providers/a48dc2ea-0b17-4418-af85-24e168cdabea/allocations" {{(pid=90366) __call__ /opt/stack/placement/placement/requestlog.py:55}}
Jul 19 17:06:21.011367 np0000005450 devstack@placement-api.service[90366]: INFO placement.requestlog [req-fd14344f-197e-40bd-8f66-ad877c1ac801 req-d764d484-280a-4e1b-9735-0afd471c8c35 service nova] 10.4.3.170 "GET /placement/resource_providers/a48dc2ea-0b17-4418-af85-24e168cdabea/allocations" status: 200 len: 152 microversion: 1.0
Jul 19 17:06:21.012552 np0000005450 devstack@placement-api.service[90366]: [pid: 90366|app: 0|req: 7/21] 10.4.3.170 () {66 vars in 1512 bytes} [Sun Jul 19 17:06:20 2026] GET /placement/resource_providers/a48dc2ea-0b17-4418-af85-24e168cdabea/allocations => generated 152 bytes in 12 msecs (HTTP/1.1 200) 6 headers in 224 bytes (1 switches on core 0)
Jul 19 17:06:21.054364 np0000005450 devstack@placement-api.service[90365]: DEBUG placement.requestlog [req-fd14344f-197e-40bd-8f66-ad877c1ac801 req-8d6a88bf-160f-4239-9611-77818a2e62de None None] Starting request: 10.4.3.170 "GET /placement/allocations/855fbeab-732a-4eaa-9a83-f39f2acf35ce" {{(pid=90365) __call__ /opt/stack/placement/placement/requestlog.py:55}}
Jul 19 17:06:21.071371 np0000005450 devstack@placement-api.service[90365]: INFO placement.requestlog [req-fd14344f-197e-40bd-8f66-ad877c1ac801 req-8d6a88bf-160f-4239-9611-77818a2e62de service nova] 10.4.3.170 "GET /placement/allocations/855fbeab-732a-4eaa-9a83-f39f2acf35ce" status: 200 len: 257 microversion: 1.28
Jul 19 17:06:21.071478 np0000005450 devstack@placement-api.service[90365]: [pid: 90365|app: 0|req: 7/22] 10.4.3.170 () {68 vars in 1499 bytes} [Sun Jul 19 17:06:21 2026] GET /placement/allocations/855fbeab-732a-4eaa-9a83-f39f2acf35ce => generated 257 bytes in 17 msecs (HTTP/1.1 200) 8 headers in 296 bytes (1 switches on core 0)
Jul 19 17:06:30.831983 np0000005450 devstack@placement-api.service[90364]: DEBUG dbcounter [-] [90364] Writing DB stats placement:SELECT=13 {{(pid=90364) stat_writer /opt/stack/data/venv/lib/python3.12/site-packages/dbcounter.py:115}}
Jul 19 17:06:31.010096 np0000005450 devstack@placement-api.service[90366]: DEBUG dbcounter [-] [90366] Writing DB stats placement:SELECT=4 {{(pid=90366) stat_writer /opt/stack/data/venv/lib/python3.12/site-packages/dbcounter.py:115}}
Jul 19 17:06:31.067799 np0000005450 devstack@placement-api.service[90365]: DEBUG dbcounter [-] [90365] Writing DB stats placement:SELECT=10,placement:INSERT=6,placement:DELETE=2,placement:UPDATE=2 {{(pid=90365) stat_writer /opt/stack/data/venv/lib/python3.12/site-packages/dbcounter.py:115}}
Jul 19 17:06:32.625267 np0000005450 devstack@placement-api.service[90364]: DEBUG placement.requestlog [req-f28c021b-29ea-416a-ba67-48f6a7e001f3 req-214ab3ac-9a34-448b-8eff-a005269d17df None None] Starting request: 10.4.3.170 "GET /placement/allocation_candidates?limit=1000&resources=DISK_GB%3A1%2CMEMORY_MB%3A192%2CVCPU%3A1&root_required=%21COMPUTE_STATUS_DISABLED" {{(pid=90364) __call__ /opt/stack/placement/placement/requestlog.py:55}}
Jul 19 17:06:32.673221 np0000005450 devstack@placement-api.service[90364]: DEBUG placement.objects.research_context [req-f28c021b-29ea-416a-ba67-48f6a7e001f3 req-214ab3ac-9a34-448b-8eff-a005269d17df service nova] getting providers with 1 DISK_GB {{(pid=90364) __init__ /opt/stack/placement/placement/objects/research_context.py:137}}
Jul 19 17:06:32.680508 np0000005450 devstack@placement-api.service[90364]: DEBUG placement.objects.research_context [req-f28c021b-29ea-416a-ba67-48f6a7e001f3 req-214ab3ac-9a34-448b-8eff-a005269d17df service nova] getting providers with 192 MEMORY_MB {{(pid=90364) __init__ /opt/stack/placement/placement/objects/research_context.py:137}}
Jul 19 17:06:32.687381 np0000005450 devstack@placement-api.service[90364]: DEBUG placement.objects.research_context [req-f28c021b-29ea-416a-ba67-48f6a7e001f3 req-214ab3ac-9a34-448b-8eff-a005269d17df service nova] getting providers with 1 VCPU {{(pid=90364) __init__ /opt/stack/placement/placement/objects/research_context.py:137}}
Jul 19 17:06:32.692193 np0000005450 devstack@placement-api.service[90364]: DEBUG placement.objects.research_context [req-f28c021b-29ea-416a-ba67-48f6a7e001f3 req-214ab3ac-9a34-448b-8eff-a005269d17df service nova] found 1 providers with available 1 DISK_GB {{(pid=90364) get_provider_ids_matching /opt/stack/placement/placement/objects/research_context.py:563}}
Jul 19 17:06:32.692362 np0000005450 devstack@placement-api.service[90364]: DEBUG placement.objects.research_context [req-f28c021b-29ea-416a-ba67-48f6a7e001f3 req-214ab3ac-9a34-448b-8eff-a005269d17df service nova] found 1 providers with available 192 MEMORY_MB {{(pid=90364) get_provider_ids_matching /opt/stack/placement/placement/objects/research_context.py:563}}
Jul 19 17:06:32.692485 np0000005450 devstack@placement-api.service[90364]: DEBUG placement.objects.research_context [req-f28c021b-29ea-416a-ba67-48f6a7e001f3 req-214ab3ac-9a34-448b-8eff-a005269d17df service nova] found 1 providers after filtering by previous result {{(pid=90364) get_provider_ids_matching /opt/stack/placement/placement/objects/research_context.py:594}}
Jul 19 17:06:32.692610 np0000005450 devstack@placement-api.service[90364]: DEBUG placement.objects.research_context [req-f28c021b-29ea-416a-ba67-48f6a7e001f3 req-214ab3ac-9a34-448b-8eff-a005269d17df service nova] found 1 providers with available 1 VCPU {{(pid=90364) get_provider_ids_matching /opt/stack/placement/placement/objects/research_context.py:563}}
Jul 19 17:06:32.692728 np0000005450 devstack@placement-api.service[90364]: DEBUG placement.objects.research_context [req-f28c021b-29ea-416a-ba67-48f6a7e001f3 req-214ab3ac-9a34-448b-8eff-a005269d17df service nova] found 1 providers after filtering by previous result {{(pid=90364) get_provider_ids_matching /opt/stack/placement/placement/objects/research_context.py:594}}
Jul 19 17:06:32.700886 np0000005450 devstack@placement-api.service[90364]: DEBUG placement.objects.allocation_candidate [req-f28c021b-29ea-416a-ba67-48f6a7e001f3 req-214ab3ac-9a34-448b-8eff-a005269d17df service nova] RequestGroup(use_same_provider=False, resources={DISK_GB:1, MEMORY_MB:192, VCPU:1}, traits=(), aggregates=[]) (suffix '') returned 1 matches {{(pid=90364) _get_by_requests /opt/stack/placement/placement/objects/allocation_candidate.py:158}}
Jul 19 17:06:32.701082 np0000005450 devstack@placement-api.service[90364]: DEBUG placement.objects.allocation_candidate [req-f28c021b-29ea-416a-ba67-48f6a7e001f3 req-214ab3ac-9a34-448b-8eff-a005269d17df service nova] Merging candidates yields 1 allocation requests and 1 provider summaries {{(pid=90364) _merge_candidates /opt/stack/placement/placement/objects/allocation_candidate.py:908}}
Jul 19 17:06:32.703366 np0000005450 devstack@placement-api.service[90364]: INFO placement.requestlog [req-f28c021b-29ea-416a-ba67-48f6a7e001f3 req-214ab3ac-9a34-448b-8eff-a005269d17df service nova] 10.4.3.170 "GET /placement/allocation_candidates?limit=1000&resources=DISK_GB%3A1%2CMEMORY_MB%3A192%2CVCPU%3A1&root_required=%21COMPUTE_STATUS_DISABLED" status: 200 len: 2492 microversion: 1.36
Jul 19 17:06:32.703631 np0000005450 devstack@placement-api.service[90364]: [pid: 90364|app: 0|req: 9/23] 10.4.3.170 () {68 vars in 1625 bytes} [Sun Jul 19 17:06:32 2026] GET /placement/allocation_candidates?limit=1000&resources=DISK_GB%3A1%2CMEMORY_MB%3A192%2CVCPU%3A1&root_required=%21COMPUTE_STATUS_DISABLED => generated 2492 bytes in 78 msecs (HTTP/1.1 200) 8 headers in 297 bytes (1 switches on core 0)
Jul 19 17:06:32.932375 np0000005450 devstack@placement-api.service[90366]: DEBUG placement.requestlog [req-f28c021b-29ea-416a-ba67-48f6a7e001f3 req-a7f1de69-50b9-4e40-9fe6-85e2bc492c37 None None] Starting request: 10.4.3.170 "GET /placement/allocations/bed3dd56-8bb6-4ab5-8834-783f5b80fa50" {{(pid=90366) __call__ /opt/stack/placement/placement/requestlog.py:55}}
Jul 19 17:06:32.944264 np0000005450 devstack@placement-api.service[90366]: INFO placement.requestlog [req-f28c021b-29ea-416a-ba67-48f6a7e001f3 req-a7f1de69-50b9-4e40-9fe6-85e2bc492c37 service nova] 10.4.3.170 "GET /placement/allocations/bed3dd56-8bb6-4ab5-8834-783f5b80fa50" status: 200 len: 19 microversion: 1.28
Jul 19 17:06:32.944542 np0000005450 devstack@placement-api.service[90366]: [pid: 90366|app: 0|req: 8/24] 10.4.3.170 () {68 vars in 1501 bytes} [Sun Jul 19 17:06:32 2026] GET /placement/allocations/bed3dd56-8bb6-4ab5-8834-783f5b80fa50 => generated 19 bytes in 12 msecs (HTTP/1.1 200) 8 headers in 295 bytes (1 switches on core 0)
Jul 19 17:06:32.984068 np0000005450 devstack@placement-api.service[90365]: DEBUG placement.requestlog [req-f28c021b-29ea-416a-ba67-48f6a7e001f3 req-4652c245-fff1-421b-b972-a56f6f8dd96e None None] Starting request: 10.4.3.170 "PUT /placement/allocations/bed3dd56-8bb6-4ab5-8834-783f5b80fa50" {{(pid=90365) __call__ /opt/stack/placement/placement/requestlog.py:55}}
Jul 19 17:06:33.030717 np0000005450 devstack@placement-api.service[90365]: DEBUG placement.handlers.allocation [req-f28c021b-29ea-416a-ba67-48f6a7e001f3 req-4652c245-fff1-421b-b972-a56f6f8dd96e service nova] Successfully wrote allocations [, , ] {{(pid=90365) _update_consumers_and_create_allocations /opt/stack/placement/placement/handlers/allocation.py:462}}
Jul 19 17:06:33.033457 np0000005450 devstack@placement-api.service[90365]: INFO placement.requestlog [req-f28c021b-29ea-416a-ba67-48f6a7e001f3 req-4652c245-fff1-421b-b972-a56f6f8dd96e service nova] 10.4.3.170 "PUT /placement/allocations/bed3dd56-8bb6-4ab5-8834-783f5b80fa50" status: 204 len: 0 microversion: 1.36
Jul 19 17:06:33.033723 np0000005450 devstack@placement-api.service[90365]: [pid: 90365|app: 0|req: 8/25] 10.4.3.170 () {72 vars in 1554 bytes} [Sun Jul 19 17:06:32 2026] PUT /placement/allocations/bed3dd56-8bb6-4ab5-8834-783f5b80fa50 => generated 0 bytes in 50 msecs (HTTP/1.1 204) 5 headers in 199 bytes (1 switches on core 0)
Jul 19 17:06:33.443849 np0000005450 devstack@placement-api.service[90364]: DEBUG placement.requestlog [req-f28c021b-29ea-416a-ba67-48f6a7e001f3 req-905bf530-303e-4d7c-bd57-59fe70b87649 None None] Starting request: 10.4.3.170 "GET /placement/allocations/bed3dd56-8bb6-4ab5-8834-783f5b80fa50" {{(pid=90364) __call__ /opt/stack/placement/placement/requestlog.py:55}}
Jul 19 17:06:33.452020 np0000005450 devstack@placement-api.service[90364]: INFO placement.requestlog [req-f28c021b-29ea-416a-ba67-48f6a7e001f3 req-905bf530-303e-4d7c-bd57-59fe70b87649 service nova] 10.4.3.170 "GET /placement/allocations/bed3dd56-8bb6-4ab5-8834-783f5b80fa50" status: 200 len: 257 microversion: 1.28
Jul 19 17:06:33.452344 np0000005450 devstack@placement-api.service[90364]: [pid: 90364|app: 0|req: 10/26] 10.4.3.170 () {68 vars in 1499 bytes} [Sun Jul 19 17:06:33 2026] GET /placement/allocations/bed3dd56-8bb6-4ab5-8834-783f5b80fa50 => generated 257 bytes in 8 msecs (HTTP/1.1 200) 8 headers in 296 bytes (1 switches on core 0)
Jul 19 17:06:33.568002 np0000005450 devstack@placement-api.service[90366]: DEBUG placement.requestlog [req-f28c021b-29ea-416a-ba67-48f6a7e001f3 req-383d11e0-d64a-4437-ba50-6fd32d76acda None None] Starting request: 10.4.3.170 "GET /placement/resource_providers/a48dc2ea-0b17-4418-af85-24e168cdabea/allocations" {{(pid=90366) __call__ /opt/stack/placement/placement/requestlog.py:55}}
Jul 19 17:06:33.583934 np0000005450 devstack@placement-api.service[90366]: INFO placement.requestlog [req-f28c021b-29ea-416a-ba67-48f6a7e001f3 req-383d11e0-d64a-4437-ba50-6fd32d76acda service nova] 10.4.3.170 "GET /placement/resource_providers/a48dc2ea-0b17-4418-af85-24e168cdabea/allocations" status: 200 len: 252 microversion: 1.0
Jul 19 17:06:33.584166 np0000005450 devstack@placement-api.service[90366]: [pid: 90366|app: 0|req: 9/27] 10.4.3.170 () {66 vars in 1512 bytes} [Sun Jul 19 17:06:33 2026] GET /placement/resource_providers/a48dc2ea-0b17-4418-af85-24e168cdabea/allocations => generated 252 bytes in 16 msecs (HTTP/1.1 200) 6 headers in 224 bytes (1 switches on core 0)
Jul 19 17:06:33.621826 np0000005450 devstack@placement-api.service[90365]: DEBUG placement.requestlog [req-f28c021b-29ea-416a-ba67-48f6a7e001f3 req-8187df00-bbf6-45c4-a907-cf9d4f67311a None None] Starting request: 10.4.3.170 "GET /placement/allocations/855fbeab-732a-4eaa-9a83-f39f2acf35ce" {{(pid=90365) __call__ /opt/stack/placement/placement/requestlog.py:55}}
Jul 19 17:06:33.624268 np0000005450 devstack@placement-api.service[90364]: DEBUG placement.requestlog [req-7d4e4e58-341d-482d-ab1e-cd0c6a02ae88 req-ff181981-eae0-4f75-b03f-b66fac7d43b1 None None] Starting request: 10.4.3.170 "GET /placement/allocation_candidates?limit=1000&resources=DISK_GB%3A1%2CMEMORY_MB%3A192%2CVCPU%3A1&root_required=%21COMPUTE_STATUS_DISABLED" {{(pid=90364) __call__ /opt/stack/placement/placement/requestlog.py:55}}
Jul 19 17:06:33.631824 np0000005450 devstack@placement-api.service[90365]: INFO placement.requestlog [req-f28c021b-29ea-416a-ba67-48f6a7e001f3 req-8187df00-bbf6-45c4-a907-cf9d4f67311a service nova] 10.4.3.170 "GET /placement/allocations/855fbeab-732a-4eaa-9a83-f39f2acf35ce" status: 200 len: 257 microversion: 1.28
Jul 19 17:06:33.632126 np0000005450 devstack@placement-api.service[90365]: [pid: 90365|app: 0|req: 9/28] 10.4.3.170 () {68 vars in 1499 bytes} [Sun Jul 19 17:06:33 2026] GET /placement/allocations/855fbeab-732a-4eaa-9a83-f39f2acf35ce => generated 257 bytes in 10 msecs (HTTP/1.1 200) 8 headers in 296 bytes (1 switches on core 0)
Jul 19 17:06:33.652266 np0000005450 devstack@placement-api.service[90364]: DEBUG placement.objects.research_context [req-7d4e4e58-341d-482d-ab1e-cd0c6a02ae88 req-ff181981-eae0-4f75-b03f-b66fac7d43b1 service nova] getting providers with 1 DISK_GB {{(pid=90364) __init__ /opt/stack/placement/placement/objects/research_context.py:137}}
Jul 19 17:06:33.656024 np0000005450 devstack@placement-api.service[90364]: DEBUG placement.objects.research_context [req-7d4e4e58-341d-482d-ab1e-cd0c6a02ae88 req-ff181981-eae0-4f75-b03f-b66fac7d43b1 service nova] getting providers with 192 MEMORY_MB {{(pid=90364) __init__ /opt/stack/placement/placement/objects/research_context.py:137}}
Jul 19 17:06:33.660492 np0000005450 devstack@placement-api.service[90364]: DEBUG placement.objects.research_context [req-7d4e4e58-341d-482d-ab1e-cd0c6a02ae88 req-ff181981-eae0-4f75-b03f-b66fac7d43b1 service nova] getting providers with 1 VCPU {{(pid=90364) __init__ /opt/stack/placement/placement/objects/research_context.py:137}}
Jul 19 17:06:33.665904 np0000005450 devstack@placement-api.service[90364]: DEBUG placement.objects.research_context [req-7d4e4e58-341d-482d-ab1e-cd0c6a02ae88 req-ff181981-eae0-4f75-b03f-b66fac7d43b1 service nova] found 1 providers with available 1 DISK_GB {{(pid=90364) get_provider_ids_matching /opt/stack/placement/placement/objects/research_context.py:563}}
Jul 19 17:06:33.666099 np0000005450 devstack@placement-api.service[90364]: DEBUG placement.objects.research_context [req-7d4e4e58-341d-482d-ab1e-cd0c6a02ae88 req-ff181981-eae0-4f75-b03f-b66fac7d43b1 service nova] found 1 providers with available 192 MEMORY_MB {{(pid=90364) get_provider_ids_matching /opt/stack/placement/placement/objects/research_context.py:563}}
Jul 19 17:06:33.666294 np0000005450 devstack@placement-api.service[90364]: DEBUG placement.objects.research_context [req-7d4e4e58-341d-482d-ab1e-cd0c6a02ae88 req-ff181981-eae0-4f75-b03f-b66fac7d43b1 service nova] found 1 providers after filtering by previous result {{(pid=90364) get_provider_ids_matching /opt/stack/placement/placement/objects/research_context.py:594}}
Jul 19 17:06:33.666495 np0000005450 devstack@placement-api.service[90364]: DEBUG placement.objects.research_context [req-7d4e4e58-341d-482d-ab1e-cd0c6a02ae88 req-ff181981-eae0-4f75-b03f-b66fac7d43b1 service nova] found 1 providers with available 1 VCPU {{(pid=90364) get_provider_ids_matching /opt/stack/placement/placement/objects/research_context.py:563}}
Jul 19 17:06:33.666674 np0000005450 devstack@placement-api.service[90364]: DEBUG placement.objects.research_context [req-7d4e4e58-341d-482d-ab1e-cd0c6a02ae88 req-ff181981-eae0-4f75-b03f-b66fac7d43b1 service nova] found 1 providers after filtering by previous result {{(pid=90364) get_provider_ids_matching /opt/stack/placement/placement/objects/research_context.py:594}}
Jul 19 17:06:33.672279 np0000005450 devstack@placement-api.service[90366]: DEBUG placement.requestlog [req-f28c021b-29ea-416a-ba67-48f6a7e001f3 req-8d72ee90-4776-42f2-9ce0-b563c47b9c22 None None] Starting request: 10.4.3.170 "GET /placement/allocations/bed3dd56-8bb6-4ab5-8834-783f5b80fa50" {{(pid=90366) __call__ /opt/stack/placement/placement/requestlog.py:55}}
Jul 19 17:06:33.675741 np0000005450 devstack@placement-api.service[90364]: DEBUG placement.objects.allocation_candidate [req-7d4e4e58-341d-482d-ab1e-cd0c6a02ae88 req-ff181981-eae0-4f75-b03f-b66fac7d43b1 service nova] RequestGroup(use_same_provider=False, resources={DISK_GB:1, MEMORY_MB:192, VCPU:1}, traits=(), aggregates=[]) (suffix '') returned 1 matches {{(pid=90364) _get_by_requests /opt/stack/placement/placement/objects/allocation_candidate.py:158}}
Jul 19 17:06:33.675926 np0000005450 devstack@placement-api.service[90364]: DEBUG placement.objects.allocation_candidate [req-7d4e4e58-341d-482d-ab1e-cd0c6a02ae88 req-ff181981-eae0-4f75-b03f-b66fac7d43b1 service nova] Merging candidates yields 1 allocation requests and 1 provider summaries {{(pid=90364) _merge_candidates /opt/stack/placement/placement/objects/allocation_candidate.py:908}}
Jul 19 17:06:33.677044 np0000005450 devstack@placement-api.service[90364]: INFO placement.requestlog [req-7d4e4e58-341d-482d-ab1e-cd0c6a02ae88 req-ff181981-eae0-4f75-b03f-b66fac7d43b1 service nova] 10.4.3.170 "GET /placement/allocation_candidates?limit=1000&resources=DISK_GB%3A1%2CMEMORY_MB%3A192%2CVCPU%3A1&root_required=%21COMPUTE_STATUS_DISABLED" status: 200 len: 2492 microversion: 1.36
Jul 19 17:06:33.677220 np0000005450 devstack@placement-api.service[90364]: [pid: 90364|app: 0|req: 11/29] 10.4.3.170 () {68 vars in 1625 bytes} [Sun Jul 19 17:06:33 2026] GET /placement/allocation_candidates?limit=1000&resources=DISK_GB%3A1%2CMEMORY_MB%3A192%2CVCPU%3A1&root_required=%21COMPUTE_STATUS_DISABLED => generated 2492 bytes in 53 msecs (HTTP/1.1 200) 8 headers in 297 bytes (1 switches on core 0)
Jul 19 17:06:33.688865 np0000005450 devstack@placement-api.service[90366]: INFO placement.requestlog [req-f28c021b-29ea-416a-ba67-48f6a7e001f3 req-8d72ee90-4776-42f2-9ce0-b563c47b9c22 service nova] 10.4.3.170 "GET /placement/allocations/bed3dd56-8bb6-4ab5-8834-783f5b80fa50" status: 200 len: 257 microversion: 1.28
Jul 19 17:06:33.689250 np0000005450 devstack@placement-api.service[90366]: [pid: 90366|app: 0|req: 10/30] 10.4.3.170 () {68 vars in 1499 bytes} [Sun Jul 19 17:06:33 2026] GET /placement/allocations/bed3dd56-8bb6-4ab5-8834-783f5b80fa50 => generated 257 bytes in 17 msecs (HTTP/1.1 200) 8 headers in 296 bytes (1 switches on core 0)
Jul 19 17:06:33.852084 np0000005450 devstack@placement-api.service[90365]: DEBUG placement.requestlog [req-7d4e4e58-341d-482d-ab1e-cd0c6a02ae88 req-f05deea7-9064-47ad-9e7f-6706d41a942e None None] Starting request: 10.4.3.170 "GET /placement/allocations/bd6620ff-f85e-4b80-8271-c6b5134b0737" {{(pid=90365) __call__ /opt/stack/placement/placement/requestlog.py:55}}
Jul 19 17:06:33.864796 np0000005450 devstack@placement-api.service[90365]: INFO placement.requestlog [req-7d4e4e58-341d-482d-ab1e-cd0c6a02ae88 req-f05deea7-9064-47ad-9e7f-6706d41a942e service nova] 10.4.3.170 "GET /placement/allocations/bd6620ff-f85e-4b80-8271-c6b5134b0737" status: 200 len: 19 microversion: 1.28
Jul 19 17:06:33.865031 np0000005450 devstack@placement-api.service[90365]: [pid: 90365|app: 0|req: 10/31] 10.4.3.170 () {68 vars in 1501 bytes} [Sun Jul 19 17:06:33 2026] GET /placement/allocations/bd6620ff-f85e-4b80-8271-c6b5134b0737 => generated 19 bytes in 13 msecs (HTTP/1.1 200) 8 headers in 295 bytes (1 switches on core 0)
Jul 19 17:06:33.902095 np0000005450 devstack@placement-api.service[90364]: DEBUG placement.requestlog [req-7d4e4e58-341d-482d-ab1e-cd0c6a02ae88 req-977fa2d9-27e0-44ef-a4df-11d7134f2ee1 None None] Starting request: 10.4.3.170 "PUT /placement/allocations/bd6620ff-f85e-4b80-8271-c6b5134b0737" {{(pid=90364) __call__ /opt/stack/placement/placement/requestlog.py:55}}
Jul 19 17:06:33.969578 np0000005450 devstack@placement-api.service[90364]: DEBUG placement.handlers.allocation [req-7d4e4e58-341d-482d-ab1e-cd0c6a02ae88 req-977fa2d9-27e0-44ef-a4df-11d7134f2ee1 service nova] Successfully wrote allocations [, , ] {{(pid=90364) _update_consumers_and_create_allocations /opt/stack/placement/placement/handlers/allocation.py:462}}
