May 18 10:26:54.994798 np0000000927 neutron-periodic-workers[91457]: DEBUG cotyledon.oslo_config_glue [-] ovn.broadcast_arps_to_all_routers = True {{(pid=91457) log_opt_values /opt/stack/data/venv/lib/python3.12/site-packages/oslo_config/cfg.py:3006}}
May 18 10:26:54.994798 np0000000927 neutron-periodic-workers[91457]: DEBUG cotyledon.oslo_config_glue [-] ovn.dhcp_default_lease_time = 43200 {{(pid=91457) log_opt_values /opt/stack/data/venv/lib/python3.12/site-packages/oslo_config/cfg.py:3006}}
May 18 10:26:54.994798 np0000000927 neutron-periodic-workers[91457]: DEBUG cotyledon.oslo_config_glue [-] ovn.disable_ovn_dhcp_for_baremetal_ports = False {{(pid=91457) log_opt_values /opt/stack/data/venv/lib/python3.12/site-packages/oslo_config/cfg.py:3006}}
May 18 10:26:54.995109 np0000000927 neutron-periodic-workers[91457]: DEBUG cotyledon.oslo_config_glue [-] ovn.dns_records_ovn_owned = False {{(pid=91457) log_opt_values /opt/stack/data/venv/lib/python3.12/site-packages/oslo_config/cfg.py:3006}}
May 18 10:26:54.995109 np0000000927 neutron-periodic-workers[91457]: DEBUG cotyledon.oslo_config_glue [-] ovn.dns_servers = [] {{(pid=91457) log_opt_values /opt/stack/data/venv/lib/python3.12/site-packages/oslo_config/cfg.py:3006}}
May 18 10:26:54.995109 np0000000927 neutron-periodic-workers[91457]: DEBUG cotyledon.oslo_config_glue [-] ovn.enable_distributed_floating_ip = False {{(pid=91457) log_opt_values /opt/stack/data/venv/lib/python3.12/site-packages/oslo_config/cfg.py:3006}}
May 18 10:26:54.995109 np0000000927 neutron-periodic-workers[91457]: DEBUG cotyledon.oslo_config_glue [-] ovn.fdb_age_threshold = 300 {{(pid=91457) log_opt_values /opt/stack/data/venv/lib/python3.12/site-packages/oslo_config/cfg.py:3006}}
May 18 10:26:54.995109 np0000000927 neutron-periodic-workers[91457]: DEBUG cotyledon.oslo_config_glue [-] ovn.ha_failover_strategy = normal {{(pid=91457) log_opt_values /opt/stack/data/venv/lib/python3.12/site-packages/oslo_config/cfg.py:3006}}
May 18 10:26:54.995109 np0000000927 neutron-periodic-workers[91457]: DEBUG cotyledon.oslo_config_glue [-] ovn.live_migration_activation_strategy = rarp {{(pid=91457) log_opt_values /opt/stack/data/venv/lib/python3.12/site-packages/oslo_config/cfg.py:3006}}
May 18 10:26:54.995109 np0000000927 neutron-periodic-workers[91457]: DEBUG cotyledon.oslo_config_glue [-] ovn.localnet_learn_fdb = False {{(pid=91457) log_opt_values /opt/stack/data/venv/lib/python3.12/site-packages/oslo_config/cfg.py:3006}}
May 18 10:26:54.995109 np0000000927 neutron-periodic-workers[91457]: DEBUG cotyledon.oslo_config_glue [-] ovn.mac_binding_age_threshold = 300 {{(pid=91457) log_opt_values /opt/stack/data/venv/lib/python3.12/site-packages/oslo_config/cfg.py:3006}}
May 18 10:26:54.995109 np0000000927 neutron-periodic-workers[91457]: DEBUG cotyledon.oslo_config_glue [-] ovn.neutron_sync_mode = log {{(pid=91457) log_opt_values /opt/stack/data/venv/lib/python3.12/site-packages/oslo_config/cfg.py:3006}}
May 18 10:26:54.995452 np0000000927 neutron-periodic-workers[91457]: DEBUG cotyledon.oslo_config_glue [-] ovn.ovn_dhcp4_global_options = {} {{(pid=91457) log_opt_values /opt/stack/data/venv/lib/python3.12/site-packages/oslo_config/cfg.py:3006}}
May 18 10:26:54.995452 np0000000927 neutron-periodic-workers[91457]: DEBUG cotyledon.oslo_config_glue [-] ovn.ovn_dhcp6_global_options = {} {{(pid=91457) log_opt_values /opt/stack/data/venv/lib/python3.12/site-packages/oslo_config/cfg.py:3006}}
May 18 10:26:54.995452 np0000000927 neutron-periodic-workers[91457]: DEBUG cotyledon.oslo_config_glue [-] ovn.ovn_l3_scheduler = leastloaded {{(pid=91457) log_opt_values /opt/stack/data/venv/lib/python3.12/site-packages/oslo_config/cfg.py:3006}}
May 18 10:26:54.995452 np0000000927 neutron-periodic-workers[91457]: DEBUG cotyledon.oslo_config_glue [-] ovn.ovn_metadata_enabled = True {{(pid=91457) log_opt_values /opt/stack/data/venv/lib/python3.12/site-packages/oslo_config/cfg.py:3006}}
May 18 10:26:54.995452 np0000000927 neutron-periodic-workers[91457]: DEBUG cotyledon.oslo_config_glue [-] ovn.ovn_nb_ca_cert = /opt/stack/data/CA/int-ca/ca-chain.pem {{(pid=91457) log_opt_values /opt/stack/data/venv/lib/python3.12/site-packages/oslo_config/cfg.py:3006}}
May 18 10:26:54.995452 np0000000927 neutron-periodic-workers[91457]: DEBUG cotyledon.oslo_config_glue [-] ovn.ovn_nb_certificate = /opt/stack/data/CA/int-ca/devstack-cert.crt {{(pid=91457) log_opt_values /opt/stack/data/venv/lib/python3.12/site-packages/oslo_config/cfg.py:3006}}
May 18 10:26:54.995452 np0000000927 neutron-periodic-workers[91457]: DEBUG cotyledon.oslo_config_glue [-] ovn.ovn_nb_connection = ['ssl:10.4.3.172:6641'] {{(pid=91457) log_opt_values /opt/stack/data/venv/lib/python3.12/site-packages/oslo_config/cfg.py:3006}}
May 18 10:26:54.995452 np0000000927 neutron-periodic-workers[91457]: DEBUG cotyledon.oslo_config_glue [-] ovn.ovn_nb_private_key = /opt/stack/data/CA/int-ca/private/devstack-cert.key {{(pid=91457) log_opt_values /opt/stack/data/venv/lib/python3.12/site-packages/oslo_config/cfg.py:3006}}
May 18 10:26:54.995717 np0000000927 neutron-periodic-workers[91457]: DEBUG cotyledon.oslo_config_glue [-] ovn.ovn_router_indirect_snat = False {{(pid=91457) log_opt_values /opt/stack/data/venv/lib/python3.12/site-packages/oslo_config/cfg.py:3006}}
May 18 10:26:54.995717 np0000000927 neutron-periodic-workers[91457]: DEBUG cotyledon.oslo_config_glue [-] ovn.ovn_sb_ca_cert = /opt/stack/data/CA/int-ca/ca-chain.pem {{(pid=91457) log_opt_values /opt/stack/data/venv/lib/python3.12/site-packages/oslo_config/cfg.py:3006}}
May 18 10:26:54.995717 np0000000927 neutron-periodic-workers[91457]: DEBUG cotyledon.oslo_config_glue [-] ovn.ovn_sb_certificate = /opt/stack/data/CA/int-ca/devstack-cert.crt {{(pid=91457) log_opt_values /opt/stack/data/venv/lib/python3.12/site-packages/oslo_config/cfg.py:3006}}
May 18 10:26:54.995717 np0000000927 neutron-periodic-workers[91457]: DEBUG cotyledon.oslo_config_glue [-] ovn.ovn_sb_connection = ['ssl:10.4.3.172:6642'] {{(pid=91457) log_opt_values /opt/stack/data/venv/lib/python3.12/site-packages/oslo_config/cfg.py:3006}}
May 18 10:26:54.995717 np0000000927 neutron-periodic-workers[91457]: DEBUG cotyledon.oslo_config_glue [-] ovn.ovn_sb_private_key = /opt/stack/data/CA/int-ca/private/devstack-cert.key {{(pid=91457) log_opt_values /opt/stack/data/venv/lib/python3.12/site-packages/oslo_config/cfg.py:3006}}
May 18 10:26:54.995717 np0000000927 neutron-periodic-workers[91457]: DEBUG cotyledon.oslo_config_glue [-] ovn.ovs_create_tap = False {{(pid=91457) log_opt_values /opt/stack/data/venv/lib/python3.12/site-packages/oslo_config/cfg.py:3006}}
May 18 10:26:54.995717 np0000000927 neutron-periodic-workers[91457]: DEBUG cotyledon.oslo_config_glue [-] ovn.ovsdb_connection_timeout = 180 {{(pid=91457) log_opt_values /opt/stack/data/venv/lib/python3.12/site-packages/oslo_config/cfg.py:3006}}
May 18 10:26:54.995717 np0000000927 neutron-periodic-workers[91457]: DEBUG cotyledon.oslo_config_glue [-] ovn.ovsdb_log_level = INFO {{(pid=91457) log_opt_values /opt/stack/data/venv/lib/python3.12/site-packages/oslo_config/cfg.py:3006}}
May 18 10:26:54.995956 np0000000927 neutron-periodic-workers[91457]: DEBUG cotyledon.oslo_config_glue [-] ovn.ovsdb_probe_interval = 60000 {{(pid=91457) log_opt_values /opt/stack/data/venv/lib/python3.12/site-packages/oslo_config/cfg.py:3006}}
May 18 10:26:54.995956 np0000000927 neutron-periodic-workers[91457]: DEBUG cotyledon.oslo_config_glue [-] ovn.ovsdb_retry_max_interval = 180 {{(pid=91457) log_opt_values /opt/stack/data/venv/lib/python3.12/site-packages/oslo_config/cfg.py:3006}}
May 18 10:26:54.995956 np0000000927 neutron-periodic-workers[91457]: DEBUG cotyledon.oslo_config_glue [-] ovn.stateless_nat_enabled = False {{(pid=91457) log_opt_values /opt/stack/data/venv/lib/python3.12/site-packages/oslo_config/cfg.py:3006}}
May 18 10:26:54.995956 np0000000927 neutron-periodic-workers[91457]: DEBUG cotyledon.oslo_config_glue [-] ovn.vhost_sock_dir = /var/run/openvswitch {{(pid=91457) log_opt_values /opt/stack/data/venv/lib/python3.12/site-packages/oslo_config/cfg.py:3006}}
May 18 10:26:54.995956 np0000000927 neutron-periodic-workers[91457]: DEBUG cotyledon.oslo_config_glue [-] OVS.bridge_mac_table_size = 50000 {{(pid=91457) log_opt_values /opt/stack/data/venv/lib/python3.12/site-packages/oslo_config/cfg.py:3006}}
May 18 10:26:54.995956 np0000000927 neutron-periodic-workers[91457]: DEBUG cotyledon.oslo_config_glue [-] OVS.igmp_flood = False {{(pid=91457) log_opt_values /opt/stack/data/venv/lib/python3.12/site-packages/oslo_config/cfg.py:3006}}
May 18 10:26:54.995956 np0000000927 neutron-periodic-workers[91457]: DEBUG cotyledon.oslo_config_glue [-] OVS.igmp_flood_reports = True {{(pid=91457) log_opt_values /opt/stack/data/venv/lib/python3.12/site-packages/oslo_config/cfg.py:3006}}
May 18 10:26:54.995956 np0000000927 neutron-periodic-workers[91457]: DEBUG cotyledon.oslo_config_glue [-] OVS.igmp_flood_unregistered = False {{(pid=91457) log_opt_values /opt/stack/data/venv/lib/python3.12/site-packages/oslo_config/cfg.py:3006}}
May 18 10:26:54.995956 np0000000927 neutron-periodic-workers[91457]: DEBUG cotyledon.oslo_config_glue [-] OVS.igmp_snooping_enable = False {{(pid=91457) log_opt_values /opt/stack/data/venv/lib/python3.12/site-packages/oslo_config/cfg.py:3006}}
May 18 10:26:54.996204 np0000000927 neutron-periodic-workers[91457]: DEBUG cotyledon.oslo_config_glue [-] OVS.ovsdb_timeout = 10 {{(pid=91457) log_opt_values /opt/stack/data/venv/lib/python3.12/site-packages/oslo_config/cfg.py:3006}}
May 18 10:26:54.996204 np0000000927 neutron-periodic-workers[91457]: DEBUG cotyledon.oslo_config_glue [-] ovn_nb_global.fdb_removal_limit = 0 {{(pid=91457) log_opt_values /opt/stack/data/venv/lib/python3.12/site-packages/oslo_config/cfg.py:3006}}
May 18 10:26:54.996204 np0000000927 neutron-periodic-workers[91457]: DEBUG cotyledon.oslo_config_glue [-] ovn_nb_global.ignore_lsp_down = False {{(pid=91457) log_opt_values /opt/stack/data/venv/lib/python3.12/site-packages/oslo_config/cfg.py:3006}}
May 18 10:26:54.996204 np0000000927 neutron-periodic-workers[91457]: DEBUG cotyledon.oslo_config_glue [-] ovn_nb_global.mac_binding_removal_limit = 0 {{(pid=91457) log_opt_values /opt/stack/data/venv/lib/python3.12/site-packages/oslo_config/cfg.py:3006}}
May 18 10:26:54.996204 np0000000927 neutron-periodic-workers[91457]: DEBUG cotyledon.oslo_config_glue [-] ******************************************************************************** {{(pid=91457) log_opt_values /opt/stack/data/venv/lib/python3.12/site-packages/oslo_config/cfg.py:3013}}
May 18 10:26:54.996204 np0000000927 neutron-periodic-workers[91457]: DEBUG cotyledon._service_worker [-] Run service ServiceWrapper(0) [91457] {{(pid=91457) wait_forever /opt/stack/data/venv/lib/python3.12/site-packages/cotyledon/_service_worker.py:218}}
May 18 10:27:04.647318 np0000000927 neutron-periodic-workers[90558]: DEBUG dbcounter [-] [90558] Writing DB stats neutron:SELECT=4 {{(pid=90558) stat_writer /opt/stack/data/venv/lib/python3.12/site-packages/dbcounter.py:115}}
May 18 10:27:38.952474 np0000000927 neutron-periodic-workers[91431]: DEBUG oslo_db.sqlalchemy.engines [None req-df5b28d3-f040-4aeb-8da2-5e725bd3d32e None None] Parent process 90558 forked (91431) with an open database connection, which is being discarded and recreated. {{(pid=91431) checkout /opt/stack/data/venv/lib/python3.12/site-packages/oslo_db/sqlalchemy/engines.py:402}}
May 18 10:27:38.958344 np0000000927 neutron-periodic-workers[91431]: DEBUG dbcounter [-] [91431] Writer thread running {{(pid=91431) stat_writer /opt/stack/data/venv/lib/python3.12/site-packages/dbcounter.py:102}}
May 18 10:27:38.967030 np0000000927 neutron-periodic-workers[91431]: DEBUG oslo.service.backend._threading.loopingcall [None req-df5b28d3-f040-4aeb-8da2-5e725bd3d32e None None] Fixed interval looping call 'neutron.plugins.ml2.plugin.DhcpAgentSchedulerDbMixin.remove_networks_from_down_agents' sleeping for 36.98 seconds {{(pid=91431) _run_loop /opt/stack/data/venv/lib/python3.12/site-packages/oslo_service/backend/_threading/loopingcall.py:125}}
May 18 10:27:46.991933 np0000000927 neutron-periodic-workers[91437]: DEBUG dbcounter [-] [91437] Writer thread running {{(pid=91437) stat_writer /opt/stack/data/venv/lib/python3.12/site-packages/dbcounter.py:102}}
May 18 10:27:46.995980 np0000000927 neutron-periodic-workers[91437]: DEBUG neutron.db.agents_db [None req-8ad9642f-5736-4fdd-8ff2-a4b7622673c2 None None] Agent healthcheck: found 0 active agents {{(pid=91437) agent_health_check /opt/stack/neutron/neutron/db/agents_db.py:322}}
May 18 10:27:46.996214 np0000000927 neutron-periodic-workers[91437]: DEBUG oslo.service.backend._threading.loopingcall [None req-8ad9642f-5736-4fdd-8ff2-a4b7622673c2 None None] Fixed interval looping call 'neutron.plugins.ml2.plugin.AgentDbMixin.agent_health_check' sleeping for 36.98 seconds {{(pid=91437) _run_loop /opt/stack/data/venv/lib/python3.12/site-packages/oslo_service/backend/_threading/loopingcall.py:125}}
May 18 10:27:48.966092 np0000000927 neutron-periodic-workers[91431]: DEBUG dbcounter [-] [91431] Writing DB stats neutron:SELECT=3 {{(pid=91431) stat_writer /opt/stack/data/venv/lib/python3.12/site-packages/dbcounter.py:115}}
May 18 10:27:56.992945 np0000000927 neutron-periodic-workers[91437]: DEBUG dbcounter [-] [91437] Writing DB stats neutron:SELECT=1 {{(pid=91437) stat_writer /opt/stack/data/venv/lib/python3.12/site-packages/dbcounter.py:115}}
May 18 10:27:57.017995 np0000000927 neutron-periodic-workers[91457]: DEBUG dbcounter [-] [91457] Writer thread running {{(pid=91457) stat_writer /opt/stack/data/venv/lib/python3.12/site-packages/dbcounter.py:102}}
May 18 10:27:57.026025 np0000000927 neutron-periodic-workers[91457]: DEBUG oslo.service.backend._threading.loopingcall [None req-4e31d5ce-9602-4d84-9069-6e18cb5b292e None None] Fixed interval looping call 'neutron.services.ovn_l3.plugin.L3_NAT_dbonly_mixin._clean_garbage' sleeping for 299.97 seconds {{(pid=91457) _run_loop /opt/stack/data/venv/lib/python3.12/site-packages/oslo_service/backend/_threading/loopingcall.py:125}}
May 18 10:28:07.019123 np0000000927 neutron-periodic-workers[91457]: DEBUG dbcounter [-] [91457] Writing DB stats neutron:SELECT=1 {{(pid=91457) stat_writer /opt/stack/data/venv/lib/python3.12/site-packages/dbcounter.py:115}}
May 18 10:28:15.952834 np0000000927 neutron-periodic-workers[91431]: DEBUG oslo.service.backend._threading.loopingcall [None req-df5b28d3-f040-4aeb-8da2-5e725bd3d32e None None] Fixed interval looping call 'neutron.plugins.ml2.plugin.DhcpAgentSchedulerDbMixin.remove_networks_from_down_agents' sleeping for 36.99 seconds {{(pid=91431) _run_loop /opt/stack/data/venv/lib/python3.12/site-packages/oslo_service/backend/_threading/loopingcall.py:125}}
May 18 10:28:23.980245 np0000000927 neutron-periodic-workers[91437]: DEBUG neutron.db.agents_db [None req-8ad9642f-5736-4fdd-8ff2-a4b7622673c2 None None] Agent healthcheck: found 0 active agents {{(pid=91437) agent_health_check /opt/stack/neutron/neutron/db/agents_db.py:322}}
May 18 10:28:23.980677 np0000000927 neutron-periodic-workers[91437]: DEBUG oslo.service.backend._threading.loopingcall [None req-8ad9642f-5736-4fdd-8ff2-a4b7622673c2 None None] Fixed interval looping call 'neutron.plugins.ml2.plugin.AgentDbMixin.agent_health_check' sleeping for 37.00 seconds {{(pid=91437) _run_loop /opt/stack/data/venv/lib/python3.12/site-packages/oslo_service/backend/_threading/loopingcall.py:125}}
May 18 10:28:25.951979 np0000000927 neutron-periodic-workers[91431]: DEBUG dbcounter [-] [91431] Writing DB stats neutron:SELECT=3 {{(pid=91431) stat_writer /opt/stack/data/venv/lib/python3.12/site-packages/dbcounter.py:115}}
May 18 10:28:33.978391 np0000000927 neutron-periodic-workers[91437]: DEBUG dbcounter [-] [91437] Writing DB stats neutron:SELECT=1 {{(pid=91437) stat_writer /opt/stack/data/venv/lib/python3.12/site-packages/dbcounter.py:115}}
May 18 10:28:52.949113 np0000000927 neutron-periodic-workers[91431]: DEBUG oslo.service.backend._threading.loopingcall [None req-df5b28d3-f040-4aeb-8da2-5e725bd3d32e None None] Fixed interval looping call 'neutron.plugins.ml2.plugin.DhcpAgentSchedulerDbMixin.remove_networks_from_down_agents' sleeping for 36.99 seconds {{(pid=91431) _run_loop /opt/stack/data/venv/lib/python3.12/site-packages/oslo_service/backend/_threading/loopingcall.py:125}}
May 18 10:28:54.971820 np0000000927 neutron-periodic-workers[91442]: DEBUG dbcounter [-] [91442] Writer thread running {{(pid=91442) stat_writer /opt/stack/data/venv/lib/python3.12/site-packages/dbcounter.py:102}}
May 18 10:28:54.973181 np0000000927 neutron-periodic-workers[91442]: DEBUG oslo.service.backend._threading.loopingcall [None req-3069b1c1-aa0a-4659-898a-da93c7097033 None None] Fixed interval looping call 'neutron.db.quota.driver_nolock.DbQuotaNoLockDriver._remove_expired_reservations' sleeping for 119.99 seconds {{(pid=91442) _run_loop /opt/stack/data/venv/lib/python3.12/site-packages/oslo_service/backend/_threading/loopingcall.py:125}}
May 18 10:29:00.983756 np0000000927 neutron-periodic-workers[91437]: DEBUG neutron.db.agents_db [None req-8ad9642f-5736-4fdd-8ff2-a4b7622673c2 None None] Agent healthcheck: found 0 active agents {{(pid=91437) agent_health_check /opt/stack/neutron/neutron/db/agents_db.py:322}}
May 18 10:29:00.984129 np0000000927 neutron-periodic-workers[91437]: DEBUG oslo.service.backend._threading.loopingcall [None req-8ad9642f-5736-4fdd-8ff2-a4b7622673c2 None None] Fixed interval looping call 'neutron.plugins.ml2.plugin.AgentDbMixin.agent_health_check' sleeping for 37.00 seconds {{(pid=91437) _run_loop /opt/stack/data/venv/lib/python3.12/site-packages/oslo_service/backend/_threading/loopingcall.py:125}}
May 18 10:29:02.948295 np0000000927 neutron-periodic-workers[91431]: DEBUG dbcounter [-] [91431] Writing DB stats neutron:SELECT=3 {{(pid=91431) stat_writer /opt/stack/data/venv/lib/python3.12/site-packages/dbcounter.py:115}}
May 18 10:29:04.972217 np0000000927 neutron-periodic-workers[91442]: DEBUG dbcounter [-] [91442] Writing DB stats neutron:DELETE=1 {{(pid=91442) stat_writer /opt/stack/data/venv/lib/python3.12/site-packages/dbcounter.py:115}}
May 18 10:29:10.982688 np0000000927 neutron-periodic-workers[91437]: DEBUG dbcounter [-] [91437] Writing DB stats neutron:SELECT=1 {{(pid=91437) stat_writer /opt/stack/data/venv/lib/python3.12/site-packages/dbcounter.py:115}}
May 18 10:29:29.944642 np0000000927 neutron-periodic-workers[91431]: DEBUG oslo.service.backend._threading.loopingcall [None req-df5b28d3-f040-4aeb-8da2-5e725bd3d32e None None] Fixed interval looping call 'neutron.plugins.ml2.plugin.DhcpAgentSchedulerDbMixin.remove_networks_from_down_agents' sleeping for 36.99 seconds {{(pid=91431) _run_loop /opt/stack/data/venv/lib/python3.12/site-packages/oslo_service/backend/_threading/loopingcall.py:125}}
May 18 10:29:37.987262 np0000000927 neutron-periodic-workers[91437]: DEBUG neutron.db.agents_db [None req-8ad9642f-5736-4fdd-8ff2-a4b7622673c2 None None] Agent healthcheck: found 0 active agents {{(pid=91437) agent_health_check /opt/stack/neutron/neutron/db/agents_db.py:322}}
May 18 10:29:37.987751 np0000000927 neutron-periodic-workers[91437]: DEBUG oslo.service.backend._threading.loopingcall [None req-8ad9642f-5736-4fdd-8ff2-a4b7622673c2 None None] Fixed interval looping call 'neutron.plugins.ml2.plugin.AgentDbMixin.agent_health_check' sleeping for 37.00 seconds {{(pid=91437) _run_loop /opt/stack/data/venv/lib/python3.12/site-packages/oslo_service/backend/_threading/loopingcall.py:125}}
May 18 10:29:39.943976 np0000000927 neutron-periodic-workers[91431]: DEBUG dbcounter [-] [91431] Writing DB stats neutron:SELECT=3 {{(pid=91431) stat_writer /opt/stack/data/venv/lib/python3.12/site-packages/dbcounter.py:115}}
May 18 10:29:47.986172 np0000000927 neutron-periodic-workers[91437]: DEBUG dbcounter [-] [91437] Writing DB stats neutron:SELECT=1 {{(pid=91437) stat_writer /opt/stack/data/venv/lib/python3.12/site-packages/dbcounter.py:115}}
May 18 10:30:06.941454 np0000000927 neutron-periodic-workers[91431]: DEBUG oslo.service.backend._threading.loopingcall [None req-df5b28d3-f040-4aeb-8da2-5e725bd3d32e None None] Fixed interval looping call 'neutron.plugins.ml2.plugin.DhcpAgentSchedulerDbMixin.remove_networks_from_down_agents' sleeping for 36.99 seconds {{(pid=91431) _run_loop /opt/stack/data/venv/lib/python3.12/site-packages/oslo_service/backend/_threading/loopingcall.py:125}}
May 18 10:30:14.995121 np0000000927 neutron-periodic-workers[91437]: DEBUG neutron.db.agents_db [None req-8ad9642f-5736-4fdd-8ff2-a4b7622673c2 None None] Agent healthcheck: found 0 active agents {{(pid=91437) agent_health_check /opt/stack/neutron/neutron/db/agents_db.py:322}}
May 18 10:30:14.995686 np0000000927 neutron-periodic-workers[91437]: DEBUG oslo.service.backend._threading.loopingcall [None req-8ad9642f-5736-4fdd-8ff2-a4b7622673c2 None None] Fixed interval looping call 'neutron.plugins.ml2.plugin.AgentDbMixin.agent_health_check' sleeping for 36.99 seconds {{(pid=91437) _run_loop /opt/stack/data/venv/lib/python3.12/site-packages/oslo_service/backend/_threading/loopingcall.py:125}}
May 18 10:30:16.940542 np0000000927 neutron-periodic-workers[91431]: DEBUG dbcounter [-] [91431] Writing DB stats neutron:SELECT=3 {{(pid=91431) stat_writer /opt/stack/data/venv/lib/python3.12/site-packages/dbcounter.py:115}}
May 18 10:30:24.990775 np0000000927 neutron-periodic-workers[91437]: DEBUG dbcounter [-] [91437] Writing DB stats neutron:SELECT=1 {{(pid=91437) stat_writer /opt/stack/data/venv/lib/python3.12/site-packages/dbcounter.py:115}}
May 18 10:30:43.942111 np0000000927 neutron-periodic-workers[91431]: DEBUG oslo.service.backend._threading.loopingcall [None req-df5b28d3-f040-4aeb-8da2-5e725bd3d32e None None] Fixed interval looping call 'neutron.plugins.ml2.plugin.DhcpAgentSchedulerDbMixin.remove_networks_from_down_agents' sleeping for 36.99 seconds {{(pid=91431) _run_loop /opt/stack/data/venv/lib/python3.12/site-packages/oslo_service/backend/_threading/loopingcall.py:125}}
May 18 10:30:51.989839 np0000000927 neutron-periodic-workers[91437]: DEBUG neutron.db.agents_db [None req-8ad9642f-5736-4fdd-8ff2-a4b7622673c2 None None] Agent healthcheck: found 0 active agents {{(pid=91437) agent_health_check /opt/stack/neutron/neutron/db/agents_db.py:322}}
May 18 10:30:51.990260 np0000000927 neutron-periodic-workers[91437]: DEBUG oslo.service.backend._threading.loopingcall [None req-8ad9642f-5736-4fdd-8ff2-a4b7622673c2 None None] Fixed interval looping call 'neutron.plugins.ml2.plugin.AgentDbMixin.agent_health_check' sleeping for 37.00 seconds {{(pid=91437) _run_loop /opt/stack/data/venv/lib/python3.12/site-packages/oslo_service/backend/_threading/loopingcall.py:125}}
May 18 10:30:53.940536 np0000000927 neutron-periodic-workers[91431]: DEBUG dbcounter [-] [91431] Writing DB stats neutron:SELECT=3 {{(pid=91431) stat_writer /opt/stack/data/venv/lib/python3.12/site-packages/dbcounter.py:115}}
May 18 10:30:54.968002 np0000000927 neutron-periodic-workers[91442]: DEBUG oslo.service.backend._threading.loopingcall [None req-3069b1c1-aa0a-4659-898a-da93c7097033 None None] Fixed interval looping call 'neutron.db.quota.driver_nolock.DbQuotaNoLockDriver._remove_expired_reservations' sleeping for 120.00 seconds {{(pid=91442) _run_loop /opt/stack/data/venv/lib/python3.12/site-packages/oslo_service/backend/_threading/loopingcall.py:125}}
May 18 10:31:01.988875 np0000000927 neutron-periodic-workers[91437]: DEBUG dbcounter [-] [91437] Writing DB stats neutron:SELECT=1 {{(pid=91437) stat_writer /opt/stack/data/venv/lib/python3.12/site-packages/dbcounter.py:115}}
May 18 10:31:04.966870 np0000000927 neutron-periodic-workers[91442]: DEBUG dbcounter [-] [91442] Writing DB stats neutron:DELETE=1 {{(pid=91442) stat_writer /opt/stack/data/venv/lib/python3.12/site-packages/dbcounter.py:115}}
May 18 10:31:20.940215 np0000000927 neutron-periodic-workers[91431]: DEBUG oslo.service.backend._threading.loopingcall [None req-df5b28d3-f040-4aeb-8da2-5e725bd3d32e None None] Fixed interval looping call 'neutron.plugins.ml2.plugin.DhcpAgentSchedulerDbMixin.remove_networks_from_down_agents' sleeping for 36.99 seconds {{(pid=91431) _run_loop /opt/stack/data/venv/lib/python3.12/site-packages/oslo_service/backend/_threading/loopingcall.py:125}}
May 18 10:31:28.996865 np0000000927 neutron-periodic-workers[91437]: DEBUG neutron.db.agents_db [None req-8ad9642f-5736-4fdd-8ff2-a4b7622673c2 None None] Agent healthcheck: found 0 active agents {{(pid=91437) agent_health_check /opt/stack/neutron/neutron/db/agents_db.py:322}}
May 18 10:31:28.997193 np0000000927 neutron-periodic-workers[91437]: DEBUG oslo.service.backend._threading.loopingcall [None req-8ad9642f-5736-4fdd-8ff2-a4b7622673c2 None None] Fixed interval looping call 'neutron.plugins.ml2.plugin.AgentDbMixin.agent_health_check' sleeping for 36.99 seconds {{(pid=91437) _run_loop /opt/stack/data/venv/lib/python3.12/site-packages/oslo_service/backend/_threading/loopingcall.py:125}}
May 18 10:31:30.938870 np0000000927 neutron-periodic-workers[91431]: DEBUG dbcounter [-] [91431] Writing DB stats neutron:SELECT=3 {{(pid=91431) stat_writer /opt/stack/data/venv/lib/python3.12/site-packages/dbcounter.py:115}}
May 18 10:31:38.994751 np0000000927 neutron-periodic-workers[91437]: DEBUG dbcounter [-] [91437] Writing DB stats neutron:SELECT=1 {{(pid=91437) stat_writer /opt/stack/data/venv/lib/python3.12/site-packages/dbcounter.py:115}}
May 18 10:31:57.961939 np0000000927 neutron-periodic-workers[91431]: DEBUG oslo.service.backend._threading.loopingcall [None req-df5b28d3-f040-4aeb-8da2-5e725bd3d32e None None] Fixed interval looping call 'neutron.plugins.ml2.plugin.DhcpAgentSchedulerDbMixin.remove_networks_from_down_agents' sleeping for 36.97 seconds {{(pid=91431) _run_loop /opt/stack/data/venv/lib/python3.12/site-packages/oslo_service/backend/_threading/loopingcall.py:125}}
May 18 10:32:05.993554 np0000000927 neutron-periodic-workers[91437]: DEBUG neutron.db.agents_db [None req-8ad9642f-5736-4fdd-8ff2-a4b7622673c2 None None] Agent healthcheck: found 0 active agents {{(pid=91437) agent_health_check /opt/stack/neutron/neutron/db/agents_db.py:322}}
May 18 10:32:05.993905 np0000000927 neutron-periodic-workers[91437]: DEBUG oslo.service.backend._threading.loopingcall [None req-8ad9642f-5736-4fdd-8ff2-a4b7622673c2 None None] Fixed interval looping call 'neutron.plugins.ml2.plugin.AgentDbMixin.agent_health_check' sleeping for 36.99 seconds {{(pid=91437) _run_loop /opt/stack/data/venv/lib/python3.12/site-packages/oslo_service/backend/_threading/loopingcall.py:125}}
May 18 10:32:07.954671 np0000000927 neutron-periodic-workers[91431]: DEBUG dbcounter [-] [91431] Writing DB stats neutron:SELECT=3 {{(pid=91431) stat_writer /opt/stack/data/venv/lib/python3.12/site-packages/dbcounter.py:115}}
May 18 10:32:15.989821 np0000000927 neutron-periodic-workers[91437]: DEBUG dbcounter [-] [91437] Writing DB stats neutron:SELECT=1 {{(pid=91437) stat_writer /opt/stack/data/venv/lib/python3.12/site-packages/dbcounter.py:115}}
May 18 10:32:34.939292 np0000000927 neutron-periodic-workers[91431]: DEBUG oslo.service.backend._threading.loopingcall [None req-df5b28d3-f040-4aeb-8da2-5e725bd3d32e None None] Fixed interval looping call 'neutron.plugins.ml2.plugin.DhcpAgentSchedulerDbMixin.remove_networks_from_down_agents' sleeping for 36.99 seconds {{(pid=91431) _run_loop /opt/stack/data/venv/lib/python3.12/site-packages/oslo_service/backend/_threading/loopingcall.py:125}}
May 18 10:32:43.002752 np0000000927 neutron-periodic-workers[91437]: DEBUG neutron.db.agents_db [None req-8ad9642f-5736-4fdd-8ff2-a4b7622673c2 None None] Agent healthcheck: found 0 active agents {{(pid=91437) agent_health_check /opt/stack/neutron/neutron/db/agents_db.py:322}}
May 18 10:32:43.002752 np0000000927 neutron-periodic-workers[91437]: DEBUG oslo.service.backend._threading.loopingcall [None req-8ad9642f-5736-4fdd-8ff2-a4b7622673c2 None None] Fixed interval looping call 'neutron.plugins.ml2.plugin.AgentDbMixin.agent_health_check' sleeping for 36.98 seconds {{(pid=91437) _run_loop /opt/stack/data/venv/lib/python3.12/site-packages/oslo_service/backend/_threading/loopingcall.py:125}}
May 18 10:32:44.940781 np0000000927 neutron-periodic-workers[91431]: DEBUG dbcounter [-] [91431] Writing DB stats neutron:SELECT=3 {{(pid=91431) stat_writer /opt/stack/data/venv/lib/python3.12/site-packages/dbcounter.py:115}}
May 18 10:32:52.995372 np0000000927 neutron-periodic-workers[91437]: DEBUG dbcounter [-] [91437] Writing DB stats neutron:SELECT=1 {{(pid=91437) stat_writer /opt/stack/data/venv/lib/python3.12/site-packages/dbcounter.py:115}}
May 18 10:32:54.974643 np0000000927 neutron-periodic-workers[91442]: DEBUG oslo.service.backend._threading.loopingcall [None req-3069b1c1-aa0a-4659-898a-da93c7097033 None None] Fixed interval looping call 'neutron.db.quota.driver_nolock.DbQuotaNoLockDriver._remove_expired_reservations' sleeping for 119.99 seconds {{(pid=91442) _run_loop /opt/stack/data/venv/lib/python3.12/site-packages/oslo_service/backend/_threading/loopingcall.py:125}}
May 18 10:32:57.008864 np0000000927 neutron-periodic-workers[91457]: DEBUG oslo.service.backend._threading.loopingcall [None req-4e31d5ce-9602-4d84-9069-6e18cb5b292e None None] Fixed interval looping call 'neutron.services.ovn_l3.plugin.L3_NAT_dbonly_mixin._clean_garbage' sleeping for 299.99 seconds {{(pid=91457) _run_loop /opt/stack/data/venv/lib/python3.12/site-packages/oslo_service/backend/_threading/loopingcall.py:125}}
May 18 10:33:04.971349 np0000000927 neutron-periodic-workers[91442]: DEBUG dbcounter [-] [91442] Writing DB stats neutron:DELETE=1 {{(pid=91442) stat_writer /opt/stack/data/venv/lib/python3.12/site-packages/dbcounter.py:115}}
May 18 10:33:07.001191 np0000000927 neutron-periodic-workers[91457]: DEBUG dbcounter [-] [91457] Writing DB stats neutron:SELECT=1 {{(pid=91457) stat_writer /opt/stack/data/venv/lib/python3.12/site-packages/dbcounter.py:115}}
May 18 10:33:11.936933 np0000000927 neutron-periodic-workers[91431]: DEBUG oslo.service.backend._threading.loopingcall [None req-df5b28d3-f040-4aeb-8da2-5e725bd3d32e None None] Fixed interval looping call 'neutron.plugins.ml2.plugin.DhcpAgentSchedulerDbMixin.remove_networks_from_down_agents' sleeping for 36.99 seconds {{(pid=91431) _run_loop /opt/stack/data/venv/lib/python3.12/site-packages/oslo_service/backend/_threading/loopingcall.py:125}}
May 18 10:33:19.987377 np0000000927 neutron-periodic-workers[91437]: DEBUG neutron.db.agents_db [None req-8ad9642f-5736-4fdd-8ff2-a4b7622673c2 None None] Agent healthcheck: found 0 active agents {{(pid=91437) agent_health_check /opt/stack/neutron/neutron/db/agents_db.py:322}}
May 18 10:33:19.987906 np0000000927 neutron-periodic-workers[91437]: DEBUG oslo.service.backend._threading.loopingcall [None req-8ad9642f-5736-4fdd-8ff2-a4b7622673c2 None None] Fixed interval looping call 'neutron.plugins.ml2.plugin.AgentDbMixin.agent_health_check' sleeping for 37.00 seconds {{(pid=91437) _run_loop /opt/stack/data/venv/lib/python3.12/site-packages/oslo_service/backend/_threading/loopingcall.py:125}}
May 18 10:33:21.935822 np0000000927 neutron-periodic-workers[91431]: DEBUG dbcounter [-] [91431] Writing DB stats neutron:SELECT=3 {{(pid=91431) stat_writer /opt/stack/data/venv/lib/python3.12/site-packages/dbcounter.py:115}}
May 18 10:33:29.988930 np0000000927 neutron-periodic-workers[91437]: DEBUG dbcounter [-] [91437] Writing DB stats neutron:SELECT=1 {{(pid=91437) stat_writer /opt/stack/data/venv/lib/python3.12/site-packages/dbcounter.py:115}}
May 18 10:33:48.939942 np0000000927 neutron-periodic-workers[91431]: DEBUG oslo.service.backend._threading.loopingcall [None req-df5b28d3-f040-4aeb-8da2-5e725bd3d32e None None] Fixed interval looping call 'neutron.plugins.ml2.plugin.DhcpAgentSchedulerDbMixin.remove_networks_from_down_agents' sleeping for 36.99 seconds {{(pid=91431) _run_loop /opt/stack/data/venv/lib/python3.12/site-packages/oslo_service/backend/_threading/loopingcall.py:125}}
May 18 10:33:56.992967 np0000000927 neutron-periodic-workers[91437]: DEBUG neutron.db.agents_db [None req-8ad9642f-5736-4fdd-8ff2-a4b7622673c2 None None] Agent healthcheck: found 0 active agents {{(pid=91437) agent_health_check /opt/stack/neutron/neutron/db/agents_db.py:322}}
May 18 10:33:56.993354 np0000000927 neutron-periodic-workers[91437]: DEBUG oslo.service.backend._threading.loopingcall [None req-8ad9642f-5736-4fdd-8ff2-a4b7622673c2 None None] Fixed interval looping call 'neutron.plugins.ml2.plugin.AgentDbMixin.agent_health_check' sleeping for 36.99 seconds {{(pid=91437) _run_loop /opt/stack/data/venv/lib/python3.12/site-packages/oslo_service/backend/_threading/loopingcall.py:125}}
May 18 10:33:58.938265 np0000000927 neutron-periodic-workers[91431]: DEBUG dbcounter [-] [91431] Writing DB stats neutron:SELECT=3 {{(pid=91431) stat_writer /opt/stack/data/venv/lib/python3.12/site-packages/dbcounter.py:115}}
May 18 10:34:06.990815 np0000000927 neutron-periodic-workers[91437]: DEBUG dbcounter [-] [91437] Writing DB stats neutron:SELECT=1 {{(pid=91437) stat_writer /opt/stack/data/venv/lib/python3.12/site-packages/dbcounter.py:115}}
May 18 10:34:25.936990 np0000000927 neutron-periodic-workers[91431]: DEBUG oslo.service.backend._threading.loopingcall [None req-df5b28d3-f040-4aeb-8da2-5e725bd3d32e None None] Fixed interval looping call 'neutron.plugins.ml2.plugin.DhcpAgentSchedulerDbMixin.remove_networks_from_down_agents' sleeping for 36.99 seconds {{(pid=91431) _run_loop /opt/stack/data/venv/lib/python3.12/site-packages/oslo_service/backend/_threading/loopingcall.py:125}}
May 18 10:34:33.989737 np0000000927 neutron-periodic-workers[91437]: DEBUG neutron.db.agents_db [None req-8ad9642f-5736-4fdd-8ff2-a4b7622673c2 None None] Agent healthcheck: found 0 active agents {{(pid=91437) agent_health_check /opt/stack/neutron/neutron/db/agents_db.py:322}}
May 18 10:34:33.990125 np0000000927 neutron-periodic-workers[91437]: DEBUG oslo.service.backend._threading.loopingcall [None req-8ad9642f-5736-4fdd-8ff2-a4b7622673c2 None None] Fixed interval looping call 'neutron.plugins.ml2.plugin.AgentDbMixin.agent_health_check' sleeping for 36.99 seconds {{(pid=91437) _run_loop /opt/stack/data/venv/lib/python3.12/site-packages/oslo_service/backend/_threading/loopingcall.py:125}}
May 18 10:34:35.935999 np0000000927 neutron-periodic-workers[91431]: DEBUG dbcounter [-] [91431] Writing DB stats neutron:SELECT=3 {{(pid=91431) stat_writer /opt/stack/data/venv/lib/python3.12/site-packages/dbcounter.py:115}}
May 18 10:34:43.990265 np0000000927 neutron-periodic-workers[91437]: DEBUG dbcounter [-] [91437] Writing DB stats neutron:SELECT=1 {{(pid=91437) stat_writer /opt/stack/data/venv/lib/python3.12/site-packages/dbcounter.py:115}}
May 18 10:34:54.970760 np0000000927 neutron-periodic-workers[91442]: DEBUG oslo.service.backend._threading.loopingcall [None req-3069b1c1-aa0a-4659-898a-da93c7097033 None None] Fixed interval looping call 'neutron.db.quota.driver_nolock.DbQuotaNoLockDriver._remove_expired_reservations' sleeping for 119.99 seconds {{(pid=91442) _run_loop /opt/stack/data/venv/lib/python3.12/site-packages/oslo_service/backend/_threading/loopingcall.py:125}}
May 18 10:35:02.935474 np0000000927 neutron-periodic-workers[91431]: DEBUG oslo.service.backend._threading.loopingcall [None req-df5b28d3-f040-4aeb-8da2-5e725bd3d32e None None] Fixed interval looping call 'neutron.plugins.ml2.plugin.DhcpAgentSchedulerDbMixin.remove_networks_from_down_agents' sleeping for 36.99 seconds {{(pid=91431) _run_loop /opt/stack/data/venv/lib/python3.12/site-packages/oslo_service/backend/_threading/loopingcall.py:125}}
May 18 10:35:04.970405 np0000000927 neutron-periodic-workers[91442]: DEBUG dbcounter [-] [91442] Writing DB stats neutron:DELETE=1 {{(pid=91442) stat_writer /opt/stack/data/venv/lib/python3.12/site-packages/dbcounter.py:115}}
May 18 10:35:10.988601 np0000000927 neutron-periodic-workers[91437]: DEBUG neutron.db.agents_db [None req-8ad9642f-5736-4fdd-8ff2-a4b7622673c2 None None] Agent healthcheck: found 0 active agents {{(pid=91437) agent_health_check /opt/stack/neutron/neutron/db/agents_db.py:322}}
May 18 10:35:10.988601 np0000000927 neutron-periodic-workers[91437]: DEBUG oslo.service.backend._threading.loopingcall [None req-8ad9642f-5736-4fdd-8ff2-a4b7622673c2 None None] Fixed interval looping call 'neutron.plugins.ml2.plugin.AgentDbMixin.agent_health_check' sleeping for 36.99 seconds {{(pid=91437) _run_loop /opt/stack/data/venv/lib/python3.12/site-packages/oslo_service/backend/_threading/loopingcall.py:125}}
May 18 10:35:12.933736 np0000000927 neutron-periodic-workers[91431]: DEBUG dbcounter [-] [91431] Writing DB stats neutron:SELECT=3 {{(pid=91431) stat_writer /opt/stack/data/venv/lib/python3.12/site-packages/dbcounter.py:115}}
May 18 10:35:20.987843 np0000000927 neutron-periodic-workers[91437]: DEBUG dbcounter [-] [91437] Writing DB stats neutron:SELECT=1 {{(pid=91437) stat_writer /opt/stack/data/venv/lib/python3.12/site-packages/dbcounter.py:115}}
May 18 10:35:39.932322 np0000000927 neutron-periodic-workers[91431]: DEBUG oslo.service.backend._threading.loopingcall [None req-df5b28d3-f040-4aeb-8da2-5e725bd3d32e None None] Fixed interval looping call 'neutron.plugins.ml2.plugin.DhcpAgentSchedulerDbMixin.remove_networks_from_down_agents' sleeping for 36.99 seconds {{(pid=91431) _run_loop /opt/stack/data/venv/lib/python3.12/site-packages/oslo_service/backend/_threading/loopingcall.py:125}}
May 18 10:35:47.981809 np0000000927 neutron-periodic-workers[91437]: DEBUG neutron.db.agents_db [None req-8ad9642f-5736-4fdd-8ff2-a4b7622673c2 None None] Agent healthcheck: found 0 active agents {{(pid=91437) agent_health_check /opt/stack/neutron/neutron/db/agents_db.py:322}}
May 18 10:35:47.982241 np0000000927 neutron-periodic-workers[91437]: DEBUG oslo.service.backend._threading.loopingcall [None req-8ad9642f-5736-4fdd-8ff2-a4b7622673c2 None None] Fixed interval looping call 'neutron.plugins.ml2.plugin.AgentDbMixin.agent_health_check' sleeping for 37.00 seconds {{(pid=91437) _run_loop /opt/stack/data/venv/lib/python3.12/site-packages/oslo_service/backend/_threading/loopingcall.py:125}}
May 18 10:35:49.931404 np0000000927 neutron-periodic-workers[91431]: DEBUG dbcounter [-] [91431] Writing DB stats neutron:SELECT=3 {{(pid=91431) stat_writer /opt/stack/data/venv/lib/python3.12/site-packages/dbcounter.py:115}}
May 18 10:35:57.980613 np0000000927 neutron-periodic-workers[91437]: DEBUG dbcounter [-] [91437] Writing DB stats neutron:SELECT=1 {{(pid=91437) stat_writer /opt/stack/data/venv/lib/python3.12/site-packages/dbcounter.py:115}}
May 18 10:36:16.930421 np0000000927 neutron-periodic-workers[91431]: DEBUG oslo.service.backend._threading.loopingcall [None req-df5b28d3-f040-4aeb-8da2-5e725bd3d32e None None] Fixed interval looping call 'neutron.plugins.ml2.plugin.DhcpAgentSchedulerDbMixin.remove_networks_from_down_agents' sleeping for 36.99 seconds {{(pid=91431) _run_loop /opt/stack/data/venv/lib/python3.12/site-packages/oslo_service/backend/_threading/loopingcall.py:125}}
May 18 10:36:24.986755 np0000000927 neutron-periodic-workers[91437]: DEBUG neutron.db.agents_db [None req-8ad9642f-5736-4fdd-8ff2-a4b7622673c2 None None] Agent healthcheck: found 0 active agents {{(pid=91437) agent_health_check /opt/stack/neutron/neutron/db/agents_db.py:322}}
May 18 10:36:24.987579 np0000000927 neutron-periodic-workers[91437]: DEBUG oslo.service.backend._threading.loopingcall [None req-8ad9642f-5736-4fdd-8ff2-a4b7622673c2 None None] Fixed interval looping call 'neutron.plugins.ml2.plugin.AgentDbMixin.agent_health_check' sleeping for 37.00 seconds {{(pid=91437) _run_loop /opt/stack/data/venv/lib/python3.12/site-packages/oslo_service/backend/_threading/loopingcall.py:125}}
May 18 10:36:26.928682 np0000000927 neutron-periodic-workers[91431]: DEBUG dbcounter [-] [91431] Writing DB stats neutron:SELECT=3 {{(pid=91431) stat_writer /opt/stack/data/venv/lib/python3.12/site-packages/dbcounter.py:115}}
May 18 10:36:34.987343 np0000000927 neutron-periodic-workers[91437]: DEBUG dbcounter [-] [91437] Writing DB stats neutron:SELECT=1 {{(pid=91437) stat_writer /opt/stack/data/venv/lib/python3.12/site-packages/dbcounter.py:115}}
May 18 10:36:53.927785 np0000000927 neutron-periodic-workers[91431]: DEBUG oslo.service.backend._threading.loopingcall [None req-df5b28d3-f040-4aeb-8da2-5e725bd3d32e None None] Fixed interval looping call 'neutron.plugins.ml2.plugin.DhcpAgentSchedulerDbMixin.remove_networks_from_down_agents' sleeping for 36.99 seconds {{(pid=91431) _run_loop /opt/stack/data/venv/lib/python3.12/site-packages/oslo_service/backend/_threading/loopingcall.py:125}}
May 18 10:36:54.964741 np0000000927 neutron-periodic-workers[91442]: DEBUG oslo.service.backend._threading.loopingcall [None req-3069b1c1-aa0a-4659-898a-da93c7097033 None None] Fixed interval looping call 'neutron.db.quota.driver_nolock.DbQuotaNoLockDriver._remove_expired_reservations' sleeping for 120.00 seconds {{(pid=91442) _run_loop /opt/stack/data/venv/lib/python3.12/site-packages/oslo_service/backend/_threading/loopingcall.py:125}}
May 18 10:37:01.994958 np0000000927 neutron-periodic-workers[91437]: DEBUG neutron.db.agents_db [None req-8ad9642f-5736-4fdd-8ff2-a4b7622673c2 None None] Agent healthcheck: found 0 active agents {{(pid=91437) agent_health_check /opt/stack/neutron/neutron/db/agents_db.py:322}}
May 18 10:37:01.995408 np0000000927 neutron-periodic-workers[91437]: DEBUG oslo.service.backend._threading.loopingcall [None req-8ad9642f-5736-4fdd-8ff2-a4b7622673c2 None None] Fixed interval looping call 'neutron.plugins.ml2.plugin.AgentDbMixin.agent_health_check' sleeping for 36.99 seconds {{(pid=91437) _run_loop /opt/stack/data/venv/lib/python3.12/site-packages/oslo_service/backend/_threading/loopingcall.py:125}}
May 18 10:37:03.926605 np0000000927 neutron-periodic-workers[91431]: DEBUG dbcounter [-] [91431] Writing DB stats neutron:SELECT=3 {{(pid=91431) stat_writer /opt/stack/data/venv/lib/python3.12/site-packages/dbcounter.py:115}}
May 18 10:37:04.963695 np0000000927 neutron-periodic-workers[91442]: DEBUG dbcounter [-] [91442] Writing DB stats neutron:DELETE=1 {{(pid=91442) stat_writer /opt/stack/data/venv/lib/python3.12/site-packages/dbcounter.py:115}}
May 18 10:37:11.989205 np0000000927 neutron-periodic-workers[91437]: DEBUG dbcounter [-] [91437] Writing DB stats neutron:SELECT=1 {{(pid=91437) stat_writer /opt/stack/data/venv/lib/python3.12/site-packages/dbcounter.py:115}}
May 18 10:37:30.925736 np0000000927 neutron-periodic-workers[91431]: DEBUG oslo.service.backend._threading.loopingcall [None req-df5b28d3-f040-4aeb-8da2-5e725bd3d32e None None] Fixed interval looping call 'neutron.plugins.ml2.plugin.DhcpAgentSchedulerDbMixin.remove_networks_from_down_agents' sleeping for 36.99 seconds {{(pid=91431) _run_loop /opt/stack/data/venv/lib/python3.12/site-packages/oslo_service/backend/_threading/loopingcall.py:125}}
May 18 10:37:38.988512 np0000000927 neutron-periodic-workers[91437]: DEBUG neutron.db.agents_db [None req-8ad9642f-5736-4fdd-8ff2-a4b7622673c2 None None] Agent healthcheck: found 0 active agents {{(pid=91437) agent_health_check /opt/stack/neutron/neutron/db/agents_db.py:322}}
May 18 10:37:38.988810 np0000000927 neutron-periodic-workers[91437]: DEBUG oslo.service.backend._threading.loopingcall [None req-8ad9642f-5736-4fdd-8ff2-a4b7622673c2 None None] Fixed interval looping call 'neutron.plugins.ml2.plugin.AgentDbMixin.agent_health_check' sleeping for 37.00 seconds {{(pid=91437) _run_loop /opt/stack/data/venv/lib/python3.12/site-packages/oslo_service/backend/_threading/loopingcall.py:125}}
May 18 10:37:40.924848 np0000000927 neutron-periodic-workers[91431]: DEBUG dbcounter [-] [91431] Writing DB stats neutron:SELECT=3 {{(pid=91431) stat_writer /opt/stack/data/venv/lib/python3.12/site-packages/dbcounter.py:115}}
May 18 10:37:48.988769 np0000000927 neutron-periodic-workers[91437]: DEBUG dbcounter [-] [91437] Writing DB stats neutron:SELECT=1 {{(pid=91437) stat_writer /opt/stack/data/venv/lib/python3.12/site-packages/dbcounter.py:115}}
May 18 10:37:57.009008 np0000000927 neutron-periodic-workers[91457]: DEBUG oslo.service.backend._threading.loopingcall [None req-4e31d5ce-9602-4d84-9069-6e18cb5b292e None None] Fixed interval looping call 'neutron.services.ovn_l3.plugin.L3_NAT_dbonly_mixin._clean_garbage' sleeping for 299.99 seconds {{(pid=91457) _run_loop /opt/stack/data/venv/lib/python3.12/site-packages/oslo_service/backend/_threading/loopingcall.py:125}}
May 18 10:38:07.001840 np0000000927 neutron-periodic-workers[91457]: DEBUG dbcounter [-] [91457] Writing DB stats neutron:SELECT=1 {{(pid=91457) stat_writer /opt/stack/data/venv/lib/python3.12/site-packages/dbcounter.py:115}}
May 18 10:38:07.923242 np0000000927 neutron-periodic-workers[91431]: DEBUG oslo.service.backend._threading.loopingcall [None req-df5b28d3-f040-4aeb-8da2-5e725bd3d32e None None] Fixed interval looping call 'neutron.plugins.ml2.plugin.DhcpAgentSchedulerDbMixin.remove_networks_from_down_agents' sleeping for 36.99 seconds {{(pid=91431) _run_loop /opt/stack/data/venv/lib/python3.12/site-packages/oslo_service/backend/_threading/loopingcall.py:125}}
May 18 10:38:15.994881 np0000000927 neutron-periodic-workers[91437]: DEBUG neutron.db.agents_db [None req-8ad9642f-5736-4fdd-8ff2-a4b7622673c2 None None] Agent healthcheck: found 0 active agents {{(pid=91437) agent_health_check /opt/stack/neutron/neutron/db/agents_db.py:322}}
May 18 10:38:15.995366 np0000000927 neutron-periodic-workers[91437]: DEBUG oslo.service.backend._threading.loopingcall [None req-8ad9642f-5736-4fdd-8ff2-a4b7622673c2 None None] Fixed interval looping call 'neutron.plugins.ml2.plugin.AgentDbMixin.agent_health_check' sleeping for 36.99 seconds {{(pid=91437) _run_loop /opt/stack/data/venv/lib/python3.12/site-packages/oslo_service/backend/_threading/loopingcall.py:125}}
May 18 10:38:17.921989 np0000000927 neutron-periodic-workers[91431]: DEBUG dbcounter [-] [91431] Writing DB stats neutron:SELECT=3 {{(pid=91431) stat_writer /opt/stack/data/venv/lib/python3.12/site-packages/dbcounter.py:115}}
May 18 10:38:25.992445 np0000000927 neutron-periodic-workers[91437]: DEBUG dbcounter [-] [91437] Writing DB stats neutron:SELECT=1 {{(pid=91437) stat_writer /opt/stack/data/venv/lib/python3.12/site-packages/dbcounter.py:115}}
May 18 10:38:44.920524 np0000000927 neutron-periodic-workers[91431]: DEBUG oslo.service.backend._threading.loopingcall [None req-df5b28d3-f040-4aeb-8da2-5e725bd3d32e None None] Fixed interval looping call 'neutron.plugins.ml2.plugin.DhcpAgentSchedulerDbMixin.remove_networks_from_down_agents' sleeping for 36.99 seconds {{(pid=91431) _run_loop /opt/stack/data/venv/lib/python3.12/site-packages/oslo_service/backend/_threading/loopingcall.py:125}}
May 18 10:38:52.989657 np0000000927 neutron-periodic-workers[91437]: DEBUG neutron.db.agents_db [None req-8ad9642f-5736-4fdd-8ff2-a4b7622673c2 None None] Agent healthcheck: found 0 active agents {{(pid=91437) agent_health_check /opt/stack/neutron/neutron/db/agents_db.py:322}}
May 18 10:38:52.992523 np0000000927 neutron-periodic-workers[91437]: DEBUG oslo.service.backend._threading.loopingcall [None req-8ad9642f-5736-4fdd-8ff2-a4b7622673c2 None None] Fixed interval looping call 'neutron.plugins.ml2.plugin.AgentDbMixin.agent_health_check' sleeping for 37.00 seconds {{(pid=91437) _run_loop /opt/stack/data/venv/lib/python3.12/site-packages/oslo_service/backend/_threading/loopingcall.py:125}}
May 18 10:38:54.919418 np0000000927 neutron-periodic-workers[91431]: DEBUG dbcounter [-] [91431] Writing DB stats neutron:SELECT=3 {{(pid=91431) stat_writer /opt/stack/data/venv/lib/python3.12/site-packages/dbcounter.py:115}}
May 18 10:38:54.968270 np0000000927 neutron-periodic-workers[91442]: DEBUG oslo.service.backend._threading.loopingcall [None req-3069b1c1-aa0a-4659-898a-da93c7097033 None None] Fixed interval looping call 'neutron.db.quota.driver_nolock.DbQuotaNoLockDriver._remove_expired_reservations' sleeping for 120.00 seconds {{(pid=91442) _run_loop /opt/stack/data/venv/lib/python3.12/site-packages/oslo_service/backend/_threading/loopingcall.py:125}}
May 18 10:39:02.988209 np0000000927 neutron-periodic-workers[91437]: DEBUG dbcounter [-] [91437] Writing DB stats neutron:SELECT=1 {{(pid=91437) stat_writer /opt/stack/data/venv/lib/python3.12/site-packages/dbcounter.py:115}}
May 18 10:39:04.967305 np0000000927 neutron-periodic-workers[91442]: DEBUG dbcounter [-] [91442] Writing DB stats neutron:DELETE=1 {{(pid=91442) stat_writer /opt/stack/data/venv/lib/python3.12/site-packages/dbcounter.py:115}}
May 18 10:39:21.924195 np0000000927 neutron-periodic-workers[91431]: DEBUG oslo.service.backend._threading.loopingcall [None req-df5b28d3-f040-4aeb-8da2-5e725bd3d32e None None] Fixed interval looping call 'neutron.plugins.ml2.plugin.DhcpAgentSchedulerDbMixin.remove_networks_from_down_agents' sleeping for 36.99 seconds {{(pid=91431) _run_loop /opt/stack/data/venv/lib/python3.12/site-packages/oslo_service/backend/_threading/loopingcall.py:125}}
May 18 10:39:29.998344 np0000000927 neutron-periodic-workers[91437]: DEBUG neutron.db.agents_db [None req-8ad9642f-5736-4fdd-8ff2-a4b7622673c2 None None] Agent healthcheck: found 0 active agents {{(pid=91437) agent_health_check /opt/stack/neutron/neutron/db/agents_db.py:322}}
May 18 10:39:29.998344 np0000000927 neutron-periodic-workers[91437]: DEBUG oslo.service.backend._threading.loopingcall [None req-8ad9642f-5736-4fdd-8ff2-a4b7622673c2 None None] Fixed interval looping call 'neutron.plugins.ml2.plugin.AgentDbMixin.agent_health_check' sleeping for 36.99 seconds {{(pid=91437) _run_loop /opt/stack/data/venv/lib/python3.12/site-packages/oslo_service/backend/_threading/loopingcall.py:125}}
May 18 10:39:31.922895 np0000000927 neutron-periodic-workers[91431]: DEBUG dbcounter [-] [91431] Writing DB stats neutron:SELECT=3 {{(pid=91431) stat_writer /opt/stack/data/venv/lib/python3.12/site-packages/dbcounter.py:115}}
