Aug 05 18:12:10.029083 np0000006581 systemd[1]: Starting devstack@n-api-meta.service - Devstack devstack@n-api-meta.service...
Aug 05 18:12:10.034764 np0000006581 devstack@n-api-meta.service[96194]: [uWSGI] getting INI configuration from /etc/nova/nova-metadata-uwsgi.ini
Aug 05 18:12:10.037106 np0000006581 devstack@n-api-meta.service[96194]: *** Starting uWSGI 2.0.24-debian (64bit) on [Wed Aug 5 18:12:10 2026] ***
Aug 05 18:12:10.037106 np0000006581 devstack@n-api-meta.service[96194]: compiled with version: 13.2.0 on 17 April 2024 16:23:48
Aug 05 18:12:10.037106 np0000006581 devstack@n-api-meta.service[96194]: os: Linux-6.8.0-100-generic #100-Ubuntu SMP PREEMPT_DYNAMIC Tue Jan 13 16:40:06 UTC 2026
Aug 05 18:12:10.037106 np0000006581 devstack@n-api-meta.service[96194]: nodename: np0000006581
Aug 05 18:12:10.037106 np0000006581 devstack@n-api-meta.service[96194]: machine: x86_64
Aug 05 18:12:10.037106 np0000006581 devstack@n-api-meta.service[96194]: clock source: unix
Aug 05 18:12:10.037106 np0000006581 devstack@n-api-meta.service[96194]: pcre jit disabled
Aug 05 18:12:10.037106 np0000006581 devstack@n-api-meta.service[96194]: detected number of CPU cores: 16
Aug 05 18:12:10.037106 np0000006581 devstack@n-api-meta.service[96194]: current working directory: /
Aug 05 18:12:10.037106 np0000006581 devstack@n-api-meta.service[96194]: detected binary path: /usr/bin/uwsgi-core
Aug 05 18:12:10.037106 np0000006581 devstack@n-api-meta.service[96194]: your processes number limit is 257052
Aug 05 18:12:10.037106 np0000006581 devstack@n-api-meta.service[96194]: your memory page size is 4096 bytes
Aug 05 18:12:10.037106 np0000006581 devstack@n-api-meta.service[96194]: detected max file descriptor number: 2048
Aug 05 18:12:10.037106 np0000006581 devstack@n-api-meta.service[96194]: lock engine: pthread robust mutexes
Aug 05 18:12:10.037459 np0000006581 devstack@n-api-meta.service[96194]: thunder lock: enabled
Aug 05 18:12:10.037635 np0000006581 devstack@n-api-meta.service[96194]: uWSGI http bound on 0.0.0.0:8775 fd 5
Aug 05 18:12:10.037693 np0000006581 devstack@n-api-meta.service[96194]: uwsgi socket 0 bound to TCP address 127.0.0.1:40599 (port auto-assigned) fd 4
Aug 05 18:12:10.037693 np0000006581 devstack@n-api-meta.service[96194]: Python version: 3.12.3 (main, Jun 19 2026, 12:46:00) [GCC 13.3.0]
Aug 05 18:12:10.037693 np0000006581 devstack@n-api-meta.service[96194]: PEP 405 virtualenv detected: /opt/stack/data/venv
Aug 05 18:12:10.037756 np0000006581 devstack@n-api-meta.service[96194]: Set PythonHome to /opt/stack/data/venv
Aug 05 18:12:10.071690 np0000006581 devstack@n-api-meta.service[96194]: Python main interpreter initialized at 0x795c00ea4668
Aug 05 18:12:10.071690 np0000006581 devstack@n-api-meta.service[96194]: python threads support enabled
Aug 05 18:12:10.071690 np0000006581 devstack@n-api-meta.service[96194]: your server socket listen backlog is limited to 100 connections
Aug 05 18:12:10.071690 np0000006581 devstack@n-api-meta.service[96194]: your mercy for graceful operations on workers is 80 seconds
Aug 05 18:12:10.072157 np0000006581 devstack@n-api-meta.service[96194]: mapped 671795 bytes (656 KB) for 4 cores
Aug 05 18:12:10.072297 np0000006581 devstack@n-api-meta.service[96194]: *** Operational MODE: preforking ***
Aug 05 18:12:10.072465 np0000006581 devstack@n-api-meta.service[96194]: *** uWSGI is running in multiple interpreter mode ***
Aug 05 18:12:10.072465 np0000006581 devstack@n-api-meta.service[96194]: spawned uWSGI master process (pid: 96194)
Aug 05 18:12:10.072663 np0000006581 systemd[1]: Started devstack@n-api-meta.service - Devstack devstack@n-api-meta.service.
Aug 05 18:12:10.073307 np0000006581 devstack@n-api-meta.service[96194]: spawned uWSGI worker 1 (pid: 96199, cores: 1)
Aug 05 18:12:10.073578 np0000006581 devstack@n-api-meta.service[96194]: spawned uWSGI worker 2 (pid: 96200, cores: 1)
Aug 05 18:12:10.073942 np0000006581 devstack@n-api-meta.service[96194]: spawned uWSGI worker 3 (pid: 96201, cores: 1)
Aug 05 18:12:10.074315 np0000006581 devstack@n-api-meta.service[96194]: spawned uWSGI worker 4 (pid: 96202, cores: 1)
Aug 05 18:12:10.074733 np0000006581 devstack@n-api-meta.service[96194]: spawned uWSGI http 1 (pid: 96203)
Aug 05 18:12:10.074733 np0000006581 devstack@n-api-meta.service[96194]: running "unix_signal:15 gracefully_kill_them_all" (master-start)...
Aug 05 18:12:11.638266 np0000006581 devstack@n-api-meta.service[96201]: INFO dbcounter [None req-647c9120-5a01-4920-9dee-df55b0a7aa13 None None] Registered counter for database nova_api
Aug 05 18:12:11.674778 np0000006581 devstack@n-api-meta.service[96200]: INFO dbcounter [None req-def43755-9a2b-427b-8474-d324fb00afd0 None None] Registered counter for database nova_api
Aug 05 18:12:11.682813 np0000006581 devstack@n-api-meta.service[96201]: DEBUG oslo_db.sqlalchemy.engines [None req-647c9120-5a01-4920-9dee-df55b0a7aa13 None None] MySQL server mode set to STRICT_TRANS_TABLES,STRICT_ALL_TABLES,NO_ZERO_IN_DATE,NO_ZERO_DATE,ERROR_FOR_DIVISION_BY_ZERO,TRADITIONAL,NO_ENGINE_SUBSTITUTION {{(pid=96201) _check_effective_sql_mode /opt/stack/data/venv/lib/python3.12/site-packages/oslo_db/sqlalchemy/engines.py:325}}
Aug 05 18:12:11.711664 np0000006581 devstack@n-api-meta.service[96201]: DEBUG dbcounter [-] [96201] Writer thread running {{(pid=96201) stat_writer /opt/stack/data/venv/lib/python3.12/site-packages/dbcounter.py:102}}
Aug 05 18:12:11.714129 np0000006581 devstack@n-api-meta.service[96201]: DEBUG nova.context [None req-647c9120-5a01-4920-9dee-df55b0a7aa13 None None] Found 2 cells: 00000000-0000-0000-0000-000000000000(cell0),8eccd0d5-a1e8-4b2d-aabf-addc72c3674a(cell1) {{(pid=96201) load_cells /opt/stack/nova/nova/context.py:509}}
Aug 05 18:12:11.714393 np0000006581 devstack@n-api-meta.service[96201]: INFO nova.utils [None req-647c9120-5a01-4920-9dee-df55b0a7aa13 None None] The cell worker thread pool MainProcess.cell_worker is initialized
Aug 05 18:12:11.716134 np0000006581 devstack@n-api-meta.service[96201]: DEBUG oslo_concurrency.lockutils [None req-647c9120-5a01-4920-9dee-df55b0a7aa13 None None] Acquiring lock "00000000-0000-0000-0000-000000000000" by "nova.context.set_target_cell..get_or_set_cached_cell_and_set_connections" {{(pid=96201) inner /opt/stack/data/venv/lib/python3.12/site-packages/oslo_concurrency/lockutils.py:512}}
Aug 05 18:12:11.716366 np0000006581 devstack@n-api-meta.service[96201]: DEBUG oslo_concurrency.lockutils [None req-647c9120-5a01-4920-9dee-df55b0a7aa13 None None] Lock "00000000-0000-0000-0000-000000000000" acquired by "nova.context.set_target_cell..get_or_set_cached_cell_and_set_connections" :: waited 0.000s {{(pid=96201) inner /opt/stack/data/venv/lib/python3.12/site-packages/oslo_concurrency/lockutils.py:525}}
Aug 05 18:12:11.716691 np0000006581 devstack@n-api-meta.service[96201]: DEBUG oslo_concurrency.lockutils [None req-647c9120-5a01-4920-9dee-df55b0a7aa13 None None] Lock "00000000-0000-0000-0000-000000000000" "released" by "nova.context.set_target_cell..get_or_set_cached_cell_and_set_connections" :: held 0.000s {{(pid=96201) inner /opt/stack/data/venv/lib/python3.12/site-packages/oslo_concurrency/lockutils.py:544}}
Aug 05 18:12:11.717387 np0000006581 devstack@n-api-meta.service[96201]: DEBUG oslo_concurrency.lockutils [None req-647c9120-5a01-4920-9dee-df55b0a7aa13 None None] Acquiring lock "8eccd0d5-a1e8-4b2d-aabf-addc72c3674a" by "nova.context.set_target_cell..get_or_set_cached_cell_and_set_connections" {{(pid=96201) inner /opt/stack/data/venv/lib/python3.12/site-packages/oslo_concurrency/lockutils.py:512}}
Aug 05 18:12:11.717580 np0000006581 devstack@n-api-meta.service[96201]: DEBUG oslo_concurrency.lockutils [None req-647c9120-5a01-4920-9dee-df55b0a7aa13 None None] Lock "8eccd0d5-a1e8-4b2d-aabf-addc72c3674a" acquired by "nova.context.set_target_cell..get_or_set_cached_cell_and_set_connections" :: waited 0.000s {{(pid=96201) inner /opt/stack/data/venv/lib/python3.12/site-packages/oslo_concurrency/lockutils.py:525}}
Aug 05 18:12:11.718414 np0000006581 devstack@n-api-meta.service[96201]: DEBUG oslo_concurrency.lockutils [None req-647c9120-5a01-4920-9dee-df55b0a7aa13 None None] Lock "8eccd0d5-a1e8-4b2d-aabf-addc72c3674a" "released" by "nova.context.set_target_cell..get_or_set_cached_cell_and_set_connections" :: held 0.001s {{(pid=96201) inner /opt/stack/data/venv/lib/python3.12/site-packages/oslo_concurrency/lockutils.py:544}}
Aug 05 18:12:11.718919 np0000006581 devstack@n-api-meta.service[96200]: DEBUG oslo_db.sqlalchemy.engines [None req-def43755-9a2b-427b-8474-d324fb00afd0 None None] MySQL server mode set to STRICT_TRANS_TABLES,STRICT_ALL_TABLES,NO_ZERO_IN_DATE,NO_ZERO_DATE,ERROR_FOR_DIVISION_BY_ZERO,TRADITIONAL,NO_ENGINE_SUBSTITUTION {{(pid=96200) _check_effective_sql_mode /opt/stack/data/venv/lib/python3.12/site-packages/oslo_db/sqlalchemy/engines.py:325}}
Aug 05 18:12:11.720468 np0000006581 devstack@n-api-meta.service[96201]: INFO dbcounter [None req-647c9120-5a01-4920-9dee-df55b0a7aa13 None None] Registered counter for database nova_cell0
Aug 05 18:12:11.723965 np0000006581 devstack@n-api-meta.service[96201]: INFO dbcounter [None req-647c9120-5a01-4920-9dee-df55b0a7aa13 None None] Registered counter for database nova_cell1
Aug 05 18:12:11.726940 np0000006581 devstack@n-api-meta.service[96202]: INFO dbcounter [None req-1d492941-12eb-443f-bd0b-77d0249f12c5 None None] Registered counter for database nova_api
Aug 05 18:12:11.750423 np0000006581 devstack@n-api-meta.service[96200]: DEBUG dbcounter [-] [96200] Writer thread running {{(pid=96200) stat_writer /opt/stack/data/venv/lib/python3.12/site-packages/dbcounter.py:102}}
Aug 05 18:12:11.753651 np0000006581 devstack@n-api-meta.service[96200]: DEBUG nova.context [None req-def43755-9a2b-427b-8474-d324fb00afd0 None None] Found 2 cells: 00000000-0000-0000-0000-000000000000(cell0),8eccd0d5-a1e8-4b2d-aabf-addc72c3674a(cell1) {{(pid=96200) load_cells /opt/stack/nova/nova/context.py:509}}
Aug 05 18:12:11.753651 np0000006581 devstack@n-api-meta.service[96200]: INFO nova.utils [None req-def43755-9a2b-427b-8474-d324fb00afd0 None None] The cell worker thread pool MainProcess.cell_worker is initialized
Aug 05 18:12:11.754674 np0000006581 devstack@n-api-meta.service[96200]: DEBUG oslo_concurrency.lockutils [None req-def43755-9a2b-427b-8474-d324fb00afd0 None None] Acquiring lock "00000000-0000-0000-0000-000000000000" by "nova.context.set_target_cell..get_or_set_cached_cell_and_set_connections" {{(pid=96200) inner /opt/stack/data/venv/lib/python3.12/site-packages/oslo_concurrency/lockutils.py:512}}
Aug 05 18:12:11.755733 np0000006581 devstack@n-api-meta.service[96200]: DEBUG oslo_concurrency.lockutils [None req-def43755-9a2b-427b-8474-d324fb00afd0 None None] Lock "00000000-0000-0000-0000-000000000000" acquired by "nova.context.set_target_cell..get_or_set_cached_cell_and_set_connections" :: waited 0.000s {{(pid=96200) inner /opt/stack/data/venv/lib/python3.12/site-packages/oslo_concurrency/lockutils.py:525}}
Aug 05 18:12:11.755733 np0000006581 devstack@n-api-meta.service[96200]: DEBUG oslo_concurrency.lockutils [None req-def43755-9a2b-427b-8474-d324fb00afd0 None None] Lock "00000000-0000-0000-0000-000000000000" "released" by "nova.context.set_target_cell..get_or_set_cached_cell_and_set_connections" :: held 0.000s {{(pid=96200) inner /opt/stack/data/venv/lib/python3.12/site-packages/oslo_concurrency/lockutils.py:544}}
Aug 05 18:12:11.756364 np0000006581 devstack@n-api-meta.service[96200]: DEBUG oslo_concurrency.lockutils [None req-def43755-9a2b-427b-8474-d324fb00afd0 None None] Acquiring lock "8eccd0d5-a1e8-4b2d-aabf-addc72c3674a" by "nova.context.set_target_cell..get_or_set_cached_cell_and_set_connections" {{(pid=96200) inner /opt/stack/data/venv/lib/python3.12/site-packages/oslo_concurrency/lockutils.py:512}}
Aug 05 18:12:11.756522 np0000006581 devstack@n-api-meta.service[96200]: DEBUG oslo_concurrency.lockutils [None req-def43755-9a2b-427b-8474-d324fb00afd0 None None] Lock "8eccd0d5-a1e8-4b2d-aabf-addc72c3674a" acquired by "nova.context.set_target_cell..get_or_set_cached_cell_and_set_connections" :: waited 0.000s {{(pid=96200) inner /opt/stack/data/venv/lib/python3.12/site-packages/oslo_concurrency/lockutils.py:525}}
Aug 05 18:12:11.756610 np0000006581 devstack@n-api-meta.service[96199]: INFO dbcounter [None req-167e5274-f571-4d26-ba98-6e3a63ef4953 None None] Registered counter for database nova_api
Aug 05 18:12:11.757325 np0000006581 devstack@n-api-meta.service[96200]: DEBUG oslo_concurrency.lockutils [None req-def43755-9a2b-427b-8474-d324fb00afd0 None None] Lock "8eccd0d5-a1e8-4b2d-aabf-addc72c3674a" "released" by "nova.context.set_target_cell..get_or_set_cached_cell_and_set_connections" :: held 0.001s {{(pid=96200) inner /opt/stack/data/venv/lib/python3.12/site-packages/oslo_concurrency/lockutils.py:544}}
Aug 05 18:12:11.759575 np0000006581 devstack@n-api-meta.service[96200]: INFO dbcounter [None req-def43755-9a2b-427b-8474-d324fb00afd0 None None] Registered counter for database nova_cell0
Aug 05 18:12:11.764621 np0000006581 devstack@n-api-meta.service[96200]: INFO dbcounter [None req-def43755-9a2b-427b-8474-d324fb00afd0 None None] Registered counter for database nova_cell1
Aug 05 18:12:11.779162 np0000006581 devstack@n-api-meta.service[96202]: DEBUG oslo_db.sqlalchemy.engines [None req-1d492941-12eb-443f-bd0b-77d0249f12c5 None None] MySQL server mode set to STRICT_TRANS_TABLES,STRICT_ALL_TABLES,NO_ZERO_IN_DATE,NO_ZERO_DATE,ERROR_FOR_DIVISION_BY_ZERO,TRADITIONAL,NO_ENGINE_SUBSTITUTION {{(pid=96202) _check_effective_sql_mode /opt/stack/data/venv/lib/python3.12/site-packages/oslo_db/sqlalchemy/engines.py:325}}
Aug 05 18:12:11.781424 np0000006581 devstack@n-api-meta.service[96201]: DEBUG oslo_db.sqlalchemy.engines [None req-647c9120-5a01-4920-9dee-df55b0a7aa13 None None] MySQL server mode set to STRICT_TRANS_TABLES,STRICT_ALL_TABLES,NO_ZERO_IN_DATE,NO_ZERO_DATE,ERROR_FOR_DIVISION_BY_ZERO,TRADITIONAL,NO_ENGINE_SUBSTITUTION {{(pid=96201) _check_effective_sql_mode /opt/stack/data/venv/lib/python3.12/site-packages/oslo_db/sqlalchemy/engines.py:325}}
Aug 05 18:12:11.784209 np0000006581 devstack@n-api-meta.service[96201]: DEBUG oslo_db.sqlalchemy.engines [None req-647c9120-5a01-4920-9dee-df55b0a7aa13 None None] MySQL server mode set to STRICT_TRANS_TABLES,STRICT_ALL_TABLES,NO_ZERO_IN_DATE,NO_ZERO_DATE,ERROR_FOR_DIVISION_BY_ZERO,TRADITIONAL,NO_ENGINE_SUBSTITUTION {{(pid=96201) _check_effective_sql_mode /opt/stack/data/venv/lib/python3.12/site-packages/oslo_db/sqlalchemy/engines.py:325}}
Aug 05 18:12:11.803403 np0000006581 devstack@n-api-meta.service[96199]: DEBUG oslo_db.sqlalchemy.engines [None req-167e5274-f571-4d26-ba98-6e3a63ef4953 None None] MySQL server mode set to STRICT_TRANS_TABLES,STRICT_ALL_TABLES,NO_ZERO_IN_DATE,NO_ZERO_DATE,ERROR_FOR_DIVISION_BY_ZERO,TRADITIONAL,NO_ENGINE_SUBSTITUTION {{(pid=96199) _check_effective_sql_mode /opt/stack/data/venv/lib/python3.12/site-packages/oslo_db/sqlalchemy/engines.py:325}}
Aug 05 18:12:11.808458 np0000006581 devstack@n-api-meta.service[96202]: DEBUG dbcounter [-] [96202] Writer thread running {{(pid=96202) stat_writer /opt/stack/data/venv/lib/python3.12/site-packages/dbcounter.py:102}}
Aug 05 18:12:11.810724 np0000006581 devstack@n-api-meta.service[96202]: DEBUG nova.context [None req-1d492941-12eb-443f-bd0b-77d0249f12c5 None None] Found 2 cells: 00000000-0000-0000-0000-000000000000(cell0),8eccd0d5-a1e8-4b2d-aabf-addc72c3674a(cell1) {{(pid=96202) load_cells /opt/stack/nova/nova/context.py:509}}
Aug 05 18:12:11.810931 np0000006581 devstack@n-api-meta.service[96202]: INFO nova.utils [None req-1d492941-12eb-443f-bd0b-77d0249f12c5 None None] The cell worker thread pool MainProcess.cell_worker is initialized
Aug 05 18:12:11.812619 np0000006581 devstack@n-api-meta.service[96202]: DEBUG oslo_concurrency.lockutils [None req-1d492941-12eb-443f-bd0b-77d0249f12c5 None None] Acquiring lock "00000000-0000-0000-0000-000000000000" by "nova.context.set_target_cell..get_or_set_cached_cell_and_set_connections" {{(pid=96202) inner /opt/stack/data/venv/lib/python3.12/site-packages/oslo_concurrency/lockutils.py:512}}
Aug 05 18:12:11.812777 np0000006581 devstack@n-api-meta.service[96202]: DEBUG oslo_concurrency.lockutils [None req-1d492941-12eb-443f-bd0b-77d0249f12c5 None None] Lock "00000000-0000-0000-0000-000000000000" acquired by "nova.context.set_target_cell..get_or_set_cached_cell_and_set_connections" :: waited 0.000s {{(pid=96202) inner /opt/stack/data/venv/lib/python3.12/site-packages/oslo_concurrency/lockutils.py:525}}
Aug 05 18:12:11.813117 np0000006581 devstack@n-api-meta.service[96202]: DEBUG oslo_concurrency.lockutils [None req-1d492941-12eb-443f-bd0b-77d0249f12c5 None None] Lock "00000000-0000-0000-0000-000000000000" "released" by "nova.context.set_target_cell..get_or_set_cached_cell_and_set_connections" :: held 0.000s {{(pid=96202) inner /opt/stack/data/venv/lib/python3.12/site-packages/oslo_concurrency/lockutils.py:544}}
Aug 05 18:12:11.813837 np0000006581 devstack@n-api-meta.service[96202]: DEBUG oslo_concurrency.lockutils [None req-1d492941-12eb-443f-bd0b-77d0249f12c5 None None] Acquiring lock "8eccd0d5-a1e8-4b2d-aabf-addc72c3674a" by "nova.context.set_target_cell..get_or_set_cached_cell_and_set_connections" {{(pid=96202) inner /opt/stack/data/venv/lib/python3.12/site-packages/oslo_concurrency/lockutils.py:512}}
Aug 05 18:12:11.813971 np0000006581 devstack@n-api-meta.service[96202]: DEBUG oslo_concurrency.lockutils [None req-1d492941-12eb-443f-bd0b-77d0249f12c5 None None] Lock "8eccd0d5-a1e8-4b2d-aabf-addc72c3674a" acquired by "nova.context.set_target_cell..get_or_set_cached_cell_and_set_connections" :: waited 0.000s {{(pid=96202) inner /opt/stack/data/venv/lib/python3.12/site-packages/oslo_concurrency/lockutils.py:525}}
Aug 05 18:12:11.814752 np0000006581 devstack@n-api-meta.service[96202]: DEBUG oslo_concurrency.lockutils [None req-1d492941-12eb-443f-bd0b-77d0249f12c5 None None] Lock "8eccd0d5-a1e8-4b2d-aabf-addc72c3674a" "released" by "nova.context.set_target_cell..get_or_set_cached_cell_and_set_connections" :: held 0.001s {{(pid=96202) inner /opt/stack/data/venv/lib/python3.12/site-packages/oslo_concurrency/lockutils.py:544}}
Aug 05 18:12:11.816608 np0000006581 devstack@n-api-meta.service[96202]: INFO dbcounter [None req-1d492941-12eb-443f-bd0b-77d0249f12c5 None None] Registered counter for database nova_cell0
Aug 05 18:12:11.819904 np0000006581 devstack@n-api-meta.service[96202]: INFO dbcounter [None req-1d492941-12eb-443f-bd0b-77d0249f12c5 None None] Registered counter for database nova_cell1
Aug 05 18:12:11.827737 np0000006581 devstack@n-api-meta.service[96200]: DEBUG oslo_db.sqlalchemy.engines [None req-def43755-9a2b-427b-8474-d324fb00afd0 None None] MySQL server mode set to STRICT_TRANS_TABLES,STRICT_ALL_TABLES,NO_ZERO_IN_DATE,NO_ZERO_DATE,ERROR_FOR_DIVISION_BY_ZERO,TRADITIONAL,NO_ENGINE_SUBSTITUTION {{(pid=96200) _check_effective_sql_mode /opt/stack/data/venv/lib/python3.12/site-packages/oslo_db/sqlalchemy/engines.py:325}}
Aug 05 18:12:11.831903 np0000006581 devstack@n-api-meta.service[96200]: DEBUG oslo_db.sqlalchemy.engines [None req-def43755-9a2b-427b-8474-d324fb00afd0 None None] MySQL server mode set to STRICT_TRANS_TABLES,STRICT_ALL_TABLES,NO_ZERO_IN_DATE,NO_ZERO_DATE,ERROR_FOR_DIVISION_BY_ZERO,TRADITIONAL,NO_ENGINE_SUBSTITUTION {{(pid=96200) _check_effective_sql_mode /opt/stack/data/venv/lib/python3.12/site-packages/oslo_db/sqlalchemy/engines.py:325}}
Aug 05 18:12:11.833619 np0000006581 devstack@n-api-meta.service[96199]: DEBUG dbcounter [-] [96199] Writer thread running {{(pid=96199) stat_writer /opt/stack/data/venv/lib/python3.12/site-packages/dbcounter.py:102}}
Aug 05 18:12:11.836345 np0000006581 devstack@n-api-meta.service[96199]: DEBUG nova.context [None req-167e5274-f571-4d26-ba98-6e3a63ef4953 None None] Found 2 cells: 00000000-0000-0000-0000-000000000000(cell0),8eccd0d5-a1e8-4b2d-aabf-addc72c3674a(cell1) {{(pid=96199) load_cells /opt/stack/nova/nova/context.py:509}}
Aug 05 18:12:11.836345 np0000006581 devstack@n-api-meta.service[96199]: INFO nova.utils [None req-167e5274-f571-4d26-ba98-6e3a63ef4953 None None] The cell worker thread pool MainProcess.cell_worker is initialized
Aug 05 18:12:11.838392 np0000006581 devstack@n-api-meta.service[96199]: DEBUG oslo_concurrency.lockutils [None req-167e5274-f571-4d26-ba98-6e3a63ef4953 None None] Acquiring lock "00000000-0000-0000-0000-000000000000" by "nova.context.set_target_cell..get_or_set_cached_cell_and_set_connections" {{(pid=96199) inner /opt/stack/data/venv/lib/python3.12/site-packages/oslo_concurrency/lockutils.py:512}}
Aug 05 18:12:11.838539 np0000006581 devstack@n-api-meta.service[96199]: DEBUG oslo_concurrency.lockutils [None req-167e5274-f571-4d26-ba98-6e3a63ef4953 None None] Lock "00000000-0000-0000-0000-000000000000" acquired by "nova.context.set_target_cell..get_or_set_cached_cell_and_set_connections" :: waited 0.000s {{(pid=96199) inner /opt/stack/data/venv/lib/python3.12/site-packages/oslo_concurrency/lockutils.py:525}}
Aug 05 18:12:11.839207 np0000006581 devstack@n-api-meta.service[96199]: DEBUG oslo_concurrency.lockutils [None req-167e5274-f571-4d26-ba98-6e3a63ef4953 None None] Lock "00000000-0000-0000-0000-000000000000" "released" by "nova.context.set_target_cell..get_or_set_cached_cell_and_set_connections" :: held 0.000s {{(pid=96199) inner /opt/stack/data/venv/lib/python3.12/site-packages/oslo_concurrency/lockutils.py:544}}
Aug 05 18:12:11.839766 np0000006581 devstack@n-api-meta.service[96199]: DEBUG oslo_concurrency.lockutils [None req-167e5274-f571-4d26-ba98-6e3a63ef4953 None None] Acquiring lock "8eccd0d5-a1e8-4b2d-aabf-addc72c3674a" by "nova.context.set_target_cell..get_or_set_cached_cell_and_set_connections" {{(pid=96199) inner /opt/stack/data/venv/lib/python3.12/site-packages/oslo_concurrency/lockutils.py:512}}
Aug 05 18:12:11.839928 np0000006581 devstack@n-api-meta.service[96199]: DEBUG oslo_concurrency.lockutils [None req-167e5274-f571-4d26-ba98-6e3a63ef4953 None None] Lock "8eccd0d5-a1e8-4b2d-aabf-addc72c3674a" acquired by "nova.context.set_target_cell..get_or_set_cached_cell_and_set_connections" :: waited 0.000s {{(pid=96199) inner /opt/stack/data/venv/lib/python3.12/site-packages/oslo_concurrency/lockutils.py:525}}
Aug 05 18:12:11.840873 np0000006581 devstack@n-api-meta.service[96199]: DEBUG oslo_concurrency.lockutils [None req-167e5274-f571-4d26-ba98-6e3a63ef4953 None None] Lock "8eccd0d5-a1e8-4b2d-aabf-addc72c3674a" "released" by "nova.context.set_target_cell..get_or_set_cached_cell_and_set_connections" :: held 0.001s {{(pid=96199) inner /opt/stack/data/venv/lib/python3.12/site-packages/oslo_concurrency/lockutils.py:544}}
Aug 05 18:12:11.842190 np0000006581 devstack@n-api-meta.service[96199]: INFO dbcounter [None req-167e5274-f571-4d26-ba98-6e3a63ef4953 None None] Registered counter for database nova_cell0
Aug 05 18:12:11.845632 np0000006581 devstack@n-api-meta.service[96199]: INFO dbcounter [None req-167e5274-f571-4d26-ba98-6e3a63ef4953 None None] Registered counter for database nova_cell1
Aug 05 18:12:11.869018 np0000006581 devstack@n-api-meta.service[96201]: DEBUG dbcounter [-] [96201] Writer thread running {{(pid=96201) stat_writer /opt/stack/data/venv/lib/python3.12/site-packages/dbcounter.py:102}}
Aug 05 18:12:11.875332 np0000006581 devstack@n-api-meta.service[96202]: DEBUG oslo_db.sqlalchemy.engines [None req-1d492941-12eb-443f-bd0b-77d0249f12c5 None None] MySQL server mode set to STRICT_TRANS_TABLES,STRICT_ALL_TABLES,NO_ZERO_IN_DATE,NO_ZERO_DATE,ERROR_FOR_DIVISION_BY_ZERO,TRADITIONAL,NO_ENGINE_SUBSTITUTION {{(pid=96202) _check_effective_sql_mode /opt/stack/data/venv/lib/python3.12/site-packages/oslo_db/sqlalchemy/engines.py:325}}
Aug 05 18:12:11.875443 np0000006581 devstack@n-api-meta.service[96201]: DEBUG dbcounter [-] [96201] Writer thread running {{(pid=96201) stat_writer /opt/stack/data/venv/lib/python3.12/site-packages/dbcounter.py:102}}
Aug 05 18:12:11.876397 np0000006581 devstack@n-api-meta.service[96202]: DEBUG oslo_db.sqlalchemy.engines [None req-1d492941-12eb-443f-bd0b-77d0249f12c5 None None] MySQL server mode set to STRICT_TRANS_TABLES,STRICT_ALL_TABLES,NO_ZERO_IN_DATE,NO_ZERO_DATE,ERROR_FOR_DIVISION_BY_ZERO,TRADITIONAL,NO_ENGINE_SUBSTITUTION {{(pid=96202) _check_effective_sql_mode /opt/stack/data/venv/lib/python3.12/site-packages/oslo_db/sqlalchemy/engines.py:325}}
Aug 05 18:12:11.879706 np0000006581 devstack@n-api-meta.service[96201]: INFO dbcounter [None req-647c9120-5a01-4920-9dee-df55b0a7aa13 None None] Registered counter for database nova_cell0
Aug 05 18:12:11.900957 np0000006581 devstack@n-api-meta.service[96199]: DEBUG oslo_db.sqlalchemy.engines [None req-167e5274-f571-4d26-ba98-6e3a63ef4953 None None] MySQL server mode set to STRICT_TRANS_TABLES,STRICT_ALL_TABLES,NO_ZERO_IN_DATE,NO_ZERO_DATE,ERROR_FOR_DIVISION_BY_ZERO,TRADITIONAL,NO_ENGINE_SUBSTITUTION {{(pid=96199) _check_effective_sql_mode /opt/stack/data/venv/lib/python3.12/site-packages/oslo_db/sqlalchemy/engines.py:325}}
Aug 05 18:12:11.911963 np0000006581 devstack@n-api-meta.service[96200]: DEBUG dbcounter [-] [96200] Writer thread running {{(pid=96200) stat_writer /opt/stack/data/venv/lib/python3.12/site-packages/dbcounter.py:102}}
Aug 05 18:12:11.913731 np0000006581 devstack@n-api-meta.service[96201]: DEBUG oslo_db.sqlalchemy.engines [None req-647c9120-5a01-4920-9dee-df55b0a7aa13 None None] MySQL server mode set to STRICT_TRANS_TABLES,STRICT_ALL_TABLES,NO_ZERO_IN_DATE,NO_ZERO_DATE,ERROR_FOR_DIVISION_BY_ZERO,TRADITIONAL,NO_ENGINE_SUBSTITUTION {{(pid=96201) _check_effective_sql_mode /opt/stack/data/venv/lib/python3.12/site-packages/oslo_db/sqlalchemy/engines.py:325}}
Aug 05 18:12:11.915893 np0000006581 devstack@n-api-meta.service[96200]: DEBUG dbcounter [-] [96200] Writer thread running {{(pid=96200) stat_writer /opt/stack/data/venv/lib/python3.12/site-packages/dbcounter.py:102}}
Aug 05 18:12:11.919041 np0000006581 devstack@n-api-meta.service[96200]: INFO dbcounter [None req-def43755-9a2b-427b-8474-d324fb00afd0 None None] Registered counter for database nova_cell0
Aug 05 18:12:11.920265 np0000006581 devstack@n-api-meta.service[96201]: DEBUG dbcounter [-] [96201] Writer thread running {{(pid=96201) stat_writer /opt/stack/data/venv/lib/python3.12/site-packages/dbcounter.py:102}}
Aug 05 18:12:11.953559 np0000006581 devstack@n-api-meta.service[96200]: DEBUG oslo_db.sqlalchemy.engines [None req-def43755-9a2b-427b-8474-d324fb00afd0 None None] MySQL server mode set to STRICT_TRANS_TABLES,STRICT_ALL_TABLES,NO_ZERO_IN_DATE,NO_ZERO_DATE,ERROR_FOR_DIVISION_BY_ZERO,TRADITIONAL,NO_ENGINE_SUBSTITUTION {{(pid=96200) _check_effective_sql_mode /opt/stack/data/venv/lib/python3.12/site-packages/oslo_db/sqlalchemy/engines.py:325}}
Aug 05 18:12:11.957449 np0000006581 devstack@n-api-meta.service[96202]: DEBUG dbcounter [-] [96202] Writer thread running {{(pid=96202) stat_writer /opt/stack/data/venv/lib/python3.12/site-packages/dbcounter.py:102}}
Aug 05 18:12:11.959001 np0000006581 devstack@n-api-meta.service[96201]: WARNING nova.api.metadata.handler [None req-647c9120-5a01-4920-9dee-df55b0a7aa13 None None] metadata_proxy_shared_secret is not configured, the metadata information returned by the proxy cannot be trusted
Aug 05 18:12:11.959603 np0000006581 devstack@n-api-meta.service[96200]: DEBUG dbcounter [-] [96200] Writer thread running {{(pid=96200) stat_writer /opt/stack/data/venv/lib/python3.12/site-packages/dbcounter.py:102}}
Aug 05 18:12:11.961190 np0000006581 devstack@n-api-meta.service[96201]: DEBUG nova.api.openstack.wsgi_app [None req-647c9120-5a01-4920-9dee-df55b0a7aa13 None None] ******************************************************************************** {{(pid=96201) log_opt_values /opt/stack/data/venv/lib/python3.12/site-packages/oslo_config/cfg.py:3518}}
Aug 05 18:12:11.961321 np0000006581 devstack@n-api-meta.service[96202]: DEBUG dbcounter [-] [96202] Writer thread running {{(pid=96202) stat_writer /opt/stack/data/venv/lib/python3.12/site-packages/dbcounter.py:102}}
Aug 05 18:12:11.961360 np0000006581 devstack@n-api-meta.service[96201]: DEBUG nova.api.openstack.wsgi_app [None req-647c9120-5a01-4920-9dee-df55b0a7aa13 None None] Configuration options gathered from: {{(pid=96201) log_opt_values /opt/stack/data/venv/lib/python3.12/site-packages/oslo_config/cfg.py:3519}}
Aug 05 18:12:11.961449 np0000006581 devstack@n-api-meta.service[96201]: DEBUG nova.api.openstack.wsgi_app [None req-647c9120-5a01-4920-9dee-df55b0a7aa13 None None] command line args: [] {{(pid=96201) log_opt_values /opt/stack/data/venv/lib/python3.12/site-packages/oslo_config/cfg.py:3520}}
Aug 05 18:12:11.961921 np0000006581 devstack@n-api-meta.service[96201]: DEBUG nova.api.openstack.wsgi_app [None req-647c9120-5a01-4920-9dee-df55b0a7aa13 None None] config files: ['/etc/nova/api-paste.ini', '/etc/nova/nova.conf'] {{(pid=96201) log_opt_values /opt/stack/data/venv/lib/python3.12/site-packages/oslo_config/cfg.py:3521}}
Aug 05 18:12:11.961921 np0000006581 devstack@n-api-meta.service[96201]: DEBUG nova.api.openstack.wsgi_app [None req-647c9120-5a01-4920-9dee-df55b0a7aa13 None None] ================================================================================ {{(pid=96201) log_opt_values /opt/stack/data/venv/lib/python3.12/site-packages/oslo_config/cfg.py:3526}}
Aug 05 18:12:11.961921 np0000006581 devstack@n-api-meta.service[96201]: DEBUG nova.api.openstack.wsgi_app [None req-647c9120-5a01-4920-9dee-df55b0a7aa13 None None] allow_resize_to_same_host = True {{(pid=96201) log_opt_values /opt/stack/data/venv/lib/python3.12/site-packages/oslo_config/cfg.py:3534}}
Aug 05 18:12:11.962062 np0000006581 devstack@n-api-meta.service[96201]: DEBUG nova.api.openstack.wsgi_app [None req-647c9120-5a01-4920-9dee-df55b0a7aa13 None None] arq_binding_timeout = 300 {{(pid=96201) log_opt_values /opt/stack/data/venv/lib/python3.12/site-packages/oslo_config/cfg.py:3534}}
Aug 05 18:12:11.962176 np0000006581 devstack@n-api-meta.service[96201]: DEBUG nova.api.openstack.wsgi_app [None req-647c9120-5a01-4920-9dee-df55b0a7aa13 None None] block_device_allocate_retries = 60 {{(pid=96201) log_opt_values /opt/stack/data/venv/lib/python3.12/site-packages/oslo_config/cfg.py:3534}}
Aug 05 18:12:11.962385 np0000006581 devstack@n-api-meta.service[96201]: DEBUG nova.api.openstack.wsgi_app [None req-647c9120-5a01-4920-9dee-df55b0a7aa13 None None] block_device_allocate_retries_interval = 3 {{(pid=96201) log_opt_values /opt/stack/data/venv/lib/python3.12/site-packages/oslo_config/cfg.py:3534}}
Aug 05 18:12:11.962434 np0000006581 devstack@n-api-meta.service[96201]: DEBUG nova.api.openstack.wsgi_app [None req-647c9120-5a01-4920-9dee-df55b0a7aa13 None None] cell_worker_thread_pool_size = 5 {{(pid=96201) log_opt_values /opt/stack/data/venv/lib/python3.12/site-packages/oslo_config/cfg.py:3534}}
Aug 05 18:12:11.962655 np0000006581 devstack@n-api-meta.service[96201]: DEBUG nova.api.openstack.wsgi_app [None req-647c9120-5a01-4920-9dee-df55b0a7aa13 None None] cert = self.pem {{(pid=96201) log_opt_values /opt/stack/data/venv/lib/python3.12/site-packages/oslo_config/cfg.py:3534}}
Aug 05 18:12:11.962796 np0000006581 devstack@n-api-meta.service[96201]: DEBUG nova.api.openstack.wsgi_app [None req-647c9120-5a01-4920-9dee-df55b0a7aa13 None None] compute_driver = libvirt.LibvirtDriver {{(pid=96201) log_opt_values /opt/stack/data/venv/lib/python3.12/site-packages/oslo_config/cfg.py:3534}}
Aug 05 18:12:11.962889 np0000006581 devstack@n-api-meta.service[96201]: DEBUG nova.api.openstack.wsgi_app [None req-647c9120-5a01-4920-9dee-df55b0a7aa13 None None] compute_monitors = [] {{(pid=96201) log_opt_values /opt/stack/data/venv/lib/python3.12/site-packages/oslo_config/cfg.py:3534}}
Aug 05 18:12:11.963005 np0000006581 devstack@n-api-meta.service[96201]: DEBUG nova.api.openstack.wsgi_app [None req-647c9120-5a01-4920-9dee-df55b0a7aa13 None None] concurrency_backend = auto {{(pid=96201) log_opt_values /opt/stack/data/venv/lib/python3.12/site-packages/oslo_config/cfg.py:3534}}
Aug 05 18:12:11.963125 np0000006581 devstack@n-api-meta.service[96201]: DEBUG nova.api.openstack.wsgi_app [None req-647c9120-5a01-4920-9dee-df55b0a7aa13 None None] config_dir = [] {{(pid=96201) log_opt_values /opt/stack/data/venv/lib/python3.12/site-packages/oslo_config/cfg.py:3534}}
Aug 05 18:12:11.963263 np0000006581 devstack@n-api-meta.service[96201]: DEBUG nova.api.openstack.wsgi_app [None req-647c9120-5a01-4920-9dee-df55b0a7aa13 None None] config_drive_format = iso9660 {{(pid=96201) log_opt_values /opt/stack/data/venv/lib/python3.12/site-packages/oslo_config/cfg.py:3534}}
Aug 05 18:12:11.963356 np0000006581 devstack@n-api-meta.service[96201]: DEBUG nova.api.openstack.wsgi_app [None req-647c9120-5a01-4920-9dee-df55b0a7aa13 None None] config_file = ['/etc/nova/api-paste.ini', '/etc/nova/nova.conf'] {{(pid=96201) log_opt_values /opt/stack/data/venv/lib/python3.12/site-packages/oslo_config/cfg.py:3534}}
Aug 05 18:12:11.963480 np0000006581 devstack@n-api-meta.service[96201]: DEBUG nova.api.openstack.wsgi_app [None req-647c9120-5a01-4920-9dee-df55b0a7aa13 None None] config_source = [] {{(pid=96201) log_opt_values /opt/stack/data/venv/lib/python3.12/site-packages/oslo_config/cfg.py:3534}}
Aug 05 18:12:11.963657 np0000006581 devstack@n-api-meta.service[96201]: DEBUG nova.api.openstack.wsgi_app [None req-647c9120-5a01-4920-9dee-df55b0a7aa13 None None] console_host = np0000006581 {{(pid=96201) log_opt_values /opt/stack/data/venv/lib/python3.12/site-packages/oslo_config/cfg.py:3534}}
Aug 05 18:12:11.963806 np0000006581 devstack@n-api-meta.service[96201]: DEBUG nova.api.openstack.wsgi_app [None req-647c9120-5a01-4920-9dee-df55b0a7aa13 None None] control_exchange = nova {{(pid=96201) log_opt_values /opt/stack/data/venv/lib/python3.12/site-packages/oslo_config/cfg.py:3534}}
Aug 05 18:12:11.963922 np0000006581 devstack@n-api-meta.service[96201]: DEBUG nova.api.openstack.wsgi_app [None req-647c9120-5a01-4920-9dee-df55b0a7aa13 None None] cpu_allocation_ratio = None {{(pid=96201) log_opt_values /opt/stack/data/venv/lib/python3.12/site-packages/oslo_config/cfg.py:3534}}
Aug 05 18:12:11.964036 np0000006581 devstack@n-api-meta.service[96201]: DEBUG nova.api.openstack.wsgi_app [None req-647c9120-5a01-4920-9dee-df55b0a7aa13 None None] daemon = False {{(pid=96201) log_opt_values /opt/stack/data/venv/lib/python3.12/site-packages/oslo_config/cfg.py:3534}}
Aug 05 18:12:11.964159 np0000006581 devstack@n-api-meta.service[96201]: DEBUG nova.api.openstack.wsgi_app [None req-647c9120-5a01-4920-9dee-df55b0a7aa13 None None] debug = True {{(pid=96201) log_opt_values /opt/stack/data/venv/lib/python3.12/site-packages/oslo_config/cfg.py:3534}}
Aug 05 18:12:11.964285 np0000006581 devstack@n-api-meta.service[96201]: DEBUG nova.api.openstack.wsgi_app [None req-647c9120-5a01-4920-9dee-df55b0a7aa13 None None] default_access_ip_network_name = None {{(pid=96201) log_opt_values /opt/stack/data/venv/lib/python3.12/site-packages/oslo_config/cfg.py:3534}}
Aug 05 18:12:11.964404 np0000006581 devstack@n-api-meta.service[96201]: DEBUG nova.api.openstack.wsgi_app [None req-647c9120-5a01-4920-9dee-df55b0a7aa13 None None] default_availability_zone = nova {{(pid=96201) log_opt_values /opt/stack/data/venv/lib/python3.12/site-packages/oslo_config/cfg.py:3534}}
Aug 05 18:12:11.964519 np0000006581 devstack@n-api-meta.service[96201]: DEBUG nova.api.openstack.wsgi_app [None req-647c9120-5a01-4920-9dee-df55b0a7aa13 None None] default_ephemeral_format = ext4 {{(pid=96201) log_opt_values /opt/stack/data/venv/lib/python3.12/site-packages/oslo_config/cfg.py:3534}}
Aug 05 18:12:11.964740 np0000006581 devstack@n-api-meta.service[96201]: DEBUG nova.api.openstack.wsgi_app [None req-647c9120-5a01-4920-9dee-df55b0a7aa13 None None] default_green_pool_size = 1000 {{(pid=96201) log_opt_values /opt/stack/data/venv/lib/python3.12/site-packages/oslo_config/cfg.py:3534}}
Aug 05 18:12:11.965070 np0000006581 devstack@n-api-meta.service[96201]: DEBUG nova.api.openstack.wsgi_app [None req-647c9120-5a01-4920-9dee-df55b0a7aa13 None None] default_log_levels = ['amqp=WARN', 'boto=WARN', 'sqlalchemy=WARN', 'suds=INFO', 'oslo.messaging=INFO', 'oslo_messaging=INFO', 'iso8601=WARN', 'requests.packages.urllib3.connectionpool=WARN', 'urllib3.connectionpool=WARN', 'websocket=WARN', 'requests.packages.urllib3.util.retry=WARN', 'urllib3.util.retry=WARN', 'keystonemiddleware=WARN', 'routes.middleware=WARN', 'stevedore=WARN', 'taskflow=WARN', 'keystoneauth=WARN', 'oslo.cache=INFO', 'oslo_policy=INFO', 'dogpile.core.dogpile=INFO', 'glanceclient=WARN', 'oslo.privsep.daemon=INFO'] {{(pid=96201) log_opt_values /opt/stack/data/venv/lib/python3.12/site-packages/oslo_config/cfg.py:3534}}
Aug 05 18:12:11.965070 np0000006581 devstack@n-api-meta.service[96201]: DEBUG nova.api.openstack.wsgi_app [None req-647c9120-5a01-4920-9dee-df55b0a7aa13 None None] default_schedule_zone = None {{(pid=96201) log_opt_values /opt/stack/data/venv/lib/python3.12/site-packages/oslo_config/cfg.py:3534}}
Aug 05 18:12:11.965164 np0000006581 devstack@n-api-meta.service[96202]: INFO dbcounter [None req-1d492941-12eb-443f-bd0b-77d0249f12c5 None None] Registered counter for database nova_cell0
Aug 05 18:12:11.965191 np0000006581 devstack@n-api-meta.service[96201]: DEBUG nova.api.openstack.wsgi_app [None req-647c9120-5a01-4920-9dee-df55b0a7aa13 None None] default_thread_pool_size = 10 {{(pid=96201) log_opt_values /opt/stack/data/venv/lib/python3.12/site-packages/oslo_config/cfg.py:3534}}
Aug 05 18:12:11.965191 np0000006581 devstack@n-api-meta.service[96201]: DEBUG nova.api.openstack.wsgi_app [None req-647c9120-5a01-4920-9dee-df55b0a7aa13 None None] disk_allocation_ratio = None {{(pid=96201) log_opt_values /opt/stack/data/venv/lib/python3.12/site-packages/oslo_config/cfg.py:3534}}
Aug 05 18:12:11.965346 np0000006581 devstack@n-api-meta.service[96201]: DEBUG nova.api.openstack.wsgi_app [None req-647c9120-5a01-4920-9dee-df55b0a7aa13 None None] enable_new_services = True {{(pid=96201) log_opt_values /opt/stack/data/venv/lib/python3.12/site-packages/oslo_config/cfg.py:3534}}
Aug 05 18:12:11.965432 np0000006581 devstack@n-api-meta.service[96201]: DEBUG nova.api.openstack.wsgi_app [None req-647c9120-5a01-4920-9dee-df55b0a7aa13 None None] flat_injected = False {{(pid=96201) log_opt_values /opt/stack/data/venv/lib/python3.12/site-packages/oslo_config/cfg.py:3534}}
Aug 05 18:12:11.965559 np0000006581 devstack@n-api-meta.service[96201]: DEBUG nova.api.openstack.wsgi_app [None req-647c9120-5a01-4920-9dee-df55b0a7aa13 None None] force_config_drive = True {{(pid=96201) log_opt_values /opt/stack/data/venv/lib/python3.12/site-packages/oslo_config/cfg.py:3534}}
Aug 05 18:12:11.965728 np0000006581 devstack@n-api-meta.service[96201]: DEBUG nova.api.openstack.wsgi_app [None req-647c9120-5a01-4920-9dee-df55b0a7aa13 None None] force_raw_images = True {{(pid=96201) log_opt_values /opt/stack/data/venv/lib/python3.12/site-packages/oslo_config/cfg.py:3534}}
Aug 05 18:12:11.965856 np0000006581 devstack@n-api-meta.service[96201]: DEBUG nova.api.openstack.wsgi_app [None req-647c9120-5a01-4920-9dee-df55b0a7aa13 None None] graceful_shutdown_timeout = 5 {{(pid=96201) log_opt_values /opt/stack/data/venv/lib/python3.12/site-packages/oslo_config/cfg.py:3534}}
Aug 05 18:12:11.965972 np0000006581 devstack@n-api-meta.service[96201]: DEBUG nova.api.openstack.wsgi_app [None req-647c9120-5a01-4920-9dee-df55b0a7aa13 None None] heal_instance_info_cache_interval = -1 {{(pid=96201) log_opt_values /opt/stack/data/venv/lib/python3.12/site-packages/oslo_config/cfg.py:3534}}
Aug 05 18:12:11.966142 np0000006581 devstack@n-api-meta.service[96201]: DEBUG nova.api.openstack.wsgi_app [None req-647c9120-5a01-4920-9dee-df55b0a7aa13 None None] host = np0000006581 {{(pid=96201) log_opt_values /opt/stack/data/venv/lib/python3.12/site-packages/oslo_config/cfg.py:3534}}
Aug 05 18:12:11.966281 np0000006581 devstack@n-api-meta.service[96201]: DEBUG nova.api.openstack.wsgi_app [None req-647c9120-5a01-4920-9dee-df55b0a7aa13 None None] initial_cpu_allocation_ratio = 4.0 {{(pid=96201) log_opt_values /opt/stack/data/venv/lib/python3.12/site-packages/oslo_config/cfg.py:3534}}
Aug 05 18:12:11.966399 np0000006581 devstack@n-api-meta.service[96201]: DEBUG nova.api.openstack.wsgi_app [None req-647c9120-5a01-4920-9dee-df55b0a7aa13 None None] initial_disk_allocation_ratio = 1.0 {{(pid=96201) log_opt_values /opt/stack/data/venv/lib/python3.12/site-packages/oslo_config/cfg.py:3534}}
Aug 05 18:12:11.966516 np0000006581 devstack@n-api-meta.service[96201]: DEBUG nova.api.openstack.wsgi_app [None req-647c9120-5a01-4920-9dee-df55b0a7aa13 None None] initial_ram_allocation_ratio = 1.0 {{(pid=96201) log_opt_values /opt/stack/data/venv/lib/python3.12/site-packages/oslo_config/cfg.py:3534}}
Aug 05 18:12:11.966737 np0000006581 devstack@n-api-meta.service[96201]: DEBUG nova.api.openstack.wsgi_app [None req-647c9120-5a01-4920-9dee-df55b0a7aa13 None None] injected_network_template = /opt/stack/nova/nova/virt/interfaces.template {{(pid=96201) log_opt_values /opt/stack/data/venv/lib/python3.12/site-packages/oslo_config/cfg.py:3534}}
Aug 05 18:12:11.966912 np0000006581 devstack@n-api-meta.service[96201]: DEBUG nova.api.openstack.wsgi_app [None req-647c9120-5a01-4920-9dee-df55b0a7aa13 None None] instance_build_timeout = 0 {{(pid=96201) log_opt_values /opt/stack/data/venv/lib/python3.12/site-packages/oslo_config/cfg.py:3534}}
Aug 05 18:12:11.966990 np0000006581 devstack@n-api-meta.service[96201]: DEBUG nova.api.openstack.wsgi_app [None req-647c9120-5a01-4920-9dee-df55b0a7aa13 None None] instance_delete_interval = 300 {{(pid=96201) log_opt_values /opt/stack/data/venv/lib/python3.12/site-packages/oslo_config/cfg.py:3534}}
Aug 05 18:12:11.967094 np0000006581 devstack@n-api-meta.service[96201]: DEBUG nova.api.openstack.wsgi_app [None req-647c9120-5a01-4920-9dee-df55b0a7aa13 None None] instance_format = [instance: %(uuid)s] {{(pid=96201) log_opt_values /opt/stack/data/venv/lib/python3.12/site-packages/oslo_config/cfg.py:3534}}
Aug 05 18:12:11.967213 np0000006581 devstack@n-api-meta.service[96201]: DEBUG nova.api.openstack.wsgi_app [None req-647c9120-5a01-4920-9dee-df55b0a7aa13 None None] instance_name_template = instance-%08x {{(pid=96201) log_opt_values /opt/stack/data/venv/lib/python3.12/site-packages/oslo_config/cfg.py:3534}}
Aug 05 18:12:11.967342 np0000006581 devstack@n-api-meta.service[96201]: DEBUG nova.api.openstack.wsgi_app [None req-647c9120-5a01-4920-9dee-df55b0a7aa13 None None] instance_usage_audit = False {{(pid=96201) log_opt_values /opt/stack/data/venv/lib/python3.12/site-packages/oslo_config/cfg.py:3534}}
Aug 05 18:12:11.967466 np0000006581 devstack@n-api-meta.service[96201]: DEBUG nova.api.openstack.wsgi_app [None req-647c9120-5a01-4920-9dee-df55b0a7aa13 None None] instance_usage_audit_period = month {{(pid=96201) log_opt_values /opt/stack/data/venv/lib/python3.12/site-packages/oslo_config/cfg.py:3534}}
Aug 05 18:12:11.967623 np0000006581 devstack@n-api-meta.service[96201]: DEBUG nova.api.openstack.wsgi_app [None req-647c9120-5a01-4920-9dee-df55b0a7aa13 None None] instance_uuid_format = [instance: %(uuid)s] {{(pid=96201) log_opt_values /opt/stack/data/venv/lib/python3.12/site-packages/oslo_config/cfg.py:3534}}
Aug 05 18:12:11.968151 np0000006581 devstack@n-api-meta.service[96201]: DEBUG nova.api.openstack.wsgi_app [None req-647c9120-5a01-4920-9dee-df55b0a7aa13 None None] instances_path = /opt/stack/data/nova/instances {{(pid=96201) log_opt_values /opt/stack/data/venv/lib/python3.12/site-packages/oslo_config/cfg.py:3534}}
Aug 05 18:12:11.968151 np0000006581 devstack@n-api-meta.service[96201]: DEBUG nova.api.openstack.wsgi_app [None req-647c9120-5a01-4920-9dee-df55b0a7aa13 None None] internal_service_availability_zone = internal {{(pid=96201) log_opt_values /opt/stack/data/venv/lib/python3.12/site-packages/oslo_config/cfg.py:3534}}
Aug 05 18:12:11.968151 np0000006581 devstack@n-api-meta.service[96201]: DEBUG nova.api.openstack.wsgi_app [None req-647c9120-5a01-4920-9dee-df55b0a7aa13 None None] key = None {{(pid=96201) log_opt_values /opt/stack/data/venv/lib/python3.12/site-packages/oslo_config/cfg.py:3534}}
Aug 05 18:12:11.968151 np0000006581 devstack@n-api-meta.service[96201]: DEBUG nova.api.openstack.wsgi_app [None req-647c9120-5a01-4920-9dee-df55b0a7aa13 None None] live_migration_retry_count = 30 {{(pid=96201) log_opt_values /opt/stack/data/venv/lib/python3.12/site-packages/oslo_config/cfg.py:3534}}
Aug 05 18:12:11.968285 np0000006581 devstack@n-api-meta.service[96201]: DEBUG nova.api.openstack.wsgi_app [None req-647c9120-5a01-4920-9dee-df55b0a7aa13 None None] log_color = False {{(pid=96201) log_opt_values /opt/stack/data/venv/lib/python3.12/site-packages/oslo_config/cfg.py:3534}}
Aug 05 18:12:11.968389 np0000006581 devstack@n-api-meta.service[96201]: DEBUG nova.api.openstack.wsgi_app [None req-647c9120-5a01-4920-9dee-df55b0a7aa13 None None] log_config_append = None {{(pid=96201) log_opt_values /opt/stack/data/venv/lib/python3.12/site-packages/oslo_config/cfg.py:3534}}
Aug 05 18:12:11.968505 np0000006581 devstack@n-api-meta.service[96201]: DEBUG nova.api.openstack.wsgi_app [None req-647c9120-5a01-4920-9dee-df55b0a7aa13 None None] log_date_format = %Y-%m-%d %H:%M:%S {{(pid=96201) log_opt_values /opt/stack/data/venv/lib/python3.12/site-packages/oslo_config/cfg.py:3534}}
Aug 05 18:12:11.968679 np0000006581 devstack@n-api-meta.service[96201]: DEBUG nova.api.openstack.wsgi_app [None req-647c9120-5a01-4920-9dee-df55b0a7aa13 None None] log_dir = None {{(pid=96201) log_opt_values /opt/stack/data/venv/lib/python3.12/site-packages/oslo_config/cfg.py:3534}}
Aug 05 18:12:11.968819 np0000006581 devstack@n-api-meta.service[96201]: DEBUG nova.api.openstack.wsgi_app [None req-647c9120-5a01-4920-9dee-df55b0a7aa13 None None] log_file = None {{(pid=96201) log_opt_values /opt/stack/data/venv/lib/python3.12/site-packages/oslo_config/cfg.py:3534}}
Aug 05 18:12:11.968917 np0000006581 devstack@n-api-meta.service[96201]: DEBUG nova.api.openstack.wsgi_app [None req-647c9120-5a01-4920-9dee-df55b0a7aa13 None None] log_options = True {{(pid=96201) log_opt_values /opt/stack/data/venv/lib/python3.12/site-packages/oslo_config/cfg.py:3534}}
Aug 05 18:12:11.969029 np0000006581 devstack@n-api-meta.service[96201]: DEBUG nova.api.openstack.wsgi_app [None req-647c9120-5a01-4920-9dee-df55b0a7aa13 None None] log_rotate_interval = 1 {{(pid=96201) log_opt_values /opt/stack/data/venv/lib/python3.12/site-packages/oslo_config/cfg.py:3534}}
Aug 05 18:12:11.969150 np0000006581 devstack@n-api-meta.service[96201]: DEBUG nova.api.openstack.wsgi_app [None req-647c9120-5a01-4920-9dee-df55b0a7aa13 None None] log_rotate_interval_type = days {{(pid=96201) log_opt_values /opt/stack/data/venv/lib/python3.12/site-packages/oslo_config/cfg.py:3534}}
Aug 05 18:12:11.969280 np0000006581 devstack@n-api-meta.service[96201]: DEBUG nova.api.openstack.wsgi_app [None req-647c9120-5a01-4920-9dee-df55b0a7aa13 None None] log_rotation_type = none {{(pid=96201) log_opt_values /opt/stack/data/venv/lib/python3.12/site-packages/oslo_config/cfg.py:3534}}
Aug 05 18:12:11.969372 np0000006581 devstack@n-api-meta.service[96201]: DEBUG nova.api.openstack.wsgi_app [None req-647c9120-5a01-4920-9dee-df55b0a7aa13 None None] logging_context_format_string = %(color)s%(levelname)s %(name)s [%(global_request_id)s %(request_id)s %(project_name)s %(user_name)s%(color)s] %(instance)s%(color)s%(message)s {{(pid=96201) log_opt_values /opt/stack/data/venv/lib/python3.12/site-packages/oslo_config/cfg.py:3534}}
Aug 05 18:12:11.969461 np0000006581 devstack@n-api-meta.service[96201]: DEBUG nova.api.openstack.wsgi_app [None req-647c9120-5a01-4920-9dee-df55b0a7aa13 None None] logging_debug_format_suffix = {{(pid=%(process)d) %(funcName)s %(pathname)s:%(lineno)d}} {{(pid=96201) log_opt_values /opt/stack/data/venv/lib/python3.12/site-packages/oslo_config/cfg.py:3534}}
Aug 05 18:12:11.969625 np0000006581 devstack@n-api-meta.service[96201]: DEBUG nova.api.openstack.wsgi_app [None req-647c9120-5a01-4920-9dee-df55b0a7aa13 None None] logging_default_format_string = %(color)s%(levelname)s %(name)s [-%(color)s] %(instance)s%(color)s%(message)s {{(pid=96201) log_opt_values /opt/stack/data/venv/lib/python3.12/site-packages/oslo_config/cfg.py:3534}}
Aug 05 18:12:11.969761 np0000006581 devstack@n-api-meta.service[96201]: DEBUG nova.api.openstack.wsgi_app [None req-647c9120-5a01-4920-9dee-df55b0a7aa13 None None] logging_exception_prefix = ERROR %(name)s %(instance)s {{(pid=96201) log_opt_values /opt/stack/data/venv/lib/python3.12/site-packages/oslo_config/cfg.py:3534}}
Aug 05 18:12:11.969875 np0000006581 devstack@n-api-meta.service[96201]: DEBUG nova.api.openstack.wsgi_app [None req-647c9120-5a01-4920-9dee-df55b0a7aa13 None None] logging_user_identity_format = %(user)s %(project)s %(domain)s %(system_scope)s %(user_domain)s %(project_domain)s {{(pid=96201) log_opt_values /opt/stack/data/venv/lib/python3.12/site-packages/oslo_config/cfg.py:3534}}
Aug 05 18:12:11.970014 np0000006581 devstack@n-api-meta.service[96201]: DEBUG nova.api.openstack.wsgi_app [None req-647c9120-5a01-4920-9dee-df55b0a7aa13 None None] long_rpc_timeout = 1800 {{(pid=96201) log_opt_values /opt/stack/data/venv/lib/python3.12/site-packages/oslo_config/cfg.py:3534}}
Aug 05 18:12:11.970146 np0000006581 devstack@n-api-meta.service[96201]: DEBUG nova.api.openstack.wsgi_app [None req-647c9120-5a01-4920-9dee-df55b0a7aa13 None None] manager_shutdown_timeout = 160 {{(pid=96201) log_opt_values /opt/stack/data/venv/lib/python3.12/site-packages/oslo_config/cfg.py:3534}}
Aug 05 18:12:11.970279 np0000006581 devstack@n-api-meta.service[96201]: DEBUG nova.api.openstack.wsgi_app [None req-647c9120-5a01-4920-9dee-df55b0a7aa13 None None] max_concurrent_builds = 10 {{(pid=96201) log_opt_values /opt/stack/data/venv/lib/python3.12/site-packages/oslo_config/cfg.py:3534}}
