Aug 05 18:12:11.423415 np0000006581 nova-scheduler[96773]: DEBUG cotyledon.oslo_config_glue [-] workarounds.libvirt_disable_apic = False {{(pid=96773) log_opt_values /opt/stack/data/venv/lib/python3.12/site-packages/oslo_config/cfg.py:3545}}
Aug 05 18:12:11.423415 np0000006581 nova-scheduler[96773]: DEBUG cotyledon.oslo_config_glue [-] workarounds.never_download_image_if_on_rbd = False {{(pid=96773) log_opt_values /opt/stack/data/venv/lib/python3.12/site-packages/oslo_config/cfg.py:3545}}
Aug 05 18:12:11.423415 np0000006581 nova-scheduler[96773]: DEBUG cotyledon.oslo_config_glue [-] workarounds.qemu_monitor_announce_self_count = 3 {{(pid=96773) log_opt_values /opt/stack/data/venv/lib/python3.12/site-packages/oslo_config/cfg.py:3545}}
Aug 05 18:12:11.423415 np0000006581 nova-scheduler[96773]: DEBUG cotyledon.oslo_config_glue [-] workarounds.qemu_monitor_announce_self_interval = 1 {{(pid=96773) log_opt_values /opt/stack/data/venv/lib/python3.12/site-packages/oslo_config/cfg.py:3545}}
Aug 05 18:12:11.423415 np0000006581 nova-scheduler[96773]: DEBUG cotyledon.oslo_config_glue [-] workarounds.reserve_disk_resource_for_image_cache = False {{(pid=96773) log_opt_values /opt/stack/data/venv/lib/python3.12/site-packages/oslo_config/cfg.py:3545}}
Aug 05 18:12:11.423415 np0000006581 nova-scheduler[96773]: DEBUG cotyledon.oslo_config_glue [-] workarounds.skip_cpu_compare_at_startup = False {{(pid=96773) log_opt_values /opt/stack/data/venv/lib/python3.12/site-packages/oslo_config/cfg.py:3545}}
Aug 05 18:12:11.423415 np0000006581 nova-scheduler[96773]: DEBUG cotyledon.oslo_config_glue [-] workarounds.skip_cpu_compare_on_dest = False {{(pid=96773) log_opt_values /opt/stack/data/venv/lib/python3.12/site-packages/oslo_config/cfg.py:3545}}
Aug 05 18:12:11.423721 np0000006581 nova-scheduler[96773]: DEBUG cotyledon.oslo_config_glue [-] workarounds.skip_hypervisor_version_check_on_lm = False {{(pid=96773) log_opt_values /opt/stack/data/venv/lib/python3.12/site-packages/oslo_config/cfg.py:3545}}
Aug 05 18:12:11.423721 np0000006581 nova-scheduler[96773]: DEBUG cotyledon.oslo_config_glue [-] workarounds.skip_reserve_in_use_ironic_nodes = False {{(pid=96773) log_opt_values /opt/stack/data/venv/lib/python3.12/site-packages/oslo_config/cfg.py:3545}}
Aug 05 18:12:11.423721 np0000006581 nova-scheduler[96773]: DEBUG cotyledon.oslo_config_glue [-] workarounds.unified_limits_count_pcpu_as_vcpu = False {{(pid=96773) log_opt_values /opt/stack/data/venv/lib/python3.12/site-packages/oslo_config/cfg.py:3545}}
Aug 05 18:12:11.423721 np0000006581 nova-scheduler[96773]: DEBUG cotyledon.oslo_config_glue [-] workarounds.wait_for_vif_plugged_event_during_hard_reboot = [] {{(pid=96773) log_opt_values /opt/stack/data/venv/lib/python3.12/site-packages/oslo_config/cfg.py:3545}}
Aug 05 18:12:11.423721 np0000006581 nova-scheduler[96773]: DEBUG cotyledon.oslo_config_glue [-] wsgi.api_paste_config = /etc/nova/api-paste.ini {{(pid=96773) log_opt_values /opt/stack/data/venv/lib/python3.12/site-packages/oslo_config/cfg.py:3545}}
Aug 05 18:12:11.423721 np0000006581 nova-scheduler[96773]: DEBUG cotyledon.oslo_config_glue [-] wsgi.secure_proxy_ssl_header = None {{(pid=96773) log_opt_values /opt/stack/data/venv/lib/python3.12/site-packages/oslo_config/cfg.py:3545}}
Aug 05 18:12:11.423721 np0000006581 nova-scheduler[96773]: DEBUG cotyledon.oslo_config_glue [-] zvm.ca_file = None {{(pid=96773) log_opt_values /opt/stack/data/venv/lib/python3.12/site-packages/oslo_config/cfg.py:3545}}
Aug 05 18:12:11.423721 np0000006581 nova-scheduler[96773]: DEBUG cotyledon.oslo_config_glue [-] zvm.cloud_connector_url = None {{(pid=96773) log_opt_values /opt/stack/data/venv/lib/python3.12/site-packages/oslo_config/cfg.py:3545}}
Aug 05 18:12:11.423721 np0000006581 nova-scheduler[96773]: DEBUG cotyledon.oslo_config_glue [-] zvm.image_tmp_path = /opt/stack/data/nova/images {{(pid=96773) log_opt_values /opt/stack/data/venv/lib/python3.12/site-packages/oslo_config/cfg.py:3545}}
Aug 05 18:12:11.424012 np0000006581 nova-scheduler[96773]: DEBUG cotyledon.oslo_config_glue [-] zvm.reachable_timeout = 300 {{(pid=96773) log_opt_values /opt/stack/data/venv/lib/python3.12/site-packages/oslo_config/cfg.py:3545}}
Aug 05 18:12:11.424012 np0000006581 nova-scheduler[96773]: DEBUG cotyledon.oslo_config_glue [-] oslo_versionedobjects.fatal_exception_format_errors = False {{(pid=96773) log_opt_values /opt/stack/data/venv/lib/python3.12/site-packages/oslo_config/cfg.py:3545}}
Aug 05 18:12:11.424012 np0000006581 nova-scheduler[96773]: DEBUG cotyledon.oslo_config_glue [-] oslo_middleware.http_basic_auth_user_file = /etc/htpasswd {{(pid=96773) log_opt_values /opt/stack/data/venv/lib/python3.12/site-packages/oslo_config/cfg.py:3545}}
Aug 05 18:12:11.424012 np0000006581 nova-scheduler[96773]: DEBUG cotyledon.oslo_config_glue [-] oslo_messaging_metrics.metrics_buffer_size = 1000 {{(pid=96773) log_opt_values /opt/stack/data/venv/lib/python3.12/site-packages/oslo_config/cfg.py:3545}}
Aug 05 18:12:11.424012 np0000006581 nova-scheduler[96773]: DEBUG cotyledon.oslo_config_glue [-] oslo_messaging_metrics.metrics_enabled = False {{(pid=96773) log_opt_values /opt/stack/data/venv/lib/python3.12/site-packages/oslo_config/cfg.py:3545}}
Aug 05 18:12:11.424012 np0000006581 nova-scheduler[96773]: DEBUG cotyledon.oslo_config_glue [-] oslo_messaging_metrics.metrics_process_name = {{(pid=96773) log_opt_values /opt/stack/data/venv/lib/python3.12/site-packages/oslo_config/cfg.py:3545}}
Aug 05 18:12:11.424012 np0000006581 nova-scheduler[96773]: DEBUG cotyledon.oslo_config_glue [-] oslo_messaging_metrics.metrics_socket_file = /var/tmp/metrics_collector.sock {{(pid=96773) log_opt_values /opt/stack/data/venv/lib/python3.12/site-packages/oslo_config/cfg.py:3545}}
Aug 05 18:12:11.424012 np0000006581 nova-scheduler[96773]: DEBUG cotyledon.oslo_config_glue [-] oslo_messaging_metrics.metrics_thread_stop_timeout = 10 {{(pid=96773) log_opt_values /opt/stack/data/venv/lib/python3.12/site-packages/oslo_config/cfg.py:3545}}
Aug 05 18:12:11.424306 np0000006581 nova-scheduler[96773]: DEBUG cotyledon.oslo_config_glue [-] profiler.connection_string = messaging:// {{(pid=96773) log_opt_values /opt/stack/data/venv/lib/python3.12/site-packages/oslo_config/cfg.py:3545}}
Aug 05 18:12:11.424306 np0000006581 nova-scheduler[96773]: DEBUG cotyledon.oslo_config_glue [-] profiler.enabled = False {{(pid=96773) log_opt_values /opt/stack/data/venv/lib/python3.12/site-packages/oslo_config/cfg.py:3545}}
Aug 05 18:12:11.424306 np0000006581 nova-scheduler[96773]: DEBUG cotyledon.oslo_config_glue [-] profiler.es_doc_type = notification {{(pid=96773) log_opt_values /opt/stack/data/venv/lib/python3.12/site-packages/oslo_config/cfg.py:3545}}
Aug 05 18:12:11.424306 np0000006581 nova-scheduler[96773]: DEBUG cotyledon.oslo_config_glue [-] profiler.es_scroll_size = 10000 {{(pid=96773) log_opt_values /opt/stack/data/venv/lib/python3.12/site-packages/oslo_config/cfg.py:3545}}
Aug 05 18:12:11.424306 np0000006581 nova-scheduler[96773]: DEBUG cotyledon.oslo_config_glue [-] profiler.es_scroll_time = 2m {{(pid=96773) log_opt_values /opt/stack/data/venv/lib/python3.12/site-packages/oslo_config/cfg.py:3545}}
Aug 05 18:12:11.424306 np0000006581 nova-scheduler[96773]: DEBUG cotyledon.oslo_config_glue [-] profiler.filter_error_trace = False {{(pid=96773) log_opt_values /opt/stack/data/venv/lib/python3.12/site-packages/oslo_config/cfg.py:3545}}
Aug 05 18:12:11.424306 np0000006581 nova-scheduler[96773]: DEBUG cotyledon.oslo_config_glue [-] profiler.hmac_keys = **** {{(pid=96773) log_opt_values /opt/stack/data/venv/lib/python3.12/site-packages/oslo_config/cfg.py:3545}}
Aug 05 18:12:11.424306 np0000006581 nova-scheduler[96773]: DEBUG cotyledon.oslo_config_glue [-] profiler.sentinel_service_name = mymaster {{(pid=96773) log_opt_values /opt/stack/data/venv/lib/python3.12/site-packages/oslo_config/cfg.py:3545}}
Aug 05 18:12:11.424306 np0000006581 nova-scheduler[96773]: DEBUG cotyledon.oslo_config_glue [-] profiler.socket_timeout = 0.1 {{(pid=96773) log_opt_values /opt/stack/data/venv/lib/python3.12/site-packages/oslo_config/cfg.py:3545}}
Aug 05 18:12:11.424563 np0000006581 nova-scheduler[96773]: DEBUG cotyledon.oslo_config_glue [-] profiler.trace_requests = False {{(pid=96773) log_opt_values /opt/stack/data/venv/lib/python3.12/site-packages/oslo_config/cfg.py:3545}}
Aug 05 18:12:11.424563 np0000006581 nova-scheduler[96773]: DEBUG cotyledon.oslo_config_glue [-] profiler.trace_sqlalchemy = False {{(pid=96773) log_opt_values /opt/stack/data/venv/lib/python3.12/site-packages/oslo_config/cfg.py:3545}}
Aug 05 18:12:11.424563 np0000006581 nova-scheduler[96773]: DEBUG cotyledon.oslo_config_glue [-] profiler_jaeger.process_tags = {} {{(pid=96773) log_opt_values /opt/stack/data/venv/lib/python3.12/site-packages/oslo_config/cfg.py:3545}}
Aug 05 18:12:11.424563 np0000006581 nova-scheduler[96773]: DEBUG cotyledon.oslo_config_glue [-] profiler_jaeger.service_name_prefix = None {{(pid=96773) log_opt_values /opt/stack/data/venv/lib/python3.12/site-packages/oslo_config/cfg.py:3545}}
Aug 05 18:12:11.424563 np0000006581 nova-scheduler[96773]: DEBUG cotyledon.oslo_config_glue [-] profiler_otlp.service_name_prefix = None {{(pid=96773) log_opt_values /opt/stack/data/venv/lib/python3.12/site-packages/oslo_config/cfg.py:3545}}
Aug 05 18:12:11.424563 np0000006581 nova-scheduler[96773]: DEBUG cotyledon.oslo_config_glue [-] oslo_messaging_rabbit.amqp_auto_delete = False {{(pid=96773) log_opt_values /opt/stack/data/venv/lib/python3.12/site-packages/oslo_config/cfg.py:3545}}
Aug 05 18:12:11.424563 np0000006581 nova-scheduler[96773]: DEBUG cotyledon.oslo_config_glue [-] oslo_messaging_rabbit.amqp_durable_queues = False {{(pid=96773) log_opt_values /opt/stack/data/venv/lib/python3.12/site-packages/oslo_config/cfg.py:3545}}
Aug 05 18:12:11.424563 np0000006581 nova-scheduler[96773]: DEBUG cotyledon.oslo_config_glue [-] oslo_messaging_rabbit.conn_pool_min_size = 2 {{(pid=96773) log_opt_values /opt/stack/data/venv/lib/python3.12/site-packages/oslo_config/cfg.py:3545}}
Aug 05 18:12:11.424563 np0000006581 nova-scheduler[96773]: DEBUG cotyledon.oslo_config_glue [-] oslo_messaging_rabbit.conn_pool_ttl = 1200 {{(pid=96773) log_opt_values /opt/stack/data/venv/lib/python3.12/site-packages/oslo_config/cfg.py:3545}}
Aug 05 18:12:11.424857 np0000006581 nova-scheduler[96773]: DEBUG cotyledon.oslo_config_glue [-] oslo_messaging_rabbit.direct_mandatory_flag = True {{(pid=96773) log_opt_values /opt/stack/data/venv/lib/python3.12/site-packages/oslo_config/cfg.py:3545}}
Aug 05 18:12:11.424857 np0000006581 nova-scheduler[96773]: DEBUG cotyledon.oslo_config_glue [-] oslo_messaging_rabbit.enable_cancel_on_failover = False {{(pid=96773) log_opt_values /opt/stack/data/venv/lib/python3.12/site-packages/oslo_config/cfg.py:3545}}
Aug 05 18:12:11.424857 np0000006581 nova-scheduler[96773]: DEBUG cotyledon.oslo_config_glue [-] oslo_messaging_rabbit.heartbeat_rate = 3 {{(pid=96773) log_opt_values /opt/stack/data/venv/lib/python3.12/site-packages/oslo_config/cfg.py:3545}}
Aug 05 18:12:11.424857 np0000006581 nova-scheduler[96773]: DEBUG cotyledon.oslo_config_glue [-] oslo_messaging_rabbit.heartbeat_timeout_threshold = 60 {{(pid=96773) log_opt_values /opt/stack/data/venv/lib/python3.12/site-packages/oslo_config/cfg.py:3545}}
Aug 05 18:12:11.424857 np0000006581 nova-scheduler[96773]: DEBUG cotyledon.oslo_config_glue [-] oslo_messaging_rabbit.hostname = np0000006581 {{(pid=96773) log_opt_values /opt/stack/data/venv/lib/python3.12/site-packages/oslo_config/cfg.py:3545}}
Aug 05 18:12:11.424857 np0000006581 nova-scheduler[96773]: DEBUG cotyledon.oslo_config_glue [-] oslo_messaging_rabbit.kombu_compression = None {{(pid=96773) log_opt_values /opt/stack/data/venv/lib/python3.12/site-packages/oslo_config/cfg.py:3545}}
Aug 05 18:12:11.424857 np0000006581 nova-scheduler[96773]: DEBUG cotyledon.oslo_config_glue [-] oslo_messaging_rabbit.kombu_failover_strategy = round-robin {{(pid=96773) log_opt_values /opt/stack/data/venv/lib/python3.12/site-packages/oslo_config/cfg.py:3545}}
Aug 05 18:12:11.424857 np0000006581 nova-scheduler[96773]: DEBUG cotyledon.oslo_config_glue [-] oslo_messaging_rabbit.kombu_missing_consumer_retry_timeout = 60 {{(pid=96773) log_opt_values /opt/stack/data/venv/lib/python3.12/site-packages/oslo_config/cfg.py:3545}}
Aug 05 18:12:11.424857 np0000006581 nova-scheduler[96773]: DEBUG cotyledon.oslo_config_glue [-] oslo_messaging_rabbit.kombu_reconnect_delay = 1.0 {{(pid=96773) log_opt_values /opt/stack/data/venv/lib/python3.12/site-packages/oslo_config/cfg.py:3545}}
Aug 05 18:12:11.425131 np0000006581 nova-scheduler[96773]: DEBUG cotyledon.oslo_config_glue [-] oslo_messaging_rabbit.kombu_reconnect_splay = 0.0 {{(pid=96773) log_opt_values /opt/stack/data/venv/lib/python3.12/site-packages/oslo_config/cfg.py:3545}}
Aug 05 18:12:11.425131 np0000006581 nova-scheduler[96773]: DEBUG cotyledon.oslo_config_glue [-] oslo_messaging_rabbit.processname = nova-scheduler {{(pid=96773) log_opt_values /opt/stack/data/venv/lib/python3.12/site-packages/oslo_config/cfg.py:3545}}
Aug 05 18:12:11.425131 np0000006581 nova-scheduler[96773]: DEBUG cotyledon.oslo_config_glue [-] oslo_messaging_rabbit.rabbit_ha_queues = False {{(pid=96773) log_opt_values /opt/stack/data/venv/lib/python3.12/site-packages/oslo_config/cfg.py:3545}}
Aug 05 18:12:11.425131 np0000006581 nova-scheduler[96773]: DEBUG cotyledon.oslo_config_glue [-] oslo_messaging_rabbit.rabbit_interval_max = 30 {{(pid=96773) log_opt_values /opt/stack/data/venv/lib/python3.12/site-packages/oslo_config/cfg.py:3545}}
Aug 05 18:12:11.425131 np0000006581 nova-scheduler[96773]: DEBUG cotyledon.oslo_config_glue [-] oslo_messaging_rabbit.rabbit_login_method = AMQPLAIN {{(pid=96773) log_opt_values /opt/stack/data/venv/lib/python3.12/site-packages/oslo_config/cfg.py:3545}}
Aug 05 18:12:11.425131 np0000006581 nova-scheduler[96773]: DEBUG cotyledon.oslo_config_glue [-] oslo_messaging_rabbit.rabbit_qos_prefetch_count = 0 {{(pid=96773) log_opt_values /opt/stack/data/venv/lib/python3.12/site-packages/oslo_config/cfg.py:3545}}
Aug 05 18:12:11.425131 np0000006581 nova-scheduler[96773]: DEBUG cotyledon.oslo_config_glue [-] oslo_messaging_rabbit.rabbit_quorum_delivery_limit = 0 {{(pid=96773) log_opt_values /opt/stack/data/venv/lib/python3.12/site-packages/oslo_config/cfg.py:3545}}
Aug 05 18:12:11.425131 np0000006581 nova-scheduler[96773]: DEBUG cotyledon.oslo_config_glue [-] oslo_messaging_rabbit.rabbit_quorum_max_memory_bytes = 0 {{(pid=96773) log_opt_values /opt/stack/data/venv/lib/python3.12/site-packages/oslo_config/cfg.py:3545}}
Aug 05 18:12:11.425131 np0000006581 nova-scheduler[96773]: DEBUG cotyledon.oslo_config_glue [-] oslo_messaging_rabbit.rabbit_quorum_max_memory_length = 0 {{(pid=96773) log_opt_values /opt/stack/data/venv/lib/python3.12/site-packages/oslo_config/cfg.py:3545}}
Aug 05 18:12:11.425412 np0000006581 nova-scheduler[96773]: DEBUG cotyledon.oslo_config_glue [-] oslo_messaging_rabbit.rabbit_quorum_queue = False {{(pid=96773) log_opt_values /opt/stack/data/venv/lib/python3.12/site-packages/oslo_config/cfg.py:3545}}
Aug 05 18:12:11.425412 np0000006581 nova-scheduler[96773]: DEBUG cotyledon.oslo_config_glue [-] oslo_messaging_rabbit.rabbit_retry_backoff = 2 {{(pid=96773) log_opt_values /opt/stack/data/venv/lib/python3.12/site-packages/oslo_config/cfg.py:3545}}
Aug 05 18:12:11.425412 np0000006581 nova-scheduler[96773]: DEBUG cotyledon.oslo_config_glue [-] oslo_messaging_rabbit.rabbit_retry_interval = 1 {{(pid=96773) log_opt_values /opt/stack/data/venv/lib/python3.12/site-packages/oslo_config/cfg.py:3545}}
Aug 05 18:12:11.425412 np0000006581 nova-scheduler[96773]: DEBUG cotyledon.oslo_config_glue [-] oslo_messaging_rabbit.rabbit_stream_fanout = False {{(pid=96773) log_opt_values /opt/stack/data/venv/lib/python3.12/site-packages/oslo_config/cfg.py:3545}}
Aug 05 18:12:11.425412 np0000006581 nova-scheduler[96773]: DEBUG cotyledon.oslo_config_glue [-] oslo_messaging_rabbit.rabbit_transient_queues_ttl = 1800 {{(pid=96773) log_opt_values /opt/stack/data/venv/lib/python3.12/site-packages/oslo_config/cfg.py:3545}}
Aug 05 18:12:11.425412 np0000006581 nova-scheduler[96773]: DEBUG cotyledon.oslo_config_glue [-] oslo_messaging_rabbit.rabbit_transient_quorum_queue = False {{(pid=96773) log_opt_values /opt/stack/data/venv/lib/python3.12/site-packages/oslo_config/cfg.py:3545}}
Aug 05 18:12:11.425412 np0000006581 nova-scheduler[96773]: DEBUG cotyledon.oslo_config_glue [-] oslo_messaging_rabbit.rpc_conn_pool_size = 30 {{(pid=96773) log_opt_values /opt/stack/data/venv/lib/python3.12/site-packages/oslo_config/cfg.py:3545}}
Aug 05 18:12:11.425412 np0000006581 nova-scheduler[96773]: DEBUG cotyledon.oslo_config_glue [-] oslo_messaging_rabbit.ssl = False {{(pid=96773) log_opt_values /opt/stack/data/venv/lib/python3.12/site-packages/oslo_config/cfg.py:3545}}
Aug 05 18:12:11.425412 np0000006581 nova-scheduler[96773]: DEBUG cotyledon.oslo_config_glue [-] oslo_messaging_rabbit.ssl_ca_file = {{(pid=96773) log_opt_values /opt/stack/data/venv/lib/python3.12/site-packages/oslo_config/cfg.py:3545}}
Aug 05 18:12:11.426060 np0000006581 nova-scheduler[96773]: DEBUG cotyledon.oslo_config_glue [-] oslo_messaging_rabbit.ssl_cert_file = {{(pid=96773) log_opt_values /opt/stack/data/venv/lib/python3.12/site-packages/oslo_config/cfg.py:3545}}
Aug 05 18:12:11.426060 np0000006581 nova-scheduler[96773]: DEBUG cotyledon.oslo_config_glue [-] oslo_messaging_rabbit.ssl_enforce_fips_mode = False {{(pid=96773) log_opt_values /opt/stack/data/venv/lib/python3.12/site-packages/oslo_config/cfg.py:3545}}
Aug 05 18:12:11.426060 np0000006581 nova-scheduler[96773]: DEBUG cotyledon.oslo_config_glue [-] oslo_messaging_rabbit.ssl_enforce_hostname_verification = True {{(pid=96773) log_opt_values /opt/stack/data/venv/lib/python3.12/site-packages/oslo_config/cfg.py:3545}}
Aug 05 18:12:11.426060 np0000006581 nova-scheduler[96773]: DEBUG cotyledon.oslo_config_glue [-] oslo_messaging_rabbit.ssl_key_file = {{(pid=96773) log_opt_values /opt/stack/data/venv/lib/python3.12/site-packages/oslo_config/cfg.py:3545}}
Aug 05 18:12:11.426060 np0000006581 nova-scheduler[96773]: DEBUG cotyledon.oslo_config_glue [-] oslo_messaging_rabbit.ssl_version = {{(pid=96773) log_opt_values /opt/stack/data/venv/lib/python3.12/site-packages/oslo_config/cfg.py:3545}}
Aug 05 18:12:11.426060 np0000006581 nova-scheduler[96773]: DEBUG cotyledon.oslo_config_glue [-] oslo_messaging_rabbit.use_queue_manager = False {{(pid=96773) log_opt_values /opt/stack/data/venv/lib/python3.12/site-packages/oslo_config/cfg.py:3545}}
Aug 05 18:12:11.426060 np0000006581 nova-scheduler[96773]: DEBUG cotyledon.oslo_config_glue [-] oslo_messaging_notifications.driver = ['messagingv2'] {{(pid=96773) log_opt_values /opt/stack/data/venv/lib/python3.12/site-packages/oslo_config/cfg.py:3545}}
Aug 05 18:12:11.426060 np0000006581 nova-scheduler[96773]: DEBUG cotyledon.oslo_config_glue [-] oslo_messaging_notifications.retry = -1 {{(pid=96773) log_opt_values /opt/stack/data/venv/lib/python3.12/site-packages/oslo_config/cfg.py:3545}}
Aug 05 18:12:11.426060 np0000006581 nova-scheduler[96773]: DEBUG cotyledon.oslo_config_glue [-] oslo_messaging_notifications.topics = ['notifications'] {{(pid=96773) log_opt_values /opt/stack/data/venv/lib/python3.12/site-packages/oslo_config/cfg.py:3545}}
Aug 05 18:12:11.426358 np0000006581 nova-scheduler[96773]: DEBUG cotyledon.oslo_config_glue [-] oslo_messaging_notifications.transport_url = **** {{(pid=96773) log_opt_values /opt/stack/data/venv/lib/python3.12/site-packages/oslo_config/cfg.py:3545}}
Aug 05 18:12:11.426358 np0000006581 nova-scheduler[96773]: DEBUG cotyledon.oslo_config_glue [-] oslo_limit.auth_section = None {{(pid=96773) log_opt_values /opt/stack/data/venv/lib/python3.12/site-packages/oslo_config/cfg.py:3545}}
Aug 05 18:12:11.426358 np0000006581 nova-scheduler[96773]: DEBUG cotyledon.oslo_config_glue [-] oslo_limit.auth_type = None {{(pid=96773) log_opt_values /opt/stack/data/venv/lib/python3.12/site-packages/oslo_config/cfg.py:3545}}
Aug 05 18:12:11.426358 np0000006581 nova-scheduler[96773]: DEBUG cotyledon.oslo_config_glue [-] oslo_limit.cafile = None {{(pid=96773) log_opt_values /opt/stack/data/venv/lib/python3.12/site-packages/oslo_config/cfg.py:3545}}
Aug 05 18:12:11.426358 np0000006581 nova-scheduler[96773]: DEBUG cotyledon.oslo_config_glue [-] oslo_limit.certfile = None {{(pid=96773) log_opt_values /opt/stack/data/venv/lib/python3.12/site-packages/oslo_config/cfg.py:3545}}
Aug 05 18:12:11.426358 np0000006581 nova-scheduler[96773]: DEBUG cotyledon.oslo_config_glue [-] oslo_limit.collect_timing = False {{(pid=96773) log_opt_values /opt/stack/data/venv/lib/python3.12/site-packages/oslo_config/cfg.py:3545}}
Aug 05 18:12:11.426358 np0000006581 nova-scheduler[96773]: DEBUG cotyledon.oslo_config_glue [-] oslo_limit.connect_retries = None {{(pid=96773) log_opt_values /opt/stack/data/venv/lib/python3.12/site-packages/oslo_config/cfg.py:3545}}
Aug 05 18:12:11.426358 np0000006581 nova-scheduler[96773]: DEBUG cotyledon.oslo_config_glue [-] oslo_limit.connect_retry_delay = None {{(pid=96773) log_opt_values /opt/stack/data/venv/lib/python3.12/site-packages/oslo_config/cfg.py:3545}}
Aug 05 18:12:11.426358 np0000006581 nova-scheduler[96773]: DEBUG cotyledon.oslo_config_glue [-] oslo_limit.endpoint_id = None {{(pid=96773) log_opt_values /opt/stack/data/venv/lib/python3.12/site-packages/oslo_config/cfg.py:3545}}
Aug 05 18:12:11.426656 np0000006581 nova-scheduler[96773]: DEBUG cotyledon.oslo_config_glue [-] oslo_limit.endpoint_interface = public {{(pid=96773) log_opt_values /opt/stack/data/venv/lib/python3.12/site-packages/oslo_config/cfg.py:3545}}
Aug 05 18:12:11.426656 np0000006581 nova-scheduler[96773]: DEBUG cotyledon.oslo_config_glue [-] oslo_limit.endpoint_override = None {{(pid=96773) log_opt_values /opt/stack/data/venv/lib/python3.12/site-packages/oslo_config/cfg.py:3545}}
Aug 05 18:12:11.426656 np0000006581 nova-scheduler[96773]: DEBUG cotyledon.oslo_config_glue [-] oslo_limit.endpoint_region_name = None {{(pid=96773) log_opt_values /opt/stack/data/venv/lib/python3.12/site-packages/oslo_config/cfg.py:3545}}
Aug 05 18:12:11.426656 np0000006581 nova-scheduler[96773]: DEBUG cotyledon.oslo_config_glue [-] oslo_limit.endpoint_service_name = None {{(pid=96773) log_opt_values /opt/stack/data/venv/lib/python3.12/site-packages/oslo_config/cfg.py:3545}}
Aug 05 18:12:11.426656 np0000006581 nova-scheduler[96773]: DEBUG cotyledon.oslo_config_glue [-] oslo_limit.endpoint_service_type = None {{(pid=96773) log_opt_values /opt/stack/data/venv/lib/python3.12/site-packages/oslo_config/cfg.py:3545}}
Aug 05 18:12:11.426656 np0000006581 nova-scheduler[96773]: DEBUG cotyledon.oslo_config_glue [-] oslo_limit.insecure = False {{(pid=96773) log_opt_values /opt/stack/data/venv/lib/python3.12/site-packages/oslo_config/cfg.py:3545}}
Aug 05 18:12:11.426656 np0000006581 nova-scheduler[96773]: DEBUG cotyledon.oslo_config_glue [-] oslo_limit.keyfile = None {{(pid=96773) log_opt_values /opt/stack/data/venv/lib/python3.12/site-packages/oslo_config/cfg.py:3545}}
Aug 05 18:12:11.426656 np0000006581 nova-scheduler[96773]: DEBUG cotyledon.oslo_config_glue [-] oslo_limit.max_version = None {{(pid=96773) log_opt_values /opt/stack/data/venv/lib/python3.12/site-packages/oslo_config/cfg.py:3545}}
Aug 05 18:12:11.426656 np0000006581 nova-scheduler[96773]: DEBUG cotyledon.oslo_config_glue [-] oslo_limit.min_version = None {{(pid=96773) log_opt_values /opt/stack/data/venv/lib/python3.12/site-packages/oslo_config/cfg.py:3545}}
Aug 05 18:12:11.426951 np0000006581 nova-scheduler[96773]: DEBUG cotyledon.oslo_config_glue [-] oslo_limit.region_name = None {{(pid=96773) log_opt_values /opt/stack/data/venv/lib/python3.12/site-packages/oslo_config/cfg.py:3545}}
Aug 05 18:12:11.426951 np0000006581 nova-scheduler[96773]: DEBUG cotyledon.oslo_config_glue [-] oslo_limit.retriable_status_codes = None {{(pid=96773) log_opt_values /opt/stack/data/venv/lib/python3.12/site-packages/oslo_config/cfg.py:3545}}
Aug 05 18:12:11.426951 np0000006581 nova-scheduler[96773]: DEBUG cotyledon.oslo_config_glue [-] oslo_limit.service_name = None {{(pid=96773) log_opt_values /opt/stack/data/venv/lib/python3.12/site-packages/oslo_config/cfg.py:3545}}
Aug 05 18:12:11.426951 np0000006581 nova-scheduler[96773]: DEBUG cotyledon.oslo_config_glue [-] oslo_limit.service_type = None {{(pid=96773) log_opt_values /opt/stack/data/venv/lib/python3.12/site-packages/oslo_config/cfg.py:3545}}
Aug 05 18:12:11.426951 np0000006581 nova-scheduler[96773]: DEBUG cotyledon.oslo_config_glue [-] oslo_limit.split_loggers = False {{(pid=96773) log_opt_values /opt/stack/data/venv/lib/python3.12/site-packages/oslo_config/cfg.py:3545}}
Aug 05 18:12:11.426951 np0000006581 nova-scheduler[96773]: DEBUG cotyledon.oslo_config_glue [-] oslo_limit.status_code_retries = None {{(pid=96773) log_opt_values /opt/stack/data/venv/lib/python3.12/site-packages/oslo_config/cfg.py:3545}}
Aug 05 18:12:11.426951 np0000006581 nova-scheduler[96773]: DEBUG cotyledon.oslo_config_glue [-] oslo_limit.status_code_retry_delay = None {{(pid=96773) log_opt_values /opt/stack/data/venv/lib/python3.12/site-packages/oslo_config/cfg.py:3545}}
Aug 05 18:12:11.426951 np0000006581 nova-scheduler[96773]: DEBUG cotyledon.oslo_config_glue [-] oslo_limit.timeout = None {{(pid=96773) log_opt_values /opt/stack/data/venv/lib/python3.12/site-packages/oslo_config/cfg.py:3545}}
Aug 05 18:12:11.426951 np0000006581 nova-scheduler[96773]: DEBUG cotyledon.oslo_config_glue [-] oslo_limit.valid_interfaces = None {{(pid=96773) log_opt_values /opt/stack/data/venv/lib/python3.12/site-packages/oslo_config/cfg.py:3545}}
Aug 05 18:12:11.427254 np0000006581 nova-scheduler[96773]: DEBUG cotyledon.oslo_config_glue [-] oslo_limit.version = None {{(pid=96773) log_opt_values /opt/stack/data/venv/lib/python3.12/site-packages/oslo_config/cfg.py:3545}}
Aug 05 18:12:11.427254 np0000006581 nova-scheduler[96773]: DEBUG cotyledon.oslo_config_glue [-] oslo_reports.file_event_handler = None {{(pid=96773) log_opt_values /opt/stack/data/venv/lib/python3.12/site-packages/oslo_config/cfg.py:3545}}
Aug 05 18:12:11.427254 np0000006581 nova-scheduler[96773]: DEBUG cotyledon.oslo_config_glue [-] oslo_reports.file_event_handler_interval = 1 {{(pid=96773) log_opt_values /opt/stack/data/venv/lib/python3.12/site-packages/oslo_config/cfg.py:3545}}
Aug 05 18:12:11.427254 np0000006581 nova-scheduler[96773]: DEBUG cotyledon.oslo_config_glue [-] oslo_reports.log_dir = None {{(pid=96773) log_opt_values /opt/stack/data/venv/lib/python3.12/site-packages/oslo_config/cfg.py:3545}}
Aug 05 18:12:11.427254 np0000006581 nova-scheduler[96773]: DEBUG cotyledon.oslo_config_glue [-] ******************************************************************************** {{(pid=96773) log_opt_values /opt/stack/data/venv/lib/python3.12/site-packages/oslo_config/cfg.py:3552}}
Aug 05 18:12:11.427254 np0000006581 nova-scheduler[96773]: DEBUG cotyledon._service_worker [-] Run service ServiceWrapper(3) [96773] {{(pid=96773) wait_forever /opt/stack/data/venv/lib/python3.12/site-packages/cotyledon/_service_worker.py:218}}
Aug 05 18:12:11.427254 np0000006581 nova-scheduler[96773]: INFO nova.service [-] Starting scheduler node (version 33.1.0)
Aug 05 18:12:11.427254 np0000006581 nova-scheduler[96773]: INFO dbcounter [None req-c0c48bb0-7b61-4739-af3d-175453172c81 None None] Registered counter for database nova_cell0
Aug 05 18:12:11.427500 np0000006581 nova-scheduler[96767]: DEBUG oslo_db.sqlalchemy.engines [None req-fafa95aa-2b64-40fb-87ee-601337c02ed4 None None] MySQL server mode set to STRICT_TRANS_TABLES,STRICT_ALL_TABLES,NO_ZERO_IN_DATE,NO_ZERO_DATE,ERROR_FOR_DIVISION_BY_ZERO,TRADITIONAL,NO_ENGINE_SUBSTITUTION {{(pid=96767) _check_effective_sql_mode /opt/stack/data/venv/lib/python3.12/site-packages/oslo_db/sqlalchemy/engines.py:325}}
Aug 05 18:12:11.427547 np0000006581 nova-scheduler[96769]: DEBUG oslo_db.sqlalchemy.engines [None req-e37ced6d-6124-4376-a2f2-60f1758da2ea None None] MySQL server mode set to STRICT_TRANS_TABLES,STRICT_ALL_TABLES,NO_ZERO_IN_DATE,NO_ZERO_DATE,ERROR_FOR_DIVISION_BY_ZERO,TRADITIONAL,NO_ENGINE_SUBSTITUTION {{(pid=96769) _check_effective_sql_mode /opt/stack/data/venv/lib/python3.12/site-packages/oslo_db/sqlalchemy/engines.py:325}}
Aug 05 18:12:11.428512 np0000006581 nova-scheduler[96771]: DEBUG oslo_db.sqlalchemy.engines [None req-6b46a2f0-637e-40a9-ad3d-ebcfc90b728c None None] MySQL server mode set to STRICT_TRANS_TABLES,STRICT_ALL_TABLES,NO_ZERO_IN_DATE,NO_ZERO_DATE,ERROR_FOR_DIVISION_BY_ZERO,TRADITIONAL,NO_ENGINE_SUBSTITUTION {{(pid=96771) _check_effective_sql_mode /opt/stack/data/venv/lib/python3.12/site-packages/oslo_db/sqlalchemy/engines.py:325}}
Aug 05 18:12:11.430524 np0000006581 nova-scheduler[96769]: DEBUG dbcounter [-] [96769] Writer thread running {{(pid=96769) stat_writer /opt/stack/data/venv/lib/python3.12/site-packages/dbcounter.py:102}}
Aug 05 18:12:11.431010 np0000006581 nova-scheduler[96767]: DEBUG dbcounter [-] [96767] Writer thread running {{(pid=96767) stat_writer /opt/stack/data/venv/lib/python3.12/site-packages/dbcounter.py:102}}
Aug 05 18:12:11.440395 np0000006581 nova-scheduler[96771]: DEBUG dbcounter [-] [96771] Writer thread running {{(pid=96771) stat_writer /opt/stack/data/venv/lib/python3.12/site-packages/dbcounter.py:102}}
Aug 05 18:12:11.446109 np0000006581 nova-scheduler[96767]: DEBUG nova.service [None req-fafa95aa-2b64-40fb-87ee-601337c02ed4 None None] Creating RPC server for service: nova-scheduler on topic: scheduler {{(pid=96767) start /opt/stack/nova/nova/service.py:196}}
Aug 05 18:12:11.450794 np0000006581 nova-scheduler[96769]: DEBUG nova.service [None req-e37ced6d-6124-4376-a2f2-60f1758da2ea None None] Creating RPC server for service: nova-scheduler on topic: scheduler {{(pid=96769) start /opt/stack/nova/nova/service.py:196}}
Aug 05 18:12:11.467868 np0000006581 nova-scheduler[96771]: DEBUG nova.service [None req-6b46a2f0-637e-40a9-ad3d-ebcfc90b728c None None] Creating RPC server for service: nova-scheduler on topic: scheduler {{(pid=96771) start /opt/stack/nova/nova/service.py:196}}
Aug 05 18:12:11.472475 np0000006581 nova-scheduler[96773]: DEBUG oslo_db.sqlalchemy.engines [None req-c0c48bb0-7b61-4739-af3d-175453172c81 None None] MySQL server mode set to STRICT_TRANS_TABLES,STRICT_ALL_TABLES,NO_ZERO_IN_DATE,NO_ZERO_DATE,ERROR_FOR_DIVISION_BY_ZERO,TRADITIONAL,NO_ENGINE_SUBSTITUTION {{(pid=96773) _check_effective_sql_mode /opt/stack/data/venv/lib/python3.12/site-packages/oslo_db/sqlalchemy/engines.py:325}}
Aug 05 18:12:11.480318 np0000006581 nova-scheduler[96769]: DEBUG nova.service [None req-e37ced6d-6124-4376-a2f2-60f1758da2ea None None] Join ServiceGroup membership for this service scheduler {{(pid=96769) start /opt/stack/nova/nova/service.py:222}}
Aug 05 18:12:11.480565 np0000006581 nova-scheduler[96769]: DEBUG nova.servicegroup.drivers.db [None req-e37ced6d-6124-4376-a2f2-60f1758da2ea None None] DB_Driver: join new ServiceGroup member np0000006581 to the scheduler group, service = {{(pid=96769) join /opt/stack/nova/nova/servicegroup/drivers/db.py:44}}
Aug 05 18:12:11.482063 np0000006581 nova-scheduler[96773]: DEBUG dbcounter [-] [96773] Writer thread running {{(pid=96773) stat_writer /opt/stack/data/venv/lib/python3.12/site-packages/dbcounter.py:102}}
Aug 05 18:12:11.483708 np0000006581 nova-scheduler[96767]: DEBUG nova.service [None req-fafa95aa-2b64-40fb-87ee-601337c02ed4 None None] Join ServiceGroup membership for this service scheduler {{(pid=96767) start /opt/stack/nova/nova/service.py:222}}
Aug 05 18:12:11.483878 np0000006581 nova-scheduler[96769]: DEBUG oslo.service.backend._threading.loopingcall [None req-d1b2a93a-4e93-49bb-a7d7-1574ac9d747c None None] Dynamic interval looping call 'nova.service.Service.periodic_tasks' sleeping for 60.00 seconds {{(pid=96769) _run_loop /opt/stack/data/venv/lib/python3.12/site-packages/oslo_service/backend/_threading/loopingcall.py:125}}
Aug 05 18:12:11.483930 np0000006581 nova-scheduler[96767]: DEBUG nova.servicegroup.drivers.db [None req-fafa95aa-2b64-40fb-87ee-601337c02ed4 None None] DB_Driver: join new ServiceGroup member np0000006581 to the scheduler group, service = {{(pid=96767) join /opt/stack/nova/nova/servicegroup/drivers/db.py:44}}
Aug 05 18:12:11.485301 np0000006581 nova-scheduler[96771]: DEBUG nova.service [None req-6b46a2f0-637e-40a9-ad3d-ebcfc90b728c None None] Join ServiceGroup membership for this service scheduler {{(pid=96771) start /opt/stack/nova/nova/service.py:222}}
Aug 05 18:12:11.485582 np0000006581 nova-scheduler[96771]: DEBUG nova.servicegroup.drivers.db [None req-6b46a2f0-637e-40a9-ad3d-ebcfc90b728c None None] DB_Driver: join new ServiceGroup member np0000006581 to the scheduler group, service = {{(pid=96771) join /opt/stack/nova/nova/servicegroup/drivers/db.py:44}}
Aug 05 18:12:11.485842 np0000006581 nova-scheduler[96773]: DEBUG nova.service [None req-c0c48bb0-7b61-4739-af3d-175453172c81 None None] Creating RPC server for service: nova-scheduler on topic: scheduler {{(pid=96773) start /opt/stack/nova/nova/service.py:196}}
Aug 05 18:12:11.514508 np0000006581 nova-scheduler[96773]: DEBUG nova.service [None req-c0c48bb0-7b61-4739-af3d-175453172c81 None None] Join ServiceGroup membership for this service scheduler {{(pid=96773) start /opt/stack/nova/nova/service.py:222}}
Aug 05 18:12:11.514813 np0000006581 nova-scheduler[96773]: DEBUG nova.servicegroup.drivers.db [None req-c0c48bb0-7b61-4739-af3d-175453172c81 None None] DB_Driver: join new ServiceGroup member np0000006581 to the scheduler group, service = {{(pid=96773) join /opt/stack/nova/nova/servicegroup/drivers/db.py:44}}
Aug 05 18:12:16.498369 np0000006581 nova-scheduler[96769]: DEBUG oslo.service.backend._threading.loopingcall [-] Fixed interval looping call 'nova.servicegroup.drivers.db.DbDriver._report_state' sleeping for 119.99 seconds {{(pid=96769) _run_loop /opt/stack/data/venv/lib/python3.12/site-packages/oslo_service/backend/_threading/loopingcall.py:125}}
Aug 05 18:12:16.499069 np0000006581 nova-scheduler[96767]: DEBUG oslo.service.backend._threading.loopingcall [-] Fixed interval looping call 'nova.servicegroup.drivers.db.DbDriver._report_state' sleeping for 119.99 seconds {{(pid=96767) _run_loop /opt/stack/data/venv/lib/python3.12/site-packages/oslo_service/backend/_threading/loopingcall.py:125}}
Aug 05 18:12:16.500203 np0000006581 nova-scheduler[96771]: DEBUG oslo.service.backend._threading.loopingcall [-] Fixed interval looping call 'nova.servicegroup.drivers.db.DbDriver._report_state' sleeping for 119.99 seconds {{(pid=96771) _run_loop /opt/stack/data/venv/lib/python3.12/site-packages/oslo_service/backend/_threading/loopingcall.py:125}}
Aug 05 18:12:16.525139 np0000006581 nova-scheduler[96773]: DEBUG oslo.service.backend._threading.loopingcall [-] Fixed interval looping call 'nova.servicegroup.drivers.db.DbDriver._report_state' sleeping for 119.99 seconds {{(pid=96773) _run_loop /opt/stack/data/venv/lib/python3.12/site-packages/oslo_service/backend/_threading/loopingcall.py:125}}
Aug 05 18:12:20.010188 np0000006581 nova-scheduler[95512]: DEBUG dbcounter [-] [95512] Writing DB stats nova_api:SELECT=3 {{(pid=95512) stat_writer /opt/stack/data/venv/lib/python3.12/site-packages/dbcounter.py:115}}
Aug 05 18:12:20.156057 np0000006581 nova-scheduler[95512]: DEBUG dbcounter [-] [95512] Writing DB stats nova_cell0:SELECT=1 {{(pid=95512) stat_writer /opt/stack/data/venv/lib/python3.12/site-packages/dbcounter.py:115}}
Aug 05 18:12:20.160184 np0000006581 nova-scheduler[95512]: DEBUG dbcounter [-] [95512] Writing DB stats nova_cell1:SELECT=1 {{(pid=95512) stat_writer /opt/stack/data/venv/lib/python3.12/site-packages/dbcounter.py:115}}
Aug 05 18:12:26.493828 np0000006581 nova-scheduler[96769]: DEBUG dbcounter [-] [96769] Writing DB stats nova_cell0:SELECT=5,nova_cell0:INSERT=1,nova_cell0:UPDATE=1 {{(pid=96769) stat_writer /opt/stack/data/venv/lib/python3.12/site-packages/dbcounter.py:115}}
Aug 05 18:12:26.495380 np0000006581 nova-scheduler[96771]: DEBUG dbcounter [-] [96771] Writing DB stats nova_cell0:SELECT=4,nova_cell0:INSERT=1,nova_cell0:UPDATE=1 {{(pid=96771) stat_writer /opt/stack/data/venv/lib/python3.12/site-packages/dbcounter.py:115}}
Aug 05 18:12:26.496784 np0000006581 nova-scheduler[96767]: DEBUG dbcounter [-] [96767] Writing DB stats nova_cell0:SELECT=4,nova_cell0:INSERT=1,nova_cell0:UPDATE=1 {{(pid=96767) stat_writer /opt/stack/data/venv/lib/python3.12/site-packages/dbcounter.py:115}}
Aug 05 18:12:26.522785 np0000006581 nova-scheduler[96773]: DEBUG dbcounter [-] [96773] Writing DB stats nova_cell0:SELECT=3 {{(pid=96773) stat_writer /opt/stack/data/venv/lib/python3.12/site-packages/dbcounter.py:115}}
Aug 05 18:12:38.516878 np0000006581 nova-scheduler[96773]: DEBUG oslo.service.backend._threading.loopingcall [None req-a931b2eb-4670-4024-b3d3-4a17d45b9b00 None None] Dynamic interval looping call 'nova.service.Service.periodic_tasks' sleeping for 60.00 seconds {{(pid=96773) _run_loop /opt/stack/data/venv/lib/python3.12/site-packages/oslo_service/backend/_threading/loopingcall.py:125}}
Aug 05 18:12:40.485980 np0000006581 nova-scheduler[96767]: DEBUG oslo.service.backend._threading.loopingcall [None req-be3ce034-5324-4dcf-b5e4-6bb825bccf59 None None] Dynamic interval looping call 'nova.service.Service.periodic_tasks' sleeping for 60.00 seconds {{(pid=96767) _run_loop /opt/stack/data/venv/lib/python3.12/site-packages/oslo_service/backend/_threading/loopingcall.py:125}}
Aug 05 18:12:53.487739 np0000006581 nova-scheduler[96771]: DEBUG oslo.service.backend._threading.loopingcall [None req-a711b873-68fa-4678-8b73-cf4b102549f3 None None] Dynamic interval looping call 'nova.service.Service.periodic_tasks' sleeping for 60.00 seconds {{(pid=96771) _run_loop /opt/stack/data/venv/lib/python3.12/site-packages/oslo_service/backend/_threading/loopingcall.py:125}}
Aug 05 18:13:11.484155 np0000006581 nova-scheduler[96769]: DEBUG oslo.service.backend._threading.loopingcall [None req-d1b2a93a-4e93-49bb-a7d7-1574ac9d747c None None] Dynamic interval looping call 'nova.service.Service.periodic_tasks' sleeping for 60.00 seconds {{(pid=96769) _run_loop /opt/stack/data/venv/lib/python3.12/site-packages/oslo_service/backend/_threading/loopingcall.py:125}}
Aug 05 18:13:38.517469 np0000006581 nova-scheduler[96773]: DEBUG oslo.service.backend._threading.loopingcall [None req-a931b2eb-4670-4024-b3d3-4a17d45b9b00 None None] Dynamic interval looping call 'nova.service.Service.periodic_tasks' sleeping for 60.00 seconds {{(pid=96773) _run_loop /opt/stack/data/venv/lib/python3.12/site-packages/oslo_service/backend/_threading/loopingcall.py:125}}
Aug 05 18:13:40.486472 np0000006581 nova-scheduler[96767]: DEBUG oslo.service.backend._threading.loopingcall [None req-be3ce034-5324-4dcf-b5e4-6bb825bccf59 None None] Dynamic interval looping call 'nova.service.Service.periodic_tasks' sleeping for 60.00 seconds {{(pid=96767) _run_loop /opt/stack/data/venv/lib/python3.12/site-packages/oslo_service/backend/_threading/loopingcall.py:125}}
Aug 05 18:13:53.488193 np0000006581 nova-scheduler[96771]: DEBUG oslo.service.backend._threading.loopingcall [None req-a711b873-68fa-4678-8b73-cf4b102549f3 None None] Dynamic interval looping call 'nova.service.Service.periodic_tasks' sleeping for 60.00 seconds {{(pid=96771) _run_loop /opt/stack/data/venv/lib/python3.12/site-packages/oslo_service/backend/_threading/loopingcall.py:125}}
Aug 05 18:14:11.484617 np0000006581 nova-scheduler[96769]: DEBUG oslo.service.backend._threading.loopingcall [None req-d1b2a93a-4e93-49bb-a7d7-1574ac9d747c None None] Dynamic interval looping call 'nova.service.Service.periodic_tasks' sleeping for 60.00 seconds {{(pid=96769) _run_loop /opt/stack/data/venv/lib/python3.12/site-packages/oslo_service/backend/_threading/loopingcall.py:125}}
Aug 05 18:14:16.496067 np0000006581 nova-scheduler[96769]: DEBUG oslo.service.backend._threading.loopingcall [-] Fixed interval looping call 'nova.servicegroup.drivers.db.DbDriver._report_state' sleeping for 119.99 seconds {{(pid=96769) _run_loop /opt/stack/data/venv/lib/python3.12/site-packages/oslo_service/backend/_threading/loopingcall.py:125}}
Aug 05 18:14:16.496664 np0000006581 nova-scheduler[96767]: DEBUG oslo.service.backend._threading.loopingcall [-] Fixed interval looping call 'nova.servicegroup.drivers.db.DbDriver._report_state' sleeping for 119.99 seconds {{(pid=96767) _run_loop /opt/stack/data/venv/lib/python3.12/site-packages/oslo_service/backend/_threading/loopingcall.py:125}}
Aug 05 18:14:16.497083 np0000006581 nova-scheduler[96771]: DEBUG oslo.service.backend._threading.loopingcall [-] Fixed interval looping call 'nova.servicegroup.drivers.db.DbDriver._report_state' sleeping for 119.99 seconds {{(pid=96771) _run_loop /opt/stack/data/venv/lib/python3.12/site-packages/oslo_service/backend/_threading/loopingcall.py:125}}
Aug 05 18:14:16.519203 np0000006581 nova-scheduler[96773]: DEBUG oslo.service.backend._threading.loopingcall [-] Fixed interval looping call 'nova.servicegroup.drivers.db.DbDriver._report_state' sleeping for 120.00 seconds {{(pid=96773) _run_loop /opt/stack/data/venv/lib/python3.12/site-packages/oslo_service/backend/_threading/loopingcall.py:125}}
Aug 05 18:14:26.492036 np0000006581 nova-scheduler[96769]: DEBUG dbcounter [-] [96769] Writing DB stats nova_cell0:SELECT=1,nova_cell0:UPDATE=1 {{(pid=96769) stat_writer /opt/stack/data/venv/lib/python3.12/site-packages/dbcounter.py:115}}
Aug 05 18:14:26.493391 np0000006581 nova-scheduler[96767]: DEBUG dbcounter [-] [96767] Writing DB stats nova_cell0:SELECT=1,nova_cell0:UPDATE=1 {{(pid=96767) stat_writer /opt/stack/data/venv/lib/python3.12/site-packages/dbcounter.py:115}}
Aug 05 18:14:26.495151 np0000006581 nova-scheduler[96771]: DEBUG dbcounter [-] [96771] Writing DB stats nova_cell0:SELECT=1,nova_cell0:UPDATE=1 {{(pid=96771) stat_writer /opt/stack/data/venv/lib/python3.12/site-packages/dbcounter.py:115}}
Aug 05 18:14:26.517266 np0000006581 nova-scheduler[96773]: DEBUG dbcounter [-] [96773] Writing DB stats nova_cell0:SELECT=1 {{(pid=96773) stat_writer /opt/stack/data/venv/lib/python3.12/site-packages/dbcounter.py:115}}
Aug 05 18:14:38.518424 np0000006581 nova-scheduler[96773]: DEBUG oslo.service.backend._threading.loopingcall [None req-a931b2eb-4670-4024-b3d3-4a17d45b9b00 None None] Dynamic interval looping call 'nova.service.Service.periodic_tasks' sleeping for 60.00 seconds {{(pid=96773) _run_loop /opt/stack/data/venv/lib/python3.12/site-packages/oslo_service/backend/_threading/loopingcall.py:125}}
Aug 05 18:14:40.486985 np0000006581 nova-scheduler[96767]: DEBUG oslo.service.backend._threading.loopingcall [None req-be3ce034-5324-4dcf-b5e4-6bb825bccf59 None None] Dynamic interval looping call 'nova.service.Service.periodic_tasks' sleeping for 60.00 seconds {{(pid=96767) _run_loop /opt/stack/data/venv/lib/python3.12/site-packages/oslo_service/backend/_threading/loopingcall.py:125}}
Aug 05 18:14:46.136613 np0000006581 nova-scheduler[96769]: DEBUG nova.scheduler.manager [None req-420244c9-b507-4e99-9ed8-5383d8fe7338 tempest-ServerActionsV293TestJSON-345923635 tempest-ServerActionsV293TestJSON-345923635-project-member] Starting to schedule for instances: ['e6f3c48a-fde3-42da-af6a-befdead2b2c3'] {{(pid=96769) select_destinations /opt/stack/nova/nova/scheduler/manager.py:209}}
Aug 05 18:14:46.144619 np0000006581 nova-scheduler[96769]: DEBUG nova.scheduler.request_filter [None req-420244c9-b507-4e99-9ed8-5383d8fe7338 tempest-ServerActionsV293TestJSON-345923635 tempest-ServerActionsV293TestJSON-345923635-project-member] compute_status_filter request filter added forbidden trait COMPUTE_STATUS_DISABLED {{(pid=96769) compute_status_filter /opt/stack/nova/nova/scheduler/request_filter.py:253}}
Aug 05 18:14:46.144619 np0000006581 nova-scheduler[96769]: DEBUG nova.scheduler.request_filter [None req-420244c9-b507-4e99-9ed8-5383d8fe7338 tempest-ServerActionsV293TestJSON-345923635 tempest-ServerActionsV293TestJSON-345923635-project-member] Request filter 'compute_status_filter' took 0.0 seconds {{(pid=96769) wrapper /opt/stack/nova/nova/scheduler/request_filter.py:46}}
Aug 05 18:14:46.144619 np0000006581 nova-scheduler[96769]: DEBUG nova.scheduler.request_filter [None req-420244c9-b507-4e99-9ed8-5383d8fe7338 tempest-ServerActionsV293TestJSON-345923635 tempest-ServerActionsV293TestJSON-345923635-project-member] Request filter 'accelerators_filter' took 0.0 seconds {{(pid=96769) wrapper /opt/stack/nova/nova/scheduler/request_filter.py:46}}
Aug 05 18:14:46.144619 np0000006581 nova-scheduler[96769]: DEBUG nova.scheduler.request_filter [None req-420244c9-b507-4e99-9ed8-5383d8fe7338 tempest-ServerActionsV293TestJSON-345923635 tempest-ServerActionsV293TestJSON-345923635-project-member] Request filter 'packed_virtqueue_filter' took 0.0 seconds {{(pid=96769) wrapper /opt/stack/nova/nova/scheduler/request_filter.py:46}}
Aug 05 18:14:46.144619 np0000006581 nova-scheduler[96769]: DEBUG nova.scheduler.request_filter [None req-420244c9-b507-4e99-9ed8-5383d8fe7338 tempest-ServerActionsV293TestJSON-345923635 tempest-ServerActionsV293TestJSON-345923635-project-member] Request filter 'remote_managed_ports_filter' took 0.0 seconds {{(pid=96769) wrapper /opt/stack/nova/nova/scheduler/request_filter.py:46}}
Aug 05 18:14:46.144859 np0000006581 nova-scheduler[96769]: DEBUG nova.scheduler.request_filter [None req-420244c9-b507-4e99-9ed8-5383d8fe7338 tempest-ServerActionsV293TestJSON-345923635 tempest-ServerActionsV293TestJSON-345923635-project-member] ephemeral_encryption_filter skipped {{(pid=96769) ephemeral_encryption_filter /opt/stack/nova/nova/scheduler/request_filter.py:426}}
Aug 05 18:14:46.144859 np0000006581 nova-scheduler[96769]: DEBUG nova.scheduler.request_filter [None req-420244c9-b507-4e99-9ed8-5383d8fe7338 tempest-ServerActionsV293TestJSON-345923635 tempest-ServerActionsV293TestJSON-345923635-project-member] virtio_sound_filter skipped {{(pid=96769) virtio_sound_filter /opt/stack/nova/nova/scheduler/request_filter.py:460}}
Aug 05 18:14:46.144859 np0000006581 nova-scheduler[96769]: DEBUG nova.scheduler.request_filter [None req-420244c9-b507-4e99-9ed8-5383d8fe7338 tempest-ServerActionsV293TestJSON-345923635 tempest-ServerActionsV293TestJSON-345923635-project-member] tpm_secret_security_filter skipped {{(pid=96769) tpm_secret_security_filter /opt/stack/nova/nova/scheduler/request_filter.py:477}}
Aug 05 18:14:46.751410 np0000006581 nova-scheduler[96769]: INFO nova.utils [None req-420244c9-b507-4e99-9ed8-5383d8fe7338 tempest-ServerActionsV293TestJSON-345923635 tempest-ServerActionsV293TestJSON-345923635-project-member] The cell worker thread pool ForkProcess-2.cell_worker is initialized
Aug 05 18:14:46.751779 np0000006581 nova-scheduler[96769]: DEBUG oslo_concurrency.lockutils [None req-420244c9-b507-4e99-9ed8-5383d8fe7338 tempest-ServerActionsV293TestJSON-345923635 tempest-ServerActionsV293TestJSON-345923635-project-member] Acquiring lock "8eccd0d5-a1e8-4b2d-aabf-addc72c3674a" by "nova.context.set_target_cell..get_or_set_cached_cell_and_set_connections" {{(pid=96769) inner /opt/stack/data/venv/lib/python3.12/site-packages/oslo_concurrency/lockutils.py:512}}
Aug 05 18:14:46.752215 np0000006581 nova-scheduler[96769]: DEBUG oslo_concurrency.lockutils [None req-420244c9-b507-4e99-9ed8-5383d8fe7338 tempest-ServerActionsV293TestJSON-345923635 tempest-ServerActionsV293TestJSON-345923635-project-member] Lock "8eccd0d5-a1e8-4b2d-aabf-addc72c3674a" acquired by "nova.context.set_target_cell..get_or_set_cached_cell_and_set_connections" :: waited 0.000s {{(pid=96769) inner /opt/stack/data/venv/lib/python3.12/site-packages/oslo_concurrency/lockutils.py:525}}
Aug 05 18:14:46.753333 np0000006581 nova-scheduler[96769]: DEBUG oslo_concurrency.lockutils [None req-420244c9-b507-4e99-9ed8-5383d8fe7338 tempest-ServerActionsV293TestJSON-345923635 tempest-ServerActionsV293TestJSON-345923635-project-member] Lock "8eccd0d5-a1e8-4b2d-aabf-addc72c3674a" "released" by "nova.context.set_target_cell..get_or_set_cached_cell_and_set_connections" :: held 0.001s {{(pid=96769) inner /opt/stack/data/venv/lib/python3.12/site-packages/oslo_concurrency/lockutils.py:544}}
Aug 05 18:14:46.755605 np0000006581 nova-scheduler[96769]: INFO dbcounter [None req-420244c9-b507-4e99-9ed8-5383d8fe7338 tempest-ServerActionsV293TestJSON-345923635 tempest-ServerActionsV293TestJSON-345923635-project-member] Registered counter for database nova_cell1
Aug 05 18:14:46.803314 np0000006581 nova-scheduler[96769]: DEBUG oslo_db.sqlalchemy.engines [None req-420244c9-b507-4e99-9ed8-5383d8fe7338 tempest-ServerActionsV293TestJSON-345923635 tempest-ServerActionsV293TestJSON-345923635-project-member] MySQL server mode set to STRICT_TRANS_TABLES,STRICT_ALL_TABLES,NO_ZERO_IN_DATE,NO_ZERO_DATE,ERROR_FOR_DIVISION_BY_ZERO,TRADITIONAL,NO_ENGINE_SUBSTITUTION {{(pid=96769) _check_effective_sql_mode /opt/stack/data/venv/lib/python3.12/site-packages/oslo_db/sqlalchemy/engines.py:325}}
Aug 05 18:14:46.808933 np0000006581 nova-scheduler[96769]: DEBUG dbcounter [-] [96769] Writer thread running {{(pid=96769) stat_writer /opt/stack/data/venv/lib/python3.12/site-packages/dbcounter.py:102}}
Aug 05 18:14:46.819521 np0000006581 nova-scheduler[96769]: DEBUG oslo_db.sqlalchemy.engines [None req-420244c9-b507-4e99-9ed8-5383d8fe7338 tempest-ServerActionsV293TestJSON-345923635 tempest-ServerActionsV293TestJSON-345923635-project-member] Parent process 95512 forked (96769) with an open database connection, which is being discarded and recreated. {{(pid=96769) checkout /opt/stack/data/venv/lib/python3.12/site-packages/oslo_db/sqlalchemy/engines.py:402}}
Aug 05 18:14:46.862971 np0000006581 nova-scheduler[96769]: DEBUG dbcounter [-] [96769] Writer thread running {{(pid=96769) stat_writer /opt/stack/data/venv/lib/python3.12/site-packages/dbcounter.py:102}}
