Jul 05 17:58:39.405273 np0000004586 nova-conductor[98644]: DEBUG cotyledon.oslo_config_glue [-] profiler.es_scroll_size = 10000 {{(pid=98644) log_opt_values /opt/stack/data/venv/lib/python3.12/site-packages/oslo_config/cfg.py:3253}}
Jul 05 17:58:39.405273 np0000004586 nova-conductor[98644]: DEBUG cotyledon.oslo_config_glue [-] profiler.es_scroll_time = 2m {{(pid=98644) log_opt_values /opt/stack/data/venv/lib/python3.12/site-packages/oslo_config/cfg.py:3253}}
Jul 05 17:58:39.405273 np0000004586 nova-conductor[98644]: DEBUG cotyledon.oslo_config_glue [-] profiler.filter_error_trace = False {{(pid=98644) log_opt_values /opt/stack/data/venv/lib/python3.12/site-packages/oslo_config/cfg.py:3253}}
Jul 05 17:58:39.405273 np0000004586 nova-conductor[98644]: DEBUG cotyledon.oslo_config_glue [-] profiler.hmac_keys = **** {{(pid=98644) log_opt_values /opt/stack/data/venv/lib/python3.12/site-packages/oslo_config/cfg.py:3253}}
Jul 05 17:58:39.405273 np0000004586 nova-conductor[98644]: DEBUG cotyledon.oslo_config_glue [-] profiler.sentinel_service_name = mymaster {{(pid=98644) log_opt_values /opt/stack/data/venv/lib/python3.12/site-packages/oslo_config/cfg.py:3253}}
Jul 05 17:58:39.405273 np0000004586 nova-conductor[98644]: DEBUG cotyledon.oslo_config_glue [-] profiler.socket_timeout = 0.1 {{(pid=98644) log_opt_values /opt/stack/data/venv/lib/python3.12/site-packages/oslo_config/cfg.py:3253}}
Jul 05 17:58:39.405627 np0000004586 nova-conductor[98644]: DEBUG cotyledon.oslo_config_glue [-] profiler.trace_requests = False {{(pid=98644) log_opt_values /opt/stack/data/venv/lib/python3.12/site-packages/oslo_config/cfg.py:3253}}
Jul 05 17:58:39.405627 np0000004586 nova-conductor[98644]: DEBUG cotyledon.oslo_config_glue [-] profiler.trace_sqlalchemy = False {{(pid=98644) log_opt_values /opt/stack/data/venv/lib/python3.12/site-packages/oslo_config/cfg.py:3253}}
Jul 05 17:58:39.405627 np0000004586 nova-conductor[98644]: DEBUG cotyledon.oslo_config_glue [-] profiler_jaeger.process_tags = {} {{(pid=98644) log_opt_values /opt/stack/data/venv/lib/python3.12/site-packages/oslo_config/cfg.py:3253}}
Jul 05 17:58:39.405627 np0000004586 nova-conductor[98644]: DEBUG cotyledon.oslo_config_glue [-] profiler_jaeger.service_name_prefix = None {{(pid=98644) log_opt_values /opt/stack/data/venv/lib/python3.12/site-packages/oslo_config/cfg.py:3253}}
Jul 05 17:58:39.405627 np0000004586 nova-conductor[98644]: DEBUG cotyledon.oslo_config_glue [-] profiler_otlp.service_name_prefix = None {{(pid=98644) log_opt_values /opt/stack/data/venv/lib/python3.12/site-packages/oslo_config/cfg.py:3253}}
Jul 05 17:58:39.405627 np0000004586 nova-conductor[98644]: DEBUG cotyledon.oslo_config_glue [-] oslo_messaging_rabbit.amqp_auto_delete = False {{(pid=98644) log_opt_values /opt/stack/data/venv/lib/python3.12/site-packages/oslo_config/cfg.py:3253}}
Jul 05 17:58:39.405627 np0000004586 nova-conductor[98644]: DEBUG cotyledon.oslo_config_glue [-] oslo_messaging_rabbit.amqp_durable_queues = False {{(pid=98644) log_opt_values /opt/stack/data/venv/lib/python3.12/site-packages/oslo_config/cfg.py:3253}}
Jul 05 17:58:39.405627 np0000004586 nova-conductor[98644]: DEBUG cotyledon.oslo_config_glue [-] oslo_messaging_rabbit.conn_pool_min_size = 2 {{(pid=98644) log_opt_values /opt/stack/data/venv/lib/python3.12/site-packages/oslo_config/cfg.py:3253}}
Jul 05 17:58:39.405627 np0000004586 nova-conductor[98644]: DEBUG cotyledon.oslo_config_glue [-] oslo_messaging_rabbit.conn_pool_ttl = 1200 {{(pid=98644) log_opt_values /opt/stack/data/venv/lib/python3.12/site-packages/oslo_config/cfg.py:3253}}
Jul 05 17:58:39.405918 np0000004586 nova-conductor[98644]: DEBUG cotyledon.oslo_config_glue [-] oslo_messaging_rabbit.direct_mandatory_flag = True {{(pid=98644) log_opt_values /opt/stack/data/venv/lib/python3.12/site-packages/oslo_config/cfg.py:3253}}
Jul 05 17:58:39.405918 np0000004586 nova-conductor[98644]: DEBUG cotyledon.oslo_config_glue [-] oslo_messaging_rabbit.enable_cancel_on_failover = False {{(pid=98644) log_opt_values /opt/stack/data/venv/lib/python3.12/site-packages/oslo_config/cfg.py:3253}}
Jul 05 17:58:39.405918 np0000004586 nova-conductor[98644]: DEBUG cotyledon.oslo_config_glue [-] oslo_messaging_rabbit.heartbeat_rate = 3 {{(pid=98644) log_opt_values /opt/stack/data/venv/lib/python3.12/site-packages/oslo_config/cfg.py:3253}}
Jul 05 17:58:39.405918 np0000004586 nova-conductor[98644]: DEBUG cotyledon.oslo_config_glue [-] oslo_messaging_rabbit.heartbeat_timeout_threshold = 60 {{(pid=98644) log_opt_values /opt/stack/data/venv/lib/python3.12/site-packages/oslo_config/cfg.py:3253}}
Jul 05 17:58:39.405918 np0000004586 nova-conductor[98644]: DEBUG cotyledon.oslo_config_glue [-] oslo_messaging_rabbit.hostname = np0000004586 {{(pid=98644) log_opt_values /opt/stack/data/venv/lib/python3.12/site-packages/oslo_config/cfg.py:3253}}
Jul 05 17:58:39.405918 np0000004586 nova-conductor[98644]: DEBUG cotyledon.oslo_config_glue [-] oslo_messaging_rabbit.kombu_compression = None {{(pid=98644) log_opt_values /opt/stack/data/venv/lib/python3.12/site-packages/oslo_config/cfg.py:3253}}
Jul 05 17:58:39.405918 np0000004586 nova-conductor[98644]: DEBUG cotyledon.oslo_config_glue [-] oslo_messaging_rabbit.kombu_failover_strategy = round-robin {{(pid=98644) log_opt_values /opt/stack/data/venv/lib/python3.12/site-packages/oslo_config/cfg.py:3253}}
Jul 05 17:58:39.405918 np0000004586 nova-conductor[98644]: DEBUG cotyledon.oslo_config_glue [-] oslo_messaging_rabbit.kombu_missing_consumer_retry_timeout = 60 {{(pid=98644) log_opt_values /opt/stack/data/venv/lib/python3.12/site-packages/oslo_config/cfg.py:3253}}
Jul 05 17:58:39.405918 np0000004586 nova-conductor[98644]: DEBUG cotyledon.oslo_config_glue [-] oslo_messaging_rabbit.kombu_reconnect_delay = 1.0 {{(pid=98644) log_opt_values /opt/stack/data/venv/lib/python3.12/site-packages/oslo_config/cfg.py:3253}}
Jul 05 17:58:39.406205 np0000004586 nova-conductor[98644]: DEBUG cotyledon.oslo_config_glue [-] oslo_messaging_rabbit.kombu_reconnect_splay = 0.0 {{(pid=98644) log_opt_values /opt/stack/data/venv/lib/python3.12/site-packages/oslo_config/cfg.py:3253}}
Jul 05 17:58:39.406205 np0000004586 nova-conductor[98644]: DEBUG cotyledon.oslo_config_glue [-] oslo_messaging_rabbit.processname = nova-conductor {{(pid=98644) log_opt_values /opt/stack/data/venv/lib/python3.12/site-packages/oslo_config/cfg.py:3253}}
Jul 05 17:58:39.406205 np0000004586 nova-conductor[98644]: DEBUG cotyledon.oslo_config_glue [-] oslo_messaging_rabbit.rabbit_ha_queues = False {{(pid=98644) log_opt_values /opt/stack/data/venv/lib/python3.12/site-packages/oslo_config/cfg.py:3253}}
Jul 05 17:58:39.406205 np0000004586 nova-conductor[98644]: DEBUG cotyledon.oslo_config_glue [-] oslo_messaging_rabbit.rabbit_interval_max = 30 {{(pid=98644) log_opt_values /opt/stack/data/venv/lib/python3.12/site-packages/oslo_config/cfg.py:3253}}
Jul 05 17:58:39.406205 np0000004586 nova-conductor[98644]: DEBUG cotyledon.oslo_config_glue [-] oslo_messaging_rabbit.rabbit_login_method = AMQPLAIN {{(pid=98644) log_opt_values /opt/stack/data/venv/lib/python3.12/site-packages/oslo_config/cfg.py:3253}}
Jul 05 17:58:39.406205 np0000004586 nova-conductor[98644]: DEBUG cotyledon.oslo_config_glue [-] oslo_messaging_rabbit.rabbit_qos_prefetch_count = 0 {{(pid=98644) log_opt_values /opt/stack/data/venv/lib/python3.12/site-packages/oslo_config/cfg.py:3253}}
Jul 05 17:58:39.406205 np0000004586 nova-conductor[98644]: DEBUG cotyledon.oslo_config_glue [-] oslo_messaging_rabbit.rabbit_quorum_delivery_limit = 0 {{(pid=98644) log_opt_values /opt/stack/data/venv/lib/python3.12/site-packages/oslo_config/cfg.py:3253}}
Jul 05 17:58:39.406205 np0000004586 nova-conductor[98644]: DEBUG cotyledon.oslo_config_glue [-] oslo_messaging_rabbit.rabbit_quorum_max_memory_bytes = 0 {{(pid=98644) log_opt_values /opt/stack/data/venv/lib/python3.12/site-packages/oslo_config/cfg.py:3253}}
Jul 05 17:58:39.406205 np0000004586 nova-conductor[98644]: DEBUG cotyledon.oslo_config_glue [-] oslo_messaging_rabbit.rabbit_quorum_max_memory_length = 0 {{(pid=98644) log_opt_values /opt/stack/data/venv/lib/python3.12/site-packages/oslo_config/cfg.py:3253}}
Jul 05 17:58:39.406545 np0000004586 nova-conductor[98644]: DEBUG cotyledon.oslo_config_glue [-] oslo_messaging_rabbit.rabbit_quorum_queue = False {{(pid=98644) log_opt_values /opt/stack/data/venv/lib/python3.12/site-packages/oslo_config/cfg.py:3253}}
Jul 05 17:58:39.406545 np0000004586 nova-conductor[98644]: DEBUG cotyledon.oslo_config_glue [-] oslo_messaging_rabbit.rabbit_retry_backoff = 2 {{(pid=98644) log_opt_values /opt/stack/data/venv/lib/python3.12/site-packages/oslo_config/cfg.py:3253}}
Jul 05 17:58:39.406545 np0000004586 nova-conductor[98644]: DEBUG cotyledon.oslo_config_glue [-] oslo_messaging_rabbit.rabbit_retry_interval = 1 {{(pid=98644) log_opt_values /opt/stack/data/venv/lib/python3.12/site-packages/oslo_config/cfg.py:3253}}
Jul 05 17:58:39.406545 np0000004586 nova-conductor[98644]: DEBUG cotyledon.oslo_config_glue [-] oslo_messaging_rabbit.rabbit_stream_fanout = False {{(pid=98644) log_opt_values /opt/stack/data/venv/lib/python3.12/site-packages/oslo_config/cfg.py:3253}}
Jul 05 17:58:39.406545 np0000004586 nova-conductor[98644]: DEBUG cotyledon.oslo_config_glue [-] oslo_messaging_rabbit.rabbit_transient_queues_ttl = 1800 {{(pid=98644) log_opt_values /opt/stack/data/venv/lib/python3.12/site-packages/oslo_config/cfg.py:3253}}
Jul 05 17:58:39.406712 np0000004586 nova-conductor[98640]: INFO dbcounter [None req-325990a8-9ddf-4adf-a270-1eb7a28c8b5b None None] Registered counter for database nova_cell0
Jul 05 17:58:39.406755 np0000004586 nova-conductor[98644]: DEBUG cotyledon.oslo_config_glue [-] oslo_messaging_rabbit.rabbit_transient_quorum_queue = False {{(pid=98644) log_opt_values /opt/stack/data/venv/lib/python3.12/site-packages/oslo_config/cfg.py:3253}}
Jul 05 17:58:39.406755 np0000004586 nova-conductor[98644]: DEBUG cotyledon.oslo_config_glue [-] oslo_messaging_rabbit.rpc_conn_pool_size = 30 {{(pid=98644) log_opt_values /opt/stack/data/venv/lib/python3.12/site-packages/oslo_config/cfg.py:3253}}
Jul 05 17:58:39.406755 np0000004586 nova-conductor[98644]: DEBUG cotyledon.oslo_config_glue [-] oslo_messaging_rabbit.ssl = False {{(pid=98644) log_opt_values /opt/stack/data/venv/lib/python3.12/site-packages/oslo_config/cfg.py:3253}}
Jul 05 17:58:39.406755 np0000004586 nova-conductor[98644]: DEBUG cotyledon.oslo_config_glue [-] oslo_messaging_rabbit.ssl_ca_file = {{(pid=98644) log_opt_values /opt/stack/data/venv/lib/python3.12/site-packages/oslo_config/cfg.py:3253}}
Jul 05 17:58:39.406755 np0000004586 nova-conductor[98644]: DEBUG cotyledon.oslo_config_glue [-] oslo_messaging_rabbit.ssl_cert_file = {{(pid=98644) log_opt_values /opt/stack/data/venv/lib/python3.12/site-packages/oslo_config/cfg.py:3253}}
Jul 05 17:58:39.406755 np0000004586 nova-conductor[98644]: DEBUG cotyledon.oslo_config_glue [-] oslo_messaging_rabbit.ssl_enforce_fips_mode = False {{(pid=98644) log_opt_values /opt/stack/data/venv/lib/python3.12/site-packages/oslo_config/cfg.py:3253}}
Jul 05 17:58:39.406755 np0000004586 nova-conductor[98644]: DEBUG cotyledon.oslo_config_glue [-] oslo_messaging_rabbit.ssl_enforce_hostname_verification = True {{(pid=98644) log_opt_values /opt/stack/data/venv/lib/python3.12/site-packages/oslo_config/cfg.py:3253}}
Jul 05 17:58:39.406755 np0000004586 nova-conductor[98644]: DEBUG cotyledon.oslo_config_glue [-] oslo_messaging_rabbit.ssl_key_file = {{(pid=98644) log_opt_values /opt/stack/data/venv/lib/python3.12/site-packages/oslo_config/cfg.py:3253}}
Jul 05 17:58:39.406755 np0000004586 nova-conductor[98644]: DEBUG cotyledon.oslo_config_glue [-] oslo_messaging_rabbit.ssl_version = {{(pid=98644) log_opt_values /opt/stack/data/venv/lib/python3.12/site-packages/oslo_config/cfg.py:3253}}
Jul 05 17:58:39.407046 np0000004586 nova-conductor[98644]: DEBUG cotyledon.oslo_config_glue [-] oslo_messaging_rabbit.use_queue_manager = False {{(pid=98644) log_opt_values /opt/stack/data/venv/lib/python3.12/site-packages/oslo_config/cfg.py:3253}}
Jul 05 17:58:39.407046 np0000004586 nova-conductor[98644]: DEBUG cotyledon.oslo_config_glue [-] oslo_messaging_notifications.driver = ['messagingv2'] {{(pid=98644) log_opt_values /opt/stack/data/venv/lib/python3.12/site-packages/oslo_config/cfg.py:3253}}
Jul 05 17:58:39.407046 np0000004586 nova-conductor[98644]: DEBUG cotyledon.oslo_config_glue [-] oslo_messaging_notifications.retry = -1 {{(pid=98644) log_opt_values /opt/stack/data/venv/lib/python3.12/site-packages/oslo_config/cfg.py:3253}}
Jul 05 17:58:39.407046 np0000004586 nova-conductor[98644]: DEBUG cotyledon.oslo_config_glue [-] oslo_messaging_notifications.topics = ['notifications'] {{(pid=98644) log_opt_values /opt/stack/data/venv/lib/python3.12/site-packages/oslo_config/cfg.py:3253}}
Jul 05 17:58:39.407046 np0000004586 nova-conductor[98644]: DEBUG cotyledon.oslo_config_glue [-] oslo_messaging_notifications.transport_url = **** {{(pid=98644) log_opt_values /opt/stack/data/venv/lib/python3.12/site-packages/oslo_config/cfg.py:3253}}
Jul 05 17:58:39.407046 np0000004586 nova-conductor[98644]: DEBUG cotyledon.oslo_config_glue [-] oslo_limit.auth_section = None {{(pid=98644) log_opt_values /opt/stack/data/venv/lib/python3.12/site-packages/oslo_config/cfg.py:3253}}
Jul 05 17:58:39.407046 np0000004586 nova-conductor[98644]: DEBUG cotyledon.oslo_config_glue [-] oslo_limit.auth_type = None {{(pid=98644) log_opt_values /opt/stack/data/venv/lib/python3.12/site-packages/oslo_config/cfg.py:3253}}
Jul 05 17:58:39.407046 np0000004586 nova-conductor[98644]: DEBUG cotyledon.oslo_config_glue [-] oslo_limit.cafile = None {{(pid=98644) log_opt_values /opt/stack/data/venv/lib/python3.12/site-packages/oslo_config/cfg.py:3253}}
Jul 05 17:58:39.407046 np0000004586 nova-conductor[98644]: DEBUG cotyledon.oslo_config_glue [-] oslo_limit.certfile = None {{(pid=98644) log_opt_values /opt/stack/data/venv/lib/python3.12/site-packages/oslo_config/cfg.py:3253}}
Jul 05 17:58:39.407369 np0000004586 nova-conductor[98644]: DEBUG cotyledon.oslo_config_glue [-] oslo_limit.collect_timing = False {{(pid=98644) log_opt_values /opt/stack/data/venv/lib/python3.12/site-packages/oslo_config/cfg.py:3253}}
Jul 05 17:58:39.407369 np0000004586 nova-conductor[98644]: DEBUG cotyledon.oslo_config_glue [-] oslo_limit.connect_retries = None {{(pid=98644) log_opt_values /opt/stack/data/venv/lib/python3.12/site-packages/oslo_config/cfg.py:3253}}
Jul 05 17:58:39.407369 np0000004586 nova-conductor[98644]: DEBUG cotyledon.oslo_config_glue [-] oslo_limit.connect_retry_delay = None {{(pid=98644) log_opt_values /opt/stack/data/venv/lib/python3.12/site-packages/oslo_config/cfg.py:3253}}
Jul 05 17:58:39.407369 np0000004586 nova-conductor[98644]: DEBUG cotyledon.oslo_config_glue [-] oslo_limit.endpoint_id = None {{(pid=98644) log_opt_values /opt/stack/data/venv/lib/python3.12/site-packages/oslo_config/cfg.py:3253}}
Jul 05 17:58:39.407369 np0000004586 nova-conductor[98644]: DEBUG cotyledon.oslo_config_glue [-] oslo_limit.endpoint_interface = public {{(pid=98644) log_opt_values /opt/stack/data/venv/lib/python3.12/site-packages/oslo_config/cfg.py:3253}}
Jul 05 17:58:39.407369 np0000004586 nova-conductor[98644]: DEBUG cotyledon.oslo_config_glue [-] oslo_limit.endpoint_override = None {{(pid=98644) log_opt_values /opt/stack/data/venv/lib/python3.12/site-packages/oslo_config/cfg.py:3253}}
Jul 05 17:58:39.407369 np0000004586 nova-conductor[98644]: DEBUG cotyledon.oslo_config_glue [-] oslo_limit.endpoint_region_name = None {{(pid=98644) log_opt_values /opt/stack/data/venv/lib/python3.12/site-packages/oslo_config/cfg.py:3253}}
Jul 05 17:58:39.407369 np0000004586 nova-conductor[98644]: DEBUG cotyledon.oslo_config_glue [-] oslo_limit.endpoint_service_name = None {{(pid=98644) log_opt_values /opt/stack/data/venv/lib/python3.12/site-packages/oslo_config/cfg.py:3253}}
Jul 05 17:58:39.407369 np0000004586 nova-conductor[98644]: DEBUG cotyledon.oslo_config_glue [-] oslo_limit.endpoint_service_type = None {{(pid=98644) log_opt_values /opt/stack/data/venv/lib/python3.12/site-packages/oslo_config/cfg.py:3253}}
Jul 05 17:58:39.407682 np0000004586 nova-conductor[98644]: DEBUG cotyledon.oslo_config_glue [-] oslo_limit.insecure = False {{(pid=98644) log_opt_values /opt/stack/data/venv/lib/python3.12/site-packages/oslo_config/cfg.py:3253}}
Jul 05 17:58:39.407682 np0000004586 nova-conductor[98644]: DEBUG cotyledon.oslo_config_glue [-] oslo_limit.keyfile = None {{(pid=98644) log_opt_values /opt/stack/data/venv/lib/python3.12/site-packages/oslo_config/cfg.py:3253}}
Jul 05 17:58:39.407682 np0000004586 nova-conductor[98644]: DEBUG cotyledon.oslo_config_glue [-] oslo_limit.max_version = None {{(pid=98644) log_opt_values /opt/stack/data/venv/lib/python3.12/site-packages/oslo_config/cfg.py:3253}}
Jul 05 17:58:39.407682 np0000004586 nova-conductor[98644]: DEBUG cotyledon.oslo_config_glue [-] oslo_limit.min_version = None {{(pid=98644) log_opt_values /opt/stack/data/venv/lib/python3.12/site-packages/oslo_config/cfg.py:3253}}
Jul 05 17:58:39.407682 np0000004586 nova-conductor[98644]: DEBUG cotyledon.oslo_config_glue [-] oslo_limit.region_name = None {{(pid=98644) log_opt_values /opt/stack/data/venv/lib/python3.12/site-packages/oslo_config/cfg.py:3253}}
Jul 05 17:58:39.407682 np0000004586 nova-conductor[98644]: DEBUG cotyledon.oslo_config_glue [-] oslo_limit.retriable_status_codes = None {{(pid=98644) log_opt_values /opt/stack/data/venv/lib/python3.12/site-packages/oslo_config/cfg.py:3253}}
Jul 05 17:58:39.407682 np0000004586 nova-conductor[98644]: DEBUG cotyledon.oslo_config_glue [-] oslo_limit.service_name = None {{(pid=98644) log_opt_values /opt/stack/data/venv/lib/python3.12/site-packages/oslo_config/cfg.py:3253}}
Jul 05 17:58:39.407682 np0000004586 nova-conductor[98644]: DEBUG cotyledon.oslo_config_glue [-] oslo_limit.service_type = None {{(pid=98644) log_opt_values /opt/stack/data/venv/lib/python3.12/site-packages/oslo_config/cfg.py:3253}}
Jul 05 17:58:39.407682 np0000004586 nova-conductor[98644]: DEBUG cotyledon.oslo_config_glue [-] oslo_limit.split_loggers = False {{(pid=98644) log_opt_values /opt/stack/data/venv/lib/python3.12/site-packages/oslo_config/cfg.py:3253}}
Jul 05 17:58:39.407981 np0000004586 nova-conductor[98644]: DEBUG cotyledon.oslo_config_glue [-] oslo_limit.status_code_retries = None {{(pid=98644) log_opt_values /opt/stack/data/venv/lib/python3.12/site-packages/oslo_config/cfg.py:3253}}
Jul 05 17:58:39.407981 np0000004586 nova-conductor[98644]: DEBUG cotyledon.oslo_config_glue [-] oslo_limit.status_code_retry_delay = None {{(pid=98644) log_opt_values /opt/stack/data/venv/lib/python3.12/site-packages/oslo_config/cfg.py:3253}}
Jul 05 17:58:39.407981 np0000004586 nova-conductor[98644]: DEBUG cotyledon.oslo_config_glue [-] oslo_limit.timeout = None {{(pid=98644) log_opt_values /opt/stack/data/venv/lib/python3.12/site-packages/oslo_config/cfg.py:3253}}
Jul 05 17:58:39.407981 np0000004586 nova-conductor[98644]: DEBUG cotyledon.oslo_config_glue [-] oslo_limit.valid_interfaces = None {{(pid=98644) log_opt_values /opt/stack/data/venv/lib/python3.12/site-packages/oslo_config/cfg.py:3253}}
Jul 05 17:58:39.407981 np0000004586 nova-conductor[98644]: DEBUG cotyledon.oslo_config_glue [-] oslo_limit.version = None {{(pid=98644) log_opt_values /opt/stack/data/venv/lib/python3.12/site-packages/oslo_config/cfg.py:3253}}
Jul 05 17:58:39.407981 np0000004586 nova-conductor[98644]: DEBUG cotyledon.oslo_config_glue [-] oslo_reports.file_event_handler = None {{(pid=98644) log_opt_values /opt/stack/data/venv/lib/python3.12/site-packages/oslo_config/cfg.py:3253}}
Jul 05 17:58:39.407981 np0000004586 nova-conductor[98644]: DEBUG cotyledon.oslo_config_glue [-] oslo_reports.file_event_handler_interval = 1 {{(pid=98644) log_opt_values /opt/stack/data/venv/lib/python3.12/site-packages/oslo_config/cfg.py:3253}}
Jul 05 17:58:39.407981 np0000004586 nova-conductor[98644]: DEBUG cotyledon.oslo_config_glue [-] oslo_reports.log_dir = None {{(pid=98644) log_opt_values /opt/stack/data/venv/lib/python3.12/site-packages/oslo_config/cfg.py:3253}}
Jul 05 17:58:39.407981 np0000004586 nova-conductor[98644]: DEBUG cotyledon.oslo_config_glue [-] ******************************************************************************** {{(pid=98644) log_opt_values /opt/stack/data/venv/lib/python3.12/site-packages/oslo_config/cfg.py:3260}}
Jul 05 17:58:39.408261 np0000004586 nova-conductor[98644]: DEBUG cotyledon._service_worker [-] Run service ServiceWrapper(3) [98644] {{(pid=98644) wait_forever /opt/stack/data/venv/lib/python3.12/site-packages/cotyledon/_service_worker.py:218}}
Jul 05 17:58:39.408261 np0000004586 nova-conductor[98644]: INFO nova.service [-] Starting conductor node (version 33.1.0)
Jul 05 17:58:39.408261 np0000004586 nova-conductor[98644]: INFO dbcounter [None req-f6763fa5-8072-47af-977a-6a6af2995d57 None None] Registered counter for database nova_cell0
Jul 05 17:58:39.408390 np0000004586 nova-conductor[98629]: DEBUG oslo_db.sqlalchemy.engines [None req-46a5d870-4784-4ff7-ab12-786aa8983981 None None] MySQL server mode set to STRICT_TRANS_TABLES,STRICT_ALL_TABLES,NO_ZERO_IN_DATE,NO_ZERO_DATE,ERROR_FOR_DIVISION_BY_ZERO,TRADITIONAL,NO_ENGINE_SUBSTITUTION {{(pid=98629) _check_effective_sql_mode /opt/stack/data/venv/lib/python3.12/site-packages/oslo_db/sqlalchemy/engines.py:325}}
Jul 05 17:58:39.408443 np0000004586 nova-conductor[98634]: DEBUG oslo_db.sqlalchemy.engines [None req-0771064e-f6bb-4f80-89d5-150e37ebfb64 None None] MySQL server mode set to STRICT_TRANS_TABLES,STRICT_ALL_TABLES,NO_ZERO_IN_DATE,NO_ZERO_DATE,ERROR_FOR_DIVISION_BY_ZERO,TRADITIONAL,NO_ENGINE_SUBSTITUTION {{(pid=98634) _check_effective_sql_mode /opt/stack/data/venv/lib/python3.12/site-packages/oslo_db/sqlalchemy/engines.py:325}}
Jul 05 17:58:39.408488 np0000004586 nova-conductor[98629]: DEBUG dbcounter [-] [98629] Writer thread running {{(pid=98629) stat_writer /opt/stack/data/venv/lib/python3.12/site-packages/dbcounter.py:102}}
Jul 05 17:58:39.408531 np0000004586 nova-conductor[98634]: DEBUG dbcounter [-] [98634] Writer thread running {{(pid=98634) stat_writer /opt/stack/data/venv/lib/python3.12/site-packages/dbcounter.py:102}}
Jul 05 17:58:39.408567 np0000004586 nova-conductor[98640]: DEBUG oslo_db.sqlalchemy.engines [None req-325990a8-9ddf-4adf-a270-1eb7a28c8b5b None None] MySQL server mode set to STRICT_TRANS_TABLES,STRICT_ALL_TABLES,NO_ZERO_IN_DATE,NO_ZERO_DATE,ERROR_FOR_DIVISION_BY_ZERO,TRADITIONAL,NO_ENGINE_SUBSTITUTION {{(pid=98640) _check_effective_sql_mode /opt/stack/data/venv/lib/python3.12/site-packages/oslo_db/sqlalchemy/engines.py:325}}
Jul 05 17:58:39.408614 np0000004586 nova-conductor[98629]: DEBUG nova.service [None req-46a5d870-4784-4ff7-ab12-786aa8983981 None None] Creating RPC server for service: nova-conductor on topic: conductor {{(pid=98629) start /opt/stack/nova/nova/service.py:196}}
Jul 05 17:58:39.416368 np0000004586 nova-conductor[98640]: DEBUG dbcounter [-] [98640] Writer thread running {{(pid=98640) stat_writer /opt/stack/data/venv/lib/python3.12/site-packages/dbcounter.py:102}}
Jul 05 17:58:39.419693 np0000004586 nova-conductor[98640]: DEBUG nova.service [None req-325990a8-9ddf-4adf-a270-1eb7a28c8b5b None None] Creating RPC server for service: nova-conductor on topic: conductor {{(pid=98640) start /opt/stack/nova/nova/service.py:196}}
Jul 05 17:58:39.420573 np0000004586 nova-conductor[98634]: DEBUG nova.service [None req-0771064e-f6bb-4f80-89d5-150e37ebfb64 None None] Creating RPC server for service: nova-conductor on topic: conductor {{(pid=98634) start /opt/stack/nova/nova/service.py:196}}
Jul 05 17:58:39.423615 np0000004586 nova-conductor[98644]: DEBUG oslo_db.sqlalchemy.engines [None req-f6763fa5-8072-47af-977a-6a6af2995d57 None None] MySQL server mode set to STRICT_TRANS_TABLES,STRICT_ALL_TABLES,NO_ZERO_IN_DATE,NO_ZERO_DATE,ERROR_FOR_DIVISION_BY_ZERO,TRADITIONAL,NO_ENGINE_SUBSTITUTION {{(pid=98644) _check_effective_sql_mode /opt/stack/data/venv/lib/python3.12/site-packages/oslo_db/sqlalchemy/engines.py:325}}
Jul 05 17:58:39.432758 np0000004586 nova-conductor[98629]: DEBUG nova.service [None req-46a5d870-4784-4ff7-ab12-786aa8983981 None None] Join ServiceGroup membership for this service conductor {{(pid=98629) start /opt/stack/nova/nova/service.py:222}}
Jul 05 17:58:39.433494 np0000004586 nova-conductor[98629]: DEBUG nova.servicegroup.drivers.db [None req-46a5d870-4784-4ff7-ab12-786aa8983981 None None] DB_Driver: join new ServiceGroup member np0000004586 to the conductor group, service = {{(pid=98629) join /opt/stack/nova/nova/servicegroup/drivers/db.py:44}}
Jul 05 17:58:39.435617 np0000004586 nova-conductor[98644]: DEBUG dbcounter [-] [98644] Writer thread running {{(pid=98644) stat_writer /opt/stack/data/venv/lib/python3.12/site-packages/dbcounter.py:102}}
Jul 05 17:58:39.439054 np0000004586 nova-conductor[98644]: DEBUG nova.service [None req-f6763fa5-8072-47af-977a-6a6af2995d57 None None] Creating RPC server for service: nova-conductor on topic: conductor {{(pid=98644) start /opt/stack/nova/nova/service.py:196}}
Jul 05 17:58:39.439698 np0000004586 nova-conductor[98640]: DEBUG nova.service [None req-325990a8-9ddf-4adf-a270-1eb7a28c8b5b None None] Join ServiceGroup membership for this service conductor {{(pid=98640) start /opt/stack/nova/nova/service.py:222}}
Jul 05 17:58:39.440054 np0000004586 nova-conductor[98640]: DEBUG nova.servicegroup.drivers.db [None req-325990a8-9ddf-4adf-a270-1eb7a28c8b5b None None] DB_Driver: join new ServiceGroup member np0000004586 to the conductor group, service = {{(pid=98640) join /opt/stack/nova/nova/servicegroup/drivers/db.py:44}}
Jul 05 17:58:39.441494 np0000004586 nova-conductor[98634]: DEBUG nova.service [None req-0771064e-f6bb-4f80-89d5-150e37ebfb64 None None] Join ServiceGroup membership for this service conductor {{(pid=98634) start /opt/stack/nova/nova/service.py:222}}
Jul 05 17:58:39.441689 np0000004586 nova-conductor[98634]: DEBUG nova.servicegroup.drivers.db [None req-0771064e-f6bb-4f80-89d5-150e37ebfb64 None None] DB_Driver: join new ServiceGroup member np0000004586 to the conductor group, service = {{(pid=98634) join /opt/stack/nova/nova/servicegroup/drivers/db.py:44}}
Jul 05 17:58:39.460893 np0000004586 nova-conductor[98644]: DEBUG nova.service [None req-f6763fa5-8072-47af-977a-6a6af2995d57 None None] Join ServiceGroup membership for this service conductor {{(pid=98644) start /opt/stack/nova/nova/service.py:222}}
Jul 05 17:58:39.461417 np0000004586 nova-conductor[98644]: DEBUG nova.servicegroup.drivers.db [None req-f6763fa5-8072-47af-977a-6a6af2995d57 None None] DB_Driver: join new ServiceGroup member np0000004586 to the conductor group, service = {{(pid=98644) join /opt/stack/nova/nova/servicegroup/drivers/db.py:44}}
Jul 05 17:58:41.442409 np0000004586 nova-conductor[98640]: DEBUG oslo.service.backend._threading.loopingcall [None req-4cbe94b1-4efe-4c1d-9fcf-138342cd630e None None] Dynamic interval looping call 'nova.service.Service.periodic_tasks' sleeping for 60.00 seconds {{(pid=98640) _run_loop /opt/stack/data/venv/lib/python3.12/site-packages/oslo_service/backend/_threading/loopingcall.py:125}}
Jul 05 17:58:44.455029 np0000004586 nova-conductor[98634]: DEBUG oslo.service.backend._threading.loopingcall [-] Fixed interval looping call 'nova.servicegroup.drivers.db.DbDriver._report_state' sleeping for 119.99 seconds {{(pid=98634) _run_loop /opt/stack/data/venv/lib/python3.12/site-packages/oslo_service/backend/_threading/loopingcall.py:125}}
Jul 05 17:58:44.455476 np0000004586 nova-conductor[98629]: DEBUG oslo.service.backend._threading.loopingcall [-] Fixed interval looping call 'nova.servicegroup.drivers.db.DbDriver._report_state' sleeping for 119.98 seconds {{(pid=98629) _run_loop /opt/stack/data/venv/lib/python3.12/site-packages/oslo_service/backend/_threading/loopingcall.py:125}}
Jul 05 17:58:44.458080 np0000004586 nova-conductor[98640]: DEBUG oslo.service.backend._threading.loopingcall [-] Fixed interval looping call 'nova.servicegroup.drivers.db.DbDriver._report_state' sleeping for 119.98 seconds {{(pid=98640) _run_loop /opt/stack/data/venv/lib/python3.12/site-packages/oslo_service/backend/_threading/loopingcall.py:125}}
Jul 05 17:58:44.474985 np0000004586 nova-conductor[98644]: DEBUG oslo.service.backend._threading.loopingcall [-] Fixed interval looping call 'nova.servicegroup.drivers.db.DbDriver._report_state' sleeping for 119.99 seconds {{(pid=98644) _run_loop /opt/stack/data/venv/lib/python3.12/site-packages/oslo_service/backend/_threading/loopingcall.py:125}}
Jul 05 17:58:47.972939 np0000004586 nova-conductor[97196]: DEBUG dbcounter [-] [97196] Writing DB stats nova_api:SELECT=1 {{(pid=97196) stat_writer /opt/stack/data/venv/lib/python3.12/site-packages/dbcounter.py:115}}
Jul 05 17:58:48.121177 np0000004586 nova-conductor[97196]: DEBUG dbcounter [-] [97196] Writing DB stats nova_cell0:SELECT=1 {{(pid=97196) stat_writer /opt/stack/data/venv/lib/python3.12/site-packages/dbcounter.py:115}}
Jul 05 17:58:48.130965 np0000004586 nova-conductor[97196]: DEBUG dbcounter [-] [97196] Writing DB stats nova_cell1:SELECT=1 {{(pid=97196) stat_writer /opt/stack/data/venv/lib/python3.12/site-packages/dbcounter.py:115}}
Jul 05 17:58:54.444223 np0000004586 nova-conductor[98629]: DEBUG dbcounter [-] [98629] Writing DB stats nova_cell0:SELECT=4,nova_cell0:INSERT=1,nova_cell0:UPDATE=1 {{(pid=98629) stat_writer /opt/stack/data/venv/lib/python3.12/site-packages/dbcounter.py:115}}
Jul 05 17:58:54.451332 np0000004586 nova-conductor[98634]: DEBUG dbcounter [-] [98634] Writing DB stats nova_cell0:SELECT=4,nova_cell0:INSERT=1,nova_cell0:UPDATE=1 {{(pid=98634) stat_writer /opt/stack/data/venv/lib/python3.12/site-packages/dbcounter.py:115}}
Jul 05 17:58:54.454754 np0000004586 nova-conductor[98640]: DEBUG dbcounter [-] [98640] Writing DB stats nova_cell0:SELECT=3 {{(pid=98640) stat_writer /opt/stack/data/venv/lib/python3.12/site-packages/dbcounter.py:115}}
Jul 05 17:58:54.472641 np0000004586 nova-conductor[98644]: DEBUG dbcounter [-] [98644] Writing DB stats nova_cell0:SELECT=3 {{(pid=98644) stat_writer /opt/stack/data/venv/lib/python3.12/site-packages/dbcounter.py:115}}
Jul 05 17:58:58.463919 np0000004586 nova-conductor[98644]: DEBUG oslo.service.backend._threading.loopingcall [None req-ff70bd9c-af71-4d76-ad21-5a4150fcaef8 None None] Dynamic interval looping call 'nova.service.Service.periodic_tasks' sleeping for 60.00 seconds {{(pid=98644) _run_loop /opt/stack/data/venv/lib/python3.12/site-packages/oslo_service/backend/_threading/loopingcall.py:125}}
Jul 05 17:59:10.435501 np0000004586 nova-conductor[98629]: DEBUG oslo.service.backend._threading.loopingcall [None req-8c8b08f9-73b8-4cb9-bbc0-a9a90289e7fe None None] Dynamic interval looping call 'nova.service.Service.periodic_tasks' sleeping for 60.00 seconds {{(pid=98629) _run_loop /opt/stack/data/venv/lib/python3.12/site-packages/oslo_service/backend/_threading/loopingcall.py:125}}
Jul 05 17:59:27.443913 np0000004586 nova-conductor[98634]: DEBUG oslo.service.backend._threading.loopingcall [None req-8b7af15c-ced7-4427-9a63-73ecd75bb777 None None] Dynamic interval looping call 'nova.service.Service.periodic_tasks' sleeping for 60.00 seconds {{(pid=98634) _run_loop /opt/stack/data/venv/lib/python3.12/site-packages/oslo_service/backend/_threading/loopingcall.py:125}}
Jul 05 17:59:41.442958 np0000004586 nova-conductor[98640]: DEBUG oslo.service.backend._threading.loopingcall [None req-4cbe94b1-4efe-4c1d-9fcf-138342cd630e None None] Dynamic interval looping call 'nova.service.Service.periodic_tasks' sleeping for 60.00 seconds {{(pid=98640) _run_loop /opt/stack/data/venv/lib/python3.12/site-packages/oslo_service/backend/_threading/loopingcall.py:125}}
Jul 05 17:59:58.464478 np0000004586 nova-conductor[98644]: DEBUG oslo.service.backend._threading.loopingcall [None req-ff70bd9c-af71-4d76-ad21-5a4150fcaef8 None None] Dynamic interval looping call 'nova.service.Service.periodic_tasks' sleeping for 60.00 seconds {{(pid=98644) _run_loop /opt/stack/data/venv/lib/python3.12/site-packages/oslo_service/backend/_threading/loopingcall.py:125}}
Jul 05 18:00:10.436020 np0000004586 nova-conductor[98629]: DEBUG oslo.service.backend._threading.loopingcall [None req-8c8b08f9-73b8-4cb9-bbc0-a9a90289e7fe None None] Dynamic interval looping call 'nova.service.Service.periodic_tasks' sleeping for 60.00 seconds {{(pid=98629) _run_loop /opt/stack/data/venv/lib/python3.12/site-packages/oslo_service/backend/_threading/loopingcall.py:125}}
Jul 05 18:00:27.444620 np0000004586 nova-conductor[98634]: DEBUG oslo.service.backend._threading.loopingcall [None req-8b7af15c-ced7-4427-9a63-73ecd75bb777 None None] Dynamic interval looping call 'nova.service.Service.periodic_tasks' sleeping for 60.00 seconds {{(pid=98634) _run_loop /opt/stack/data/venv/lib/python3.12/site-packages/oslo_service/backend/_threading/loopingcall.py:125}}
Jul 05 18:00:41.443451 np0000004586 nova-conductor[98640]: DEBUG oslo.service.backend._threading.loopingcall [None req-4cbe94b1-4efe-4c1d-9fcf-138342cd630e None None] Dynamic interval looping call 'nova.service.Service.periodic_tasks' sleeping for 60.00 seconds {{(pid=98640) _run_loop /opt/stack/data/venv/lib/python3.12/site-packages/oslo_service/backend/_threading/loopingcall.py:125}}
Jul 05 18:00:44.443840 np0000004586 nova-conductor[98629]: DEBUG oslo.service.backend._threading.loopingcall [-] Fixed interval looping call 'nova.servicegroup.drivers.db.DbDriver._report_state' sleeping for 119.99 seconds {{(pid=98629) _run_loop /opt/stack/data/venv/lib/python3.12/site-packages/oslo_service/backend/_threading/loopingcall.py:125}}
Jul 05 18:00:44.445067 np0000004586 nova-conductor[98640]: DEBUG oslo.service.backend._threading.loopingcall [-] Fixed interval looping call 'nova.servicegroup.drivers.db.DbDriver._report_state' sleeping for 119.99 seconds {{(pid=98640) _run_loop /opt/stack/data/venv/lib/python3.12/site-packages/oslo_service/backend/_threading/loopingcall.py:125}}
Jul 05 18:00:44.448941 np0000004586 nova-conductor[98634]: DEBUG oslo.service.backend._threading.loopingcall [-] Fixed interval looping call 'nova.servicegroup.drivers.db.DbDriver._report_state' sleeping for 120.00 seconds {{(pid=98634) _run_loop /opt/stack/data/venv/lib/python3.12/site-packages/oslo_service/backend/_threading/loopingcall.py:125}}
Jul 05 18:00:44.469152 np0000004586 nova-conductor[98644]: DEBUG oslo.service.backend._threading.loopingcall [-] Fixed interval looping call 'nova.servicegroup.drivers.db.DbDriver._report_state' sleeping for 120.00 seconds {{(pid=98644) _run_loop /opt/stack/data/venv/lib/python3.12/site-packages/oslo_service/backend/_threading/loopingcall.py:125}}
Jul 05 18:00:54.438169 np0000004586 nova-conductor[98629]: DEBUG dbcounter [-] [98629] Writing DB stats nova_cell0:SELECT=1,nova_cell0:UPDATE=1 {{(pid=98629) stat_writer /opt/stack/data/venv/lib/python3.12/site-packages/dbcounter.py:115}}
Jul 05 18:00:54.444559 np0000004586 nova-conductor[98640]: DEBUG dbcounter [-] [98640] Writing DB stats nova_cell0:SELECT=1,nova_cell0:UPDATE=1 {{(pid=98640) stat_writer /opt/stack/data/venv/lib/python3.12/site-packages/dbcounter.py:115}}
Jul 05 18:00:54.447133 np0000004586 nova-conductor[98634]: DEBUG dbcounter [-] [98634] Writing DB stats nova_cell0:SELECT=1 {{(pid=98634) stat_writer /opt/stack/data/venv/lib/python3.12/site-packages/dbcounter.py:115}}
Jul 05 18:00:54.467334 np0000004586 nova-conductor[98644]: DEBUG dbcounter [-] [98644] Writing DB stats nova_cell0:SELECT=1 {{(pid=98644) stat_writer /opt/stack/data/venv/lib/python3.12/site-packages/dbcounter.py:115}}
Jul 05 18:00:58.783881 np0000004586 nova-conductor[98644]: DEBUG oslo.service.backend._threading.loopingcall [None req-ff70bd9c-af71-4d76-ad21-5a4150fcaef8 None None] Dynamic interval looping call 'nova.service.Service.periodic_tasks' sleeping for 60.00 seconds {{(pid=98644) _run_loop /opt/stack/data/venv/lib/python3.12/site-packages/oslo_service/backend/_threading/loopingcall.py:125}}
Jul 05 18:01:10.436531 np0000004586 nova-conductor[98629]: DEBUG oslo.service.backend._threading.loopingcall [None req-8c8b08f9-73b8-4cb9-bbc0-a9a90289e7fe None None] Dynamic interval looping call 'nova.service.Service.periodic_tasks' sleeping for 60.00 seconds {{(pid=98629) _run_loop /opt/stack/data/venv/lib/python3.12/site-packages/oslo_service/backend/_threading/loopingcall.py:125}}
Jul 05 18:01:15.606359 np0000004586 nova-conductor[98629]: DEBUG oslo_db.sqlalchemy.engines [None req-9e13d0ad-e02e-44ba-8baa-48cc26f16dac tempest-AttachVolumeShelveTestJSON-2133041175 tempest-AttachVolumeShelveTestJSON-2133041175-project-member] Parent process 97196 forked (98629) with an open database connection, which is being discarded and recreated. {{(pid=98629) checkout /opt/stack/data/venv/lib/python3.12/site-packages/oslo_db/sqlalchemy/engines.py:402}}
Jul 05 18:01:15.657952 np0000004586 nova-conductor[98629]: DEBUG dbcounter [-] [98629] Writer thread running {{(pid=98629) stat_writer /opt/stack/data/venv/lib/python3.12/site-packages/dbcounter.py:102}}
Jul 05 18:01:17.197212 np0000004586 nova-conductor[98629]: DEBUG nova.conductor.manager [None req-9e13d0ad-e02e-44ba-8baa-48cc26f16dac tempest-AttachVolumeShelveTestJSON-2133041175 tempest-AttachVolumeShelveTestJSON-2133041175-project-member] Took 1.54 seconds to select destinations for 1 instance(s). {{(pid=98629) _schedule_instances /opt/stack/nova/nova/conductor/manager.py:968}}
Jul 05 18:01:17.227087 np0000004586 nova-conductor[98629]: DEBUG oslo_concurrency.lockutils [None req-9e13d0ad-e02e-44ba-8baa-48cc26f16dac tempest-AttachVolumeShelveTestJSON-2133041175 tempest-AttachVolumeShelveTestJSON-2133041175-project-member] Acquiring lock "4b21b058-9508-426e-a2bb-f9060cbf0455" by "nova.context.set_target_cell..get_or_set_cached_cell_and_set_connections" {{(pid=98629) inner /opt/stack/data/venv/lib/python3.12/site-packages/oslo_concurrency/lockutils.py:511}}
Jul 05 18:01:17.227320 np0000004586 nova-conductor[98629]: DEBUG oslo_concurrency.lockutils [None req-9e13d0ad-e02e-44ba-8baa-48cc26f16dac tempest-AttachVolumeShelveTestJSON-2133041175 tempest-AttachVolumeShelveTestJSON-2133041175-project-member] Lock "4b21b058-9508-426e-a2bb-f9060cbf0455" acquired by "nova.context.set_target_cell..get_or_set_cached_cell_and_set_connections" :: waited 0.000s {{(pid=98629) inner /opt/stack/data/venv/lib/python3.12/site-packages/oslo_concurrency/lockutils.py:524}}
Jul 05 18:01:17.228683 np0000004586 nova-conductor[98629]: DEBUG oslo_concurrency.lockutils [None req-9e13d0ad-e02e-44ba-8baa-48cc26f16dac tempest-AttachVolumeShelveTestJSON-2133041175 tempest-AttachVolumeShelveTestJSON-2133041175-project-member] Lock "4b21b058-9508-426e-a2bb-f9060cbf0455" "released" by "nova.context.set_target_cell..get_or_set_cached_cell_and_set_connections" :: held 0.001s {{(pid=98629) inner /opt/stack/data/venv/lib/python3.12/site-packages/oslo_concurrency/lockutils.py:543}}
Jul 05 18:01:17.230923 np0000004586 nova-conductor[98629]: INFO dbcounter [None req-9e13d0ad-e02e-44ba-8baa-48cc26f16dac tempest-AttachVolumeShelveTestJSON-2133041175 tempest-AttachVolumeShelveTestJSON-2133041175-project-member] Registered counter for database nova_cell1
Jul 05 18:01:17.290243 np0000004586 nova-conductor[98629]: DEBUG oslo_db.sqlalchemy.engines [None req-9e13d0ad-e02e-44ba-8baa-48cc26f16dac tempest-AttachVolumeShelveTestJSON-2133041175 tempest-AttachVolumeShelveTestJSON-2133041175-project-member] MySQL server mode set to STRICT_TRANS_TABLES,STRICT_ALL_TABLES,NO_ZERO_IN_DATE,NO_ZERO_DATE,ERROR_FOR_DIVISION_BY_ZERO,TRADITIONAL,NO_ENGINE_SUBSTITUTION {{(pid=98629) _check_effective_sql_mode /opt/stack/data/venv/lib/python3.12/site-packages/oslo_db/sqlalchemy/engines.py:325}}
Jul 05 18:01:17.298817 np0000004586 nova-conductor[98629]: DEBUG dbcounter [-] [98629] Writer thread running {{(pid=98629) stat_writer /opt/stack/data/venv/lib/python3.12/site-packages/dbcounter.py:102}}
Jul 05 18:01:17.382249 np0000004586 nova-conductor[98629]: INFO nova.utils [None req-9e13d0ad-e02e-44ba-8baa-48cc26f16dac tempest-AttachVolumeShelveTestJSON-2133041175 tempest-AttachVolumeShelveTestJSON-2133041175-project-member] The cell worker thread pool ForkProcess-1.cell_worker is initialized
Jul 05 18:01:17.382664 np0000004586 nova-conductor[98629]: DEBUG oslo_concurrency.lockutils [None req-9e13d0ad-e02e-44ba-8baa-48cc26f16dac tempest-AttachVolumeShelveTestJSON-2133041175 tempest-AttachVolumeShelveTestJSON-2133041175-project-member] Acquiring lock "00000000-0000-0000-0000-000000000000" by "nova.context.set_target_cell..get_or_set_cached_cell_and_set_connections" {{(pid=98629) inner /opt/stack/data/venv/lib/python3.12/site-packages/oslo_concurrency/lockutils.py:511}}
Jul 05 18:01:17.382664 np0000004586 nova-conductor[98629]: DEBUG oslo_concurrency.lockutils [None req-9e13d0ad-e02e-44ba-8baa-48cc26f16dac tempest-AttachVolumeShelveTestJSON-2133041175 tempest-AttachVolumeShelveTestJSON-2133041175-project-member] Lock "00000000-0000-0000-0000-000000000000" acquired by "nova.context.set_target_cell..get_or_set_cached_cell_and_set_connections" :: waited 0.000s {{(pid=98629) inner /opt/stack/data/venv/lib/python3.12/site-packages/oslo_concurrency/lockutils.py:524}}
Jul 05 18:01:17.383118 np0000004586 nova-conductor[98629]: DEBUG oslo_concurrency.lockutils [None req-9e13d0ad-e02e-44ba-8baa-48cc26f16dac tempest-AttachVolumeShelveTestJSON-2133041175 tempest-AttachVolumeShelveTestJSON-2133041175-project-member] Lock "00000000-0000-0000-0000-000000000000" "released" by "nova.context.set_target_cell..get_or_set_cached_cell_and_set_connections" :: held 0.000s {{(pid=98629) inner /opt/stack/data/venv/lib/python3.12/site-packages/oslo_concurrency/lockutils.py:543}}
Jul 05 18:01:17.383570 np0000004586 nova-conductor[98629]: DEBUG oslo_concurrency.lockutils [None req-9e13d0ad-e02e-44ba-8baa-48cc26f16dac tempest-AttachVolumeShelveTestJSON-2133041175 tempest-AttachVolumeShelveTestJSON-2133041175-project-member] Acquiring lock "4b21b058-9508-426e-a2bb-f9060cbf0455" by "nova.context.set_target_cell..get_or_set_cached_cell_and_set_connections" {{(pid=98629) inner /opt/stack/data/venv/lib/python3.12/site-packages/oslo_concurrency/lockutils.py:511}}
Jul 05 18:01:17.383686 np0000004586 nova-conductor[98629]: DEBUG oslo_concurrency.lockutils [None req-9e13d0ad-e02e-44ba-8baa-48cc26f16dac tempest-AttachVolumeShelveTestJSON-2133041175 tempest-AttachVolumeShelveTestJSON-2133041175-project-member] Lock "4b21b058-9508-426e-a2bb-f9060cbf0455" acquired by "nova.context.set_target_cell..get_or_set_cached_cell_and_set_connections" :: waited 0.000s {{(pid=98629) inner /opt/stack/data/venv/lib/python3.12/site-packages/oslo_concurrency/lockutils.py:524}}
Jul 05 18:01:17.385022 np0000004586 nova-conductor[98629]: DEBUG oslo_concurrency.lockutils [None req-9e13d0ad-e02e-44ba-8baa-48cc26f16dac tempest-AttachVolumeShelveTestJSON-2133041175 tempest-AttachVolumeShelveTestJSON-2133041175-project-member] Lock "4b21b058-9508-426e-a2bb-f9060cbf0455" "released" by "nova.context.set_target_cell..get_or_set_cached_cell_and_set_connections" :: held 0.001s {{(pid=98629) inner /opt/stack/data/venv/lib/python3.12/site-packages/oslo_concurrency/lockutils.py:543}}
Jul 05 18:01:17.385377 np0000004586 nova-conductor[98629]: INFO dbcounter [None req-9e13d0ad-e02e-44ba-8baa-48cc26f16dac tempest-AttachVolumeShelveTestJSON-2133041175 tempest-AttachVolumeShelveTestJSON-2133041175-project-member] Registered counter for database nova_cell0
Jul 05 18:01:17.433360 np0000004586 nova-conductor[98629]: DEBUG oslo_db.sqlalchemy.engines [None req-9e13d0ad-e02e-44ba-8baa-48cc26f16dac tempest-AttachVolumeShelveTestJSON-2133041175 tempest-AttachVolumeShelveTestJSON-2133041175-project-member] MySQL server mode set to STRICT_TRANS_TABLES,STRICT_ALL_TABLES,NO_ZERO_IN_DATE,NO_ZERO_DATE,ERROR_FOR_DIVISION_BY_ZERO,TRADITIONAL,NO_ENGINE_SUBSTITUTION {{(pid=98629) _check_effective_sql_mode /opt/stack/data/venv/lib/python3.12/site-packages/oslo_db/sqlalchemy/engines.py:325}}
Jul 05 18:01:17.442781 np0000004586 nova-conductor[98629]: DEBUG dbcounter [-] [98629] Writer thread running {{(pid=98629) stat_writer /opt/stack/data/venv/lib/python3.12/site-packages/dbcounter.py:102}}
Jul 05 18:01:17.456705 np0000004586 nova-conductor[98629]: DEBUG nova.quota [None req-9e13d0ad-e02e-44ba-8baa-48cc26f16dac tempest-AttachVolumeShelveTestJSON-2133041175 tempest-AttachVolumeShelveTestJSON-2133041175-project-member] Getting quotas for project eab4e8da2e9b4c5fbebdaa843ae882d5. Resources: {'ram', 'cores', 'instances'} {{(pid=98629) _get_quotas /opt/stack/nova/nova/quota.py:389}}
Jul 05 18:01:17.464914 np0000004586 nova-conductor[98629]: DEBUG nova.quota [None req-9e13d0ad-e02e-44ba-8baa-48cc26f16dac tempest-AttachVolumeShelveTestJSON-2133041175 tempest-AttachVolumeShelveTestJSON-2133041175-project-member] Getting quotas for user ac003953a991424fa9fab50639574b62 and project eab4e8da2e9b4c5fbebdaa843ae882d5. Resources: {'ram', 'cores', 'instances'} {{(pid=98629) _get_quotas /opt/stack/nova/nova/quota.py:379}}
Jul 05 18:01:17.473078 np0000004586 nova-conductor[98629]: DEBUG nova.conductor.manager [None req-9e13d0ad-e02e-44ba-8baa-48cc26f16dac tempest-AttachVolumeShelveTestJSON-2133041175 tempest-AttachVolumeShelveTestJSON-2133041175-project-member] [instance: 460e3216-a514-4ba6-88d8-94bceb54be08] Selected host: np0000004586; Selected node: np0000004586; Alternates: [] {{(pid=98629) schedule_and_build_instances /opt/stack/nova/nova/conductor/manager.py:1784}}
Jul 05 18:01:17.473505 np0000004586 nova-conductor[98629]: DEBUG oslo_concurrency.lockutils [None req-9e13d0ad-e02e-44ba-8baa-48cc26f16dac tempest-AttachVolumeShelveTestJSON-2133041175 tempest-AttachVolumeShelveTestJSON-2133041175-project-member] Acquiring lock "4b21b058-9508-426e-a2bb-f9060cbf0455" by "nova.context.set_target_cell..get_or_set_cached_cell_and_set_connections" {{(pid=98629) inner /opt/stack/data/venv/lib/python3.12/site-packages/oslo_concurrency/lockutils.py:511}}
Jul 05 18:01:17.475168 np0000004586 nova-conductor[98629]: DEBUG oslo_concurrency.lockutils [None req-9e13d0ad-e02e-44ba-8baa-48cc26f16dac tempest-AttachVolumeShelveTestJSON-2133041175 tempest-AttachVolumeShelveTestJSON-2133041175-project-member] Lock "4b21b058-9508-426e-a2bb-f9060cbf0455" acquired by "nova.context.set_target_cell..get_or_set_cached_cell_and_set_connections" :: waited 0.000s {{(pid=98629) inner /opt/stack/data/venv/lib/python3.12/site-packages/oslo_concurrency/lockutils.py:524}}
Jul 05 18:01:17.475168 np0000004586 nova-conductor[98629]: DEBUG oslo_concurrency.lockutils [None req-9e13d0ad-e02e-44ba-8baa-48cc26f16dac tempest-AttachVolumeShelveTestJSON-2133041175 tempest-AttachVolumeShelveTestJSON-2133041175-project-member] Lock "4b21b058-9508-426e-a2bb-f9060cbf0455" "released" by "nova.context.set_target_cell..get_or_set_cached_cell_and_set_connections" :: held 0.000s {{(pid=98629) inner /opt/stack/data/venv/lib/python3.12/site-packages/oslo_concurrency/lockutils.py:543}}
Jul 05 18:01:17.485581 np0000004586 nova-conductor[98629]: DEBUG nova.conductor.manager [None req-9e13d0ad-e02e-44ba-8baa-48cc26f16dac tempest-AttachVolumeShelveTestJSON-2133041175 tempest-AttachVolumeShelveTestJSON-2133041175-project-member] [instance: 460e3216-a514-4ba6-88d8-94bceb54be08] block_device_mapping [BlockDeviceMapping(attachment_id=,boot_index=0,connection_info=None,created_at=,delete_on_termination=True,deleted=,deleted_at=,destination_type='local',device_name=None,device_type='disk',disk_bus=None,encrypted=False,encryption_format=None,encryption_options=None,encryption_secret_uuid=None,guest_format=None,id=,image_id='4b1a688c-cc5c-4e06-a9b7-8f72c0e96edd',instance=,instance_uuid=,no_device=False,snapshot_id=None,source_type='image',tag=None,updated_at=,uuid=,volume_id=None,volume_size=None,volume_type=None)] {{(pid=98629) _create_block_device_mapping /opt/stack/nova/nova/conductor/manager.py:1529}}
Jul 05 18:01:17.487317 np0000004586 nova-conductor[98629]: DEBUG oslo_concurrency.lockutils [None req-9e13d0ad-e02e-44ba-8baa-48cc26f16dac tempest-AttachVolumeShelveTestJSON-2133041175 tempest-AttachVolumeShelveTestJSON-2133041175-project-member] Acquiring lock "4b21b058-9508-426e-a2bb-f9060cbf0455" by "nova.context.set_target_cell..get_or_set_cached_cell_and_set_connections" {{(pid=98629) inner /opt/stack/data/venv/lib/python3.12/site-packages/oslo_concurrency/lockutils.py:511}}
Jul 05 18:01:17.487439 np0000004586 nova-conductor[98629]: DEBUG oslo_concurrency.lockutils [None req-9e13d0ad-e02e-44ba-8baa-48cc26f16dac tempest-AttachVolumeShelveTestJSON-2133041175 tempest-AttachVolumeShelveTestJSON-2133041175-project-member] Lock "4b21b058-9508-426e-a2bb-f9060cbf0455" acquired by "nova.context.set_target_cell..get_or_set_cached_cell_and_set_connections" :: waited 0.000s {{(pid=98629) inner /opt/stack/data/venv/lib/python3.12/site-packages/oslo_concurrency/lockutils.py:524}}
Jul 05 18:01:17.487556 np0000004586 nova-conductor[98629]: DEBUG oslo_concurrency.lockutils [None req-9e13d0ad-e02e-44ba-8baa-48cc26f16dac tempest-AttachVolumeShelveTestJSON-2133041175 tempest-AttachVolumeShelveTestJSON-2133041175-project-member] Lock "4b21b058-9508-426e-a2bb-f9060cbf0455" "released" by "nova.context.set_target_cell..get_or_set_cached_cell_and_set_connections" :: held 0.000s {{(pid=98629) inner /opt/stack/data/venv/lib/python3.12/site-packages/oslo_concurrency/lockutils.py:543}}
Jul 05 18:01:17.541676 np0000004586 nova-conductor[98629]: DEBUG oslo_concurrency.lockutils [None req-9e13d0ad-e02e-44ba-8baa-48cc26f16dac tempest-AttachVolumeShelveTestJSON-2133041175 tempest-AttachVolumeShelveTestJSON-2133041175-project-member] Acquiring lock "4b21b058-9508-426e-a2bb-f9060cbf0455" by "nova.context.set_target_cell..get_or_set_cached_cell_and_set_connections" {{(pid=98629) inner /opt/stack/data/venv/lib/python3.12/site-packages/oslo_concurrency/lockutils.py:511}}
