Jun 01 22:28:26.597542 np0000001901 devstack@g-api.service[98964]: DEBUG swiftclient [None req-0dff562c-a8d8-4af6-82d6-51643cca3360 tempest-ServerBootFromVolumeStableRescueTest-1179750066 tempest-ServerBootFromVolumeStableRescueTest-1179750066-project-member] RESP STATUS: 204 No Content {{(pid=98964) http_log /opt/stack/data/venv/lib/python3.12/site-packages/swiftclient/client.py:161}}
Jun 01 22:28:26.597696 np0000001901 devstack@g-api.service[98964]: DEBUG swiftclient [None req-0dff562c-a8d8-4af6-82d6-51643cca3360 tempest-ServerBootFromVolumeStableRescueTest-1179750066 tempest-ServerBootFromVolumeStableRescueTest-1179750066-project-member] RESP HEADERS: {'Date': 'Mon, 01 Jun 2026 22:28:26 GMT', 'Server': 'Apache/2.4.58 (Ubuntu)', 'Content-Type': 'text/plain; charset=utf-8', 'X-Container-Object-Count': '5', 'X-Container-Bytes-Used': '86048768', 'X-Timestamp': '1780352706.64852', 'Last-Modified': 'Mon, 01 Jun 2026 22:25:07 GMT', 'Accept-Ranges': 'bytes', 'X-Storage-Policy': 'Policy-0', 'X-Container-Sharding': 'False', 'Vary': 'Accept', 'X-Trans-Id': 'tx26b302c0554449e2b4020-006a1e078a', 'X-Openstack-Request-Id': 'tx26b302c0554449e2b4020-006a1e078a', 'Connection': 'close'} {{(pid=98964) http_log /opt/stack/data/venv/lib/python3.12/site-packages/swiftclient/client.py:162}}
Jun 01 22:28:26.597906 np0000001901 devstack@g-api.service[98964]: DEBUG glance_store._drivers.swift.store [None req-0dff562c-a8d8-4af6-82d6-51643cca3360 tempest-ServerBootFromVolumeStableRescueTest-1179750066 tempest-ServerBootFromVolumeStableRescueTest-1179750066-project-member] Adding image object '44d6ddb7-e2a1-4dc4-aa1c-866f6ddbbc61' to Swift {{(pid=98964) add /opt/stack/data/venv/lib/python3.12/site-packages/glance_store/_drivers/swift/store.py:970}}
Jun 01 22:28:26.598001 np0000001901 devstack@g-api.service[98964]: DEBUG glance_store._drivers.swift.store [None req-0dff562c-a8d8-4af6-82d6-51643cca3360 tempest-ServerBootFromVolumeStableRescueTest-1179750066 tempest-ServerBootFromVolumeStableRescueTest-1179750066-project-member] Cannot determine image size because it is either not provided in the request or chunked-transfer encoding is used. Adding image as a segmented object to Swift. {{(pid=98964) add /opt/stack/data/venv/lib/python3.12/site-packages/glance_store/_drivers/swift/store.py:994}}
Jun 01 22:28:26.606937 np0000001901 devstack@g-api.service[98964]: DEBUG oslo_utils.imageutils.format_inspector [None req-0dff562c-a8d8-4af6-82d6-51643cca3360 tempest-ServerBootFromVolumeStableRescueTest-1179750066 tempest-ServerBootFromVolumeStableRescueTest-1179750066-project-member] Format inspector for vmdk does not match, excluding from consideration (Signature KDMV not found: b'QFI\xfb') {{(pid=98964) _process_chunk /opt/stack/data/venv/lib/python3.12/site-packages/oslo_utils/imageutils/format_inspector.py:1758}}
Jun 01 22:28:26.610115 np0000001901 devstack@g-api.service[98964]: DEBUG oslo_utils.imageutils.format_inspector [None req-0dff562c-a8d8-4af6-82d6-51643cca3360 tempest-ServerBootFromVolumeStableRescueTest-1179750066 tempest-ServerBootFromVolumeStableRescueTest-1179750066-project-member] Format inspector for vhdx does not match, excluding from consideration (Region signature not found at 30000) {{(pid=98964) _process_chunk /opt/stack/data/venv/lib/python3.12/site-packages/oslo_utils/imageutils/format_inspector.py:1758}}
Jun 01 22:28:26.978739 np0000001901 devstack@g-api.service[98964]: DEBUG swiftclient [None req-0dff562c-a8d8-4af6-82d6-51643cca3360 tempest-ServerBootFromVolumeStableRescueTest-1179750066 tempest-ServerBootFromVolumeStableRescueTest-1179750066-project-member] REQ: curl -i https://10.4.3.50:8080/v1/AUTH_b3cbbf736bf44883b19e8fb54fc1baa6/glance/44d6ddb7-e2a1-4dc4-aa1c-866f6ddbbc61-00001 -X PUT -H "X-Auth-Token: gAAAAABqHgeK8_-B..." {{(pid=98964) http_log /opt/stack/data/venv/lib/python3.12/site-packages/swiftclient/client.py:160}}
Jun 01 22:28:26.979060 np0000001901 devstack@g-api.service[98964]: DEBUG swiftclient [None req-0dff562c-a8d8-4af6-82d6-51643cca3360 tempest-ServerBootFromVolumeStableRescueTest-1179750066 tempest-ServerBootFromVolumeStableRescueTest-1179750066-project-member] RESP STATUS: 201 Created {{(pid=98964) http_log /opt/stack/data/venv/lib/python3.12/site-packages/swiftclient/client.py:161}}
Jun 01 22:28:26.979233 np0000001901 devstack@g-api.service[98964]: DEBUG swiftclient [None req-0dff562c-a8d8-4af6-82d6-51643cca3360 tempest-ServerBootFromVolumeStableRescueTest-1179750066 tempest-ServerBootFromVolumeStableRescueTest-1179750066-project-member] RESP HEADERS: {'Date': 'Mon, 01 Jun 2026 22:28:26 GMT', 'Server': 'Apache/2.4.58 (Ubuntu)', 'Content-Type': 'text/html; charset=UTF-8', 'Content-Length': '0', 'Etag': '4fa343ee581d8d2e78533191fd1ac3e1', 'Last-Modified': 'Mon, 01 Jun 2026 22:28:27 GMT', 'X-Trans-Id': 'tx0540521f65bf4c27ade06-006a1e078a', 'X-Openstack-Request-Id': 'tx0540521f65bf4c27ade06-006a1e078a', 'Connection': 'close'} {{(pid=98964) http_log /opt/stack/data/venv/lib/python3.12/site-packages/swiftclient/client.py:162}}
Jun 01 22:28:26.979343 np0000001901 devstack@g-api.service[98964]: DEBUG glance_store._drivers.swift.store [None req-0dff562c-a8d8-4af6-82d6-51643cca3360 tempest-ServerBootFromVolumeStableRescueTest-1179750066 tempest-ServerBootFromVolumeStableRescueTest-1179750066-project-member] Wrote chunk 44d6ddb7-e2a1-4dc4-aa1c-866f6ddbbc61-00001 (1/?) of length 23527424 to Swift returning MD5 of content: 4fa343ee581d8d2e78533191fd1ac3e1 {{(pid=98964) add /opt/stack/data/venv/lib/python3.12/site-packages/glance_store/_drivers/swift/store.py:1059}}
Jun 01 22:28:26.979572 np0000001901 devstack@g-api.service[98964]: DEBUG glance_store._drivers.swift.store [None req-0dff562c-a8d8-4af6-82d6-51643cca3360 tempest-ServerBootFromVolumeStableRescueTest-1179750066 tempest-ServerBootFromVolumeStableRescueTest-1179750066-project-member] Not writing zero-length chunk. {{(pid=98964) add /opt/stack/data/venv/lib/python3.12/site-packages/glance_store/_drivers/swift/store.py:1028}}
Jun 01 22:28:27.014091 np0000001901 devstack@g-api.service[98964]: DEBUG swiftclient [None req-0dff562c-a8d8-4af6-82d6-51643cca3360 tempest-ServerBootFromVolumeStableRescueTest-1179750066 tempest-ServerBootFromVolumeStableRescueTest-1179750066-project-member] REQ: curl -i https://10.4.3.50:8080/v1/AUTH_b3cbbf736bf44883b19e8fb54fc1baa6/glance/44d6ddb7-e2a1-4dc4-aa1c-866f6ddbbc61 -X PUT -H "X-Object-Manifest: glance/44d6ddb7-e2a1-4dc4-aa1c-866f6ddbbc61-" -H "X-Auth-Token: gAAAAABqHgeK8_-B..." -H "Content-Length: 0" {{(pid=98964) http_log /opt/stack/data/venv/lib/python3.12/site-packages/swiftclient/client.py:160}}
Jun 01 22:28:27.014363 np0000001901 devstack@g-api.service[98964]: DEBUG swiftclient [None req-0dff562c-a8d8-4af6-82d6-51643cca3360 tempest-ServerBootFromVolumeStableRescueTest-1179750066 tempest-ServerBootFromVolumeStableRescueTest-1179750066-project-member] RESP STATUS: 201 Created {{(pid=98964) http_log /opt/stack/data/venv/lib/python3.12/site-packages/swiftclient/client.py:161}}
Jun 01 22:28:27.014649 np0000001901 devstack@g-api.service[98964]: DEBUG swiftclient [None req-0dff562c-a8d8-4af6-82d6-51643cca3360 tempest-ServerBootFromVolumeStableRescueTest-1179750066 tempest-ServerBootFromVolumeStableRescueTest-1179750066-project-member] RESP HEADERS: {'Date': 'Mon, 01 Jun 2026 22:28:27 GMT', 'Server': 'Apache/2.4.58 (Ubuntu)', 'Content-Type': 'text/html; charset=UTF-8', 'Content-Length': '0', 'Etag': 'd41d8cd98f00b204e9800998ecf8427e', 'Last-Modified': 'Mon, 01 Jun 2026 22:28:27 GMT', 'X-Trans-Id': 'txf383ead360fb486c81e30-006a1e078a', 'X-Openstack-Request-Id': 'txf383ead360fb486c81e30-006a1e078a', 'Connection': 'close'} {{(pid=98964) http_log /opt/stack/data/venv/lib/python3.12/site-packages/swiftclient/client.py:162}}
Jun 01 22:28:27.015310 np0000001901 devstack@g-api.service[98964]: INFO glance.location [None req-0dff562c-a8d8-4af6-82d6-51643cca3360 tempest-ServerBootFromVolumeStableRescueTest-1179750066 tempest-ServerBootFromVolumeStableRescueTest-1179750066-project-member] Image format matched and virtual size computed: 1073741824
Jun 01 22:28:27.071192 np0000001901 devstack@g-api.service[98964]: DEBUG glance_store.backend [None req-0dff562c-a8d8-4af6-82d6-51643cca3360 tempest-ServerBootFromVolumeStableRescueTest-1179750066 tempest-ServerBootFromVolumeStableRescueTest-1179750066-project-member] Attempting to import store swift {{(pid=98964) _load_store /opt/stack/data/venv/lib/python3.12/site-packages/glance_store/backend.py:215}}
Jun 01 22:28:27.076272 np0000001901 devstack@g-api.service[98964]: DEBUG glance_store.capabilities [None req-0dff562c-a8d8-4af6-82d6-51643cca3360 tempest-ServerBootFromVolumeStableRescueTest-1179750066 tempest-ServerBootFromVolumeStableRescueTest-1179750066-project-member] Store glance_store._drivers.swift.store.SingleTenantStore doesn't support updating dynamic storage capabilities. Please overwrite 'update_capabilities' method of the store to implement updating logics if needed. {{(pid=98964) update_capabilities /opt/stack/data/venv/lib/python3.12/site-packages/glance_store/capabilities.py:91}}
Jun 01 22:28:27.076470 np0000001901 devstack@g-api.service[98964]: DEBUG glance_store.driver [None req-0dff562c-a8d8-4af6-82d6-51643cca3360 tempest-ServerBootFromVolumeStableRescueTest-1179750066 tempest-ServerBootFromVolumeStableRescueTest-1179750066-project-member] Late loading location class glance_store._drivers.swift.store.StoreLocation {{(pid=98964) get_store_location_class /opt/stack/data/venv/lib/python3.12/site-packages/glance_store/driver.py:134}}
Jun 01 22:28:27.076858 np0000001901 devstack@g-api.service[98964]: DEBUG glance_store.location [None req-0dff562c-a8d8-4af6-82d6-51643cca3360 tempest-ServerBootFromVolumeStableRescueTest-1179750066 tempest-ServerBootFromVolumeStableRescueTest-1179750066-project-member] Registering scheme swift+https with {'store': , 'location_class': , 'store_entry': 'swift'} {{(pid=98964) register_scheme_map /opt/stack/data/venv/lib/python3.12/site-packages/glance_store/location.py:146}}
Jun 01 22:28:27.077113 np0000001901 devstack@g-api.service[98964]: DEBUG glance_store.location [None req-0dff562c-a8d8-4af6-82d6-51643cca3360 tempest-ServerBootFromVolumeStableRescueTest-1179750066 tempest-ServerBootFromVolumeStableRescueTest-1179750066-project-member] Registering scheme swift+https with {'store': , 'location_class': , 'store_entry': 'swift'} {{(pid=98964) register_scheme_map /opt/stack/data/venv/lib/python3.12/site-packages/glance_store/location.py:146}}
Jun 01 22:28:27.077288 np0000001901 devstack@g-api.service[98964]: DEBUG glance_store.location [None req-0dff562c-a8d8-4af6-82d6-51643cca3360 tempest-ServerBootFromVolumeStableRescueTest-1179750066 tempest-ServerBootFromVolumeStableRescueTest-1179750066-project-member] Registering scheme swift with {'store': , 'location_class': , 'store_entry': 'swift'} {{(pid=98964) register_scheme_map /opt/stack/data/venv/lib/python3.12/site-packages/glance_store/location.py:146}}
Jun 01 22:28:27.077456 np0000001901 devstack@g-api.service[98964]: DEBUG glance_store.location [None req-0dff562c-a8d8-4af6-82d6-51643cca3360 tempest-ServerBootFromVolumeStableRescueTest-1179750066 tempest-ServerBootFromVolumeStableRescueTest-1179750066-project-member] Registering scheme swift+https with {'store': , 'location_class': , 'store_entry': 'swift'} {{(pid=98964) register_scheme_map /opt/stack/data/venv/lib/python3.12/site-packages/glance_store/location.py:146}}
Jun 01 22:28:27.077687 np0000001901 devstack@g-api.service[98964]: DEBUG glance_store.location [None req-0dff562c-a8d8-4af6-82d6-51643cca3360 tempest-ServerBootFromVolumeStableRescueTest-1179750066 tempest-ServerBootFromVolumeStableRescueTest-1179750066-project-member] Registering scheme swift with {'store': , 'location_class': , 'store_entry': 'swift'} {{(pid=98964) register_scheme_map /opt/stack/data/venv/lib/python3.12/site-packages/glance_store/location.py:146}}
Jun 01 22:28:27.077929 np0000001901 devstack@g-api.service[98964]: DEBUG glance_store.location [None req-0dff562c-a8d8-4af6-82d6-51643cca3360 tempest-ServerBootFromVolumeStableRescueTest-1179750066 tempest-ServerBootFromVolumeStableRescueTest-1179750066-project-member] Registering scheme swift+http with {'store': , 'location_class': , 'store_entry': 'swift'} {{(pid=98964) register_scheme_map /opt/stack/data/venv/lib/python3.12/site-packages/glance_store/location.py:146}}
Jun 01 22:28:27.078122 np0000001901 devstack@g-api.service[98964]: DEBUG glance_store.location [None req-0dff562c-a8d8-4af6-82d6-51643cca3360 tempest-ServerBootFromVolumeStableRescueTest-1179750066 tempest-ServerBootFromVolumeStableRescueTest-1179750066-project-member] Registering scheme swift+https with {'store': , 'location_class': , 'store_entry': 'swift'} {{(pid=98964) register_scheme_map /opt/stack/data/venv/lib/python3.12/site-packages/glance_store/location.py:146}}
Jun 01 22:28:27.078320 np0000001901 devstack@g-api.service[98964]: DEBUG glance_store.location [None req-0dff562c-a8d8-4af6-82d6-51643cca3360 tempest-ServerBootFromVolumeStableRescueTest-1179750066 tempest-ServerBootFromVolumeStableRescueTest-1179750066-project-member] Registering scheme swift with {'store': , 'location_class': , 'store_entry': 'swift'} {{(pid=98964) register_scheme_map /opt/stack/data/venv/lib/python3.12/site-packages/glance_store/location.py:146}}
Jun 01 22:28:27.078489 np0000001901 devstack@g-api.service[98964]: DEBUG glance_store.location [None req-0dff562c-a8d8-4af6-82d6-51643cca3360 tempest-ServerBootFromVolumeStableRescueTest-1179750066 tempest-ServerBootFromVolumeStableRescueTest-1179750066-project-member] Registering scheme swift+http with {'store': , 'location_class': , 'store_entry': 'swift'} {{(pid=98964) register_scheme_map /opt/stack/data/venv/lib/python3.12/site-packages/glance_store/location.py:146}}
Jun 01 22:28:27.078674 np0000001901 devstack@g-api.service[98964]: DEBUG glance_store.location [None req-0dff562c-a8d8-4af6-82d6-51643cca3360 tempest-ServerBootFromVolumeStableRescueTest-1179750066 tempest-ServerBootFromVolumeStableRescueTest-1179750066-project-member] Registering scheme swift+config with {'store': , 'location_class': , 'store_entry': 'swift'} {{(pid=98964) register_scheme_map /opt/stack/data/venv/lib/python3.12/site-packages/glance_store/location.py:146}}
Jun 01 22:28:27.078849 np0000001901 devstack@g-api.service[98964]: DEBUG glance_store.backend [None req-0dff562c-a8d8-4af6-82d6-51643cca3360 tempest-ServerBootFromVolumeStableRescueTest-1179750066 tempest-ServerBootFromVolumeStableRescueTest-1179750066-project-member] Skipping store.set_acls... not implemented. {{(pid=98964) set_acls /opt/stack/data/venv/lib/python3.12/site-packages/glance_store/backend.py:507}}
Jun 01 22:28:27.083743 np0000001901 devstack@g-api.service[98964]: [pid: 98964|app: 0|req: 33/69] 127.0.0.1 () {46 vars in 1154 bytes} [Mon Jun 1 22:28:23 2026] PUT /v2/images/44d6ddb7-e2a1-4dc4-aa1c-866f6ddbbc61/file => generated 0 bytes in 3256 msecs (HTTP/1.1 204) 4 headers in 171 bytes (1 switches on core 0)
Jun 01 22:28:27.152579 np0000001901 devstack@g-api.service[98963]: DEBUG glance.api.middleware.version_negotiation [None req-5d1004e4-11b6-452f-b2c5-7b4398006baf tempest-ServerBootFromVolumeStableRescueTest-1179750066 tempest-ServerBootFromVolumeStableRescueTest-1179750066-project-member] Determining version of request: GET /v2/images/44d6ddb7-e2a1-4dc4-aa1c-866f6ddbbc61 Accept: */* {{(pid=98963) process_request /opt/stack/glance/glance/api/middleware/version_negotiation.py:44}}
Jun 01 22:28:27.152744 np0000001901 devstack@g-api.service[98963]: DEBUG glance.api.middleware.version_negotiation [None req-5d1004e4-11b6-452f-b2c5-7b4398006baf tempest-ServerBootFromVolumeStableRescueTest-1179750066 tempest-ServerBootFromVolumeStableRescueTest-1179750066-project-member] Using url versioning {{(pid=98963) process_request /opt/stack/glance/glance/api/middleware/version_negotiation.py:57}}
Jun 01 22:28:27.152930 np0000001901 devstack@g-api.service[98963]: DEBUG glance.api.middleware.version_negotiation [None req-5d1004e4-11b6-452f-b2c5-7b4398006baf tempest-ServerBootFromVolumeStableRescueTest-1179750066 tempest-ServerBootFromVolumeStableRescueTest-1179750066-project-member] Matched version: v2 {{(pid=98963) process_request /opt/stack/glance/glance/api/middleware/version_negotiation.py:69}}
Jun 01 22:28:27.153088 np0000001901 devstack@g-api.service[98963]: DEBUG glance.api.middleware.version_negotiation [None req-5d1004e4-11b6-452f-b2c5-7b4398006baf tempest-ServerBootFromVolumeStableRescueTest-1179750066 tempest-ServerBootFromVolumeStableRescueTest-1179750066-project-member] new path /v2/images/44d6ddb7-e2a1-4dc4-aa1c-866f6ddbbc61 {{(pid=98963) process_request /opt/stack/glance/glance/api/middleware/version_negotiation.py:70}}
Jun 01 22:28:27.170304 np0000001901 devstack@g-api.service[98963]: [pid: 98963|app: 0|req: 37/70] 127.0.0.1 () {44 vars in 1111 bytes} [Mon Jun 1 22:28:27 2026] GET /v2/images/44d6ddb7-e2a1-4dc4-aa1c-866f6ddbbc61 => generated 1641 bytes in 18 msecs (HTTP/1.1 200) 4 headers in 158 bytes (1 switches on core 0)
Jun 01 22:28:27.206053 np0000001901 devstack@g-api.service[98964]: DEBUG glance.api.middleware.version_negotiation [None req-0dff562c-a8d8-4af6-82d6-51643cca3360 tempest-ServerBootFromVolumeStableRescueTest-1179750066 tempest-ServerBootFromVolumeStableRescueTest-1179750066-project-member] Determining version of request: GET /v2/schemas/image Accept: */* {{(pid=98964) process_request /opt/stack/glance/glance/api/middleware/version_negotiation.py:44}}
Jun 01 22:28:27.206676 np0000001901 devstack@g-api.service[98964]: DEBUG glance.api.middleware.version_negotiation [None req-0dff562c-a8d8-4af6-82d6-51643cca3360 tempest-ServerBootFromVolumeStableRescueTest-1179750066 tempest-ServerBootFromVolumeStableRescueTest-1179750066-project-member] Using url versioning {{(pid=98964) process_request /opt/stack/glance/glance/api/middleware/version_negotiation.py:57}}
Jun 01 22:28:27.206836 np0000001901 devstack@g-api.service[98964]: DEBUG glance.api.middleware.version_negotiation [None req-0dff562c-a8d8-4af6-82d6-51643cca3360 tempest-ServerBootFromVolumeStableRescueTest-1179750066 tempest-ServerBootFromVolumeStableRescueTest-1179750066-project-member] Matched version: v2 {{(pid=98964) process_request /opt/stack/glance/glance/api/middleware/version_negotiation.py:69}}
Jun 01 22:28:27.206981 np0000001901 devstack@g-api.service[98964]: DEBUG glance.api.middleware.version_negotiation [None req-0dff562c-a8d8-4af6-82d6-51643cca3360 tempest-ServerBootFromVolumeStableRescueTest-1179750066 tempest-ServerBootFromVolumeStableRescueTest-1179750066-project-member] new path /v2/schemas/image {{(pid=98964) process_request /opt/stack/glance/glance/api/middleware/version_negotiation.py:70}}
Jun 01 22:28:27.215529 np0000001901 devstack@g-api.service[98964]: [pid: 98964|app: 0|req: 34/71] 127.0.0.1 () {44 vars in 1051 bytes} [Mon Jun 1 22:28:27 2026] GET /v2/schemas/image => generated 6083 bytes in 10 msecs (HTTP/1.1 200) 4 headers in 158 bytes (1 switches on core 0)
Jun 01 22:28:27.414681 np0000001901 devstack@g-api.service[98963]: DEBUG glance.api.middleware.version_negotiation [None req-0dff562c-a8d8-4af6-82d6-51643cca3360 tempest-ServerBootFromVolumeStableRescueTest-1179750066 tempest-ServerBootFromVolumeStableRescueTest-1179750066-project-member] Determining version of request: GET /v2/images/44d6ddb7-e2a1-4dc4-aa1c-866f6ddbbc61 Accept: application/json {{(pid=98963) process_request /opt/stack/glance/glance/api/middleware/version_negotiation.py:44}}
Jun 01 22:28:27.415168 np0000001901 devstack@g-api.service[98963]: DEBUG glance.api.middleware.version_negotiation [None req-0dff562c-a8d8-4af6-82d6-51643cca3360 tempest-ServerBootFromVolumeStableRescueTest-1179750066 tempest-ServerBootFromVolumeStableRescueTest-1179750066-project-member] Using url versioning {{(pid=98963) process_request /opt/stack/glance/glance/api/middleware/version_negotiation.py:57}}
Jun 01 22:28:27.415168 np0000001901 devstack@g-api.service[98963]: DEBUG glance.api.middleware.version_negotiation [None req-0dff562c-a8d8-4af6-82d6-51643cca3360 tempest-ServerBootFromVolumeStableRescueTest-1179750066 tempest-ServerBootFromVolumeStableRescueTest-1179750066-project-member] Matched version: v2 {{(pid=98963) process_request /opt/stack/glance/glance/api/middleware/version_negotiation.py:69}}
Jun 01 22:28:27.415168 np0000001901 devstack@g-api.service[98963]: DEBUG glance.api.middleware.version_negotiation [None req-0dff562c-a8d8-4af6-82d6-51643cca3360 tempest-ServerBootFromVolumeStableRescueTest-1179750066 tempest-ServerBootFromVolumeStableRescueTest-1179750066-project-member] new path /v2/images/44d6ddb7-e2a1-4dc4-aa1c-866f6ddbbc61 {{(pid=98963) process_request /opt/stack/glance/glance/api/middleware/version_negotiation.py:70}}
Jun 01 22:28:27.432922 np0000001901 devstack@g-api.service[98963]: [pid: 98963|app: 0|req: 38/72] 127.0.0.1 () {40 vars in 834 bytes} [Mon Jun 1 22:28:27 2026] GET /v2/images/44d6ddb7-e2a1-4dc4-aa1c-866f6ddbbc61 => generated 1641 bytes in 18 msecs (HTTP/1.1 200) 4 headers in 158 bytes (1 switches on core 0)
Jun 01 22:28:27.441558 np0000001901 devstack@g-api.service[98964]: DEBUG glance.api.middleware.version_negotiation [None req-0dff562c-a8d8-4af6-82d6-51643cca3360 tempest-ServerBootFromVolumeStableRescueTest-1179750066 tempest-ServerBootFromVolumeStableRescueTest-1179750066-project-member] Determining version of request: GET /v2/images/44d6ddb7-e2a1-4dc4-aa1c-866f6ddbbc61 Accept: application/json {{(pid=98964) process_request /opt/stack/glance/glance/api/middleware/version_negotiation.py:44}}
Jun 01 22:28:27.442562 np0000001901 devstack@g-api.service[98964]: DEBUG glance.api.middleware.version_negotiation [None req-0dff562c-a8d8-4af6-82d6-51643cca3360 tempest-ServerBootFromVolumeStableRescueTest-1179750066 tempest-ServerBootFromVolumeStableRescueTest-1179750066-project-member] Using url versioning {{(pid=98964) process_request /opt/stack/glance/glance/api/middleware/version_negotiation.py:57}}
Jun 01 22:28:27.442684 np0000001901 devstack@g-api.service[98964]: DEBUG glance.api.middleware.version_negotiation [None req-0dff562c-a8d8-4af6-82d6-51643cca3360 tempest-ServerBootFromVolumeStableRescueTest-1179750066 tempest-ServerBootFromVolumeStableRescueTest-1179750066-project-member] Matched version: v2 {{(pid=98964) process_request /opt/stack/glance/glance/api/middleware/version_negotiation.py:69}}
Jun 01 22:28:27.442840 np0000001901 devstack@g-api.service[98964]: DEBUG glance.api.middleware.version_negotiation [None req-0dff562c-a8d8-4af6-82d6-51643cca3360 tempest-ServerBootFromVolumeStableRescueTest-1179750066 tempest-ServerBootFromVolumeStableRescueTest-1179750066-project-member] new path /v2/images/44d6ddb7-e2a1-4dc4-aa1c-866f6ddbbc61 {{(pid=98964) process_request /opt/stack/glance/glance/api/middleware/version_negotiation.py:70}}
Jun 01 22:28:27.471448 np0000001901 devstack@g-api.service[98964]: [pid: 98964|app: 0|req: 35/73] 127.0.0.1 () {40 vars in 834 bytes} [Mon Jun 1 22:28:27 2026] GET /v2/images/44d6ddb7-e2a1-4dc4-aa1c-866f6ddbbc61 => generated 1641 bytes in 30 msecs (HTTP/1.1 200) 4 headers in 158 bytes (1 switches on core 0)
Jun 01 22:28:28.787275 np0000001901 devstack@g-api.service[98963]: DEBUG glance.api.middleware.version_negotiation [None req-0b5609be-9b38-4fb3-b6af-4b034028642c tempest-ServerBootFromVolumeStableRescueTest-1179750066 tempest-ServerBootFromVolumeStableRescueTest-1179750066-project-member] Determining version of request: GET /v2/images/a672b8be-0616-460b-b90e-8ceffcc239c1 Accept: */* {{(pid=98963) process_request /opt/stack/glance/glance/api/middleware/version_negotiation.py:44}}
Jun 01 22:28:28.787739 np0000001901 devstack@g-api.service[98963]: DEBUG glance.api.middleware.version_negotiation [None req-0b5609be-9b38-4fb3-b6af-4b034028642c tempest-ServerBootFromVolumeStableRescueTest-1179750066 tempest-ServerBootFromVolumeStableRescueTest-1179750066-project-member] Using url versioning {{(pid=98963) process_request /opt/stack/glance/glance/api/middleware/version_negotiation.py:57}}
Jun 01 22:28:28.787739 np0000001901 devstack@g-api.service[98963]: DEBUG glance.api.middleware.version_negotiation [None req-0b5609be-9b38-4fb3-b6af-4b034028642c tempest-ServerBootFromVolumeStableRescueTest-1179750066 tempest-ServerBootFromVolumeStableRescueTest-1179750066-project-member] Matched version: v2 {{(pid=98963) process_request /opt/stack/glance/glance/api/middleware/version_negotiation.py:69}}
Jun 01 22:28:28.787739 np0000001901 devstack@g-api.service[98963]: DEBUG glance.api.middleware.version_negotiation [None req-0b5609be-9b38-4fb3-b6af-4b034028642c tempest-ServerBootFromVolumeStableRescueTest-1179750066 tempest-ServerBootFromVolumeStableRescueTest-1179750066-project-member] new path /v2/images/a672b8be-0616-460b-b90e-8ceffcc239c1 {{(pid=98963) process_request /opt/stack/glance/glance/api/middleware/version_negotiation.py:70}}
Jun 01 22:28:28.808031 np0000001901 devstack@g-api.service[98963]: [pid: 98963|app: 0|req: 39/74] 127.0.0.1 () {44 vars in 1111 bytes} [Mon Jun 1 22:28:28 2026] GET /v2/images/a672b8be-0616-460b-b90e-8ceffcc239c1 => generated 1044 bytes in 19 msecs (HTTP/1.1 200) 4 headers in 158 bytes (1 switches on core 0)
Jun 01 22:28:28.831653 np0000001901 devstack@g-api.service[98964]: DEBUG glance.api.middleware.version_negotiation [None req-1fee8b67-5855-41bb-b3e6-33998c95f8db tempest-ServerBootFromVolumeStableRescueTest-1179750066 tempest-ServerBootFromVolumeStableRescueTest-1179750066-project-member] Determining version of request: GET /v2/images/a672b8be-0616-460b-b90e-8ceffcc239c1 Accept: */* {{(pid=98964) process_request /opt/stack/glance/glance/api/middleware/version_negotiation.py:44}}
Jun 01 22:28:28.831653 np0000001901 devstack@g-api.service[98964]: DEBUG glance.api.middleware.version_negotiation [None req-1fee8b67-5855-41bb-b3e6-33998c95f8db tempest-ServerBootFromVolumeStableRescueTest-1179750066 tempest-ServerBootFromVolumeStableRescueTest-1179750066-project-member] Using url versioning {{(pid=98964) process_request /opt/stack/glance/glance/api/middleware/version_negotiation.py:57}}
Jun 01 22:28:28.831653 np0000001901 devstack@g-api.service[98964]: DEBUG glance.api.middleware.version_negotiation [None req-1fee8b67-5855-41bb-b3e6-33998c95f8db tempest-ServerBootFromVolumeStableRescueTest-1179750066 tempest-ServerBootFromVolumeStableRescueTest-1179750066-project-member] Matched version: v2 {{(pid=98964) process_request /opt/stack/glance/glance/api/middleware/version_negotiation.py:69}}
Jun 01 22:28:28.831653 np0000001901 devstack@g-api.service[98964]: DEBUG glance.api.middleware.version_negotiation [None req-1fee8b67-5855-41bb-b3e6-33998c95f8db tempest-ServerBootFromVolumeStableRescueTest-1179750066 tempest-ServerBootFromVolumeStableRescueTest-1179750066-project-member] new path /v2/images/a672b8be-0616-460b-b90e-8ceffcc239c1 {{(pid=98964) process_request /opt/stack/glance/glance/api/middleware/version_negotiation.py:70}}
Jun 01 22:28:28.856946 np0000001901 devstack@g-api.service[98963]: DEBUG glance.api.middleware.version_negotiation [None req-7355990b-5012-476f-817a-1bd373d9e9e7 tempest-ServerBootFromVolumeStableRescueTest-1179750066 tempest-ServerBootFromVolumeStableRescueTest-1179750066-project-member] Determining version of request: GET /v2/schemas/image Accept: */* {{(pid=98963) process_request /opt/stack/glance/glance/api/middleware/version_negotiation.py:44}}
Jun 01 22:28:28.858915 np0000001901 devstack@g-api.service[98963]: DEBUG glance.api.middleware.version_negotiation [None req-7355990b-5012-476f-817a-1bd373d9e9e7 tempest-ServerBootFromVolumeStableRescueTest-1179750066 tempest-ServerBootFromVolumeStableRescueTest-1179750066-project-member] Using url versioning {{(pid=98963) process_request /opt/stack/glance/glance/api/middleware/version_negotiation.py:57}}
Jun 01 22:28:28.859112 np0000001901 devstack@g-api.service[98963]: DEBUG glance.api.middleware.version_negotiation [None req-7355990b-5012-476f-817a-1bd373d9e9e7 tempest-ServerBootFromVolumeStableRescueTest-1179750066 tempest-ServerBootFromVolumeStableRescueTest-1179750066-project-member] Matched version: v2 {{(pid=98963) process_request /opt/stack/glance/glance/api/middleware/version_negotiation.py:69}}
Jun 01 22:28:28.860291 np0000001901 devstack@g-api.service[98963]: DEBUG glance.api.middleware.version_negotiation [None req-7355990b-5012-476f-817a-1bd373d9e9e7 tempest-ServerBootFromVolumeStableRescueTest-1179750066 tempest-ServerBootFromVolumeStableRescueTest-1179750066-project-member] new path /v2/schemas/image {{(pid=98963) process_request /opt/stack/glance/glance/api/middleware/version_negotiation.py:70}}
Jun 01 22:28:28.860867 np0000001901 devstack@g-api.service[98964]: [pid: 98964|app: 0|req: 36/75] 127.0.0.1 () {44 vars in 1111 bytes} [Mon Jun 1 22:28:28 2026] GET /v2/images/a672b8be-0616-460b-b90e-8ceffcc239c1 => generated 1044 bytes in 30 msecs (HTTP/1.1 200) 4 headers in 158 bytes (1 switches on core 0)
Jun 01 22:28:28.862883 np0000001901 devstack@g-api.service[98963]: [pid: 98963|app: 0|req: 40/76] 127.0.0.1 () {44 vars in 1051 bytes} [Mon Jun 1 22:28:28 2026] GET /v2/schemas/image => generated 6083 bytes in 6 msecs (HTTP/1.1 200) 4 headers in 158 bytes (1 switches on core 0)
Jun 01 22:28:28.950993 np0000001901 devstack@g-api.service[98964]: DEBUG glance.api.middleware.version_negotiation [None req-d37ce3ac-5dfe-4cfa-a103-3d3722399a57 tempest-ServerRescueNegativeTestJSON-539451295 tempest-ServerRescueNegativeTestJSON-539451295-project-member] Determining version of request: GET /v2/schemas/image Accept: */* {{(pid=98964) process_request /opt/stack/glance/glance/api/middleware/version_negotiation.py:44}}
Jun 01 22:28:28.950993 np0000001901 devstack@g-api.service[98964]: DEBUG glance.api.middleware.version_negotiation [None req-d37ce3ac-5dfe-4cfa-a103-3d3722399a57 tempest-ServerRescueNegativeTestJSON-539451295 tempest-ServerRescueNegativeTestJSON-539451295-project-member] Using url versioning {{(pid=98964) process_request /opt/stack/glance/glance/api/middleware/version_negotiation.py:57}}
Jun 01 22:28:28.950993 np0000001901 devstack@g-api.service[98964]: DEBUG glance.api.middleware.version_negotiation [None req-d37ce3ac-5dfe-4cfa-a103-3d3722399a57 tempest-ServerRescueNegativeTestJSON-539451295 tempest-ServerRescueNegativeTestJSON-539451295-project-member] Matched version: v2 {{(pid=98964) process_request /opt/stack/glance/glance/api/middleware/version_negotiation.py:69}}
Jun 01 22:28:28.950993 np0000001901 devstack@g-api.service[98964]: DEBUG glance.api.middleware.version_negotiation [None req-d37ce3ac-5dfe-4cfa-a103-3d3722399a57 tempest-ServerRescueNegativeTestJSON-539451295 tempest-ServerRescueNegativeTestJSON-539451295-project-member] new path /v2/schemas/image {{(pid=98964) process_request /opt/stack/glance/glance/api/middleware/version_negotiation.py:70}}
Jun 01 22:28:28.957148 np0000001901 devstack@g-api.service[98964]: [pid: 98964|app: 0|req: 37/77] 127.0.0.1 () {44 vars in 1051 bytes} [Mon Jun 1 22:28:28 2026] GET /v2/schemas/image => generated 6083 bytes in 7 msecs (HTTP/1.1 200) 4 headers in 158 bytes (1 switches on core 0)
Jun 01 22:28:38.802459 np0000001901 devstack@g-api.service[98963]: DEBUG dbcounter [-] [98963] Writing DB stats glance:SELECT=22 {{(pid=98963) stat_writer /opt/stack/data/venv/lib/python3.12/site-packages/dbcounter.py:115}}
Jun 01 22:28:38.855821 np0000001901 devstack@g-api.service[98964]: DEBUG dbcounter [-] [98964] Writing DB stats glance:SELECT=40,glance:INSERT=21,glance:UPDATE=3 {{(pid=98964) stat_writer /opt/stack/data/venv/lib/python3.12/site-packages/dbcounter.py:115}}
Jun 01 22:28:44.198657 np0000001901 devstack@g-api.service[98963]: DEBUG glance.api.middleware.version_negotiation [None req-7355990b-5012-476f-817a-1bd373d9e9e7 tempest-ServerBootFromVolumeStableRescueTest-1179750066 tempest-ServerBootFromVolumeStableRescueTest-1179750066-project-member] Determining version of request: GET /v2/images/a672b8be-0616-460b-b90e-8ceffcc239c1 Accept: */* {{(pid=98963) process_request /opt/stack/glance/glance/api/middleware/version_negotiation.py:44}}
Jun 01 22:28:44.199180 np0000001901 devstack@g-api.service[98963]: DEBUG glance.api.middleware.version_negotiation [None req-7355990b-5012-476f-817a-1bd373d9e9e7 tempest-ServerBootFromVolumeStableRescueTest-1179750066 tempest-ServerBootFromVolumeStableRescueTest-1179750066-project-member] Using url versioning {{(pid=98963) process_request /opt/stack/glance/glance/api/middleware/version_negotiation.py:57}}
Jun 01 22:28:44.199180 np0000001901 devstack@g-api.service[98963]: DEBUG glance.api.middleware.version_negotiation [None req-7355990b-5012-476f-817a-1bd373d9e9e7 tempest-ServerBootFromVolumeStableRescueTest-1179750066 tempest-ServerBootFromVolumeStableRescueTest-1179750066-project-member] Matched version: v2 {{(pid=98963) process_request /opt/stack/glance/glance/api/middleware/version_negotiation.py:69}}
Jun 01 22:28:44.199291 np0000001901 devstack@g-api.service[98963]: DEBUG glance.api.middleware.version_negotiation [None req-7355990b-5012-476f-817a-1bd373d9e9e7 tempest-ServerBootFromVolumeStableRescueTest-1179750066 tempest-ServerBootFromVolumeStableRescueTest-1179750066-project-member] new path /v2/images/a672b8be-0616-460b-b90e-8ceffcc239c1 {{(pid=98963) process_request /opt/stack/glance/glance/api/middleware/version_negotiation.py:70}}
Jun 01 22:28:44.630941 np0000001901 devstack@g-api.service[98963]: [pid: 98963|app: 0|req: 41/78] 127.0.0.1 () {44 vars in 1111 bytes} [Mon Jun 1 22:28:44 2026] GET /v2/images/a672b8be-0616-460b-b90e-8ceffcc239c1 => generated 1044 bytes in 432 msecs (HTTP/1.1 200) 4 headers in 158 bytes (1 switches on core 0)
Jun 01 22:28:44.641413 np0000001901 devstack@g-api.service[98964]: DEBUG glance.api.middleware.version_negotiation [None req-d37ce3ac-5dfe-4cfa-a103-3d3722399a57 tempest-ServerRescueNegativeTestJSON-539451295 tempest-ServerRescueNegativeTestJSON-539451295-project-member] Determining version of request: GET /v2/schemas/image Accept: */* {{(pid=98964) process_request /opt/stack/glance/glance/api/middleware/version_negotiation.py:44}}
Jun 01 22:28:44.641854 np0000001901 devstack@g-api.service[98964]: DEBUG glance.api.middleware.version_negotiation [None req-d37ce3ac-5dfe-4cfa-a103-3d3722399a57 tempest-ServerRescueNegativeTestJSON-539451295 tempest-ServerRescueNegativeTestJSON-539451295-project-member] Using url versioning {{(pid=98964) process_request /opt/stack/glance/glance/api/middleware/version_negotiation.py:57}}
Jun 01 22:28:44.641854 np0000001901 devstack@g-api.service[98964]: DEBUG glance.api.middleware.version_negotiation [None req-d37ce3ac-5dfe-4cfa-a103-3d3722399a57 tempest-ServerRescueNegativeTestJSON-539451295 tempest-ServerRescueNegativeTestJSON-539451295-project-member] Matched version: v2 {{(pid=98964) process_request /opt/stack/glance/glance/api/middleware/version_negotiation.py:69}}
Jun 01 22:28:44.641854 np0000001901 devstack@g-api.service[98964]: DEBUG glance.api.middleware.version_negotiation [None req-d37ce3ac-5dfe-4cfa-a103-3d3722399a57 tempest-ServerRescueNegativeTestJSON-539451295 tempest-ServerRescueNegativeTestJSON-539451295-project-member] new path /v2/schemas/image {{(pid=98964) process_request /opt/stack/glance/glance/api/middleware/version_negotiation.py:70}}
Jun 01 22:28:44.646452 np0000001901 devstack@g-api.service[98964]: [pid: 98964|app: 0|req: 38/79] 127.0.0.1 () {44 vars in 1051 bytes} [Mon Jun 1 22:28:44 2026] GET /v2/schemas/image => generated 6083 bytes in 5 msecs (HTTP/1.1 200) 4 headers in 158 bytes (1 switches on core 0)
Jun 01 22:28:44.660507 np0000001901 devstack@g-api.service[98963]: DEBUG glance.api.middleware.version_negotiation [None req-7488bda4-f5cc-4d9c-9fcb-4fcc88f7dc41 tempest-TaggedBootDevicesTest-1376015158 tempest-TaggedBootDevicesTest-1376015158-project-member] Determining version of request: GET /v2/schemas/image Accept: */* {{(pid=98963) process_request /opt/stack/glance/glance/api/middleware/version_negotiation.py:44}}
Jun 01 22:28:44.662305 np0000001901 devstack@g-api.service[98963]: DEBUG glance.api.middleware.version_negotiation [None req-7488bda4-f5cc-4d9c-9fcb-4fcc88f7dc41 tempest-TaggedBootDevicesTest-1376015158 tempest-TaggedBootDevicesTest-1376015158-project-member] Using url versioning {{(pid=98963) process_request /opt/stack/glance/glance/api/middleware/version_negotiation.py:57}}
Jun 01 22:28:44.662504 np0000001901 devstack@g-api.service[98963]: DEBUG glance.api.middleware.version_negotiation [None req-7488bda4-f5cc-4d9c-9fcb-4fcc88f7dc41 tempest-TaggedBootDevicesTest-1376015158 tempest-TaggedBootDevicesTest-1376015158-project-member] Matched version: v2 {{(pid=98963) process_request /opt/stack/glance/glance/api/middleware/version_negotiation.py:69}}
Jun 01 22:28:44.662858 np0000001901 devstack@g-api.service[98963]: DEBUG glance.api.middleware.version_negotiation [None req-7488bda4-f5cc-4d9c-9fcb-4fcc88f7dc41 tempest-TaggedBootDevicesTest-1376015158 tempest-TaggedBootDevicesTest-1376015158-project-member] new path /v2/schemas/image {{(pid=98963) process_request /opt/stack/glance/glance/api/middleware/version_negotiation.py:70}}
Jun 01 22:28:44.675621 np0000001901 devstack@g-api.service[98963]: [pid: 98963|app: 0|req: 42/80] 127.0.0.1 () {44 vars in 1051 bytes} [Mon Jun 1 22:28:44 2026] GET /v2/schemas/image => generated 6083 bytes in 12 msecs (HTTP/1.1 200) 4 headers in 158 bytes (1 switches on core 0)
Jun 01 22:28:44.685631 np0000001901 devstack@g-api.service[98964]: DEBUG glance.api.middleware.version_negotiation [None req-7488bda4-f5cc-4d9c-9fcb-4fcc88f7dc41 tempest-TaggedBootDevicesTest-1376015158 tempest-TaggedBootDevicesTest-1376015158-project-member] Determining version of request: GET /v2/images/a672b8be-0616-460b-b90e-8ceffcc239c1 Accept: */* {{(pid=98964) process_request /opt/stack/glance/glance/api/middleware/version_negotiation.py:44}}
Jun 01 22:28:44.686522 np0000001901 devstack@g-api.service[98964]: DEBUG glance.api.middleware.version_negotiation [None req-7488bda4-f5cc-4d9c-9fcb-4fcc88f7dc41 tempest-TaggedBootDevicesTest-1376015158 tempest-TaggedBootDevicesTest-1376015158-project-member] Using url versioning {{(pid=98964) process_request /opt/stack/glance/glance/api/middleware/version_negotiation.py:57}}
Jun 01 22:28:44.686522 np0000001901 devstack@g-api.service[98964]: DEBUG glance.api.middleware.version_negotiation [None req-7488bda4-f5cc-4d9c-9fcb-4fcc88f7dc41 tempest-TaggedBootDevicesTest-1376015158 tempest-TaggedBootDevicesTest-1376015158-project-member] Matched version: v2 {{(pid=98964) process_request /opt/stack/glance/glance/api/middleware/version_negotiation.py:69}}
Jun 01 22:28:44.686522 np0000001901 devstack@g-api.service[98964]: DEBUG glance.api.middleware.version_negotiation [None req-7488bda4-f5cc-4d9c-9fcb-4fcc88f7dc41 tempest-TaggedBootDevicesTest-1376015158 tempest-TaggedBootDevicesTest-1376015158-project-member] new path /v2/images/a672b8be-0616-460b-b90e-8ceffcc239c1 {{(pid=98964) process_request /opt/stack/glance/glance/api/middleware/version_negotiation.py:70}}
Jun 01 22:28:44.708628 np0000001901 devstack@g-api.service[98963]: DEBUG glance.api.middleware.version_negotiation [None req-7488bda4-f5cc-4d9c-9fcb-4fcc88f7dc41 tempest-TaggedBootDevicesTest-1376015158 tempest-TaggedBootDevicesTest-1376015158-project-member] Determining version of request: GET /v2/images/a672b8be-0616-460b-b90e-8ceffcc239c1 Accept: */* {{(pid=98963) process_request /opt/stack/glance/glance/api/middleware/version_negotiation.py:44}}
Jun 01 22:28:44.708628 np0000001901 devstack@g-api.service[98963]: DEBUG glance.api.middleware.version_negotiation [None req-7488bda4-f5cc-4d9c-9fcb-4fcc88f7dc41 tempest-TaggedBootDevicesTest-1376015158 tempest-TaggedBootDevicesTest-1376015158-project-member] Using url versioning {{(pid=98963) process_request /opt/stack/glance/glance/api/middleware/version_negotiation.py:57}}
Jun 01 22:28:44.708628 np0000001901 devstack@g-api.service[98963]: DEBUG glance.api.middleware.version_negotiation [None req-7488bda4-f5cc-4d9c-9fcb-4fcc88f7dc41 tempest-TaggedBootDevicesTest-1376015158 tempest-TaggedBootDevicesTest-1376015158-project-member] Matched version: v2 {{(pid=98963) process_request /opt/stack/glance/glance/api/middleware/version_negotiation.py:69}}
Jun 01 22:28:44.708917 np0000001901 devstack@g-api.service[98963]: DEBUG glance.api.middleware.version_negotiation [None req-7488bda4-f5cc-4d9c-9fcb-4fcc88f7dc41 tempest-TaggedBootDevicesTest-1376015158 tempest-TaggedBootDevicesTest-1376015158-project-member] new path /v2/images/a672b8be-0616-460b-b90e-8ceffcc239c1 {{(pid=98963) process_request /opt/stack/glance/glance/api/middleware/version_negotiation.py:70}}
Jun 01 22:28:44.711895 np0000001901 devstack@g-api.service[98964]: [pid: 98964|app: 0|req: 39/81] 127.0.0.1 () {44 vars in 1111 bytes} [Mon Jun 1 22:28:44 2026] GET /v2/images/a672b8be-0616-460b-b90e-8ceffcc239c1 => generated 1044 bytes in 26 msecs (HTTP/1.1 200) 4 headers in 158 bytes (1 switches on core 0)
Jun 01 22:28:44.727893 np0000001901 devstack@g-api.service[98964]: DEBUG glance.api.middleware.version_negotiation [None req-7488bda4-f5cc-4d9c-9fcb-4fcc88f7dc41 tempest-TaggedBootDevicesTest-1376015158 tempest-TaggedBootDevicesTest-1376015158-project-member] Determining version of request: GET /v2/schemas/image Accept: */* {{(pid=98964) process_request /opt/stack/glance/glance/api/middleware/version_negotiation.py:44}}
Jun 01 22:28:44.728089 np0000001901 devstack@g-api.service[98964]: DEBUG glance.api.middleware.version_negotiation [None req-7488bda4-f5cc-4d9c-9fcb-4fcc88f7dc41 tempest-TaggedBootDevicesTest-1376015158 tempest-TaggedBootDevicesTest-1376015158-project-member] Using url versioning {{(pid=98964) process_request /opt/stack/glance/glance/api/middleware/version_negotiation.py:57}}
Jun 01 22:28:44.728209 np0000001901 devstack@g-api.service[98964]: DEBUG glance.api.middleware.version_negotiation [None req-7488bda4-f5cc-4d9c-9fcb-4fcc88f7dc41 tempest-TaggedBootDevicesTest-1376015158 tempest-TaggedBootDevicesTest-1376015158-project-member] Matched version: v2 {{(pid=98964) process_request /opt/stack/glance/glance/api/middleware/version_negotiation.py:69}}
Jun 01 22:28:44.728322 np0000001901 devstack@g-api.service[98964]: DEBUG glance.api.middleware.version_negotiation [None req-7488bda4-f5cc-4d9c-9fcb-4fcc88f7dc41 tempest-TaggedBootDevicesTest-1376015158 tempest-TaggedBootDevicesTest-1376015158-project-member] new path /v2/schemas/image {{(pid=98964) process_request /opt/stack/glance/glance/api/middleware/version_negotiation.py:70}}
Jun 01 22:28:44.736745 np0000001901 devstack@g-api.service[98964]: [pid: 98964|app: 0|req: 40/82] 127.0.0.1 () {44 vars in 1051 bytes} [Mon Jun 1 22:28:44 2026] GET /v2/schemas/image => generated 6083 bytes in 9 msecs (HTTP/1.1 200) 4 headers in 158 bytes (1 switches on core 0)
Jun 01 22:28:44.740580 np0000001901 devstack@g-api.service[98963]: [pid: 98963|app: 0|req: 43/83] 127.0.0.1 () {44 vars in 1111 bytes} [Mon Jun 1 22:28:44 2026] GET /v2/images/a672b8be-0616-460b-b90e-8ceffcc239c1 => generated 1044 bytes in 32 msecs (HTTP/1.1 200) 4 headers in 158 bytes (1 switches on core 0)
Jun 01 22:28:44.751159 np0000001901 devstack@g-api.service[98964]: DEBUG glance.api.middleware.version_negotiation [None req-7488bda4-f5cc-4d9c-9fcb-4fcc88f7dc41 tempest-TaggedBootDevicesTest-1376015158 tempest-TaggedBootDevicesTest-1376015158-project-member] Determining version of request: GET /v2/schemas/image Accept: */* {{(pid=98964) process_request /opt/stack/glance/glance/api/middleware/version_negotiation.py:44}}
Jun 01 22:28:44.751327 np0000001901 devstack@g-api.service[98964]: DEBUG glance.api.middleware.version_negotiation [None req-7488bda4-f5cc-4d9c-9fcb-4fcc88f7dc41 tempest-TaggedBootDevicesTest-1376015158 tempest-TaggedBootDevicesTest-1376015158-project-member] Using url versioning {{(pid=98964) process_request /opt/stack/glance/glance/api/middleware/version_negotiation.py:57}}
Jun 01 22:28:44.751463 np0000001901 devstack@g-api.service[98964]: DEBUG glance.api.middleware.version_negotiation [None req-7488bda4-f5cc-4d9c-9fcb-4fcc88f7dc41 tempest-TaggedBootDevicesTest-1376015158 tempest-TaggedBootDevicesTest-1376015158-project-member] Matched version: v2 {{(pid=98964) process_request /opt/stack/glance/glance/api/middleware/version_negotiation.py:69}}
Jun 01 22:28:44.751548 np0000001901 devstack@g-api.service[98964]: DEBUG glance.api.middleware.version_negotiation [None req-7488bda4-f5cc-4d9c-9fcb-4fcc88f7dc41 tempest-TaggedBootDevicesTest-1376015158 tempest-TaggedBootDevicesTest-1376015158-project-member] new path /v2/schemas/image {{(pid=98964) process_request /opt/stack/glance/glance/api/middleware/version_negotiation.py:70}}
Jun 01 22:28:44.754744 np0000001901 devstack@g-api.service[98964]: [pid: 98964|app: 0|req: 41/84] 127.0.0.1 () {44 vars in 1051 bytes} [Mon Jun 1 22:28:44 2026] GET /v2/schemas/image => generated 6083 bytes in 4 msecs (HTTP/1.1 200) 4 headers in 158 bytes (1 switches on core 0)
Jun 01 22:28:44.794996 np0000001901 devstack@g-api.service[98963]: DEBUG glance.api.middleware.version_negotiation [None req-52cd3d62-34c8-444c-b47f-b4afae4d1bd7 tempest-ServerRescueNegativeTestJSON-539451295 tempest-ServerRescueNegativeTestJSON-539451295-project-member] Determining version of request: GET /v2/images/a672b8be-0616-460b-b90e-8ceffcc239c1 Accept: */* {{(pid=98963) process_request /opt/stack/glance/glance/api/middleware/version_negotiation.py:44}}
Jun 01 22:28:44.795259 np0000001901 devstack@g-api.service[98963]: DEBUG glance.api.middleware.version_negotiation [None req-52cd3d62-34c8-444c-b47f-b4afae4d1bd7 tempest-ServerRescueNegativeTestJSON-539451295 tempest-ServerRescueNegativeTestJSON-539451295-project-member] Using url versioning {{(pid=98963) process_request /opt/stack/glance/glance/api/middleware/version_negotiation.py:57}}
Jun 01 22:28:44.795533 np0000001901 devstack@g-api.service[98963]: DEBUG glance.api.middleware.version_negotiation [None req-52cd3d62-34c8-444c-b47f-b4afae4d1bd7 tempest-ServerRescueNegativeTestJSON-539451295 tempest-ServerRescueNegativeTestJSON-539451295-project-member] Matched version: v2 {{(pid=98963) process_request /opt/stack/glance/glance/api/middleware/version_negotiation.py:69}}
Jun 01 22:28:44.795618 np0000001901 devstack@g-api.service[98963]: DEBUG glance.api.middleware.version_negotiation [None req-52cd3d62-34c8-444c-b47f-b4afae4d1bd7 tempest-ServerRescueNegativeTestJSON-539451295 tempest-ServerRescueNegativeTestJSON-539451295-project-member] new path /v2/images/a672b8be-0616-460b-b90e-8ceffcc239c1 {{(pid=98963) process_request /opt/stack/glance/glance/api/middleware/version_negotiation.py:70}}
Jun 01 22:28:44.806632 np0000001901 devstack@g-api.service[98964]: DEBUG glance.api.middleware.version_negotiation [None req-7488bda4-f5cc-4d9c-9fcb-4fcc88f7dc41 tempest-TaggedBootDevicesTest-1376015158 tempest-TaggedBootDevicesTest-1376015158-project-member] Determining version of request: GET /v2/schemas/image Accept: */* {{(pid=98964) process_request /opt/stack/glance/glance/api/middleware/version_negotiation.py:44}}
Jun 01 22:28:44.806817 np0000001901 devstack@g-api.service[98964]: DEBUG glance.api.middleware.version_negotiation [None req-7488bda4-f5cc-4d9c-9fcb-4fcc88f7dc41 tempest-TaggedBootDevicesTest-1376015158 tempest-TaggedBootDevicesTest-1376015158-project-member] Using url versioning {{(pid=98964) process_request /opt/stack/glance/glance/api/middleware/version_negotiation.py:57}}
Jun 01 22:28:44.807304 np0000001901 devstack@g-api.service[98964]: DEBUG glance.api.middleware.version_negotiation [None req-7488bda4-f5cc-4d9c-9fcb-4fcc88f7dc41 tempest-TaggedBootDevicesTest-1376015158 tempest-TaggedBootDevicesTest-1376015158-project-member] Matched version: v2 {{(pid=98964) process_request /opt/stack/glance/glance/api/middleware/version_negotiation.py:69}}
Jun 01 22:28:44.807304 np0000001901 devstack@g-api.service[98964]: DEBUG glance.api.middleware.version_negotiation [None req-7488bda4-f5cc-4d9c-9fcb-4fcc88f7dc41 tempest-TaggedBootDevicesTest-1376015158 tempest-TaggedBootDevicesTest-1376015158-project-member] new path /v2/schemas/image {{(pid=98964) process_request /opt/stack/glance/glance/api/middleware/version_negotiation.py:70}}
Jun 01 22:28:44.811578 np0000001901 devstack@g-api.service[98964]: [pid: 98964|app: 0|req: 42/85] 127.0.0.1 () {44 vars in 1051 bytes} [Mon Jun 1 22:28:44 2026] GET /v2/schemas/image => generated 6083 bytes in 5 msecs (HTTP/1.1 200) 4 headers in 158 bytes (1 switches on core 0)
Jun 01 22:28:44.821882 np0000001901 devstack@g-api.service[98963]: [pid: 98963|app: 0|req: 44/86] 127.0.0.1 () {44 vars in 1111 bytes} [Mon Jun 1 22:28:44 2026] GET /v2/images/a672b8be-0616-460b-b90e-8ceffcc239c1 => generated 1044 bytes in 27 msecs (HTTP/1.1 200) 4 headers in 158 bytes (1 switches on core 0)
Jun 01 22:28:44.838133 np0000001901 devstack@g-api.service[98964]: DEBUG glance.api.middleware.version_negotiation [None req-52cd3d62-34c8-444c-b47f-b4afae4d1bd7 tempest-ServerRescueNegativeTestJSON-539451295 tempest-ServerRescueNegativeTestJSON-539451295-project-member] Determining version of request: GET /v2/schemas/image Accept: */* {{(pid=98964) process_request /opt/stack/glance/glance/api/middleware/version_negotiation.py:44}}
Jun 01 22:28:44.838295 np0000001901 devstack@g-api.service[98964]: DEBUG glance.api.middleware.version_negotiation [None req-52cd3d62-34c8-444c-b47f-b4afae4d1bd7 tempest-ServerRescueNegativeTestJSON-539451295 tempest-ServerRescueNegativeTestJSON-539451295-project-member] Using url versioning {{(pid=98964) process_request /opt/stack/glance/glance/api/middleware/version_negotiation.py:57}}
