Jun 01 22:25:57.995300 np0000001901 devstack@neutron-api.service[87068]: DEBUG neutron.plugins.ml2.drivers.ovn.mech_driver.ovsdb.maintenance [-] Touching Hash Ring node "d1e6e103250c5ced8674d6e13c34426c" from periodic health check thread {{(pid=87068) touch_hash_ring_node /opt/stack/neutron/neutron/plugins/ml2/drivers/ovn/mech_driver/ovsdb/maintenance.py:1466}}
Jun 01 22:25:58.830495 np0000001901 devstack@neutron-api.service[87069]: DEBUG futurist.periodics [-] Submitting periodic callback 'neutron.plugins.ml2.drivers.ovn.mech_driver.ovsdb.maintenance.HashRingHealthCheckPeriodics.touch_hash_ring_node' {{(pid=87069) _process_scheduled /opt/stack/data/venv/lib/python3.12/site-packages/futurist/periodics.py:784}}
Jun 01 22:25:58.831040 np0000001901 devstack@neutron-api.service[87069]: DEBUG neutron.plugins.ml2.drivers.ovn.mech_driver.ovsdb.maintenance [-] Touching Hash Ring node "8d52d80c92d95ad6b21cf88ac262075d" from periodic health check thread {{(pid=87069) touch_hash_ring_node /opt/stack/neutron/neutron/plugins/ml2/drivers/ovn/mech_driver/ovsdb/maintenance.py:1466}}
Jun 01 22:26:08.001066 np0000001901 devstack@neutron-api.service[87068]: DEBUG dbcounter [-] [87068] Writing DB stats neutron:UPDATE=1,neutron:SELECT=1 {{(pid=87068) stat_writer /opt/stack/data/venv/lib/python3.12/site-packages/dbcounter.py:115}}
Jun 01 22:26:08.837033 np0000001901 devstack@neutron-api.service[87069]: DEBUG dbcounter [-] [87069] Writing DB stats neutron:UPDATE=1,neutron:SELECT=1 {{(pid=87069) stat_writer /opt/stack/data/venv/lib/python3.12/site-packages/dbcounter.py:115}}
Jun 01 22:26:12.500703 np0000001901 devstack@neutron-api.service[87069]: DEBUG neutron.api.wsgi [None req-5c2936cf-3a9f-4996-934d-590697684dc8 tempest-verify_tempest_config-1866455536 tempest-verify_tempest_config-1866455536-project-member] https://10.4.3.50/networking/v2.0/extensions returned with HTTP 200 {{(pid=87069) __call__ /opt/stack/neutron/neutron/api/wsgi.py:540}}
Jun 01 22:26:12.501111 np0000001901 devstack@neutron-api.service[87069]: [pid: 87069|app: 0|req: 20/41] 10.4.3.50 () {66 vars in 1254 bytes} [Mon Jun 1 22:26:12 2026] GET /networking/v2.0/extensions => generated 15209 bytes in 3 msecs (HTTP/1.1 200) 4 headers in 159 bytes (1 switches on core 0)
Jun 01 22:26:12.987127 np0000001901 devstack@neutron-api.service[87068]: DEBUG neutron_lib.callbacks.manager [None req-6ce77759-a684-46bc-aa55-573ac626982c admin admin] Publish callbacks [] for security_group (None), before_create {{(pid=87068) _notify_loop /opt/stack/data/venv/lib/python3.12/site-packages/neutron_lib/callbacks/manager.py:184}}
Jun 01 22:26:12.995192 np0000001901 devstack@neutron-api.service[87068]: DEBUG futurist.periodics [-] Submitting periodic callback 'neutron.plugins.ml2.drivers.ovn.mech_driver.ovsdb.maintenance.HashRingHealthCheckPeriodics.touch_hash_ring_node' {{(pid=87068) _process_scheduled /opt/stack/data/venv/lib/python3.12/site-packages/futurist/periodics.py:784}}
Jun 01 22:26:12.995540 np0000001901 devstack@neutron-api.service[87068]: DEBUG neutron.plugins.ml2.drivers.ovn.mech_driver.ovsdb.maintenance [-] Touching Hash Ring node "d1e6e103250c5ced8674d6e13c34426c" from periodic health check thread {{(pid=87068) touch_hash_ring_node /opt/stack/neutron/neutron/plugins/ml2/drivers/ovn/mech_driver/ovsdb/maintenance.py:1466}}
Jun 01 22:26:13.081712 np0000001901 devstack@neutron-api.service[87068]: DEBUG neutron_lib.callbacks.manager [None req-6ce77759-a684-46bc-aa55-573ac626982c admin admin] Publish callbacks ['neutron.plugins.ml2.drivers.ovn.mech_driver.mech_driver.OVNMechanismDriver._create_security_group_precommit-894687'] for security_group (86dc4c95-f06a-400a-9909-664b5f959832), precommit_create {{(pid=87068) _notify_loop /opt/stack/data/venv/lib/python3.12/site-packages/neutron_lib/callbacks/manager.py:184}}
Jun 01 22:26:13.081850 np0000001901 devstack@neutron-api.service[87068]: DEBUG neutron.db.ovn_revision_numbers_db [None req-6ce77759-a684-46bc-aa55-573ac626982c admin admin] create_initial_revision uuid=86dc4c95-f06a-400a-9909-664b5f959832, type=security_groups, rev=-1 {{(pid=87068) create_initial_revision /opt/stack/neutron/neutron/db/ovn_revision_numbers_db.py:98}}
Jun 01 22:26:13.083003 np0000001901 devstack@neutron-api.service[87068]: DEBUG neutron.db.ovn_revision_numbers_db [None req-6ce77759-a684-46bc-aa55-573ac626982c admin admin] create_initial_revision uuid=18f45fb4-1266-491a-9b0a-4aa737e3755b, type=security_group_rules, rev=-1 {{(pid=87068) create_initial_revision /opt/stack/neutron/neutron/db/ovn_revision_numbers_db.py:98}}
Jun 01 22:26:13.083778 np0000001901 devstack@neutron-api.service[87068]: DEBUG neutron.db.ovn_revision_numbers_db [None req-6ce77759-a684-46bc-aa55-573ac626982c admin admin] create_initial_revision uuid=ac25e64a-36d2-4475-af3a-ca9c8a4c3689, type=security_group_rules, rev=-1 {{(pid=87068) create_initial_revision /opt/stack/neutron/neutron/db/ovn_revision_numbers_db.py:98}}
Jun 01 22:26:13.084655 np0000001901 devstack@neutron-api.service[87068]: DEBUG neutron.db.ovn_revision_numbers_db [None req-6ce77759-a684-46bc-aa55-573ac626982c admin admin] create_initial_revision uuid=e48ba5e6-fdb3-4e83-92ee-aa283ef01971, type=security_group_rules, rev=-1 {{(pid=87068) create_initial_revision /opt/stack/neutron/neutron/db/ovn_revision_numbers_db.py:98}}
Jun 01 22:26:13.085457 np0000001901 devstack@neutron-api.service[87068]: DEBUG neutron.db.ovn_revision_numbers_db [None req-6ce77759-a684-46bc-aa55-573ac626982c admin admin] create_initial_revision uuid=e9b04b55-1760-43de-9246-e3b24547e5b8, type=security_group_rules, rev=-1 {{(pid=87068) create_initial_revision /opt/stack/neutron/neutron/db/ovn_revision_numbers_db.py:98}}
Jun 01 22:26:13.088541 np0000001901 devstack@neutron-api.service[87068]: DEBUG neutron_lib.callbacks.manager [None req-6ce77759-a684-46bc-aa55-573ac626982c admin admin] Publish callbacks ['neutron.plugins.ml2.drivers.ovn.mech_driver.mech_driver.OVNMechanismDriver._create_security_group-894665', 'neutron.plugins.ml2.ovo_rpc._ObjectChangeHandler.handle_event-1141550'] for security_group (86dc4c95-f06a-400a-9909-664b5f959832), after_create {{(pid=87068) _notify_loop /opt/stack/data/venv/lib/python3.12/site-packages/neutron_lib/callbacks/manager.py:184}}
Jun 01 22:26:13.089109 np0000001901 devstack@neutron-api.service[87068]: DEBUG ovsdbapp.backend.ovs_idl.transaction [None req-7628997f-32c3-4940-8289-8315810f67c0 None None] Running txn n=1 command(idx=0): PgAddCommand(_result=None, name=pg_86dc4c95_f06a_400a_9909_664b5f959832, may_exist=False, columns={'acls': [], 'external_ids': {'neutron:security_group_id': '86dc4c95-f06a-400a-9909-664b5f959832'}}) {{(pid=87068) do_commit /opt/stack/data/venv/lib/python3.12/site-packages/ovsdbapp/backend/ovs_idl/transaction.py:89}}
Jun 01 22:26:13.089403 np0000001901 devstack@neutron-api.service[87068]: DEBUG ovsdbapp.backend.ovs_idl.transaction [None req-7628997f-32c3-4940-8289-8315810f67c0 None None] Running txn n=1 command(idx=1): PgAclAddCommand(_result=None, entity=pg_86dc4c95_f06a_400a_9909_664b5f959832, direction=from-lport, priority=1002, match=inport == @pg_86dc4c95_f06a_400a_9909_664b5f959832 && ip4, action=allow-related, log=False, may_exist=True, severity=[], name=[], meter=[], external_ids={'neutron:security_group_rule_id': '18f45fb4-1266-491a-9b0a-4aa737e3755b'}) {{(pid=87068) do_commit /opt/stack/data/venv/lib/python3.12/site-packages/ovsdbapp/backend/ovs_idl/transaction.py:89}}
Jun 01 22:26:13.089704 np0000001901 devstack@neutron-api.service[87068]: DEBUG ovsdbapp.backend.ovs_idl.transaction [None req-7628997f-32c3-4940-8289-8315810f67c0 None None] Running txn n=1 command(idx=2): PgAclAddCommand(_result=None, entity=pg_86dc4c95_f06a_400a_9909_664b5f959832, direction=to-lport, priority=1002, match=outport == @pg_86dc4c95_f06a_400a_9909_664b5f959832 && ip6 && ip6.src == $pg_86dc4c95_f06a_400a_9909_664b5f959832_ip6, action=allow-related, log=False, may_exist=True, severity=[], name=[], meter=[], external_ids={'neutron:security_group_rule_id': 'ac25e64a-36d2-4475-af3a-ca9c8a4c3689'}) {{(pid=87068) do_commit /opt/stack/data/venv/lib/python3.12/site-packages/ovsdbapp/backend/ovs_idl/transaction.py:89}}
Jun 01 22:26:13.089944 np0000001901 devstack@neutron-api.service[87068]: DEBUG ovsdbapp.backend.ovs_idl.transaction [None req-7628997f-32c3-4940-8289-8315810f67c0 None None] Running txn n=1 command(idx=3): PgAclAddCommand(_result=None, entity=pg_86dc4c95_f06a_400a_9909_664b5f959832, direction=to-lport, priority=1002, match=outport == @pg_86dc4c95_f06a_400a_9909_664b5f959832 && ip4 && ip4.src == $pg_86dc4c95_f06a_400a_9909_664b5f959832_ip4, action=allow-related, log=False, may_exist=True, severity=[], name=[], meter=[], external_ids={'neutron:security_group_rule_id': 'e48ba5e6-fdb3-4e83-92ee-aa283ef01971'}) {{(pid=87068) do_commit /opt/stack/data/venv/lib/python3.12/site-packages/ovsdbapp/backend/ovs_idl/transaction.py:89}}
Jun 01 22:26:13.090194 np0000001901 devstack@neutron-api.service[87068]: DEBUG ovsdbapp.backend.ovs_idl.transaction [None req-7628997f-32c3-4940-8289-8315810f67c0 None None] Running txn n=1 command(idx=4): PgAclAddCommand(_result=None, entity=pg_86dc4c95_f06a_400a_9909_664b5f959832, direction=from-lport, priority=1002, match=inport == @pg_86dc4c95_f06a_400a_9909_664b5f959832 && ip6, action=allow-related, log=False, may_exist=True, severity=[], name=[], meter=[], external_ids={'neutron:security_group_rule_id': 'e9b04b55-1760-43de-9246-e3b24547e5b8'}) {{(pid=87068) do_commit /opt/stack/data/venv/lib/python3.12/site-packages/ovsdbapp/backend/ovs_idl/transaction.py:89}}
Jun 01 22:26:13.098133 np0000001901 devstack@neutron-api.service[87068]: DEBUG neutron.plugins.ml2.drivers.ovn.mech_driver.ovsdb.ovsdb_monitor [None req-7628997f-32c3-4940-8289-8315810f67c0 None None] Touching Hash Ring node "d1e6e103250c5ced8674d6e13c34426c" from IDL notify handler {{(pid=87068) notify /opt/stack/neutron/neutron/plugins/ml2/drivers/ovn/mech_driver/ovsdb/ovsdb_monitor.py:1007}}
Jun 01 22:26:13.100125 np0000001901 devstack@neutron-api.service[87068]: DEBUG neutron.plugins.ml2.drivers.ovn.mech_driver.ovsdb.ovsdb_monitor [None req-7628997f-32c3-4940-8289-8315810f67c0 None None] Hash Ring: Node d1e6e103250c5ced8674d6e13c34426c (host: np0000001901) handling event "create" for row 3eecd4fc-855d-403e-833c-a5219b46723a (table: ACL) {{(pid=87068) notify /opt/stack/neutron/neutron/plugins/ml2/drivers/ovn/mech_driver/ovsdb/ovsdb_monitor.py:1015}}
Jun 01 22:26:13.100838 np0000001901 devstack@neutron-api.service[87068]: DEBUG neutron.plugins.ml2.drivers.ovn.mech_driver.ovsdb.ovsdb_monitor [None req-7628997f-32c3-4940-8289-8315810f67c0 None None] Touching Hash Ring node "d1e6e103250c5ced8674d6e13c34426c" from IDL notify handler {{(pid=87068) notify /opt/stack/neutron/neutron/plugins/ml2/drivers/ovn/mech_driver/ovsdb/ovsdb_monitor.py:1007}}
Jun 01 22:26:13.103251 np0000001901 devstack@neutron-api.service[87068]: DEBUG neutron.plugins.ml2.drivers.ovn.mech_driver.ovsdb.ovsdb_monitor [None req-7628997f-32c3-4940-8289-8315810f67c0 None None] Hash Ring: Node d1e6e103250c5ced8674d6e13c34426c (host: np0000001901) handling event "create" for row f51c65f1-3917-4d9a-b15d-3060b33ae5b7 (table: ACL) {{(pid=87068) notify /opt/stack/neutron/neutron/plugins/ml2/drivers/ovn/mech_driver/ovsdb/ovsdb_monitor.py:1015}}
Jun 01 22:26:13.103990 np0000001901 devstack@neutron-api.service[87068]: DEBUG neutron.plugins.ml2.drivers.ovn.mech_driver.ovsdb.ovsdb_monitor [None req-7628997f-32c3-4940-8289-8315810f67c0 None None] Touching Hash Ring node "d1e6e103250c5ced8674d6e13c34426c" from IDL notify handler {{(pid=87068) notify /opt/stack/neutron/neutron/plugins/ml2/drivers/ovn/mech_driver/ovsdb/ovsdb_monitor.py:1007}}
Jun 01 22:26:13.106021 np0000001901 devstack@neutron-api.service[87068]: DEBUG neutron.plugins.ml2.drivers.ovn.mech_driver.ovsdb.ovsdb_monitor [None req-7628997f-32c3-4940-8289-8315810f67c0 None None] Hash Ring: Node d1e6e103250c5ced8674d6e13c34426c (host: np0000001901) handling event "create" for row fa97d695-81f7-4632-a6d0-ce2c7094e9ed (table: ACL) {{(pid=87068) notify /opt/stack/neutron/neutron/plugins/ml2/drivers/ovn/mech_driver/ovsdb/ovsdb_monitor.py:1015}}
Jun 01 22:26:13.106689 np0000001901 devstack@neutron-api.service[87068]: DEBUG neutron.plugins.ml2.drivers.ovn.mech_driver.ovsdb.ovsdb_monitor [None req-7628997f-32c3-4940-8289-8315810f67c0 None None] Touching Hash Ring node "d1e6e103250c5ced8674d6e13c34426c" from IDL notify handler {{(pid=87068) notify /opt/stack/neutron/neutron/plugins/ml2/drivers/ovn/mech_driver/ovsdb/ovsdb_monitor.py:1007}}
Jun 01 22:26:13.108523 np0000001901 devstack@neutron-api.service[87068]: DEBUG neutron.plugins.ml2.drivers.ovn.mech_driver.ovsdb.ovsdb_monitor [None req-7628997f-32c3-4940-8289-8315810f67c0 None None] Hash Ring: Node d1e6e103250c5ced8674d6e13c34426c (host: np0000001901) handling event "create" for row fd7c1e4d-0efa-4c99-b256-d86e667a6e79 (table: ACL) {{(pid=87068) notify /opt/stack/neutron/neutron/plugins/ml2/drivers/ovn/mech_driver/ovsdb/ovsdb_monitor.py:1015}}
Jun 01 22:26:13.109230 np0000001901 devstack@neutron-api.service[87068]: DEBUG neutron.plugins.ml2.drivers.ovn.mech_driver.ovsdb.ovsdb_monitor [None req-7628997f-32c3-4940-8289-8315810f67c0 None None] Touching Hash Ring node "d1e6e103250c5ced8674d6e13c34426c" from IDL notify handler {{(pid=87068) notify /opt/stack/neutron/neutron/plugins/ml2/drivers/ovn/mech_driver/ovsdb/ovsdb_monitor.py:1007}}
Jun 01 22:26:13.111058 np0000001901 devstack@neutron-api.service[87068]: DEBUG neutron.plugins.ml2.drivers.ovn.mech_driver.ovsdb.ovsdb_monitor [None req-7628997f-32c3-4940-8289-8315810f67c0 None None] Hash Ring: Node d1e6e103250c5ced8674d6e13c34426c (host: np0000001901) handling event "create" for row f5f2c1ef-91ef-461e-a185-f2d5c9f5d5a6 (table: Port_Group) {{(pid=87068) notify /opt/stack/neutron/neutron/plugins/ml2/drivers/ovn/mech_driver/ovsdb/ovsdb_monitor.py:1015}}
Jun 01 22:26:13.132018 np0000001901 devstack@neutron-api.service[87068]: INFO neutron.db.ovn_revision_numbers_db [None req-6ce77759-a684-46bc-aa55-573ac626982c admin admin] Successfully bumped revision number for resource 86dc4c95-f06a-400a-9909-664b5f959832 (type: security_groups) to 1
Jun 01 22:26:13.143486 np0000001901 devstack@neutron-api.service[87068]: INFO neutron.db.ovn_revision_numbers_db [None req-6ce77759-a684-46bc-aa55-573ac626982c admin admin] Successfully bumped revision number for resource 18f45fb4-1266-491a-9b0a-4aa737e3755b (type: security_group_rules) to 0
Jun 01 22:26:13.151204 np0000001901 devstack@neutron-api.service[87068]: INFO neutron.db.ovn_revision_numbers_db [None req-6ce77759-a684-46bc-aa55-573ac626982c admin admin] Successfully bumped revision number for resource ac25e64a-36d2-4475-af3a-ca9c8a4c3689 (type: security_group_rules) to 0
Jun 01 22:26:13.159138 np0000001901 devstack@neutron-api.service[87068]: INFO neutron.db.ovn_revision_numbers_db [None req-6ce77759-a684-46bc-aa55-573ac626982c admin admin] Successfully bumped revision number for resource e48ba5e6-fdb3-4e83-92ee-aa283ef01971 (type: security_group_rules) to 0
Jun 01 22:26:13.167933 np0000001901 devstack@neutron-api.service[87068]: INFO neutron.db.ovn_revision_numbers_db [None req-6ce77759-a684-46bc-aa55-573ac626982c admin admin] Successfully bumped revision number for resource e9b04b55-1760-43de-9246-e3b24547e5b8 (type: security_group_rules) to 0
Jun 01 22:26:13.183902 np0000001901 devstack@neutron-api.service[87068]: DEBUG neutron.api.rpc.handlers.resources_rpc [None req-6ce77759-a684-46bc-aa55-573ac626982c admin admin] Pushing event updated for resources: {'SecurityGroup': ['ID=86dc4c95-f06a-400a-9909-664b5f959832,revision_number=1']} {{(pid=87068) push /opt/stack/neutron/neutron/api/rpc/handlers/resources_rpc.py:237}}
Jun 01 22:26:13.200513 np0000001901 devstack@neutron-api.service[87068]: [pid: 87068|app: 0|req: 22/42] 10.4.3.50 () {66 vars in 1382 bytes} [Mon Jun 1 22:26:12 2026] GET /networking/v2.0/security-groups?project_id=7414707fa79e47da90a97947a7b5dcfc&name=default => generated 2921 bytes in 390 msecs (HTTP/1.1 200) 4 headers in 158 bytes (1 switches on core 0)
Jun 01 22:26:13.232506 np0000001901 devstack@neutron-api.service[87069]: DEBUG neutron_lib.callbacks.manager [None req-b9f2a621-daf8-4a79-b111-661da0aeb979 admin admin] Publish callbacks [] for security_group (86dc4c95-f06a-400a-9909-664b5f959832), before_delete {{(pid=87069) _notify_loop /opt/stack/data/venv/lib/python3.12/site-packages/neutron_lib/callbacks/manager.py:184}}
Jun 01 22:26:13.246694 np0000001901 devstack@neutron-api.service[87069]: DEBUG neutron_lib.callbacks.manager [None req-b9f2a621-daf8-4a79-b111-661da0aeb979 admin admin] Publish callbacks ['neutron.plugins.ml2.drivers.ovn.mech_driver.mech_driver.OVNMechanismDriver._delete_security_group_precommit-16294921'] for security_group (86dc4c95-f06a-400a-9909-664b5f959832), precommit_delete {{(pid=87069) _notify_loop /opt/stack/data/venv/lib/python3.12/site-packages/neutron_lib/callbacks/manager.py:184}}
Jun 01 22:26:13.268476 np0000001901 devstack@neutron-api.service[87069]: DEBUG neutron.db.ovn_revision_numbers_db [None req-b9f2a621-daf8-4a79-b111-661da0aeb979 admin admin] delete_revision(ac25e64a-36d2-4475-af3a-ca9c8a4c3689) {{(pid=87069) delete_revision /opt/stack/neutron/neutron/db/ovn_revision_numbers_db.py:112}}
Jun 01 22:26:13.271253 np0000001901 devstack@neutron-api.service[87069]: DEBUG neutron.db.ovn_revision_numbers_db [None req-b9f2a621-daf8-4a79-b111-661da0aeb979 admin admin] delete_revision(e48ba5e6-fdb3-4e83-92ee-aa283ef01971) {{(pid=87069) delete_revision /opt/stack/neutron/neutron/db/ovn_revision_numbers_db.py:112}}
Jun 01 22:26:13.274084 np0000001901 devstack@neutron-api.service[87069]: DEBUG ovsdbapp.backend.ovs_idl.transaction [None req-bd1e456d-e140-4868-be0c-400fc3c2dd54 None None] Running txn n=1 command(idx=0): PgAclDelCommand(_result=None, entity=pg_86dc4c95_f06a_400a_9909_664b5f959832, if_exists=False, conditions=[('direction', '=', 'to-lport'), ('priority', '=', 1002), ('match', '=', 'outport == @pg_86dc4c95_f06a_400a_9909_664b5f959832 && ip6 && ip6.src == $pg_86dc4c95_f06a_400a_9909_664b5f959832_ip6')]) {{(pid=87069) do_commit /opt/stack/data/venv/lib/python3.12/site-packages/ovsdbapp/backend/ovs_idl/transaction.py:89}}
Jun 01 22:26:13.274326 np0000001901 devstack@neutron-api.service[87069]: DEBUG ovsdbapp.backend.ovs_idl.transaction [None req-bd1e456d-e140-4868-be0c-400fc3c2dd54 None None] Running txn n=1 command(idx=1): PgAclDelCommand(_result=None, entity=pg_86dc4c95_f06a_400a_9909_664b5f959832, if_exists=False, conditions=[('direction', '=', 'to-lport'), ('priority', '=', 1002), ('match', '=', 'outport == @pg_86dc4c95_f06a_400a_9909_664b5f959832 && ip4 && ip4.src == $pg_86dc4c95_f06a_400a_9909_664b5f959832_ip4')]) {{(pid=87069) do_commit /opt/stack/data/venv/lib/python3.12/site-packages/ovsdbapp/backend/ovs_idl/transaction.py:89}}
Jun 01 22:26:13.277300 np0000001901 devstack@neutron-api.service[87068]: DEBUG neutron.plugins.ml2.drivers.ovn.mech_driver.ovsdb.ovsdb_monitor [None req-7628997f-32c3-4940-8289-8315810f67c0 None None] Touching Hash Ring node "d1e6e103250c5ced8674d6e13c34426c" from IDL notify handler {{(pid=87068) notify /opt/stack/neutron/neutron/plugins/ml2/drivers/ovn/mech_driver/ovsdb/ovsdb_monitor.py:1007}}
Jun 01 22:26:13.282286 np0000001901 devstack@neutron-api.service[87068]: DEBUG neutron.plugins.ml2.drivers.ovn.mech_driver.ovsdb.ovsdb_monitor [None req-7628997f-32c3-4940-8289-8315810f67c0 None None] Hash Ring: Node d1e6e103250c5ced8674d6e13c34426c (host: np0000001901) handling event "delete" for row 3eecd4fc-855d-403e-833c-a5219b46723a (table: ACL) {{(pid=87068) notify /opt/stack/neutron/neutron/plugins/ml2/drivers/ovn/mech_driver/ovsdb/ovsdb_monitor.py:1015}}
Jun 01 22:26:13.283133 np0000001901 devstack@neutron-api.service[87068]: DEBUG neutron.plugins.ml2.drivers.ovn.mech_driver.ovsdb.ovsdb_monitor [None req-7628997f-32c3-4940-8289-8315810f67c0 None None] Touching Hash Ring node "d1e6e103250c5ced8674d6e13c34426c" from IDL notify handler {{(pid=87068) notify /opt/stack/neutron/neutron/plugins/ml2/drivers/ovn/mech_driver/ovsdb/ovsdb_monitor.py:1007}}
Jun 01 22:26:13.289894 np0000001901 devstack@neutron-api.service[87068]: DEBUG neutron.plugins.ml2.drivers.ovn.mech_driver.ovsdb.ovsdb_monitor [None req-7628997f-32c3-4940-8289-8315810f67c0 None None] Hash Ring: Node d1e6e103250c5ced8674d6e13c34426c (host: np0000001901) handling event "delete" for row fa97d695-81f7-4632-a6d0-ce2c7094e9ed (table: ACL) {{(pid=87068) notify /opt/stack/neutron/neutron/plugins/ml2/drivers/ovn/mech_driver/ovsdb/ovsdb_monitor.py:1015}}
Jun 01 22:26:13.289894 np0000001901 devstack@neutron-api.service[87068]: DEBUG neutron.plugins.ml2.drivers.ovn.mech_driver.ovsdb.ovsdb_monitor [None req-7628997f-32c3-4940-8289-8315810f67c0 None None] Touching Hash Ring node "d1e6e103250c5ced8674d6e13c34426c" from IDL notify handler {{(pid=87068) notify /opt/stack/neutron/neutron/plugins/ml2/drivers/ovn/mech_driver/ovsdb/ovsdb_monitor.py:1007}}
Jun 01 22:26:13.291917 np0000001901 devstack@neutron-api.service[87068]: DEBUG neutron.plugins.ml2.drivers.ovn.mech_driver.ovsdb.ovsdb_monitor [None req-7628997f-32c3-4940-8289-8315810f67c0 None None] Hash Ring: Node d1e6e103250c5ced8674d6e13c34426c (host: np0000001901) handling event "update" for row f5f2c1ef-91ef-461e-a185-f2d5c9f5d5a6 (table: Port_Group) {{(pid=87068) notify /opt/stack/neutron/neutron/plugins/ml2/drivers/ovn/mech_driver/ovsdb/ovsdb_monitor.py:1015}}
Jun 01 22:26:13.306812 np0000001901 devstack@neutron-api.service[87069]: DEBUG neutron_lib.callbacks.manager [None req-b9f2a621-daf8-4a79-b111-661da0aeb979 admin admin] Publish callbacks ['neutron.plugins.ml2.drivers.ovn.mech_driver.mech_driver.OVNMechanismDriver._delete_security_group-16295923', 'neutron.plugins.ml2.ovo_rpc._ObjectChangeHandler.handle_event-1808848'] for security_group (86dc4c95-f06a-400a-9909-664b5f959832), after_delete {{(pid=87069) _notify_loop /opt/stack/data/venv/lib/python3.12/site-packages/neutron_lib/callbacks/manager.py:184}}
Jun 01 22:26:13.307557 np0000001901 devstack@neutron-api.service[87069]: DEBUG ovsdbapp.backend.ovs_idl.transaction [None req-bd1e456d-e140-4868-be0c-400fc3c2dd54 None None] Running txn n=1 command(idx=0): PgDelCommand(_result=None, name=pg_86dc4c95_f06a_400a_9909_664b5f959832, if_exists=True) {{(pid=87069) do_commit /opt/stack/data/venv/lib/python3.12/site-packages/ovsdbapp/backend/ovs_idl/transaction.py:89}}
Jun 01 22:26:13.311443 np0000001901 devstack@neutron-api.service[87069]: DEBUG neutron.db.ovn_revision_numbers_db [None req-b9f2a621-daf8-4a79-b111-661da0aeb979 admin admin] delete_revision(86dc4c95-f06a-400a-9909-664b5f959832) {{(pid=87069) delete_revision /opt/stack/neutron/neutron/db/ovn_revision_numbers_db.py:112}}
Jun 01 22:26:13.312613 np0000001901 devstack@neutron-api.service[87068]: DEBUG neutron.plugins.ml2.drivers.ovn.mech_driver.ovsdb.ovsdb_monitor [None req-7628997f-32c3-4940-8289-8315810f67c0 None None] Touching Hash Ring node "d1e6e103250c5ced8674d6e13c34426c" from IDL notify handler {{(pid=87068) notify /opt/stack/neutron/neutron/plugins/ml2/drivers/ovn/mech_driver/ovsdb/ovsdb_monitor.py:1007}}
Jun 01 22:26:13.315884 np0000001901 devstack@neutron-api.service[87068]: DEBUG neutron.plugins.ml2.drivers.ovn.mech_driver.ovsdb.ovsdb_monitor [None req-7628997f-32c3-4940-8289-8315810f67c0 None None] Hash Ring: Node d1e6e103250c5ced8674d6e13c34426c (host: np0000001901) handling event "delete" for row f51c65f1-3917-4d9a-b15d-3060b33ae5b7 (table: ACL) {{(pid=87068) notify /opt/stack/neutron/neutron/plugins/ml2/drivers/ovn/mech_driver/ovsdb/ovsdb_monitor.py:1015}}
Jun 01 22:26:13.316227 np0000001901 devstack@neutron-api.service[87069]: DEBUG neutron.db.ovn_revision_numbers_db [None req-b9f2a621-daf8-4a79-b111-661da0aeb979 admin admin] delete_revisions(['18f45fb4-1266-491a-9b0a-4aa737e3755b', 'e9b04b55-1760-43de-9246-e3b24547e5b8']) {{(pid=87069) delete_revisions /opt/stack/neutron/neutron/db/ovn_revision_numbers_db.py:127}}
Jun 01 22:26:13.317146 np0000001901 devstack@neutron-api.service[87068]: DEBUG neutron.plugins.ml2.drivers.ovn.mech_driver.ovsdb.ovsdb_monitor [None req-7628997f-32c3-4940-8289-8315810f67c0 None None] Touching Hash Ring node "d1e6e103250c5ced8674d6e13c34426c" from IDL notify handler {{(pid=87068) notify /opt/stack/neutron/neutron/plugins/ml2/drivers/ovn/mech_driver/ovsdb/ovsdb_monitor.py:1007}}
Jun 01 22:26:13.321757 np0000001901 devstack@neutron-api.service[87068]: DEBUG neutron.plugins.ml2.drivers.ovn.mech_driver.ovsdb.ovsdb_monitor [None req-7628997f-32c3-4940-8289-8315810f67c0 None None] Hash Ring: Node d1e6e103250c5ced8674d6e13c34426c (host: np0000001901) handling event "delete" for row fd7c1e4d-0efa-4c99-b256-d86e667a6e79 (table: ACL) {{(pid=87068) notify /opt/stack/neutron/neutron/plugins/ml2/drivers/ovn/mech_driver/ovsdb/ovsdb_monitor.py:1015}}
Jun 01 22:26:13.321757 np0000001901 devstack@neutron-api.service[87068]: DEBUG neutron.plugins.ml2.drivers.ovn.mech_driver.ovsdb.ovsdb_monitor [None req-7628997f-32c3-4940-8289-8315810f67c0 None None] Touching Hash Ring node "d1e6e103250c5ced8674d6e13c34426c" from IDL notify handler {{(pid=87068) notify /opt/stack/neutron/neutron/plugins/ml2/drivers/ovn/mech_driver/ovsdb/ovsdb_monitor.py:1007}}
Jun 01 22:26:13.324603 np0000001901 devstack@neutron-api.service[87069]: DEBUG neutron.api.rpc.handlers.resources_rpc [None req-b9f2a621-daf8-4a79-b111-661da0aeb979 admin admin] Pushing event deleted for resources: {'SecurityGroup': ['ID=86dc4c95-f06a-400a-9909-664b5f959832,revision_number=None']} {{(pid=87069) push /opt/stack/neutron/neutron/api/rpc/handlers/resources_rpc.py:237}}
Jun 01 22:26:13.324857 np0000001901 devstack@neutron-api.service[87068]: DEBUG neutron.plugins.ml2.drivers.ovn.mech_driver.ovsdb.ovsdb_monitor [None req-7628997f-32c3-4940-8289-8315810f67c0 None None] Hash Ring: Node d1e6e103250c5ced8674d6e13c34426c (host: np0000001901) handling event "delete" for row f5f2c1ef-91ef-461e-a185-f2d5c9f5d5a6 (table: Port_Group) {{(pid=87068) notify /opt/stack/neutron/neutron/plugins/ml2/drivers/ovn/mech_driver/ovsdb/ovsdb_monitor.py:1015}}
Jun 01 22:26:13.328329 np0000001901 devstack@neutron-api.service[87069]: DEBUG neutron_lib.callbacks.manager [None req-b9f2a621-daf8-4a79-b111-661da0aeb979 admin admin] Publish callbacks [] for security_group (None), before_response {{(pid=87069) _notify_loop /opt/stack/data/venv/lib/python3.12/site-packages/neutron_lib/callbacks/manager.py:184}}
Jun 01 22:26:13.328811 np0000001901 devstack@neutron-api.service[87069]: [pid: 87069|app: 0|req: 21/43] 10.4.3.50 () {66 vars in 1383 bytes} [Mon Jun 1 22:26:13 2026] DELETE /networking/v2.0/security-groups/86dc4c95-f06a-400a-9909-664b5f959832 => generated 0 bytes in 122 msecs (HTTP/1.1 204) 2 headers in 112 bytes (1 switches on core 0)
Jun 01 22:26:13.832313 np0000001901 devstack@neutron-api.service[87069]: DEBUG futurist.periodics [-] Submitting periodic callback 'neutron.plugins.ml2.drivers.ovn.mech_driver.ovsdb.maintenance.HashRingHealthCheckPeriodics.touch_hash_ring_node' {{(pid=87069) _process_scheduled /opt/stack/data/venv/lib/python3.12/site-packages/futurist/periodics.py:784}}
Jun 01 22:26:13.833351 np0000001901 devstack@neutron-api.service[87069]: DEBUG neutron.plugins.ml2.drivers.ovn.mech_driver.ovsdb.maintenance [-] Touching Hash Ring node "8d52d80c92d95ad6b21cf88ac262075d" from periodic health check thread {{(pid=87069) touch_hash_ring_node /opt/stack/neutron/neutron/plugins/ml2/drivers/ovn/mech_driver/ovsdb/maintenance.py:1466}}
Jun 01 22:26:23.323570 np0000001901 devstack@neutron-api.service[87068]: DEBUG dbcounter [-] [87068] Writing DB stats neutron:SELECT=58,neutron:INSERT=16,neutron:UPDATE=18 {{(pid=87068) stat_writer /opt/stack/data/venv/lib/python3.12/site-packages/dbcounter.py:115}}
Jun 01 22:26:23.845793 np0000001901 devstack@neutron-api.service[87069]: DEBUG dbcounter [-] [87069] Writing DB stats neutron:SELECT=42,neutron:DELETE=8,neutron:UPDATE=1 {{(pid=87069) stat_writer /opt/stack/data/venv/lib/python3.12/site-packages/dbcounter.py:115}}
Jun 01 22:26:27.995811 np0000001901 devstack@neutron-api.service[87068]: DEBUG futurist.periodics [-] Submitting periodic callback 'neutron.plugins.ml2.drivers.ovn.mech_driver.ovsdb.maintenance.HashRingHealthCheckPeriodics.touch_hash_ring_node' {{(pid=87068) _process_scheduled /opt/stack/data/venv/lib/python3.12/site-packages/futurist/periodics.py:784}}
Jun 01 22:26:27.996406 np0000001901 devstack@neutron-api.service[87068]: DEBUG neutron.plugins.ml2.drivers.ovn.mech_driver.ovsdb.maintenance [-] Touching Hash Ring node "d1e6e103250c5ced8674d6e13c34426c" from periodic health check thread {{(pid=87068) touch_hash_ring_node /opt/stack/neutron/neutron/plugins/ml2/drivers/ovn/mech_driver/ovsdb/maintenance.py:1466}}
Jun 01 22:26:28.833458 np0000001901 devstack@neutron-api.service[87069]: DEBUG futurist.periodics [-] Submitting periodic callback 'neutron.plugins.ml2.drivers.ovn.mech_driver.ovsdb.maintenance.HashRingHealthCheckPeriodics.touch_hash_ring_node' {{(pid=87069) _process_scheduled /opt/stack/data/venv/lib/python3.12/site-packages/futurist/periodics.py:784}}
Jun 01 22:26:28.833878 np0000001901 devstack@neutron-api.service[87069]: DEBUG neutron.plugins.ml2.drivers.ovn.mech_driver.ovsdb.maintenance [-] Touching Hash Ring node "8d52d80c92d95ad6b21cf88ac262075d" from periodic health check thread {{(pid=87069) touch_hash_ring_node /opt/stack/neutron/neutron/plugins/ml2/drivers/ovn/mech_driver/ovsdb/maintenance.py:1466}}
Jun 01 22:26:38.002030 np0000001901 devstack@neutron-api.service[87068]: DEBUG dbcounter [-] [87068] Writing DB stats neutron:UPDATE=1,neutron:SELECT=1 {{(pid=87068) stat_writer /opt/stack/data/venv/lib/python3.12/site-packages/dbcounter.py:115}}
Jun 01 22:26:38.839794 np0000001901 devstack@neutron-api.service[87069]: DEBUG dbcounter [-] [87069] Writing DB stats neutron:UPDATE=1,neutron:SELECT=1 {{(pid=87069) stat_writer /opt/stack/data/venv/lib/python3.12/site-packages/dbcounter.py:115}}
Jun 01 22:26:42.996422 np0000001901 devstack@neutron-api.service[87068]: DEBUG futurist.periodics [-] Submitting periodic callback 'neutron.plugins.ml2.drivers.ovn.mech_driver.ovsdb.maintenance.HashRingHealthCheckPeriodics.touch_hash_ring_node' {{(pid=87068) _process_scheduled /opt/stack/data/venv/lib/python3.12/site-packages/futurist/periodics.py:784}}
Jun 01 22:26:42.998011 np0000001901 devstack@neutron-api.service[87068]: DEBUG neutron.plugins.ml2.drivers.ovn.mech_driver.ovsdb.maintenance [-] Touching Hash Ring node "d1e6e103250c5ced8674d6e13c34426c" from periodic health check thread {{(pid=87068) touch_hash_ring_node /opt/stack/neutron/neutron/plugins/ml2/drivers/ovn/mech_driver/ovsdb/maintenance.py:1466}}
Jun 01 22:26:43.834161 np0000001901 devstack@neutron-api.service[87069]: DEBUG futurist.periodics [-] Submitting periodic callback 'neutron.plugins.ml2.drivers.ovn.mech_driver.ovsdb.maintenance.HashRingHealthCheckPeriodics.touch_hash_ring_node' {{(pid=87069) _process_scheduled /opt/stack/data/venv/lib/python3.12/site-packages/futurist/periodics.py:784}}
Jun 01 22:26:43.834728 np0000001901 devstack@neutron-api.service[87069]: DEBUG neutron.plugins.ml2.drivers.ovn.mech_driver.ovsdb.maintenance [-] Touching Hash Ring node "8d52d80c92d95ad6b21cf88ac262075d" from periodic health check thread {{(pid=87069) touch_hash_ring_node /opt/stack/neutron/neutron/plugins/ml2/drivers/ovn/mech_driver/ovsdb/maintenance.py:1466}}
Jun 01 22:26:53.003268 np0000001901 devstack@neutron-api.service[87068]: DEBUG dbcounter [-] [87068] Writing DB stats neutron:UPDATE=1,neutron:SELECT=1 {{(pid=87068) stat_writer /opt/stack/data/venv/lib/python3.12/site-packages/dbcounter.py:115}}
Jun 01 22:26:53.843150 np0000001901 devstack@neutron-api.service[87069]: DEBUG dbcounter [-] [87069] Writing DB stats neutron:UPDATE=1,neutron:SELECT=1 {{(pid=87069) stat_writer /opt/stack/data/venv/lib/python3.12/site-packages/dbcounter.py:115}}
Jun 01 22:26:57.997260 np0000001901 devstack@neutron-api.service[87068]: DEBUG futurist.periodics [-] Submitting periodic callback 'neutron.plugins.ml2.drivers.ovn.mech_driver.ovsdb.maintenance.HashRingHealthCheckPeriodics.touch_hash_ring_node' {{(pid=87068) _process_scheduled /opt/stack/data/venv/lib/python3.12/site-packages/futurist/periodics.py:784}}
Jun 01 22:26:57.997734 np0000001901 devstack@neutron-api.service[87068]: DEBUG neutron.plugins.ml2.drivers.ovn.mech_driver.ovsdb.maintenance [-] Touching Hash Ring node "d1e6e103250c5ced8674d6e13c34426c" from periodic health check thread {{(pid=87068) touch_hash_ring_node /opt/stack/neutron/neutron/plugins/ml2/drivers/ovn/mech_driver/ovsdb/maintenance.py:1466}}
Jun 01 22:26:58.216950 np0000001901 devstack@neutron-api.service[87068]: DEBUG neutron.api.v2.base [None req-1a74c984-5ccf-4911-a479-f7d62b79c507 admin admin] Request body: {'network': {'name': 'tempest-VolumesAdminNegativeTest-985606523-network', 'project_id': 'de58f11c88364a5abfb95941e964caf3'}} {{(pid=87068) prepare_request_body /opt/stack/neutron/neutron/api/v2/base.py:727}}
Jun 01 22:26:58.230641 np0000001901 devstack@neutron-api.service[87068]: DEBUG neutron.pecan_wsgi.hooks.quota_enforcement [None req-1a74c984-5ccf-4911-a479-f7d62b79c507 admin admin] Made reservation on behalf of de58f11c88364a5abfb95941e964caf3 for: {'network': 1} {{(pid=87068) before /opt/stack/neutron/neutron/pecan_wsgi/hooks/quota_enforcement.py:66}}
Jun 01 22:26:58.232609 np0000001901 devstack@neutron-api.service[87068]: DEBUG neutron_lib.callbacks.manager [None req-1a74c984-5ccf-4911-a479-f7d62b79c507 admin admin] Publish callbacks ['neutron.plugins.ml2.plugin.SecurityGroupDbMixin._ensure_default_security_group_handler-15425407'] for network (None), before_create {{(pid=87068) _notify_loop /opt/stack/data/venv/lib/python3.12/site-packages/neutron_lib/callbacks/manager.py:184}}
Jun 01 22:26:58.236231 np0000001901 devstack@neutron-api.service[87068]: DEBUG neutron_lib.callbacks.manager [None req-1a74c984-5ccf-4911-a479-f7d62b79c507 admin admin] Publish callbacks [] for security_group (None), before_create {{(pid=87068) _notify_loop /opt/stack/data/venv/lib/python3.12/site-packages/neutron_lib/callbacks/manager.py:184}}
Jun 01 22:26:58.283555 np0000001901 devstack@neutron-api.service[87068]: DEBUG neutron_lib.callbacks.manager [None req-1a74c984-5ccf-4911-a479-f7d62b79c507 admin admin] Publish callbacks ['neutron.plugins.ml2.drivers.ovn.mech_driver.mech_driver.OVNMechanismDriver._create_security_group_precommit-894687'] for security_group (7722f7ad-c9b2-4018-85fb-4fed51d044c0), precommit_create {{(pid=87068) _notify_loop /opt/stack/data/venv/lib/python3.12/site-packages/neutron_lib/callbacks/manager.py:184}}
Jun 01 22:26:58.283727 np0000001901 devstack@neutron-api.service[87068]: DEBUG neutron.db.ovn_revision_numbers_db [None req-1a74c984-5ccf-4911-a479-f7d62b79c507 admin admin] create_initial_revision uuid=7722f7ad-c9b2-4018-85fb-4fed51d044c0, type=security_groups, rev=-1 {{(pid=87068) create_initial_revision /opt/stack/neutron/neutron/db/ovn_revision_numbers_db.py:98}}
Jun 01 22:26:58.284660 np0000001901 devstack@neutron-api.service[87068]: DEBUG neutron.db.ovn_revision_numbers_db [None req-1a74c984-5ccf-4911-a479-f7d62b79c507 admin admin] create_initial_revision uuid=37a3d628-8ca1-4f77-aeba-c5132410d781, type=security_group_rules, rev=-1 {{(pid=87068) create_initial_revision /opt/stack/neutron/neutron/db/ovn_revision_numbers_db.py:98}}
Jun 01 22:26:58.285497 np0000001901 devstack@neutron-api.service[87068]: DEBUG neutron.db.ovn_revision_numbers_db [None req-1a74c984-5ccf-4911-a479-f7d62b79c507 admin admin] create_initial_revision uuid=be131ab1-d6e4-4855-a5eb-b6ed3bb62217, type=security_group_rules, rev=-1 {{(pid=87068) create_initial_revision /opt/stack/neutron/neutron/db/ovn_revision_numbers_db.py:98}}
Jun 01 22:26:58.286386 np0000001901 devstack@neutron-api.service[87068]: DEBUG neutron.db.ovn_revision_numbers_db [None req-1a74c984-5ccf-4911-a479-f7d62b79c507 admin admin] create_initial_revision uuid=c4a6c32f-a06a-4601-80f5-53dbe2ec07c9, type=security_group_rules, rev=-1 {{(pid=87068) create_initial_revision /opt/stack/neutron/neutron/db/ovn_revision_numbers_db.py:98}}
Jun 01 22:26:58.287321 np0000001901 devstack@neutron-api.service[87068]: DEBUG neutron.db.ovn_revision_numbers_db [None req-1a74c984-5ccf-4911-a479-f7d62b79c507 admin admin] create_initial_revision uuid=fff1e163-6ddb-4d2f-86da-349b3e28d1d8, type=security_group_rules, rev=-1 {{(pid=87068) create_initial_revision /opt/stack/neutron/neutron/db/ovn_revision_numbers_db.py:98}}
Jun 01 22:26:58.290265 np0000001901 devstack@neutron-api.service[87068]: DEBUG neutron_lib.callbacks.manager [None req-1a74c984-5ccf-4911-a479-f7d62b79c507 admin admin] Publish callbacks ['neutron.plugins.ml2.drivers.ovn.mech_driver.mech_driver.OVNMechanismDriver._create_security_group-894665', 'neutron.plugins.ml2.ovo_rpc._ObjectChangeHandler.handle_event-1141550'] for security_group (7722f7ad-c9b2-4018-85fb-4fed51d044c0), after_create {{(pid=87068) _notify_loop /opt/stack/data/venv/lib/python3.12/site-packages/neutron_lib/callbacks/manager.py:184}}
Jun 01 22:26:58.291316 np0000001901 devstack@neutron-api.service[87068]: DEBUG ovsdbapp.backend.ovs_idl.transaction [None req-7628997f-32c3-4940-8289-8315810f67c0 None None] Running txn n=1 command(idx=0): PgAddCommand(_result=None, name=pg_7722f7ad_c9b2_4018_85fb_4fed51d044c0, may_exist=False, columns={'acls': [], 'external_ids': {'neutron:security_group_id': '7722f7ad-c9b2-4018-85fb-4fed51d044c0'}}) {{(pid=87068) do_commit /opt/stack/data/venv/lib/python3.12/site-packages/ovsdbapp/backend/ovs_idl/transaction.py:89}}
Jun 01 22:26:58.291316 np0000001901 devstack@neutron-api.service[87068]: DEBUG ovsdbapp.backend.ovs_idl.transaction [None req-7628997f-32c3-4940-8289-8315810f67c0 None None] Running txn n=1 command(idx=1): PgAclAddCommand(_result=None, entity=pg_7722f7ad_c9b2_4018_85fb_4fed51d044c0, direction=from-lport, priority=1002, match=inport == @pg_7722f7ad_c9b2_4018_85fb_4fed51d044c0 && ip4, action=allow-related, log=False, may_exist=True, severity=[], name=[], meter=[], external_ids={'neutron:security_group_rule_id': '37a3d628-8ca1-4f77-aeba-c5132410d781'}) {{(pid=87068) do_commit /opt/stack/data/venv/lib/python3.12/site-packages/ovsdbapp/backend/ovs_idl/transaction.py:89}}
Jun 01 22:26:58.291576 np0000001901 devstack@neutron-api.service[87068]: DEBUG ovsdbapp.backend.ovs_idl.transaction [None req-7628997f-32c3-4940-8289-8315810f67c0 None None] Running txn n=1 command(idx=2): PgAclAddCommand(_result=None, entity=pg_7722f7ad_c9b2_4018_85fb_4fed51d044c0, direction=to-lport, priority=1002, match=outport == @pg_7722f7ad_c9b2_4018_85fb_4fed51d044c0 && ip6 && ip6.src == $pg_7722f7ad_c9b2_4018_85fb_4fed51d044c0_ip6, action=allow-related, log=False, may_exist=True, severity=[], name=[], meter=[], external_ids={'neutron:security_group_rule_id': 'be131ab1-d6e4-4855-a5eb-b6ed3bb62217'}) {{(pid=87068) do_commit /opt/stack/data/venv/lib/python3.12/site-packages/ovsdbapp/backend/ovs_idl/transaction.py:89}}
Jun 01 22:26:58.291822 np0000001901 devstack@neutron-api.service[87068]: DEBUG ovsdbapp.backend.ovs_idl.transaction [None req-7628997f-32c3-4940-8289-8315810f67c0 None None] Running txn n=1 command(idx=3): PgAclAddCommand(_result=None, entity=pg_7722f7ad_c9b2_4018_85fb_4fed51d044c0, direction=from-lport, priority=1002, match=inport == @pg_7722f7ad_c9b2_4018_85fb_4fed51d044c0 && ip6, action=allow-related, log=False, may_exist=True, severity=[], name=[], meter=[], external_ids={'neutron:security_group_rule_id': 'c4a6c32f-a06a-4601-80f5-53dbe2ec07c9'}) {{(pid=87068) do_commit /opt/stack/data/venv/lib/python3.12/site-packages/ovsdbapp/backend/ovs_idl/transaction.py:89}}
Jun 01 22:26:58.292082 np0000001901 devstack@neutron-api.service[87068]: DEBUG ovsdbapp.backend.ovs_idl.transaction [None req-7628997f-32c3-4940-8289-8315810f67c0 None None] Running txn n=1 command(idx=4): PgAclAddCommand(_result=None, entity=pg_7722f7ad_c9b2_4018_85fb_4fed51d044c0, direction=to-lport, priority=1002, match=outport == @pg_7722f7ad_c9b2_4018_85fb_4fed51d044c0 && ip4 && ip4.src == $pg_7722f7ad_c9b2_4018_85fb_4fed51d044c0_ip4, action=allow-related, log=False, may_exist=True, severity=[], name=[], meter=[], external_ids={'neutron:security_group_rule_id': 'fff1e163-6ddb-4d2f-86da-349b3e28d1d8'}) {{(pid=87068) do_commit /opt/stack/data/venv/lib/python3.12/site-packages/ovsdbapp/backend/ovs_idl/transaction.py:89}}
Jun 01 22:26:58.301812 np0000001901 devstack@neutron-api.service[87068]: DEBUG neutron.common.ovn.hash_ring_manager [None req-7628997f-32c3-4940-8289-8315810f67c0 None None] Hash Ring loaded. 2 active nodes. 0 offline nodes {{(pid=87068) _load_hash_ring /opt/stack/neutron/neutron/common/ovn/hash_ring_manager.py:102}}
Jun 01 22:26:58.302099 np0000001901 devstack@neutron-api.service[87068]: DEBUG neutron.plugins.ml2.drivers.ovn.mech_driver.ovsdb.ovsdb_monitor [None req-7628997f-32c3-4940-8289-8315810f67c0 None None] Hash Ring: Node d1e6e103250c5ced8674d6e13c34426c (host: np0000001901) handling event "create" for row 57c9b72e-c5e1-45d8-8f86-80e7c8d8a868 (table: ACL) {{(pid=87068) notify /opt/stack/neutron/neutron/plugins/ml2/drivers/ovn/mech_driver/ovsdb/ovsdb_monitor.py:1015}}
Jun 01 22:26:58.302291 np0000001901 devstack@neutron-api.service[87068]: DEBUG neutron.plugins.ml2.drivers.ovn.mech_driver.ovsdb.ovsdb_monitor [None req-7628997f-32c3-4940-8289-8315810f67c0 None None] Hash Ring: Node d1e6e103250c5ced8674d6e13c34426c (host: np0000001901) handling event "create" for row 91daac99-7160-4caa-a197-3442d9e99d3c (table: ACL) {{(pid=87068) notify /opt/stack/neutron/neutron/plugins/ml2/drivers/ovn/mech_driver/ovsdb/ovsdb_monitor.py:1015}}
Jun 01 22:26:58.302396 np0000001901 devstack@neutron-api.service[87068]: DEBUG neutron.plugins.ml2.drivers.ovn.mech_driver.ovsdb.ovsdb_monitor [None req-7628997f-32c3-4940-8289-8315810f67c0 None None] Hash Ring: Node d1e6e103250c5ced8674d6e13c34426c (host: np0000001901) handling event "create" for row c8179421-289e-41dd-87bd-c0c51b01e8c9 (table: ACL) {{(pid=87068) notify /opt/stack/neutron/neutron/plugins/ml2/drivers/ovn/mech_driver/ovsdb/ovsdb_monitor.py:1015}}
Jun 01 22:26:58.303024 np0000001901 devstack@neutron-api.service[87069]: DEBUG neutron.common.ovn.hash_ring_manager [None req-bd1e456d-e140-4868-be0c-400fc3c2dd54 None None] Hash Ring loaded. 2 active nodes. 0 offline nodes {{(pid=87069) _load_hash_ring /opt/stack/neutron/neutron/common/ovn/hash_ring_manager.py:102}}
Jun 01 22:26:58.303269 np0000001901 devstack@neutron-api.service[87069]: DEBUG neutron.plugins.ml2.drivers.ovn.mech_driver.ovsdb.ovsdb_monitor [None req-bd1e456d-e140-4868-be0c-400fc3c2dd54 None None] Hash Ring: Node 8d52d80c92d95ad6b21cf88ac262075d (host: np0000001901) handling event "create" for row 843f0d30-77f6-4c72-8bb6-40d46bccdf8b (table: ACL) {{(pid=87069) notify /opt/stack/neutron/neutron/plugins/ml2/drivers/ovn/mech_driver/ovsdb/ovsdb_monitor.py:1015}}
Jun 01 22:26:58.303386 np0000001901 devstack@neutron-api.service[87069]: DEBUG neutron.plugins.ml2.drivers.ovn.mech_driver.ovsdb.ovsdb_monitor [None req-bd1e456d-e140-4868-be0c-400fc3c2dd54 None None] Hash Ring: Node 8d52d80c92d95ad6b21cf88ac262075d (host: np0000001901) handling event "create" for row 37777129-288e-4b89-8493-e3f2cced2323 (table: Port_Group) {{(pid=87069) notify /opt/stack/neutron/neutron/plugins/ml2/drivers/ovn/mech_driver/ovsdb/ovsdb_monitor.py:1015}}
Jun 01 22:26:58.315275 np0000001901 devstack@neutron-api.service[87068]: INFO neutron.db.ovn_revision_numbers_db [None req-1a74c984-5ccf-4911-a479-f7d62b79c507 admin admin] Successfully bumped revision number for resource 7722f7ad-c9b2-4018-85fb-4fed51d044c0 (type: security_groups) to 1
Jun 01 22:26:58.324214 np0000001901 devstack@neutron-api.service[87068]: INFO neutron.db.ovn_revision_numbers_db [None req-1a74c984-5ccf-4911-a479-f7d62b79c507 admin admin] Successfully bumped revision number for resource 37a3d628-8ca1-4f77-aeba-c5132410d781 (type: security_group_rules) to 0
Jun 01 22:26:58.332986 np0000001901 devstack@neutron-api.service[87068]: INFO neutron.db.ovn_revision_numbers_db [None req-1a74c984-5ccf-4911-a479-f7d62b79c507 admin admin] Successfully bumped revision number for resource be131ab1-d6e4-4855-a5eb-b6ed3bb62217 (type: security_group_rules) to 0
Jun 01 22:26:58.341627 np0000001901 devstack@neutron-api.service[87068]: INFO neutron.db.ovn_revision_numbers_db [None req-1a74c984-5ccf-4911-a479-f7d62b79c507 admin admin] Successfully bumped revision number for resource c4a6c32f-a06a-4601-80f5-53dbe2ec07c9 (type: security_group_rules) to 0
Jun 01 22:26:58.350633 np0000001901 devstack@neutron-api.service[87068]: INFO neutron.db.ovn_revision_numbers_db [None req-1a74c984-5ccf-4911-a479-f7d62b79c507 admin admin] Successfully bumped revision number for resource fff1e163-6ddb-4d2f-86da-349b3e28d1d8 (type: security_group_rules) to 0
Jun 01 22:26:58.370708 np0000001901 devstack@neutron-api.service[87068]: DEBUG neutron.api.rpc.handlers.resources_rpc [None req-1a74c984-5ccf-4911-a479-f7d62b79c507 admin admin] Pushing event updated for resources: {'SecurityGroup': ['ID=7722f7ad-c9b2-4018-85fb-4fed51d044c0,revision_number=1']} {{(pid=87068) push /opt/stack/neutron/neutron/api/rpc/handlers/resources_rpc.py:237}}
Jun 01 22:26:58.375165 np0000001901 devstack@neutron-api.service[87068]: DEBUG ovsdbapp.backend.ovs_idl.transaction [None req-7628997f-32c3-4940-8289-8315810f67c0 None None] Running txn n=1 command(idx=0): CheckLivenessCommand(_result=None) {{(pid=87068) do_commit /opt/stack/data/venv/lib/python3.12/site-packages/ovsdbapp/backend/ovs_idl/transaction.py:89}}
Jun 01 22:26:58.376845 np0000001901 devstack@neutron-api.service[87068]: DEBUG neutron.plugins.ml2.drivers.ovn.mech_driver.ovsdb.ovsdb_monitor [None req-7628997f-32c3-4940-8289-8315810f67c0 None None] Hash Ring: Node d1e6e103250c5ced8674d6e13c34426c (host: np0000001901) handling event "update" for row 4089ddec-e73d-4116-a91d-0f1bb2219553 (table: NB_Global) {{(pid=87068) notify /opt/stack/neutron/neutron/plugins/ml2/drivers/ovn/mech_driver/ovsdb/ovsdb_monitor.py:1015}}
Jun 01 22:26:58.378765 np0000001901 devstack@neutron-api.service[87068]: DEBUG neutron.api.rpc.callbacks.version_manager [None req-1a74c984-5ccf-4911-a479-f7d62b79c507 admin admin] Tracked resource versions report:
Jun 01 22:26:58.378765 np0000001901 devstack@neutron-api.service[87068]: pushed versions:
Jun 01 22:26:58.378765 np0000001901 devstack@neutron-api.service[87068]: { 'AddressGroup': {'1.2'},
Jun 01 22:26:58.378765 np0000001901 devstack@neutron-api.service[87068]: 'Agent': {'1.1'},
Jun 01 22:26:58.378765 np0000001901 devstack@neutron-api.service[87068]: 'ConntrackHelper': {'1.0'},
Jun 01 22:26:58.378765 np0000001901 devstack@neutron-api.service[87068]: 'LocalIPAssociation': {'1.0'},
Jun 01 22:26:58.378765 np0000001901 devstack@neutron-api.service[87068]: 'Log': {'1.0'},
Jun 01 22:26:58.378765 np0000001901 devstack@neutron-api.service[87068]: 'NDPProxy': {'1.0'},
Jun 01 22:26:58.378765 np0000001901 devstack@neutron-api.service[87068]: 'Network': {'1.3'},
Jun 01 22:26:58.378765 np0000001901 devstack@neutron-api.service[87068]: 'Port': {'1.11'},
Jun 01 22:26:58.378765 np0000001901 devstack@neutron-api.service[87068]: 'PortForwarding': {'1.3'},
Jun 01 22:26:58.378765 np0000001901 devstack@neutron-api.service[87068]: 'QosPolicy': {'1.10'},
Jun 01 22:26:58.378765 np0000001901 devstack@neutron-api.service[87068]: 'SecurityGroup': {'1.6'},
Jun 01 22:26:58.378765 np0000001901 devstack@neutron-api.service[87068]: 'SecurityGroupRule': {'1.3'},
Jun 01 22:26:58.378765 np0000001901 devstack@neutron-api.service[87068]: 'SubPort': {'1.0'},
Jun 01 22:26:58.378765 np0000001901 devstack@neutron-api.service[87068]: 'Subnet': {'1.2'},
Jun 01 22:26:58.378765 np0000001901 devstack@neutron-api.service[87068]: 'Trunk': {'1.1'}}
Jun 01 22:26:58.378765 np0000001901 devstack@neutron-api.service[87068]: consumer versions:
Jun 01 22:26:58.378765 np0000001901 devstack@neutron-api.service[87068]: { OVN Neutron agent@np0000001901: {},
Jun 01 22:26:58.378765 np0000001901 devstack@neutron-api.service[87068]: OVN Controller Gateway agent@np0000001901: {}}
Jun 01 22:26:58.378765 np0000001901 devstack@neutron-api.service[87068]: {{(pid=87068) report /opt/stack/neutron/neutron/api/rpc/callbacks/version_manager.py:183}}
Jun 01 22:26:58.382106 np0000001901 devstack@neutron-api.service[87069]: DEBUG neutron.plugins.ml2.drivers.ovn.mech_driver.ovsdb.ovsdb_monitor [None req-30425f1f-d569-43d9-b757-38df140b1af3 None None] ChassisAgentWriteEvent : Matched Chassis_Private, update, None None {{(pid=87069) matches /opt/stack/neutron/neutron/plugins/ml2/drivers/ovn/mech_driver/ovsdb/ovsdb_monitor.py:64}}
Jun 01 22:26:58.383697 np0000001901 devstack@neutron-api.service[87068]: DEBUG neutron.plugins.ml2.drivers.ovn.mech_driver.ovsdb.ovsdb_monitor [None req-7628997f-32c3-4940-8289-8315810f67c0 None None] Hash Ring: Node d1e6e103250c5ced8674d6e13c34426c (host: np0000001901) handling event "update" for row 4089ddec-e73d-4116-a91d-0f1bb2219553 (table: NB_Global) {{(pid=87068) notify /opt/stack/neutron/neutron/plugins/ml2/drivers/ovn/mech_driver/ovsdb/ovsdb_monitor.py:1015}}
Jun 01 22:26:58.387419 np0000001901 devstack@neutron-api.service[87068]: DEBUG neutron.plugins.ml2.drivers.ovn.mech_driver.ovsdb.ovsdb_monitor [None req-7628997f-32c3-4940-8289-8315810f67c0 None None] Hash Ring: Node d1e6e103250c5ced8674d6e13c34426c (host: np0000001901) handling event "update" for row 4089ddec-e73d-4116-a91d-0f1bb2219553 (table: NB_Global) {{(pid=87068) notify /opt/stack/neutron/neutron/plugins/ml2/drivers/ovn/mech_driver/ovsdb/ovsdb_monitor.py:1015}}
