Aug 14 03:46:45.024353 np0000007313 devstack@g-api.service[103104]: [pid: 103104|app: 0|req: 34/141] 127.0.0.1 () {40 vars in 834 bytes} [Fri Aug 14 03:46:45 2026] GET /v2/images/c26620ce-0e55-4c5d-914f-2bceabddc765 => generated 650 bytes in 8 msecs (HTTP/1.1 200) 4 headers in 157 bytes (1 switches on core 0)
Aug 14 03:46:45.035295 np0000007313 devstack@g-api.service[103102]: DEBUG glance.api.middleware.version_negotiation [None req-e7f459e0-76ad-44e2-9f5b-3bb15101d8c6 tempest-ServerActionsTestOtherA-1528999600 tempest-ServerActionsTestOtherA-1528999600-project-member] Determining version of request: GET /v2/schemas/image Accept: */* {{(pid=103102) process_request /opt/stack/glance/glance/api/middleware/version_negotiation.py:44}}
Aug 14 03:46:45.035465 np0000007313 devstack@g-api.service[103102]: DEBUG glance.api.middleware.version_negotiation [None req-e7f459e0-76ad-44e2-9f5b-3bb15101d8c6 tempest-ServerActionsTestOtherA-1528999600 tempest-ServerActionsTestOtherA-1528999600-project-member] Using url versioning {{(pid=103102) process_request /opt/stack/glance/glance/api/middleware/version_negotiation.py:57}}
Aug 14 03:46:45.035583 np0000007313 devstack@g-api.service[103102]: DEBUG glance.api.middleware.version_negotiation [None req-e7f459e0-76ad-44e2-9f5b-3bb15101d8c6 tempest-ServerActionsTestOtherA-1528999600 tempest-ServerActionsTestOtherA-1528999600-project-member] Matched version: v2 {{(pid=103102) process_request /opt/stack/glance/glance/api/middleware/version_negotiation.py:69}}
Aug 14 03:46:45.035697 np0000007313 devstack@g-api.service[103102]: DEBUG glance.api.middleware.version_negotiation [None req-e7f459e0-76ad-44e2-9f5b-3bb15101d8c6 tempest-ServerActionsTestOtherA-1528999600 tempest-ServerActionsTestOtherA-1528999600-project-member] new path /v2/schemas/image {{(pid=103102) process_request /opt/stack/glance/glance/api/middleware/version_negotiation.py:70}}
Aug 14 03:46:45.037942 np0000007313 devstack@g-api.service[103102]: [pid: 103102|app: 0|req: 38/142] 127.0.0.1 () {44 vars in 1051 bytes} [Fri Aug 14 03:46:45 2026] GET /v2/schemas/image => generated 6083 bytes in 3 msecs (HTTP/1.1 200) 4 headers in 158 bytes (1 switches on core 0)
Aug 14 03:46:46.036250 np0000007313 devstack@g-api.service[103103]: DEBUG glance.api.middleware.version_negotiation [None req-e7f459e0-76ad-44e2-9f5b-3bb15101d8c6 tempest-ServerActionsTestOtherA-1528999600 tempest-ServerActionsTestOtherA-1528999600-project-member] Determining version of request: GET /v2/images/c26620ce-0e55-4c5d-914f-2bceabddc765 Accept: application/json {{(pid=103103) process_request /opt/stack/glance/glance/api/middleware/version_negotiation.py:44}}
Aug 14 03:46:46.036515 np0000007313 devstack@g-api.service[103103]: DEBUG glance.api.middleware.version_negotiation [None req-e7f459e0-76ad-44e2-9f5b-3bb15101d8c6 tempest-ServerActionsTestOtherA-1528999600 tempest-ServerActionsTestOtherA-1528999600-project-member] Using url versioning {{(pid=103103) process_request /opt/stack/glance/glance/api/middleware/version_negotiation.py:57}}
Aug 14 03:46:46.036544 np0000007313 devstack@g-api.service[103103]: DEBUG glance.api.middleware.version_negotiation [None req-e7f459e0-76ad-44e2-9f5b-3bb15101d8c6 tempest-ServerActionsTestOtherA-1528999600 tempest-ServerActionsTestOtherA-1528999600-project-member] Matched version: v2 {{(pid=103103) process_request /opt/stack/glance/glance/api/middleware/version_negotiation.py:69}}
Aug 14 03:46:46.036648 np0000007313 devstack@g-api.service[103103]: DEBUG glance.api.middleware.version_negotiation [None req-e7f459e0-76ad-44e2-9f5b-3bb15101d8c6 tempest-ServerActionsTestOtherA-1528999600 tempest-ServerActionsTestOtherA-1528999600-project-member] new path /v2/images/c26620ce-0e55-4c5d-914f-2bceabddc765 {{(pid=103103) process_request /opt/stack/glance/glance/api/middleware/version_negotiation.py:70}}
Aug 14 03:46:46.048749 np0000007313 devstack@g-api.service[103103]: [pid: 103103|app: 0|req: 38/143] 127.0.0.1 () {40 vars in 834 bytes} [Fri Aug 14 03:46:46 2026] GET /v2/images/c26620ce-0e55-4c5d-914f-2bceabddc765 => generated 650 bytes in 12 msecs (HTTP/1.1 200) 4 headers in 157 bytes (1 switches on core 0)
Aug 14 03:46:47.058999 np0000007313 devstack@g-api.service[103105]: DEBUG glance.api.middleware.version_negotiation [None req-e7f459e0-76ad-44e2-9f5b-3bb15101d8c6 tempest-ServerActionsTestOtherA-1528999600 tempest-ServerActionsTestOtherA-1528999600-project-member] Determining version of request: GET /v2/images/c26620ce-0e55-4c5d-914f-2bceabddc765 Accept: application/json {{(pid=103105) process_request /opt/stack/glance/glance/api/middleware/version_negotiation.py:44}}
Aug 14 03:46:47.059421 np0000007313 devstack@g-api.service[103105]: DEBUG glance.api.middleware.version_negotiation [None req-e7f459e0-76ad-44e2-9f5b-3bb15101d8c6 tempest-ServerActionsTestOtherA-1528999600 tempest-ServerActionsTestOtherA-1528999600-project-member] Using url versioning {{(pid=103105) process_request /opt/stack/glance/glance/api/middleware/version_negotiation.py:57}}
Aug 14 03:46:47.059421 np0000007313 devstack@g-api.service[103105]: DEBUG glance.api.middleware.version_negotiation [None req-e7f459e0-76ad-44e2-9f5b-3bb15101d8c6 tempest-ServerActionsTestOtherA-1528999600 tempest-ServerActionsTestOtherA-1528999600-project-member] Matched version: v2 {{(pid=103105) process_request /opt/stack/glance/glance/api/middleware/version_negotiation.py:69}}
Aug 14 03:46:47.059421 np0000007313 devstack@g-api.service[103105]: DEBUG glance.api.middleware.version_negotiation [None req-e7f459e0-76ad-44e2-9f5b-3bb15101d8c6 tempest-ServerActionsTestOtherA-1528999600 tempest-ServerActionsTestOtherA-1528999600-project-member] new path /v2/images/c26620ce-0e55-4c5d-914f-2bceabddc765 {{(pid=103105) process_request /opt/stack/glance/glance/api/middleware/version_negotiation.py:70}}
Aug 14 03:46:47.077193 np0000007313 devstack@g-api.service[103105]: [pid: 103105|app: 0|req: 34/144] 127.0.0.1 () {40 vars in 834 bytes} [Fri Aug 14 03:46:47 2026] GET /v2/images/c26620ce-0e55-4c5d-914f-2bceabddc765 => generated 650 bytes in 18 msecs (HTTP/1.1 200) 4 headers in 157 bytes (1 switches on core 0)
Aug 14 03:46:47.145362 np0000007313 devstack@g-api.service[103104]: DEBUG glance.api.middleware.version_negotiation [None req-838edfc7-2790-4d91-9c2e-e0602e46a301 tempest-VolumesActionsTest-91310628 tempest-VolumesActionsTest-91310628-project-member] Determining version of request: GET /v2/images/dfa11e19-297e-4f21-b30f-7a852162eb97 Accept: */* {{(pid=103104) process_request /opt/stack/glance/glance/api/middleware/version_negotiation.py:44}}
Aug 14 03:46:47.145779 np0000007313 devstack@g-api.service[103104]: DEBUG glance.api.middleware.version_negotiation [None req-838edfc7-2790-4d91-9c2e-e0602e46a301 tempest-VolumesActionsTest-91310628 tempest-VolumesActionsTest-91310628-project-member] Using url versioning {{(pid=103104) process_request /opt/stack/glance/glance/api/middleware/version_negotiation.py:57}}
Aug 14 03:46:47.145779 np0000007313 devstack@g-api.service[103104]: DEBUG glance.api.middleware.version_negotiation [None req-838edfc7-2790-4d91-9c2e-e0602e46a301 tempest-VolumesActionsTest-91310628 tempest-VolumesActionsTest-91310628-project-member] Matched version: v2 {{(pid=103104) process_request /opt/stack/glance/glance/api/middleware/version_negotiation.py:69}}
Aug 14 03:46:47.145779 np0000007313 devstack@g-api.service[103104]: DEBUG glance.api.middleware.version_negotiation [None req-838edfc7-2790-4d91-9c2e-e0602e46a301 tempest-VolumesActionsTest-91310628 tempest-VolumesActionsTest-91310628-project-member] new path /v2/images/dfa11e19-297e-4f21-b30f-7a852162eb97 {{(pid=103104) process_request /opt/stack/glance/glance/api/middleware/version_negotiation.py:70}}
Aug 14 03:46:47.154420 np0000007313 devstack@g-api.service[103104]: [pid: 103104|app: 0|req: 35/145] 127.0.0.1 () {44 vars in 1111 bytes} [Fri Aug 14 03:46:47 2026] GET /v2/images/dfa11e19-297e-4f21-b30f-7a852162eb97 => generated 1044 bytes in 9 msecs (HTTP/1.1 200) 4 headers in 158 bytes (1 switches on core 0)
Aug 14 03:46:47.197096 np0000007313 devstack@g-api.service[103102]: DEBUG glance.api.middleware.version_negotiation [None req-e7f459e0-76ad-44e2-9f5b-3bb15101d8c6 tempest-ServerActionsTestOtherA-1528999600 tempest-ServerActionsTestOtherA-1528999600-project-member] Determining version of request: GET /v2/schemas/image Accept: */* {{(pid=103102) process_request /opt/stack/glance/glance/api/middleware/version_negotiation.py:44}}
Aug 14 03:46:47.197471 np0000007313 devstack@g-api.service[103102]: DEBUG glance.api.middleware.version_negotiation [None req-e7f459e0-76ad-44e2-9f5b-3bb15101d8c6 tempest-ServerActionsTestOtherA-1528999600 tempest-ServerActionsTestOtherA-1528999600-project-member] Using url versioning {{(pid=103102) process_request /opt/stack/glance/glance/api/middleware/version_negotiation.py:57}}
Aug 14 03:46:47.197471 np0000007313 devstack@g-api.service[103102]: DEBUG glance.api.middleware.version_negotiation [None req-e7f459e0-76ad-44e2-9f5b-3bb15101d8c6 tempest-ServerActionsTestOtherA-1528999600 tempest-ServerActionsTestOtherA-1528999600-project-member] Matched version: v2 {{(pid=103102) process_request /opt/stack/glance/glance/api/middleware/version_negotiation.py:69}}
Aug 14 03:46:47.197567 np0000007313 devstack@g-api.service[103102]: DEBUG glance.api.middleware.version_negotiation [None req-e7f459e0-76ad-44e2-9f5b-3bb15101d8c6 tempest-ServerActionsTestOtherA-1528999600 tempest-ServerActionsTestOtherA-1528999600-project-member] new path /v2/schemas/image {{(pid=103102) process_request /opt/stack/glance/glance/api/middleware/version_negotiation.py:70}}
Aug 14 03:46:47.202066 np0000007313 devstack@g-api.service[103102]: [pid: 103102|app: 0|req: 39/146] 127.0.0.1 () {44 vars in 1051 bytes} [Fri Aug 14 03:46:47 2026] GET /v2/schemas/image => generated 6083 bytes in 5 msecs (HTTP/1.1 200) 4 headers in 158 bytes (1 switches on core 0)
Aug 14 03:46:47.311232 np0000007313 devstack@g-api.service[103103]: DEBUG glance.api.middleware.version_negotiation [None req-d5437a44-ab16-49a9-8dea-eac682f5baa0 tempest-VolumesActionsTest-91310628 tempest-VolumesActionsTest-91310628-project-member] Determining version of request: PUT /v2/images/c26620ce-0e55-4c5d-914f-2bceabddc765/file Accept: */* {{(pid=103103) process_request /opt/stack/glance/glance/api/middleware/version_negotiation.py:44}}
Aug 14 03:46:47.311544 np0000007313 devstack@g-api.service[103103]: DEBUG glance.api.middleware.version_negotiation [None req-d5437a44-ab16-49a9-8dea-eac682f5baa0 tempest-VolumesActionsTest-91310628 tempest-VolumesActionsTest-91310628-project-member] Using url versioning {{(pid=103103) process_request /opt/stack/glance/glance/api/middleware/version_negotiation.py:57}}
Aug 14 03:46:47.311544 np0000007313 devstack@g-api.service[103103]: DEBUG glance.api.middleware.version_negotiation [None req-d5437a44-ab16-49a9-8dea-eac682f5baa0 tempest-VolumesActionsTest-91310628 tempest-VolumesActionsTest-91310628-project-member] Matched version: v2 {{(pid=103103) process_request /opt/stack/glance/glance/api/middleware/version_negotiation.py:69}}
Aug 14 03:46:47.311544 np0000007313 devstack@g-api.service[103103]: DEBUG glance.api.middleware.version_negotiation [None req-d5437a44-ab16-49a9-8dea-eac682f5baa0 tempest-VolumesActionsTest-91310628 tempest-VolumesActionsTest-91310628-project-member] new path /v2/images/c26620ce-0e55-4c5d-914f-2bceabddc765/file {{(pid=103103) process_request /opt/stack/glance/glance/api/middleware/version_negotiation.py:70}}
Aug 14 03:46:47.889588 np0000007313 devstack@g-api.service[103103]: INFO glance.api.v2.image_data [None req-8f649751-e0cd-428c-81a9-91e836d56652 tempest-VolumesActionsTest-91310628 tempest-VolumesActionsTest-91310628-project-member] Unable to create trust: no such option collect_timing in group [keystone_authtoken] Use the existing user token.
Aug 14 03:46:48.086627 np0000007313 devstack@g-api.service[103105]: DEBUG glance.api.middleware.version_negotiation [None req-8c45b95f-3666-4372-ac9c-55a3ffde5778 tempest-VolumesActionsTest-91310628 tempest-VolumesActionsTest-91310628-project-member] Determining version of request: GET /v2/images/c26620ce-0e55-4c5d-914f-2bceabddc765 Accept: application/json {{(pid=103105) process_request /opt/stack/glance/glance/api/middleware/version_negotiation.py:44}}
Aug 14 03:46:48.086954 np0000007313 devstack@g-api.service[103105]: DEBUG glance.api.middleware.version_negotiation [None req-8c45b95f-3666-4372-ac9c-55a3ffde5778 tempest-VolumesActionsTest-91310628 tempest-VolumesActionsTest-91310628-project-member] Using url versioning {{(pid=103105) process_request /opt/stack/glance/glance/api/middleware/version_negotiation.py:57}}
Aug 14 03:46:48.086954 np0000007313 devstack@g-api.service[103105]: DEBUG glance.api.middleware.version_negotiation [None req-8c45b95f-3666-4372-ac9c-55a3ffde5778 tempest-VolumesActionsTest-91310628 tempest-VolumesActionsTest-91310628-project-member] Matched version: v2 {{(pid=103105) process_request /opt/stack/glance/glance/api/middleware/version_negotiation.py:69}}
Aug 14 03:46:48.086954 np0000007313 devstack@g-api.service[103105]: DEBUG glance.api.middleware.version_negotiation [None req-8c45b95f-3666-4372-ac9c-55a3ffde5778 tempest-VolumesActionsTest-91310628 tempest-VolumesActionsTest-91310628-project-member] new path /v2/images/c26620ce-0e55-4c5d-914f-2bceabddc765 {{(pid=103105) process_request /opt/stack/glance/glance/api/middleware/version_negotiation.py:70}}
Aug 14 03:46:48.099548 np0000007313 devstack@g-api.service[103105]: [pid: 103105|app: 0|req: 35/147] 127.0.0.1 () {40 vars in 834 bytes} [Fri Aug 14 03:46:48 2026] GET /v2/images/c26620ce-0e55-4c5d-914f-2bceabddc765 => generated 650 bytes in 13 msecs (HTTP/1.1 200) 4 headers in 157 bytes (1 switches on core 0)
Aug 14 03:46:48.435117 np0000007313 devstack@g-api.service[103104]: DEBUG glance.api.middleware.version_negotiation [None req-d6ea9ac9-e7a6-4ef1-93bc-ec2c5a0a442a tempest-ServerRescueNegativeTestJSON-1940687125 tempest-ServerRescueNegativeTestJSON-1940687125-project-member] Determining version of request: GET /v2/images/dfa11e19-297e-4f21-b30f-7a852162eb97 Accept: */* {{(pid=103104) process_request /opt/stack/glance/glance/api/middleware/version_negotiation.py:44}}
Aug 14 03:46:48.435117 np0000007313 devstack@g-api.service[103104]: DEBUG glance.api.middleware.version_negotiation [None req-d6ea9ac9-e7a6-4ef1-93bc-ec2c5a0a442a tempest-ServerRescueNegativeTestJSON-1940687125 tempest-ServerRescueNegativeTestJSON-1940687125-project-member] Using url versioning {{(pid=103104) process_request /opt/stack/glance/glance/api/middleware/version_negotiation.py:57}}
Aug 14 03:46:48.435117 np0000007313 devstack@g-api.service[103104]: DEBUG glance.api.middleware.version_negotiation [None req-d6ea9ac9-e7a6-4ef1-93bc-ec2c5a0a442a tempest-ServerRescueNegativeTestJSON-1940687125 tempest-ServerRescueNegativeTestJSON-1940687125-project-member] Matched version: v2 {{(pid=103104) process_request /opt/stack/glance/glance/api/middleware/version_negotiation.py:69}}
Aug 14 03:46:48.435117 np0000007313 devstack@g-api.service[103104]: DEBUG glance.api.middleware.version_negotiation [None req-d6ea9ac9-e7a6-4ef1-93bc-ec2c5a0a442a tempest-ServerRescueNegativeTestJSON-1940687125 tempest-ServerRescueNegativeTestJSON-1940687125-project-member] new path /v2/images/dfa11e19-297e-4f21-b30f-7a852162eb97 {{(pid=103104) process_request /opt/stack/glance/glance/api/middleware/version_negotiation.py:70}}
Aug 14 03:46:48.445925 np0000007313 devstack@g-api.service[103104]: [pid: 103104|app: 0|req: 36/148] 127.0.0.1 () {44 vars in 1111 bytes} [Fri Aug 14 03:46:48 2026] GET /v2/images/dfa11e19-297e-4f21-b30f-7a852162eb97 => generated 1044 bytes in 12 msecs (HTTP/1.1 200) 4 headers in 158 bytes (1 switches on core 0)
Aug 14 03:46:48.491789 np0000007313 devstack@g-api.service[103102]: DEBUG glance.api.middleware.version_negotiation [None req-d6ea9ac9-e7a6-4ef1-93bc-ec2c5a0a442a tempest-ServerRescueNegativeTestJSON-1940687125 tempest-ServerRescueNegativeTestJSON-1940687125-project-member] Determining version of request: GET /v2/schemas/image Accept: */* {{(pid=103102) process_request /opt/stack/glance/glance/api/middleware/version_negotiation.py:44}}
Aug 14 03:46:48.492154 np0000007313 devstack@g-api.service[103102]: DEBUG glance.api.middleware.version_negotiation [None req-d6ea9ac9-e7a6-4ef1-93bc-ec2c5a0a442a tempest-ServerRescueNegativeTestJSON-1940687125 tempest-ServerRescueNegativeTestJSON-1940687125-project-member] Using url versioning {{(pid=103102) process_request /opt/stack/glance/glance/api/middleware/version_negotiation.py:57}}
Aug 14 03:46:48.492273 np0000007313 devstack@g-api.service[103102]: DEBUG glance.api.middleware.version_negotiation [None req-d6ea9ac9-e7a6-4ef1-93bc-ec2c5a0a442a tempest-ServerRescueNegativeTestJSON-1940687125 tempest-ServerRescueNegativeTestJSON-1940687125-project-member] Matched version: v2 {{(pid=103102) process_request /opt/stack/glance/glance/api/middleware/version_negotiation.py:69}}
Aug 14 03:46:48.492422 np0000007313 devstack@g-api.service[103102]: DEBUG glance.api.middleware.version_negotiation [None req-d6ea9ac9-e7a6-4ef1-93bc-ec2c5a0a442a tempest-ServerRescueNegativeTestJSON-1940687125 tempest-ServerRescueNegativeTestJSON-1940687125-project-member] new path /v2/schemas/image {{(pid=103102) process_request /opt/stack/glance/glance/api/middleware/version_negotiation.py:70}}
Aug 14 03:46:48.498238 np0000007313 devstack@g-api.service[103102]: [pid: 103102|app: 0|req: 40/149] 127.0.0.1 () {44 vars in 1051 bytes} [Fri Aug 14 03:46:48 2026] GET /v2/schemas/image => generated 6083 bytes in 6 msecs (HTTP/1.1 200) 4 headers in 158 bytes (1 switches on core 0)
Aug 14 03:46:48.559750 np0000007313 devstack@g-api.service[103103]: DEBUG glance.location [None req-8f649751-e0cd-428c-81a9-91e836d56652 tempest-VolumesActionsTest-91310628 tempest-VolumesActionsTest-91310628-project-member] Enabling in-flight format inspection for raw {{(pid=103103) set_data /opt/stack/glance/glance/location.py:596}}
Aug 14 03:46:48.560166 np0000007313 devstack@g-api.service[103103]: DEBUG glance_store.backend [None req-8f649751-e0cd-428c-81a9-91e836d56652 tempest-VolumesActionsTest-91310628 tempest-VolumesActionsTest-91310628-project-member] Attempting to import store swift {{(pid=103103) _load_store /opt/stack/data/venv/lib/python3.12/site-packages/glance_store/backend.py:215}}
Aug 14 03:46:48.561784 np0000007313 devstack@g-api.service[103103]: DEBUG glance_store.capabilities [None req-8f649751-e0cd-428c-81a9-91e836d56652 tempest-VolumesActionsTest-91310628 tempest-VolumesActionsTest-91310628-project-member] Store glance_store._drivers.swift.store.SingleTenantStore doesn't support updating dynamic storage capabilities. Please overwrite 'update_capabilities' method of the store to implement updating logics if needed. {{(pid=103103) update_capabilities /opt/stack/data/venv/lib/python3.12/site-packages/glance_store/capabilities.py:91}}
Aug 14 03:46:48.561894 np0000007313 devstack@g-api.service[103103]: DEBUG glance_store.driver [None req-8f649751-e0cd-428c-81a9-91e836d56652 tempest-VolumesActionsTest-91310628 tempest-VolumesActionsTest-91310628-project-member] Late loading location class glance_store._drivers.swift.store.StoreLocation {{(pid=103103) get_store_location_class /opt/stack/data/venv/lib/python3.12/site-packages/glance_store/driver.py:134}}
Aug 14 03:46:48.561987 np0000007313 devstack@g-api.service[103103]: DEBUG glance_store.location [None req-8f649751-e0cd-428c-81a9-91e836d56652 tempest-VolumesActionsTest-91310628 tempest-VolumesActionsTest-91310628-project-member] Registering scheme swift+https with {'store': , 'location_class': , 'store_entry': 'swift'} {{(pid=103103) register_scheme_map /opt/stack/data/venv/lib/python3.12/site-packages/glance_store/location.py:146}}
Aug 14 03:46:48.562063 np0000007313 devstack@g-api.service[103103]: DEBUG glance_store.location [None req-8f649751-e0cd-428c-81a9-91e836d56652 tempest-VolumesActionsTest-91310628 tempest-VolumesActionsTest-91310628-project-member] Registering scheme swift+https with {'store': , 'location_class': , 'store_entry': 'swift'} {{(pid=103103) register_scheme_map /opt/stack/data/venv/lib/python3.12/site-packages/glance_store/location.py:146}}
Aug 14 03:46:48.562150 np0000007313 devstack@g-api.service[103103]: DEBUG glance_store.location [None req-8f649751-e0cd-428c-81a9-91e836d56652 tempest-VolumesActionsTest-91310628 tempest-VolumesActionsTest-91310628-project-member] Registering scheme swift with {'store': , 'location_class': , 'store_entry': 'swift'} {{(pid=103103) register_scheme_map /opt/stack/data/venv/lib/python3.12/site-packages/glance_store/location.py:146}}
Aug 14 03:46:48.562226 np0000007313 devstack@g-api.service[103103]: DEBUG glance_store.location [None req-8f649751-e0cd-428c-81a9-91e836d56652 tempest-VolumesActionsTest-91310628 tempest-VolumesActionsTest-91310628-project-member] Registering scheme swift+https with {'store': , 'location_class': , 'store_entry': 'swift'} {{(pid=103103) register_scheme_map /opt/stack/data/venv/lib/python3.12/site-packages/glance_store/location.py:146}}
Aug 14 03:46:48.562293 np0000007313 devstack@g-api.service[103103]: DEBUG glance_store.location [None req-8f649751-e0cd-428c-81a9-91e836d56652 tempest-VolumesActionsTest-91310628 tempest-VolumesActionsTest-91310628-project-member] Registering scheme swift with {'store': , 'location_class': , 'store_entry': 'swift'} {{(pid=103103) register_scheme_map /opt/stack/data/venv/lib/python3.12/site-packages/glance_store/location.py:146}}
Aug 14 03:46:48.562361 np0000007313 devstack@g-api.service[103103]: DEBUG glance_store.location [None req-8f649751-e0cd-428c-81a9-91e836d56652 tempest-VolumesActionsTest-91310628 tempest-VolumesActionsTest-91310628-project-member] Registering scheme swift+http with {'store': , 'location_class': , 'store_entry': 'swift'} {{(pid=103103) register_scheme_map /opt/stack/data/venv/lib/python3.12/site-packages/glance_store/location.py:146}}
Aug 14 03:46:48.562430 np0000007313 devstack@g-api.service[103103]: DEBUG glance_store.location [None req-8f649751-e0cd-428c-81a9-91e836d56652 tempest-VolumesActionsTest-91310628 tempest-VolumesActionsTest-91310628-project-member] Registering scheme swift+https with {'store': , 'location_class': , 'store_entry': 'swift'} {{(pid=103103) register_scheme_map /opt/stack/data/venv/lib/python3.12/site-packages/glance_store/location.py:146}}
Aug 14 03:46:48.562494 np0000007313 devstack@g-api.service[103103]: DEBUG glance_store.location [None req-8f649751-e0cd-428c-81a9-91e836d56652 tempest-VolumesActionsTest-91310628 tempest-VolumesActionsTest-91310628-project-member] Registering scheme swift with {'store': , 'location_class': , 'store_entry': 'swift'} {{(pid=103103) register_scheme_map /opt/stack/data/venv/lib/python3.12/site-packages/glance_store/location.py:146}}
Aug 14 03:46:48.562560 np0000007313 devstack@g-api.service[103103]: DEBUG glance_store.location [None req-8f649751-e0cd-428c-81a9-91e836d56652 tempest-VolumesActionsTest-91310628 tempest-VolumesActionsTest-91310628-project-member] Registering scheme swift+http with {'store': , 'location_class': , 'store_entry': 'swift'} {{(pid=103103) register_scheme_map /opt/stack/data/venv/lib/python3.12/site-packages/glance_store/location.py:146}}
Aug 14 03:46:48.562625 np0000007313 devstack@g-api.service[103103]: DEBUG glance_store.location [None req-8f649751-e0cd-428c-81a9-91e836d56652 tempest-VolumesActionsTest-91310628 tempest-VolumesActionsTest-91310628-project-member] Registering scheme swift+config with {'store': , 'location_class': , 'store_entry': 'swift'} {{(pid=103103) register_scheme_map /opt/stack/data/venv/lib/python3.12/site-packages/glance_store/location.py:146}}
Aug 14 03:46:48.916851 np0000007313 devstack@g-api.service[103103]: DEBUG swiftclient [None req-8f649751-e0cd-428c-81a9-91e836d56652 tempest-VolumesActionsTest-91310628 tempest-VolumesActionsTest-91310628-project-member] REQ: curl -i https://10.4.3.64:8080/v1/AUTH_daf2d98c6a9d401291cabb4786504075/glance -I -H "X-Auth-Token: gAAAAABqfo-oBLPd..." {{(pid=103103) http_log /opt/stack/data/venv/lib/python3.12/site-packages/swiftclient/client.py:160}}
Aug 14 03:46:48.917052 np0000007313 devstack@g-api.service[103103]: DEBUG swiftclient [None req-8f649751-e0cd-428c-81a9-91e836d56652 tempest-VolumesActionsTest-91310628 tempest-VolumesActionsTest-91310628-project-member] RESP STATUS: 204 No Content {{(pid=103103) http_log /opt/stack/data/venv/lib/python3.12/site-packages/swiftclient/client.py:161}}
Aug 14 03:46:48.917324 np0000007313 devstack@g-api.service[103103]: DEBUG swiftclient [None req-8f649751-e0cd-428c-81a9-91e836d56652 tempest-VolumesActionsTest-91310628 tempest-VolumesActionsTest-91310628-project-member] RESP HEADERS: {'Date': 'Fri, 14 Aug 2026 03:46:48 GMT', 'Server': 'Apache/2.4.58 (Ubuntu)', 'Content-Type': 'text/plain; charset=utf-8', 'X-Container-Object-Count': '3', 'X-Container-Bytes-Used': '64356352', 'X-Timestamp': '1786679003.40293', 'Last-Modified': 'Fri, 14 Aug 2026 03:43:24 GMT', 'Accept-Ranges': 'bytes', 'X-Storage-Policy': 'Policy-0', 'X-Container-Sharding': 'False', 'Vary': 'Accept', 'X-Trans-Id': 'txb32cdf11c77e4be29fe82-006a7e8fa8', 'X-Openstack-Request-Id': 'txb32cdf11c77e4be29fe82-006a7e8fa8', 'Connection': 'close'} {{(pid=103103) http_log /opt/stack/data/venv/lib/python3.12/site-packages/swiftclient/client.py:162}}
Aug 14 03:46:48.917556 np0000007313 devstack@g-api.service[103103]: DEBUG glance_store._drivers.swift.store [None req-8f649751-e0cd-428c-81a9-91e836d56652 tempest-VolumesActionsTest-91310628 tempest-VolumesActionsTest-91310628-project-member] Adding image object 'c26620ce-0e55-4c5d-914f-2bceabddc765' to Swift {{(pid=103103) add /opt/stack/data/venv/lib/python3.12/site-packages/glance_store/_drivers/swift/store.py:970}}
Aug 14 03:46:48.917672 np0000007313 devstack@g-api.service[103103]: DEBUG glance_store._drivers.swift.store [None req-8f649751-e0cd-428c-81a9-91e836d56652 tempest-VolumesActionsTest-91310628 tempest-VolumesActionsTest-91310628-project-member] Cannot determine image size because it is either not provided in the request or chunked-transfer encoding is used. Adding image as a segmented object to Swift. {{(pid=103103) add /opt/stack/data/venv/lib/python3.12/site-packages/glance_store/_drivers/swift/store.py:994}}
Aug 14 03:46:48.924540 np0000007313 devstack@g-api.service[103103]: DEBUG oslo_utils.imageutils.format_inspector [None req-8f649751-e0cd-428c-81a9-91e836d56652 tempest-VolumesActionsTest-91310628 tempest-VolumesActionsTest-91310628-project-member] Format inspector for vmdk does not match, excluding from consideration (Signature KDMV not found: b'\x00\x00\x00\x00') {{(pid=103103) _process_chunk /opt/stack/data/venv/lib/python3.12/site-packages/oslo_utils/imageutils/format_inspector.py:1758}}
Aug 14 03:46:48.933970 np0000007313 devstack@g-api.service[103103]: DEBUG oslo_utils.imageutils.format_inspector [None req-8f649751-e0cd-428c-81a9-91e836d56652 tempest-VolumesActionsTest-91310628 tempest-VolumesActionsTest-91310628-project-member] Format inspector for vhdx does not match, excluding from consideration (Region signature not found at 30000) {{(pid=103103) _process_chunk /opt/stack/data/venv/lib/python3.12/site-packages/oslo_utils/imageutils/format_inspector.py:1758}}
Aug 14 03:46:49.939750 np0000007313 devstack@g-api.service[103105]: DEBUG glance.api.middleware.version_negotiation [None req-5fbe6161-f06b-4bb8-a5ff-47972884e06d tempest-VolumesActionsTest-91310628 tempest-VolumesActionsTest-91310628-project-member] Determining version of request: GET /v2/images/c26620ce-0e55-4c5d-914f-2bceabddc765 Accept: application/json {{(pid=103105) process_request /opt/stack/glance/glance/api/middleware/version_negotiation.py:44}}
Aug 14 03:46:49.939750 np0000007313 devstack@g-api.service[103105]: DEBUG glance.api.middleware.version_negotiation [None req-5fbe6161-f06b-4bb8-a5ff-47972884e06d tempest-VolumesActionsTest-91310628 tempest-VolumesActionsTest-91310628-project-member] Using url versioning {{(pid=103105) process_request /opt/stack/glance/glance/api/middleware/version_negotiation.py:57}}
Aug 14 03:46:49.939750 np0000007313 devstack@g-api.service[103105]: DEBUG glance.api.middleware.version_negotiation [None req-5fbe6161-f06b-4bb8-a5ff-47972884e06d tempest-VolumesActionsTest-91310628 tempest-VolumesActionsTest-91310628-project-member] Matched version: v2 {{(pid=103105) process_request /opt/stack/glance/glance/api/middleware/version_negotiation.py:69}}
Aug 14 03:46:49.939750 np0000007313 devstack@g-api.service[103105]: DEBUG glance.api.middleware.version_negotiation [None req-5fbe6161-f06b-4bb8-a5ff-47972884e06d tempest-VolumesActionsTest-91310628 tempest-VolumesActionsTest-91310628-project-member] new path /v2/images/c26620ce-0e55-4c5d-914f-2bceabddc765 {{(pid=103105) process_request /opt/stack/glance/glance/api/middleware/version_negotiation.py:70}}
Aug 14 03:46:49.939750 np0000007313 devstack@g-api.service[103105]: [pid: 103105|app: 0|req: 36/150] 127.0.0.1 () {40 vars in 834 bytes} [Fri Aug 14 03:46:49 2026] GET /v2/images/c26620ce-0e55-4c5d-914f-2bceabddc765 => generated 650 bytes in 13 msecs (HTTP/1.1 200) 4 headers in 157 bytes (1 switches on core 0)
Aug 14 03:46:50.131256 np0000007313 devstack@g-api.service[103104]: DEBUG glance.api.middleware.version_negotiation [None req-c2f3aadc-2b2b-45ec-8ab1-039eeca34d00 tempest-TestMultiAttachVolumeSwap-1738624699 tempest-TestMultiAttachVolumeSwap-1738624699-project-member] Determining version of request: GET /v2/images/c26620ce-0e55-4c5d-914f-2bceabddc765 Accept: application/json {{(pid=103104) process_request /opt/stack/glance/glance/api/middleware/version_negotiation.py:44}}
Aug 14 03:46:50.131786 np0000007313 devstack@g-api.service[103104]: DEBUG glance.api.middleware.version_negotiation [None req-c2f3aadc-2b2b-45ec-8ab1-039eeca34d00 tempest-TestMultiAttachVolumeSwap-1738624699 tempest-TestMultiAttachVolumeSwap-1738624699-project-member] Using url versioning {{(pid=103104) process_request /opt/stack/glance/glance/api/middleware/version_negotiation.py:57}}
Aug 14 03:46:50.132058 np0000007313 devstack@g-api.service[103104]: DEBUG glance.api.middleware.version_negotiation [None req-c2f3aadc-2b2b-45ec-8ab1-039eeca34d00 tempest-TestMultiAttachVolumeSwap-1738624699 tempest-TestMultiAttachVolumeSwap-1738624699-project-member] Matched version: v2 {{(pid=103104) process_request /opt/stack/glance/glance/api/middleware/version_negotiation.py:69}}
Aug 14 03:46:50.132260 np0000007313 devstack@g-api.service[103104]: DEBUG glance.api.middleware.version_negotiation [None req-c2f3aadc-2b2b-45ec-8ab1-039eeca34d00 tempest-TestMultiAttachVolumeSwap-1738624699 tempest-TestMultiAttachVolumeSwap-1738624699-project-member] new path /v2/images/c26620ce-0e55-4c5d-914f-2bceabddc765 {{(pid=103104) process_request /opt/stack/glance/glance/api/middleware/version_negotiation.py:70}}
Aug 14 03:46:50.144249 np0000007313 devstack@g-api.service[103104]: [pid: 103104|app: 0|req: 37/151] 127.0.0.1 () {40 vars in 834 bytes} [Fri Aug 14 03:46:50 2026] GET /v2/images/c26620ce-0e55-4c5d-914f-2bceabddc765 => generated 650 bytes in 13 msecs (HTTP/1.1 200) 4 headers in 157 bytes (1 switches on core 0)
Aug 14 03:46:51.118733 np0000007313 devstack@g-api.service[103103]: DEBUG swiftclient [None req-8f649751-e0cd-428c-81a9-91e836d56652 tempest-VolumesActionsTest-91310628 tempest-VolumesActionsTest-91310628-project-member] REQ: curl -i https://10.4.3.64:8080/v1/AUTH_daf2d98c6a9d401291cabb4786504075/glance/c26620ce-0e55-4c5d-914f-2bceabddc765-00001 -X PUT -H "X-Auth-Token: gAAAAABqfo-oBLPd..." {{(pid=103103) http_log /opt/stack/data/venv/lib/python3.12/site-packages/swiftclient/client.py:160}}
Aug 14 03:46:51.118733 np0000007313 devstack@g-api.service[103103]: DEBUG swiftclient [None req-8f649751-e0cd-428c-81a9-91e836d56652 tempest-VolumesActionsTest-91310628 tempest-VolumesActionsTest-91310628-project-member] RESP STATUS: 201 Created {{(pid=103103) http_log /opt/stack/data/venv/lib/python3.12/site-packages/swiftclient/client.py:161}}
Aug 14 03:46:51.118733 np0000007313 devstack@g-api.service[103103]: DEBUG swiftclient [None req-8f649751-e0cd-428c-81a9-91e836d56652 tempest-VolumesActionsTest-91310628 tempest-VolumesActionsTest-91310628-project-member] RESP HEADERS: {'Date': 'Fri, 14 Aug 2026 03:46:51 GMT', 'Server': 'Apache/2.4.58 (Ubuntu)', 'Content-Type': 'text/html; charset=UTF-8', 'Content-Length': '0', 'Etag': 'eda9a9889837ac4bc81d6387d92c1bec', 'Last-Modified': 'Fri, 14 Aug 2026 03:46:49 GMT', 'X-Trans-Id': 'txd18f03ab948f4102b5250-006a7e8fa8', 'X-Openstack-Request-Id': 'txd18f03ab948f4102b5250-006a7e8fa8', 'Connection': 'close'} {{(pid=103103) http_log /opt/stack/data/venv/lib/python3.12/site-packages/swiftclient/client.py:162}}
Aug 14 03:46:51.118733 np0000007313 devstack@g-api.service[103103]: DEBUG glance_store._drivers.swift.store [None req-8f649751-e0cd-428c-81a9-91e836d56652 tempest-VolumesActionsTest-91310628 tempest-VolumesActionsTest-91310628-project-member] Wrote chunk c26620ce-0e55-4c5d-914f-2bceabddc765-00001 (1/?) of length 204800000 to Swift returning MD5 of content: eda9a9889837ac4bc81d6387d92c1bec {{(pid=103103) add /opt/stack/data/venv/lib/python3.12/site-packages/glance_store/_drivers/swift/store.py:1059}}
Aug 14 03:46:51.150991 np0000007313 devstack@g-api.service[103102]: DEBUG glance.api.middleware.version_negotiation [None req-c2f3aadc-2b2b-45ec-8ab1-039eeca34d00 tempest-TestMultiAttachVolumeSwap-1738624699 tempest-TestMultiAttachVolumeSwap-1738624699-project-member] Determining version of request: GET /v2/images/c26620ce-0e55-4c5d-914f-2bceabddc765 Accept: application/json {{(pid=103102) process_request /opt/stack/glance/glance/api/middleware/version_negotiation.py:44}}
Aug 14 03:46:51.151404 np0000007313 devstack@g-api.service[103102]: DEBUG glance.api.middleware.version_negotiation [None req-c2f3aadc-2b2b-45ec-8ab1-039eeca34d00 tempest-TestMultiAttachVolumeSwap-1738624699 tempest-TestMultiAttachVolumeSwap-1738624699-project-member] Using url versioning {{(pid=103102) process_request /opt/stack/glance/glance/api/middleware/version_negotiation.py:57}}
Aug 14 03:46:51.151404 np0000007313 devstack@g-api.service[103102]: DEBUG glance.api.middleware.version_negotiation [None req-c2f3aadc-2b2b-45ec-8ab1-039eeca34d00 tempest-TestMultiAttachVolumeSwap-1738624699 tempest-TestMultiAttachVolumeSwap-1738624699-project-member] Matched version: v2 {{(pid=103102) process_request /opt/stack/glance/glance/api/middleware/version_negotiation.py:69}}
Aug 14 03:46:51.151404 np0000007313 devstack@g-api.service[103102]: DEBUG glance.api.middleware.version_negotiation [None req-c2f3aadc-2b2b-45ec-8ab1-039eeca34d00 tempest-TestMultiAttachVolumeSwap-1738624699 tempest-TestMultiAttachVolumeSwap-1738624699-project-member] new path /v2/images/c26620ce-0e55-4c5d-914f-2bceabddc765 {{(pid=103102) process_request /opt/stack/glance/glance/api/middleware/version_negotiation.py:70}}
Aug 14 03:46:51.163109 np0000007313 devstack@g-api.service[103102]: [pid: 103102|app: 0|req: 41/152] 127.0.0.1 () {40 vars in 834 bytes} [Fri Aug 14 03:46:51 2026] GET /v2/images/c26620ce-0e55-4c5d-914f-2bceabddc765 => generated 650 bytes in 12 msecs (HTTP/1.1 200) 4 headers in 157 bytes (1 switches on core 0)
Aug 14 03:46:52.178965 np0000007313 devstack@g-api.service[103105]: DEBUG glance.api.middleware.version_negotiation [None req-69e76585-352e-49eb-bb67-96ae1a603b91 tempest-VolumesActionsTest-91310628 tempest-VolumesActionsTest-91310628-project-member] Determining version of request: GET /v2/images/c26620ce-0e55-4c5d-914f-2bceabddc765 Accept: application/json {{(pid=103105) process_request /opt/stack/glance/glance/api/middleware/version_negotiation.py:44}}
Aug 14 03:46:52.178965 np0000007313 devstack@g-api.service[103105]: DEBUG glance.api.middleware.version_negotiation [None req-69e76585-352e-49eb-bb67-96ae1a603b91 tempest-VolumesActionsTest-91310628 tempest-VolumesActionsTest-91310628-project-member] Using url versioning {{(pid=103105) process_request /opt/stack/glance/glance/api/middleware/version_negotiation.py:57}}
Aug 14 03:46:52.178965 np0000007313 devstack@g-api.service[103105]: DEBUG glance.api.middleware.version_negotiation [None req-69e76585-352e-49eb-bb67-96ae1a603b91 tempest-VolumesActionsTest-91310628 tempest-VolumesActionsTest-91310628-project-member] Matched version: v2 {{(pid=103105) process_request /opt/stack/glance/glance/api/middleware/version_negotiation.py:69}}
Aug 14 03:46:52.178965 np0000007313 devstack@g-api.service[103105]: DEBUG glance.api.middleware.version_negotiation [None req-69e76585-352e-49eb-bb67-96ae1a603b91 tempest-VolumesActionsTest-91310628 tempest-VolumesActionsTest-91310628-project-member] new path /v2/images/c26620ce-0e55-4c5d-914f-2bceabddc765 {{(pid=103105) process_request /opt/stack/glance/glance/api/middleware/version_negotiation.py:70}}
Aug 14 03:46:52.203547 np0000007313 devstack@g-api.service[103105]: [pid: 103105|app: 0|req: 37/153] 127.0.0.1 () {40 vars in 834 bytes} [Fri Aug 14 03:46:52 2026] GET /v2/images/c26620ce-0e55-4c5d-914f-2bceabddc765 => generated 650 bytes in 28 msecs (HTTP/1.1 200) 4 headers in 157 bytes (1 switches on core 0)
Aug 14 03:46:53.220611 np0000007313 devstack@g-api.service[103104]: DEBUG glance.api.middleware.version_negotiation [None req-be4c1dfc-1a06-4c68-bc57-3b059a8deba3 tempest-VolumesActionsTest-91310628 tempest-VolumesActionsTest-91310628-project-member] Determining version of request: GET /v2/images/c26620ce-0e55-4c5d-914f-2bceabddc765 Accept: application/json {{(pid=103104) process_request /opt/stack/glance/glance/api/middleware/version_negotiation.py:44}}
Aug 14 03:46:53.220912 np0000007313 devstack@g-api.service[103104]: DEBUG glance.api.middleware.version_negotiation [None req-be4c1dfc-1a06-4c68-bc57-3b059a8deba3 tempest-VolumesActionsTest-91310628 tempest-VolumesActionsTest-91310628-project-member] Using url versioning {{(pid=103104) process_request /opt/stack/glance/glance/api/middleware/version_negotiation.py:57}}
Aug 14 03:46:53.220912 np0000007313 devstack@g-api.service[103104]: DEBUG glance.api.middleware.version_negotiation [None req-be4c1dfc-1a06-4c68-bc57-3b059a8deba3 tempest-VolumesActionsTest-91310628 tempest-VolumesActionsTest-91310628-project-member] Matched version: v2 {{(pid=103104) process_request /opt/stack/glance/glance/api/middleware/version_negotiation.py:69}}
Aug 14 03:46:53.221099 np0000007313 devstack@g-api.service[103104]: DEBUG glance.api.middleware.version_negotiation [None req-be4c1dfc-1a06-4c68-bc57-3b059a8deba3 tempest-VolumesActionsTest-91310628 tempest-VolumesActionsTest-91310628-project-member] new path /v2/images/c26620ce-0e55-4c5d-914f-2bceabddc765 {{(pid=103104) process_request /opt/stack/glance/glance/api/middleware/version_negotiation.py:70}}
Aug 14 03:46:53.241447 np0000007313 devstack@g-api.service[103104]: [pid: 103104|app: 0|req: 38/154] 127.0.0.1 () {40 vars in 834 bytes} [Fri Aug 14 03:46:53 2026] GET /v2/images/c26620ce-0e55-4c5d-914f-2bceabddc765 => generated 650 bytes in 21 msecs (HTTP/1.1 200) 4 headers in 157 bytes (1 switches on core 0)
Aug 14 03:46:53.343761 np0000007313 devstack@g-api.service[103103]: DEBUG swiftclient [None req-8f649751-e0cd-428c-81a9-91e836d56652 tempest-VolumesActionsTest-91310628 tempest-VolumesActionsTest-91310628-project-member] REQ: curl -i https://10.4.3.64:8080/v1/AUTH_daf2d98c6a9d401291cabb4786504075/glance/c26620ce-0e55-4c5d-914f-2bceabddc765-00002 -X PUT -H "X-Auth-Token: gAAAAABqfo-oBLPd..." {{(pid=103103) http_log /opt/stack/data/venv/lib/python3.12/site-packages/swiftclient/client.py:160}}
Aug 14 03:46:53.344094 np0000007313 devstack@g-api.service[103103]: DEBUG swiftclient [None req-8f649751-e0cd-428c-81a9-91e836d56652 tempest-VolumesActionsTest-91310628 tempest-VolumesActionsTest-91310628-project-member] RESP STATUS: 201 Created {{(pid=103103) http_log /opt/stack/data/venv/lib/python3.12/site-packages/swiftclient/client.py:161}}
Aug 14 03:46:53.344094 np0000007313 devstack@g-api.service[103103]: DEBUG swiftclient [None req-8f649751-e0cd-428c-81a9-91e836d56652 tempest-VolumesActionsTest-91310628 tempest-VolumesActionsTest-91310628-project-member] RESP HEADERS: {'Date': 'Fri, 14 Aug 2026 03:46:53 GMT', 'Server': 'Apache/2.4.58 (Ubuntu)', 'Content-Type': 'text/html; charset=UTF-8', 'Content-Length': '0', 'Etag': 'eda9a9889837ac4bc81d6387d92c1bec', 'Last-Modified': 'Fri, 14 Aug 2026 03:46:52 GMT', 'X-Trans-Id': 'tx4f95ec0dae6f42d0a88a0-006a7e8fab', 'X-Openstack-Request-Id': 'tx4f95ec0dae6f42d0a88a0-006a7e8fab', 'Connection': 'close'} {{(pid=103103) http_log /opt/stack/data/venv/lib/python3.12/site-packages/swiftclient/client.py:162}}
Aug 14 03:46:53.344394 np0000007313 devstack@g-api.service[103103]: DEBUG glance_store._drivers.swift.store [None req-8f649751-e0cd-428c-81a9-91e836d56652 tempest-VolumesActionsTest-91310628 tempest-VolumesActionsTest-91310628-project-member] Wrote chunk c26620ce-0e55-4c5d-914f-2bceabddc765-00002 (2/?) of length 204800000 to Swift returning MD5 of content: eda9a9889837ac4bc81d6387d92c1bec {{(pid=103103) add /opt/stack/data/venv/lib/python3.12/site-packages/glance_store/_drivers/swift/store.py:1059}}
Aug 14 03:46:54.251810 np0000007313 devstack@g-api.service[103102]: DEBUG glance.api.middleware.version_negotiation [None req-65598e9b-6c3c-46df-a835-6642b511d633 tempest-VolumesActionsTest-91310628 tempest-VolumesActionsTest-91310628-project-member] Determining version of request: GET /v2/images/c26620ce-0e55-4c5d-914f-2bceabddc765 Accept: application/json {{(pid=103102) process_request /opt/stack/glance/glance/api/middleware/version_negotiation.py:44}}
Aug 14 03:46:54.251810 np0000007313 devstack@g-api.service[103102]: DEBUG glance.api.middleware.version_negotiation [None req-65598e9b-6c3c-46df-a835-6642b511d633 tempest-VolumesActionsTest-91310628 tempest-VolumesActionsTest-91310628-project-member] Using url versioning {{(pid=103102) process_request /opt/stack/glance/glance/api/middleware/version_negotiation.py:57}}
Aug 14 03:46:54.251810 np0000007313 devstack@g-api.service[103102]: DEBUG glance.api.middleware.version_negotiation [None req-65598e9b-6c3c-46df-a835-6642b511d633 tempest-VolumesActionsTest-91310628 tempest-VolumesActionsTest-91310628-project-member] Matched version: v2 {{(pid=103102) process_request /opt/stack/glance/glance/api/middleware/version_negotiation.py:69}}
Aug 14 03:46:54.251810 np0000007313 devstack@g-api.service[103102]: DEBUG glance.api.middleware.version_negotiation [None req-65598e9b-6c3c-46df-a835-6642b511d633 tempest-VolumesActionsTest-91310628 tempest-VolumesActionsTest-91310628-project-member] new path /v2/images/c26620ce-0e55-4c5d-914f-2bceabddc765 {{(pid=103102) process_request /opt/stack/glance/glance/api/middleware/version_negotiation.py:70}}
Aug 14 03:46:54.262697 np0000007313 devstack@g-api.service[103102]: [pid: 103102|app: 0|req: 42/155] 127.0.0.1 () {40 vars in 834 bytes} [Fri Aug 14 03:46:54 2026] GET /v2/images/c26620ce-0e55-4c5d-914f-2bceabddc765 => generated 650 bytes in 12 msecs (HTTP/1.1 200) 4 headers in 157 bytes (1 switches on core 0)
Aug 14 03:46:55.273034 np0000007313 devstack@g-api.service[103105]: DEBUG glance.api.middleware.version_negotiation [None req-fdad5e6b-20a2-4962-8842-bd8bdb916871 tempest-VolumesActionsTest-91310628 tempest-VolumesActionsTest-91310628-project-member] Determining version of request: GET /v2/images/c26620ce-0e55-4c5d-914f-2bceabddc765 Accept: application/json {{(pid=103105) process_request /opt/stack/glance/glance/api/middleware/version_negotiation.py:44}}
Aug 14 03:46:55.273343 np0000007313 devstack@g-api.service[103105]: DEBUG glance.api.middleware.version_negotiation [None req-fdad5e6b-20a2-4962-8842-bd8bdb916871 tempest-VolumesActionsTest-91310628 tempest-VolumesActionsTest-91310628-project-member] Using url versioning {{(pid=103105) process_request /opt/stack/glance/glance/api/middleware/version_negotiation.py:57}}
Aug 14 03:46:55.273343 np0000007313 devstack@g-api.service[103105]: DEBUG glance.api.middleware.version_negotiation [None req-fdad5e6b-20a2-4962-8842-bd8bdb916871 tempest-VolumesActionsTest-91310628 tempest-VolumesActionsTest-91310628-project-member] Matched version: v2 {{(pid=103105) process_request /opt/stack/glance/glance/api/middleware/version_negotiation.py:69}}
Aug 14 03:46:55.273549 np0000007313 devstack@g-api.service[103105]: DEBUG glance.api.middleware.version_negotiation [None req-fdad5e6b-20a2-4962-8842-bd8bdb916871 tempest-VolumesActionsTest-91310628 tempest-VolumesActionsTest-91310628-project-member] new path /v2/images/c26620ce-0e55-4c5d-914f-2bceabddc765 {{(pid=103105) process_request /opt/stack/glance/glance/api/middleware/version_negotiation.py:70}}
Aug 14 03:46:55.292281 np0000007313 devstack@g-api.service[103105]: [pid: 103105|app: 0|req: 38/156] 127.0.0.1 () {40 vars in 834 bytes} [Fri Aug 14 03:46:55 2026] GET /v2/images/c26620ce-0e55-4c5d-914f-2bceabddc765 => generated 650 bytes in 16 msecs (HTTP/1.1 200) 4 headers in 157 bytes (1 switches on core 0)
Aug 14 03:46:55.548750 np0000007313 devstack@g-api.service[103103]: DEBUG swiftclient [None req-8f649751-e0cd-428c-81a9-91e836d56652 tempest-VolumesActionsTest-91310628 tempest-VolumesActionsTest-91310628-project-member] REQ: curl -i https://10.4.3.64:8080/v1/AUTH_daf2d98c6a9d401291cabb4786504075/glance/c26620ce-0e55-4c5d-914f-2bceabddc765-00003 -X PUT -H "X-Auth-Token: gAAAAABqfo-oBLPd..." {{(pid=103103) http_log /opt/stack/data/venv/lib/python3.12/site-packages/swiftclient/client.py:160}}
Aug 14 03:46:55.549096 np0000007313 devstack@g-api.service[103103]: DEBUG swiftclient [None req-8f649751-e0cd-428c-81a9-91e836d56652 tempest-VolumesActionsTest-91310628 tempest-VolumesActionsTest-91310628-project-member] RESP STATUS: 201 Created {{(pid=103103) http_log /opt/stack/data/venv/lib/python3.12/site-packages/swiftclient/client.py:161}}
Aug 14 03:46:55.549269 np0000007313 devstack@g-api.service[103103]: DEBUG swiftclient [None req-8f649751-e0cd-428c-81a9-91e836d56652 tempest-VolumesActionsTest-91310628 tempest-VolumesActionsTest-91310628-project-member] RESP HEADERS: {'Date': 'Fri, 14 Aug 2026 03:46:55 GMT', 'Server': 'Apache/2.4.58 (Ubuntu)', 'Content-Type': 'text/html; charset=UTF-8', 'Content-Length': '0', 'Etag': 'eda9a9889837ac4bc81d6387d92c1bec', 'Last-Modified': 'Fri, 14 Aug 2026 03:46:54 GMT', 'X-Trans-Id': 'tx8e6f1e215d9342c0b94aa-006a7e8fad', 'X-Openstack-Request-Id': 'tx8e6f1e215d9342c0b94aa-006a7e8fad', 'Connection': 'close'} {{(pid=103103) http_log /opt/stack/data/venv/lib/python3.12/site-packages/swiftclient/client.py:162}}
Aug 14 03:46:55.549360 np0000007313 devstack@g-api.service[103103]: DEBUG glance_store._drivers.swift.store [None req-8f649751-e0cd-428c-81a9-91e836d56652 tempest-VolumesActionsTest-91310628 tempest-VolumesActionsTest-91310628-project-member] Wrote chunk c26620ce-0e55-4c5d-914f-2bceabddc765-00003 (3/?) of length 204800000 to Swift returning MD5 of content: eda9a9889837ac4bc81d6387d92c1bec {{(pid=103103) add /opt/stack/data/venv/lib/python3.12/site-packages/glance_store/_drivers/swift/store.py:1059}}
Aug 14 03:46:56.297274 np0000007313 devstack@g-api.service[103104]: DEBUG glance.api.middleware.version_negotiation [None req-4489e1ed-d4c3-4632-9548-786b4bcfd91a tempest-VolumesActionsTest-91310628 tempest-VolumesActionsTest-91310628-project-member] Determining version of request: GET /v2/images/c26620ce-0e55-4c5d-914f-2bceabddc765 Accept: application/json {{(pid=103104) process_request /opt/stack/glance/glance/api/middleware/version_negotiation.py:44}}
Aug 14 03:46:56.297603 np0000007313 devstack@g-api.service[103104]: DEBUG glance.api.middleware.version_negotiation [None req-4489e1ed-d4c3-4632-9548-786b4bcfd91a tempest-VolumesActionsTest-91310628 tempest-VolumesActionsTest-91310628-project-member] Using url versioning {{(pid=103104) process_request /opt/stack/glance/glance/api/middleware/version_negotiation.py:57}}
Aug 14 03:46:56.297603 np0000007313 devstack@g-api.service[103104]: DEBUG glance.api.middleware.version_negotiation [None req-4489e1ed-d4c3-4632-9548-786b4bcfd91a tempest-VolumesActionsTest-91310628 tempest-VolumesActionsTest-91310628-project-member] Matched version: v2 {{(pid=103104) process_request /opt/stack/glance/glance/api/middleware/version_negotiation.py:69}}
Aug 14 03:46:56.297603 np0000007313 devstack@g-api.service[103104]: DEBUG glance.api.middleware.version_negotiation [None req-4489e1ed-d4c3-4632-9548-786b4bcfd91a tempest-VolumesActionsTest-91310628 tempest-VolumesActionsTest-91310628-project-member] new path /v2/images/c26620ce-0e55-4c5d-914f-2bceabddc765 {{(pid=103104) process_request /opt/stack/glance/glance/api/middleware/version_negotiation.py:70}}
Aug 14 03:46:56.317811 np0000007313 devstack@g-api.service[103104]: [pid: 103104|app: 0|req: 39/157] 127.0.0.1 () {40 vars in 834 bytes} [Fri Aug 14 03:46:56 2026] GET /v2/images/c26620ce-0e55-4c5d-914f-2bceabddc765 => generated 650 bytes in 20 msecs (HTTP/1.1 200) 4 headers in 157 bytes (1 switches on core 0)
Aug 14 03:46:57.330996 np0000007313 devstack@g-api.service[103102]: DEBUG glance.api.middleware.version_negotiation [None req-a3c32c1a-58d2-472e-be29-d9131f056e1e tempest-VolumesActionsTest-91310628 tempest-VolumesActionsTest-91310628-project-member] Determining version of request: GET /v2/images/c26620ce-0e55-4c5d-914f-2bceabddc765 Accept: application/json {{(pid=103102) process_request /opt/stack/glance/glance/api/middleware/version_negotiation.py:44}}
Aug 14 03:46:57.330996 np0000007313 devstack@g-api.service[103102]: DEBUG glance.api.middleware.version_negotiation [None req-a3c32c1a-58d2-472e-be29-d9131f056e1e tempest-VolumesActionsTest-91310628 tempest-VolumesActionsTest-91310628-project-member] Using url versioning {{(pid=103102) process_request /opt/stack/glance/glance/api/middleware/version_negotiation.py:57}}
