Aug 14 03:42:54.115422 np0000007313 systemd[1]: Starting devstack@n-api-meta.service - Devstack devstack@n-api-meta.service...
Aug 14 03:42:54.120493 np0000007313 devstack@n-api-meta.service[96086]: [uWSGI] getting INI configuration from /etc/nova/nova-metadata-uwsgi.ini
Aug 14 03:42:54.122721 np0000007313 devstack@n-api-meta.service[96086]: *** Starting uWSGI 2.0.24-debian (64bit) on [Fri Aug 14 03:42:54 2026] ***
Aug 14 03:42:54.122721 np0000007313 devstack@n-api-meta.service[96086]: compiled with version: 13.2.0 on 17 April 2024 16:23:48
Aug 14 03:42:54.122721 np0000007313 devstack@n-api-meta.service[96086]: os: Linux-6.8.0-100-generic #100-Ubuntu SMP PREEMPT_DYNAMIC Tue Jan 13 16:40:06 UTC 2026
Aug 14 03:42:54.122721 np0000007313 devstack@n-api-meta.service[96086]: nodename: np0000007313
Aug 14 03:42:54.122721 np0000007313 devstack@n-api-meta.service[96086]: machine: x86_64
Aug 14 03:42:54.122721 np0000007313 devstack@n-api-meta.service[96086]: clock source: unix
Aug 14 03:42:54.122721 np0000007313 devstack@n-api-meta.service[96086]: pcre jit disabled
Aug 14 03:42:54.122721 np0000007313 devstack@n-api-meta.service[96086]: detected number of CPU cores: 16
Aug 14 03:42:54.122721 np0000007313 devstack@n-api-meta.service[96086]: current working directory: /
Aug 14 03:42:54.122721 np0000007313 devstack@n-api-meta.service[96086]: detected binary path: /usr/bin/uwsgi-core
Aug 14 03:42:54.122721 np0000007313 devstack@n-api-meta.service[96086]: your processes number limit is 257052
Aug 14 03:42:54.122721 np0000007313 devstack@n-api-meta.service[96086]: your memory page size is 4096 bytes
Aug 14 03:42:54.122721 np0000007313 devstack@n-api-meta.service[96086]: detected max file descriptor number: 2048
Aug 14 03:42:54.122721 np0000007313 devstack@n-api-meta.service[96086]: lock engine: pthread robust mutexes
Aug 14 03:42:54.123020 np0000007313 devstack@n-api-meta.service[96086]: thunder lock: enabled
Aug 14 03:42:54.123119 np0000007313 devstack@n-api-meta.service[96086]: uWSGI http bound on 0.0.0.0:8775 fd 5
Aug 14 03:42:54.123164 np0000007313 devstack@n-api-meta.service[96086]: uwsgi socket 0 bound to TCP address 127.0.0.1:37555 (port auto-assigned) fd 4
Aug 14 03:42:54.123198 np0000007313 devstack@n-api-meta.service[96086]: Python version: 3.12.3 (main, Jun 19 2026, 12:46:00) [GCC 13.3.0]
Aug 14 03:42:54.123198 np0000007313 devstack@n-api-meta.service[96086]: PEP 405 virtualenv detected: /opt/stack/data/venv
Aug 14 03:42:54.123198 np0000007313 devstack@n-api-meta.service[96086]: Set PythonHome to /opt/stack/data/venv
Aug 14 03:42:54.155403 np0000007313 devstack@n-api-meta.service[96086]: Python main interpreter initialized at 0x7bea0a4a4668
Aug 14 03:42:54.155403 np0000007313 devstack@n-api-meta.service[96086]: python threads support enabled
Aug 14 03:42:54.155403 np0000007313 devstack@n-api-meta.service[96086]: your server socket listen backlog is limited to 100 connections
Aug 14 03:42:54.155403 np0000007313 devstack@n-api-meta.service[96086]: your mercy for graceful operations on workers is 80 seconds
Aug 14 03:42:54.155899 np0000007313 devstack@n-api-meta.service[96086]: mapped 671795 bytes (656 KB) for 4 cores
Aug 14 03:42:54.156035 np0000007313 devstack@n-api-meta.service[96086]: *** Operational MODE: preforking ***
Aug 14 03:42:54.156217 np0000007313 devstack@n-api-meta.service[96086]: *** uWSGI is running in multiple interpreter mode ***
Aug 14 03:42:54.156217 np0000007313 devstack@n-api-meta.service[96086]: spawned uWSGI master process (pid: 96086)
Aug 14 03:42:54.156377 np0000007313 systemd[1]: Started devstack@n-api-meta.service - Devstack devstack@n-api-meta.service.
Aug 14 03:42:54.156727 np0000007313 devstack@n-api-meta.service[96086]: spawned uWSGI worker 1 (pid: 96087, cores: 1)
Aug 14 03:42:54.157226 np0000007313 devstack@n-api-meta.service[96086]: spawned uWSGI worker 2 (pid: 96088, cores: 1)
Aug 14 03:42:54.157644 np0000007313 devstack@n-api-meta.service[96086]: spawned uWSGI worker 3 (pid: 96089, cores: 1)
Aug 14 03:42:54.158061 np0000007313 devstack@n-api-meta.service[96086]: spawned uWSGI worker 4 (pid: 96090, cores: 1)
Aug 14 03:42:54.159342 np0000007313 devstack@n-api-meta.service[96086]: spawned uWSGI http 1 (pid: 96091)
Aug 14 03:42:54.159342 np0000007313 devstack@n-api-meta.service[96086]: running "unix_signal:15 gracefully_kill_them_all" (master-start)...
Aug 14 03:42:55.741483 np0000007313 devstack@n-api-meta.service[96090]: INFO dbcounter [None req-aa47f8f2-7241-4d02-ba5d-6ef9c0dd5f13 None None] Registered counter for database nova_api
Aug 14 03:42:55.782361 np0000007313 devstack@n-api-meta.service[96090]: DEBUG oslo_db.sqlalchemy.engines [None req-aa47f8f2-7241-4d02-ba5d-6ef9c0dd5f13 None None] MySQL server mode set to STRICT_TRANS_TABLES,STRICT_ALL_TABLES,NO_ZERO_IN_DATE,NO_ZERO_DATE,ERROR_FOR_DIVISION_BY_ZERO,TRADITIONAL,NO_ENGINE_SUBSTITUTION {{(pid=96090) _check_effective_sql_mode /opt/stack/data/venv/lib/python3.12/site-packages/oslo_db/sqlalchemy/engines.py:325}}
Aug 14 03:42:55.788506 np0000007313 devstack@n-api-meta.service[96087]: INFO dbcounter [None req-78642c62-cce0-47ca-b519-9b0ad8381ca3 None None] Registered counter for database nova_api
Aug 14 03:42:55.793523 np0000007313 devstack@n-api-meta.service[96088]: INFO dbcounter [None req-ab40c10e-9a3e-4e41-a0be-01f24ea7e362 None None] Registered counter for database nova_api
Aug 14 03:42:55.809869 np0000007313 devstack@n-api-meta.service[96090]: DEBUG dbcounter [-] [96090] Writer thread running {{(pid=96090) stat_writer /opt/stack/data/venv/lib/python3.12/site-packages/dbcounter.py:102}}
Aug 14 03:42:55.812038 np0000007313 devstack@n-api-meta.service[96090]: DEBUG nova.context [None req-aa47f8f2-7241-4d02-ba5d-6ef9c0dd5f13 None None] Found 2 cells: 00000000-0000-0000-0000-000000000000(cell0),bed58156-a6f7-4385-bc3a-0c6b24b3286a(cell1) {{(pid=96090) load_cells /opt/stack/nova/nova/context.py:509}}
Aug 14 03:42:55.812231 np0000007313 devstack@n-api-meta.service[96090]: INFO nova.utils [None req-aa47f8f2-7241-4d02-ba5d-6ef9c0dd5f13 None None] The cell worker thread pool MainProcess.cell_worker is initialized
Aug 14 03:42:55.813266 np0000007313 devstack@n-api-meta.service[96089]: INFO dbcounter [None req-90a9cfda-5cc3-4058-9409-5ba494e3f2e3 None None] Registered counter for database nova_api
Aug 14 03:42:55.813779 np0000007313 devstack@n-api-meta.service[96090]: DEBUG oslo_concurrency.lockutils [None req-aa47f8f2-7241-4d02-ba5d-6ef9c0dd5f13 None None] Acquiring lock "00000000-0000-0000-0000-000000000000" by "nova.context.set_target_cell..get_or_set_cached_cell_and_set_connections" {{(pid=96090) inner /opt/stack/data/venv/lib/python3.12/site-packages/oslo_concurrency/lockutils.py:512}}
Aug 14 03:42:55.814402 np0000007313 devstack@n-api-meta.service[96090]: DEBUG oslo_concurrency.lockutils [None req-aa47f8f2-7241-4d02-ba5d-6ef9c0dd5f13 None None] Lock "00000000-0000-0000-0000-000000000000" acquired by "nova.context.set_target_cell..get_or_set_cached_cell_and_set_connections" :: waited 0.000s {{(pid=96090) inner /opt/stack/data/venv/lib/python3.12/site-packages/oslo_concurrency/lockutils.py:525}}
Aug 14 03:42:55.814402 np0000007313 devstack@n-api-meta.service[96090]: DEBUG oslo_concurrency.lockutils [None req-aa47f8f2-7241-4d02-ba5d-6ef9c0dd5f13 None None] Lock "00000000-0000-0000-0000-000000000000" "released" by "nova.context.set_target_cell..get_or_set_cached_cell_and_set_connections" :: held 0.000s {{(pid=96090) inner /opt/stack/data/venv/lib/python3.12/site-packages/oslo_concurrency/lockutils.py:544}}
Aug 14 03:42:55.814858 np0000007313 devstack@n-api-meta.service[96090]: DEBUG oslo_concurrency.lockutils [None req-aa47f8f2-7241-4d02-ba5d-6ef9c0dd5f13 None None] Acquiring lock "bed58156-a6f7-4385-bc3a-0c6b24b3286a" by "nova.context.set_target_cell..get_or_set_cached_cell_and_set_connections" {{(pid=96090) inner /opt/stack/data/venv/lib/python3.12/site-packages/oslo_concurrency/lockutils.py:512}}
Aug 14 03:42:55.814993 np0000007313 devstack@n-api-meta.service[96090]: DEBUG oslo_concurrency.lockutils [None req-aa47f8f2-7241-4d02-ba5d-6ef9c0dd5f13 None None] Lock "bed58156-a6f7-4385-bc3a-0c6b24b3286a" acquired by "nova.context.set_target_cell..get_or_set_cached_cell_and_set_connections" :: waited 0.000s {{(pid=96090) inner /opt/stack/data/venv/lib/python3.12/site-packages/oslo_concurrency/lockutils.py:525}}
Aug 14 03:42:55.815751 np0000007313 devstack@n-api-meta.service[96090]: DEBUG oslo_concurrency.lockutils [None req-aa47f8f2-7241-4d02-ba5d-6ef9c0dd5f13 None None] Lock "bed58156-a6f7-4385-bc3a-0c6b24b3286a" "released" by "nova.context.set_target_cell..get_or_set_cached_cell_and_set_connections" :: held 0.001s {{(pid=96090) inner /opt/stack/data/venv/lib/python3.12/site-packages/oslo_concurrency/lockutils.py:544}}
Aug 14 03:42:55.817391 np0000007313 devstack@n-api-meta.service[96090]: INFO dbcounter [None req-aa47f8f2-7241-4d02-ba5d-6ef9c0dd5f13 None None] Registered counter for database nova_cell0
Aug 14 03:42:55.819870 np0000007313 devstack@n-api-meta.service[96090]: INFO dbcounter [None req-aa47f8f2-7241-4d02-ba5d-6ef9c0dd5f13 None None] Registered counter for database nova_cell1
Aug 14 03:42:55.830560 np0000007313 devstack@n-api-meta.service[96087]: DEBUG oslo_db.sqlalchemy.engines [None req-78642c62-cce0-47ca-b519-9b0ad8381ca3 None None] MySQL server mode set to STRICT_TRANS_TABLES,STRICT_ALL_TABLES,NO_ZERO_IN_DATE,NO_ZERO_DATE,ERROR_FOR_DIVISION_BY_ZERO,TRADITIONAL,NO_ENGINE_SUBSTITUTION {{(pid=96087) _check_effective_sql_mode /opt/stack/data/venv/lib/python3.12/site-packages/oslo_db/sqlalchemy/engines.py:325}}
Aug 14 03:42:55.838590 np0000007313 devstack@n-api-meta.service[96088]: DEBUG oslo_db.sqlalchemy.engines [None req-ab40c10e-9a3e-4e41-a0be-01f24ea7e362 None None] MySQL server mode set to STRICT_TRANS_TABLES,STRICT_ALL_TABLES,NO_ZERO_IN_DATE,NO_ZERO_DATE,ERROR_FOR_DIVISION_BY_ZERO,TRADITIONAL,NO_ENGINE_SUBSTITUTION {{(pid=96088) _check_effective_sql_mode /opt/stack/data/venv/lib/python3.12/site-packages/oslo_db/sqlalchemy/engines.py:325}}
Aug 14 03:42:55.858628 np0000007313 devstack@n-api-meta.service[96087]: DEBUG dbcounter [-] [96087] Writer thread running {{(pid=96087) stat_writer /opt/stack/data/venv/lib/python3.12/site-packages/dbcounter.py:102}}
Aug 14 03:42:55.859082 np0000007313 devstack@n-api-meta.service[96089]: DEBUG oslo_db.sqlalchemy.engines [None req-90a9cfda-5cc3-4058-9409-5ba494e3f2e3 None None] MySQL server mode set to STRICT_TRANS_TABLES,STRICT_ALL_TABLES,NO_ZERO_IN_DATE,NO_ZERO_DATE,ERROR_FOR_DIVISION_BY_ZERO,TRADITIONAL,NO_ENGINE_SUBSTITUTION {{(pid=96089) _check_effective_sql_mode /opt/stack/data/venv/lib/python3.12/site-packages/oslo_db/sqlalchemy/engines.py:325}}
Aug 14 03:42:55.861882 np0000007313 devstack@n-api-meta.service[96090]: DEBUG oslo_db.sqlalchemy.engines [None req-aa47f8f2-7241-4d02-ba5d-6ef9c0dd5f13 None None] MySQL server mode set to STRICT_TRANS_TABLES,STRICT_ALL_TABLES,NO_ZERO_IN_DATE,NO_ZERO_DATE,ERROR_FOR_DIVISION_BY_ZERO,TRADITIONAL,NO_ENGINE_SUBSTITUTION {{(pid=96090) _check_effective_sql_mode /opt/stack/data/venv/lib/python3.12/site-packages/oslo_db/sqlalchemy/engines.py:325}}
Aug 14 03:42:55.862324 np0000007313 devstack@n-api-meta.service[96087]: DEBUG nova.context [None req-78642c62-cce0-47ca-b519-9b0ad8381ca3 None None] Found 2 cells: 00000000-0000-0000-0000-000000000000(cell0),bed58156-a6f7-4385-bc3a-0c6b24b3286a(cell1) {{(pid=96087) load_cells /opt/stack/nova/nova/context.py:509}}
Aug 14 03:42:55.862654 np0000007313 devstack@n-api-meta.service[96087]: INFO nova.utils [None req-78642c62-cce0-47ca-b519-9b0ad8381ca3 None None] The cell worker thread pool MainProcess.cell_worker is initialized
Aug 14 03:42:55.865006 np0000007313 devstack@n-api-meta.service[96087]: DEBUG oslo_concurrency.lockutils [None req-78642c62-cce0-47ca-b519-9b0ad8381ca3 None None] Acquiring lock "00000000-0000-0000-0000-000000000000" by "nova.context.set_target_cell..get_or_set_cached_cell_and_set_connections" {{(pid=96087) inner /opt/stack/data/venv/lib/python3.12/site-packages/oslo_concurrency/lockutils.py:512}}
Aug 14 03:42:55.865246 np0000007313 devstack@n-api-meta.service[96087]: DEBUG oslo_concurrency.lockutils [None req-78642c62-cce0-47ca-b519-9b0ad8381ca3 None None] Lock "00000000-0000-0000-0000-000000000000" acquired by "nova.context.set_target_cell..get_or_set_cached_cell_and_set_connections" :: waited 0.000s {{(pid=96087) inner /opt/stack/data/venv/lib/python3.12/site-packages/oslo_concurrency/lockutils.py:525}}
Aug 14 03:42:55.865769 np0000007313 devstack@n-api-meta.service[96087]: DEBUG oslo_concurrency.lockutils [None req-78642c62-cce0-47ca-b519-9b0ad8381ca3 None None] Lock "00000000-0000-0000-0000-000000000000" "released" by "nova.context.set_target_cell..get_or_set_cached_cell_and_set_connections" :: held 0.001s {{(pid=96087) inner /opt/stack/data/venv/lib/python3.12/site-packages/oslo_concurrency/lockutils.py:544}}
Aug 14 03:42:55.866578 np0000007313 devstack@n-api-meta.service[96087]: DEBUG oslo_concurrency.lockutils [None req-78642c62-cce0-47ca-b519-9b0ad8381ca3 None None] Acquiring lock "bed58156-a6f7-4385-bc3a-0c6b24b3286a" by "nova.context.set_target_cell..get_or_set_cached_cell_and_set_connections" {{(pid=96087) inner /opt/stack/data/venv/lib/python3.12/site-packages/oslo_concurrency/lockutils.py:512}}
Aug 14 03:42:55.866791 np0000007313 devstack@n-api-meta.service[96087]: DEBUG oslo_concurrency.lockutils [None req-78642c62-cce0-47ca-b519-9b0ad8381ca3 None None] Lock "bed58156-a6f7-4385-bc3a-0c6b24b3286a" acquired by "nova.context.set_target_cell..get_or_set_cached_cell_and_set_connections" :: waited 0.000s {{(pid=96087) inner /opt/stack/data/venv/lib/python3.12/site-packages/oslo_concurrency/lockutils.py:525}}
Aug 14 03:42:55.867924 np0000007313 devstack@n-api-meta.service[96087]: DEBUG oslo_concurrency.lockutils [None req-78642c62-cce0-47ca-b519-9b0ad8381ca3 None None] Lock "bed58156-a6f7-4385-bc3a-0c6b24b3286a" "released" by "nova.context.set_target_cell..get_or_set_cached_cell_and_set_connections" :: held 0.001s {{(pid=96087) inner /opt/stack/data/venv/lib/python3.12/site-packages/oslo_concurrency/lockutils.py:544}}
Aug 14 03:42:55.869418 np0000007313 devstack@n-api-meta.service[96087]: INFO dbcounter [None req-78642c62-cce0-47ca-b519-9b0ad8381ca3 None None] Registered counter for database nova_cell0
Aug 14 03:42:55.870554 np0000007313 devstack@n-api-meta.service[96088]: DEBUG dbcounter [-] [96088] Writer thread running {{(pid=96088) stat_writer /opt/stack/data/venv/lib/python3.12/site-packages/dbcounter.py:102}}
Aug 14 03:42:55.872097 np0000007313 devstack@n-api-meta.service[96087]: INFO dbcounter [None req-78642c62-cce0-47ca-b519-9b0ad8381ca3 None None] Registered counter for database nova_cell1
Aug 14 03:42:55.874644 np0000007313 devstack@n-api-meta.service[96090]: DEBUG oslo_db.sqlalchemy.engines [None req-aa47f8f2-7241-4d02-ba5d-6ef9c0dd5f13 None None] MySQL server mode set to STRICT_TRANS_TABLES,STRICT_ALL_TABLES,NO_ZERO_IN_DATE,NO_ZERO_DATE,ERROR_FOR_DIVISION_BY_ZERO,TRADITIONAL,NO_ENGINE_SUBSTITUTION {{(pid=96090) _check_effective_sql_mode /opt/stack/data/venv/lib/python3.12/site-packages/oslo_db/sqlalchemy/engines.py:325}}
Aug 14 03:42:55.875149 np0000007313 devstack@n-api-meta.service[96088]: DEBUG nova.context [None req-ab40c10e-9a3e-4e41-a0be-01f24ea7e362 None None] Found 2 cells: 00000000-0000-0000-0000-000000000000(cell0),bed58156-a6f7-4385-bc3a-0c6b24b3286a(cell1) {{(pid=96088) load_cells /opt/stack/nova/nova/context.py:509}}
Aug 14 03:42:55.875500 np0000007313 devstack@n-api-meta.service[96088]: INFO nova.utils [None req-ab40c10e-9a3e-4e41-a0be-01f24ea7e362 None None] The cell worker thread pool MainProcess.cell_worker is initialized
Aug 14 03:42:55.877905 np0000007313 devstack@n-api-meta.service[96088]: DEBUG oslo_concurrency.lockutils [None req-ab40c10e-9a3e-4e41-a0be-01f24ea7e362 None None] Acquiring lock "00000000-0000-0000-0000-000000000000" by "nova.context.set_target_cell..get_or_set_cached_cell_and_set_connections" {{(pid=96088) inner /opt/stack/data/venv/lib/python3.12/site-packages/oslo_concurrency/lockutils.py:512}}
Aug 14 03:42:55.878131 np0000007313 devstack@n-api-meta.service[96088]: DEBUG oslo_concurrency.lockutils [None req-ab40c10e-9a3e-4e41-a0be-01f24ea7e362 None None] Lock "00000000-0000-0000-0000-000000000000" acquired by "nova.context.set_target_cell..get_or_set_cached_cell_and_set_connections" :: waited 0.000s {{(pid=96088) inner /opt/stack/data/venv/lib/python3.12/site-packages/oslo_concurrency/lockutils.py:525}}
Aug 14 03:42:55.878652 np0000007313 devstack@n-api-meta.service[96088]: DEBUG oslo_concurrency.lockutils [None req-ab40c10e-9a3e-4e41-a0be-01f24ea7e362 None None] Lock "00000000-0000-0000-0000-000000000000" "released" by "nova.context.set_target_cell..get_or_set_cached_cell_and_set_connections" :: held 0.001s {{(pid=96088) inner /opt/stack/data/venv/lib/python3.12/site-packages/oslo_concurrency/lockutils.py:544}}
Aug 14 03:42:55.879466 np0000007313 devstack@n-api-meta.service[96088]: DEBUG oslo_concurrency.lockutils [None req-ab40c10e-9a3e-4e41-a0be-01f24ea7e362 None None] Acquiring lock "bed58156-a6f7-4385-bc3a-0c6b24b3286a" by "nova.context.set_target_cell..get_or_set_cached_cell_and_set_connections" {{(pid=96088) inner /opt/stack/data/venv/lib/python3.12/site-packages/oslo_concurrency/lockutils.py:512}}
Aug 14 03:42:55.881183 np0000007313 devstack@n-api-meta.service[96088]: INFO dbcounter [None req-ab40c10e-9a3e-4e41-a0be-01f24ea7e362 None None] Registered counter for database nova_cell0
Aug 14 03:42:55.882376 np0000007313 devstack@n-api-meta.service[96088]: DEBUG oslo_concurrency.lockutils [None req-ab40c10e-9a3e-4e41-a0be-01f24ea7e362 None None] Lock "bed58156-a6f7-4385-bc3a-0c6b24b3286a" acquired by "nova.context.set_target_cell..get_or_set_cached_cell_and_set_connections" :: waited 0.002s {{(pid=96088) inner /opt/stack/data/venv/lib/python3.12/site-packages/oslo_concurrency/lockutils.py:525}}
Aug 14 03:42:55.883952 np0000007313 devstack@n-api-meta.service[96088]: DEBUG oslo_concurrency.lockutils [None req-ab40c10e-9a3e-4e41-a0be-01f24ea7e362 None None] Lock "bed58156-a6f7-4385-bc3a-0c6b24b3286a" "released" by "nova.context.set_target_cell..get_or_set_cached_cell_and_set_connections" :: held 0.003s {{(pid=96088) inner /opt/stack/data/venv/lib/python3.12/site-packages/oslo_concurrency/lockutils.py:544}}
Aug 14 03:42:55.886108 np0000007313 devstack@n-api-meta.service[96088]: INFO dbcounter [None req-ab40c10e-9a3e-4e41-a0be-01f24ea7e362 None None] Registered counter for database nova_cell1
Aug 14 03:42:55.886257 np0000007313 devstack@n-api-meta.service[96089]: DEBUG dbcounter [-] [96089] Writer thread running {{(pid=96089) stat_writer /opt/stack/data/venv/lib/python3.12/site-packages/dbcounter.py:102}}
Aug 14 03:42:55.888788 np0000007313 devstack@n-api-meta.service[96089]: DEBUG nova.context [None req-90a9cfda-5cc3-4058-9409-5ba494e3f2e3 None None] Found 2 cells: 00000000-0000-0000-0000-000000000000(cell0),bed58156-a6f7-4385-bc3a-0c6b24b3286a(cell1) {{(pid=96089) load_cells /opt/stack/nova/nova/context.py:509}}
Aug 14 03:42:55.889123 np0000007313 devstack@n-api-meta.service[96089]: INFO nova.utils [None req-90a9cfda-5cc3-4058-9409-5ba494e3f2e3 None None] The cell worker thread pool MainProcess.cell_worker is initialized
Aug 14 03:42:55.891326 np0000007313 devstack@n-api-meta.service[96089]: DEBUG oslo_concurrency.lockutils [None req-90a9cfda-5cc3-4058-9409-5ba494e3f2e3 None None] Acquiring lock "00000000-0000-0000-0000-000000000000" by "nova.context.set_target_cell..get_or_set_cached_cell_and_set_connections" {{(pid=96089) inner /opt/stack/data/venv/lib/python3.12/site-packages/oslo_concurrency/lockutils.py:512}}
Aug 14 03:42:55.891528 np0000007313 devstack@n-api-meta.service[96089]: DEBUG oslo_concurrency.lockutils [None req-90a9cfda-5cc3-4058-9409-5ba494e3f2e3 None None] Lock "00000000-0000-0000-0000-000000000000" acquired by "nova.context.set_target_cell..get_or_set_cached_cell_and_set_connections" :: waited 0.000s {{(pid=96089) inner /opt/stack/data/venv/lib/python3.12/site-packages/oslo_concurrency/lockutils.py:525}}
Aug 14 03:42:55.892004 np0000007313 devstack@n-api-meta.service[96089]: DEBUG oslo_concurrency.lockutils [None req-90a9cfda-5cc3-4058-9409-5ba494e3f2e3 None None] Lock "00000000-0000-0000-0000-000000000000" "released" by "nova.context.set_target_cell..get_or_set_cached_cell_and_set_connections" :: held 0.000s {{(pid=96089) inner /opt/stack/data/venv/lib/python3.12/site-packages/oslo_concurrency/lockutils.py:544}}
Aug 14 03:42:55.893924 np0000007313 devstack@n-api-meta.service[96089]: DEBUG oslo_concurrency.lockutils [None req-90a9cfda-5cc3-4058-9409-5ba494e3f2e3 None None] Acquiring lock "bed58156-a6f7-4385-bc3a-0c6b24b3286a" by "nova.context.set_target_cell..get_or_set_cached_cell_and_set_connections" {{(pid=96089) inner /opt/stack/data/venv/lib/python3.12/site-packages/oslo_concurrency/lockutils.py:512}}
Aug 14 03:42:55.894341 np0000007313 devstack@n-api-meta.service[96089]: INFO dbcounter [None req-90a9cfda-5cc3-4058-9409-5ba494e3f2e3 None None] Registered counter for database nova_cell0
Aug 14 03:42:55.895592 np0000007313 devstack@n-api-meta.service[96089]: DEBUG oslo_concurrency.lockutils [None req-90a9cfda-5cc3-4058-9409-5ba494e3f2e3 None None] Lock "bed58156-a6f7-4385-bc3a-0c6b24b3286a" acquired by "nova.context.set_target_cell..get_or_set_cached_cell_and_set_connections" :: waited 0.001s {{(pid=96089) inner /opt/stack/data/venv/lib/python3.12/site-packages/oslo_concurrency/lockutils.py:525}}
Aug 14 03:42:55.897058 np0000007313 devstack@n-api-meta.service[96089]: DEBUG oslo_concurrency.lockutils [None req-90a9cfda-5cc3-4058-9409-5ba494e3f2e3 None None] Lock "bed58156-a6f7-4385-bc3a-0c6b24b3286a" "released" by "nova.context.set_target_cell..get_or_set_cached_cell_and_set_connections" :: held 0.003s {{(pid=96089) inner /opt/stack/data/venv/lib/python3.12/site-packages/oslo_concurrency/lockutils.py:544}}
Aug 14 03:42:55.899005 np0000007313 devstack@n-api-meta.service[96089]: INFO dbcounter [None req-90a9cfda-5cc3-4058-9409-5ba494e3f2e3 None None] Registered counter for database nova_cell1
Aug 14 03:42:55.924685 np0000007313 devstack@n-api-meta.service[96087]: DEBUG oslo_db.sqlalchemy.engines [None req-78642c62-cce0-47ca-b519-9b0ad8381ca3 None None] MySQL server mode set to STRICT_TRANS_TABLES,STRICT_ALL_TABLES,NO_ZERO_IN_DATE,NO_ZERO_DATE,ERROR_FOR_DIVISION_BY_ZERO,TRADITIONAL,NO_ENGINE_SUBSTITUTION {{(pid=96087) _check_effective_sql_mode /opt/stack/data/venv/lib/python3.12/site-packages/oslo_db/sqlalchemy/engines.py:325}}
Aug 14 03:42:55.928873 np0000007313 devstack@n-api-meta.service[96087]: DEBUG oslo_db.sqlalchemy.engines [None req-78642c62-cce0-47ca-b519-9b0ad8381ca3 None None] MySQL server mode set to STRICT_TRANS_TABLES,STRICT_ALL_TABLES,NO_ZERO_IN_DATE,NO_ZERO_DATE,ERROR_FOR_DIVISION_BY_ZERO,TRADITIONAL,NO_ENGINE_SUBSTITUTION {{(pid=96087) _check_effective_sql_mode /opt/stack/data/venv/lib/python3.12/site-packages/oslo_db/sqlalchemy/engines.py:325}}
Aug 14 03:42:55.941031 np0000007313 devstack@n-api-meta.service[96088]: DEBUG oslo_db.sqlalchemy.engines [None req-ab40c10e-9a3e-4e41-a0be-01f24ea7e362 None None] MySQL server mode set to STRICT_TRANS_TABLES,STRICT_ALL_TABLES,NO_ZERO_IN_DATE,NO_ZERO_DATE,ERROR_FOR_DIVISION_BY_ZERO,TRADITIONAL,NO_ENGINE_SUBSTITUTION {{(pid=96088) _check_effective_sql_mode /opt/stack/data/venv/lib/python3.12/site-packages/oslo_db/sqlalchemy/engines.py:325}}
Aug 14 03:42:55.946502 np0000007313 devstack@n-api-meta.service[96088]: DEBUG oslo_db.sqlalchemy.engines [None req-ab40c10e-9a3e-4e41-a0be-01f24ea7e362 None None] MySQL server mode set to STRICT_TRANS_TABLES,STRICT_ALL_TABLES,NO_ZERO_IN_DATE,NO_ZERO_DATE,ERROR_FOR_DIVISION_BY_ZERO,TRADITIONAL,NO_ENGINE_SUBSTITUTION {{(pid=96088) _check_effective_sql_mode /opt/stack/data/venv/lib/python3.12/site-packages/oslo_db/sqlalchemy/engines.py:325}}
Aug 14 03:42:55.948896 np0000007313 devstack@n-api-meta.service[96089]: DEBUG oslo_db.sqlalchemy.engines [None req-90a9cfda-5cc3-4058-9409-5ba494e3f2e3 None None] MySQL server mode set to STRICT_TRANS_TABLES,STRICT_ALL_TABLES,NO_ZERO_IN_DATE,NO_ZERO_DATE,ERROR_FOR_DIVISION_BY_ZERO,TRADITIONAL,NO_ENGINE_SUBSTITUTION {{(pid=96089) _check_effective_sql_mode /opt/stack/data/venv/lib/python3.12/site-packages/oslo_db/sqlalchemy/engines.py:325}}
Aug 14 03:42:55.951196 np0000007313 devstack@n-api-meta.service[96090]: DEBUG dbcounter [-] [96090] Writer thread running {{(pid=96090) stat_writer /opt/stack/data/venv/lib/python3.12/site-packages/dbcounter.py:102}}
Aug 14 03:42:55.957602 np0000007313 devstack@n-api-meta.service[96090]: DEBUG dbcounter [-] [96090] Writer thread running {{(pid=96090) stat_writer /opt/stack/data/venv/lib/python3.12/site-packages/dbcounter.py:102}}
Aug 14 03:42:55.960682 np0000007313 devstack@n-api-meta.service[96089]: DEBUG oslo_db.sqlalchemy.engines [None req-90a9cfda-5cc3-4058-9409-5ba494e3f2e3 None None] MySQL server mode set to STRICT_TRANS_TABLES,STRICT_ALL_TABLES,NO_ZERO_IN_DATE,NO_ZERO_DATE,ERROR_FOR_DIVISION_BY_ZERO,TRADITIONAL,NO_ENGINE_SUBSTITUTION {{(pid=96089) _check_effective_sql_mode /opt/stack/data/venv/lib/python3.12/site-packages/oslo_db/sqlalchemy/engines.py:325}}
Aug 14 03:42:55.961557 np0000007313 devstack@n-api-meta.service[96090]: INFO dbcounter [None req-aa47f8f2-7241-4d02-ba5d-6ef9c0dd5f13 None None] Registered counter for database nova_cell0
Aug 14 03:42:56.016185 np0000007313 devstack@n-api-meta.service[96090]: DEBUG oslo_db.sqlalchemy.engines [None req-aa47f8f2-7241-4d02-ba5d-6ef9c0dd5f13 None None] MySQL server mode set to STRICT_TRANS_TABLES,STRICT_ALL_TABLES,NO_ZERO_IN_DATE,NO_ZERO_DATE,ERROR_FOR_DIVISION_BY_ZERO,TRADITIONAL,NO_ENGINE_SUBSTITUTION {{(pid=96090) _check_effective_sql_mode /opt/stack/data/venv/lib/python3.12/site-packages/oslo_db/sqlalchemy/engines.py:325}}
Aug 14 03:42:56.018109 np0000007313 devstack@n-api-meta.service[96087]: DEBUG dbcounter [-] [96087] Writer thread running {{(pid=96087) stat_writer /opt/stack/data/venv/lib/python3.12/site-packages/dbcounter.py:102}}
Aug 14 03:42:56.022975 np0000007313 devstack@n-api-meta.service[96087]: DEBUG dbcounter [-] [96087] Writer thread running {{(pid=96087) stat_writer /opt/stack/data/venv/lib/python3.12/site-packages/dbcounter.py:102}}
Aug 14 03:42:56.023780 np0000007313 devstack@n-api-meta.service[96090]: DEBUG dbcounter [-] [96090] Writer thread running {{(pid=96090) stat_writer /opt/stack/data/venv/lib/python3.12/site-packages/dbcounter.py:102}}
Aug 14 03:42:56.026658 np0000007313 devstack@n-api-meta.service[96087]: INFO dbcounter [None req-78642c62-cce0-47ca-b519-9b0ad8381ca3 None None] Registered counter for database nova_cell0
Aug 14 03:42:56.033193 np0000007313 devstack@n-api-meta.service[96089]: DEBUG dbcounter [-] [96089] Writer thread running {{(pid=96089) stat_writer /opt/stack/data/venv/lib/python3.12/site-packages/dbcounter.py:102}}
Aug 14 03:42:56.037769 np0000007313 devstack@n-api-meta.service[96089]: DEBUG dbcounter [-] [96089] Writer thread running {{(pid=96089) stat_writer /opt/stack/data/venv/lib/python3.12/site-packages/dbcounter.py:102}}
Aug 14 03:42:56.040521 np0000007313 devstack@n-api-meta.service[96089]: INFO dbcounter [None req-90a9cfda-5cc3-4058-9409-5ba494e3f2e3 None None] Registered counter for database nova_cell0
Aug 14 03:42:56.054183 np0000007313 devstack@n-api-meta.service[96088]: DEBUG dbcounter [-] [96088] Writer thread running {{(pid=96088) stat_writer /opt/stack/data/venv/lib/python3.12/site-packages/dbcounter.py:102}}
Aug 14 03:42:56.061938 np0000007313 devstack@n-api-meta.service[96088]: DEBUG dbcounter [-] [96088] Writer thread running {{(pid=96088) stat_writer /opt/stack/data/venv/lib/python3.12/site-packages/dbcounter.py:102}}
Aug 14 03:42:56.062485 np0000007313 devstack@n-api-meta.service[96087]: DEBUG oslo_db.sqlalchemy.engines [None req-78642c62-cce0-47ca-b519-9b0ad8381ca3 None None] MySQL server mode set to STRICT_TRANS_TABLES,STRICT_ALL_TABLES,NO_ZERO_IN_DATE,NO_ZERO_DATE,ERROR_FOR_DIVISION_BY_ZERO,TRADITIONAL,NO_ENGINE_SUBSTITUTION {{(pid=96087) _check_effective_sql_mode /opt/stack/data/venv/lib/python3.12/site-packages/oslo_db/sqlalchemy/engines.py:325}}
Aug 14 03:42:56.062702 np0000007313 devstack@n-api-meta.service[96088]: INFO dbcounter [None req-ab40c10e-9a3e-4e41-a0be-01f24ea7e362 None None] Registered counter for database nova_cell0
Aug 14 03:42:56.068948 np0000007313 devstack@n-api-meta.service[96087]: DEBUG dbcounter [-] [96087] Writer thread running {{(pid=96087) stat_writer /opt/stack/data/venv/lib/python3.12/site-packages/dbcounter.py:102}}
Aug 14 03:42:56.069351 np0000007313 devstack@n-api-meta.service[96090]: WARNING nova.api.metadata.handler [None req-aa47f8f2-7241-4d02-ba5d-6ef9c0dd5f13 None None] metadata_proxy_shared_secret is not configured, the metadata information returned by the proxy cannot be trusted
Aug 14 03:42:56.071132 np0000007313 devstack@n-api-meta.service[96090]: DEBUG nova.api.openstack.wsgi_app [None req-aa47f8f2-7241-4d02-ba5d-6ef9c0dd5f13 None None] ******************************************************************************** {{(pid=96090) log_opt_values /opt/stack/data/venv/lib/python3.12/site-packages/oslo_config/cfg.py:3533}}
Aug 14 03:42:56.071267 np0000007313 devstack@n-api-meta.service[96090]: DEBUG nova.api.openstack.wsgi_app [None req-aa47f8f2-7241-4d02-ba5d-6ef9c0dd5f13 None None] Configuration options gathered from: {{(pid=96090) log_opt_values /opt/stack/data/venv/lib/python3.12/site-packages/oslo_config/cfg.py:3534}}
Aug 14 03:42:56.071376 np0000007313 devstack@n-api-meta.service[96090]: DEBUG nova.api.openstack.wsgi_app [None req-aa47f8f2-7241-4d02-ba5d-6ef9c0dd5f13 None None] command line args: [] {{(pid=96090) log_opt_values /opt/stack/data/venv/lib/python3.12/site-packages/oslo_config/cfg.py:3535}}
Aug 14 03:42:56.071519 np0000007313 devstack@n-api-meta.service[96090]: DEBUG nova.api.openstack.wsgi_app [None req-aa47f8f2-7241-4d02-ba5d-6ef9c0dd5f13 None None] config files: ['/etc/nova/api-paste.ini', '/etc/nova/nova.conf'] {{(pid=96090) log_opt_values /opt/stack/data/venv/lib/python3.12/site-packages/oslo_config/cfg.py:3536}}
Aug 14 03:42:56.071616 np0000007313 devstack@n-api-meta.service[96090]: DEBUG nova.api.openstack.wsgi_app [None req-aa47f8f2-7241-4d02-ba5d-6ef9c0dd5f13 None None] ================================================================================ {{(pid=96090) log_opt_values /opt/stack/data/venv/lib/python3.12/site-packages/oslo_config/cfg.py:3541}}
Aug 14 03:42:56.071806 np0000007313 devstack@n-api-meta.service[96090]: DEBUG nova.api.openstack.wsgi_app [None req-aa47f8f2-7241-4d02-ba5d-6ef9c0dd5f13 None None] allow_resize_to_same_host = True {{(pid=96090) log_opt_values /opt/stack/data/venv/lib/python3.12/site-packages/oslo_config/cfg.py:3549}}
Aug 14 03:42:56.071930 np0000007313 devstack@n-api-meta.service[96090]: DEBUG nova.api.openstack.wsgi_app [None req-aa47f8f2-7241-4d02-ba5d-6ef9c0dd5f13 None None] arq_binding_timeout = 300 {{(pid=96090) log_opt_values /opt/stack/data/venv/lib/python3.12/site-packages/oslo_config/cfg.py:3549}}
Aug 14 03:42:56.072044 np0000007313 devstack@n-api-meta.service[96090]: DEBUG nova.api.openstack.wsgi_app [None req-aa47f8f2-7241-4d02-ba5d-6ef9c0dd5f13 None None] block_device_allocate_retries = 60 {{(pid=96090) log_opt_values /opt/stack/data/venv/lib/python3.12/site-packages/oslo_config/cfg.py:3549}}
Aug 14 03:42:56.072116 np0000007313 devstack@n-api-meta.service[96089]: DEBUG oslo_db.sqlalchemy.engines [None req-90a9cfda-5cc3-4058-9409-5ba494e3f2e3 None None] MySQL server mode set to STRICT_TRANS_TABLES,STRICT_ALL_TABLES,NO_ZERO_IN_DATE,NO_ZERO_DATE,ERROR_FOR_DIVISION_BY_ZERO,TRADITIONAL,NO_ENGINE_SUBSTITUTION {{(pid=96089) _check_effective_sql_mode /opt/stack/data/venv/lib/python3.12/site-packages/oslo_db/sqlalchemy/engines.py:325}}
Aug 14 03:42:56.072221 np0000007313 devstack@n-api-meta.service[96090]: DEBUG nova.api.openstack.wsgi_app [None req-aa47f8f2-7241-4d02-ba5d-6ef9c0dd5f13 None None] block_device_allocate_retries_interval = 3 {{(pid=96090) log_opt_values /opt/stack/data/venv/lib/python3.12/site-packages/oslo_config/cfg.py:3549}}
Aug 14 03:42:56.072343 np0000007313 devstack@n-api-meta.service[96090]: DEBUG nova.api.openstack.wsgi_app [None req-aa47f8f2-7241-4d02-ba5d-6ef9c0dd5f13 None None] cell_worker_thread_pool_size = 5 {{(pid=96090) log_opt_values /opt/stack/data/venv/lib/python3.12/site-packages/oslo_config/cfg.py:3549}}
Aug 14 03:42:56.072466 np0000007313 devstack@n-api-meta.service[96090]: DEBUG nova.api.openstack.wsgi_app [None req-aa47f8f2-7241-4d02-ba5d-6ef9c0dd5f13 None None] cert = self.pem {{(pid=96090) log_opt_values /opt/stack/data/venv/lib/python3.12/site-packages/oslo_config/cfg.py:3549}}
Aug 14 03:42:56.072587 np0000007313 devstack@n-api-meta.service[96090]: DEBUG nova.api.openstack.wsgi_app [None req-aa47f8f2-7241-4d02-ba5d-6ef9c0dd5f13 None None] compute_driver = libvirt.LibvirtDriver {{(pid=96090) log_opt_values /opt/stack/data/venv/lib/python3.12/site-packages/oslo_config/cfg.py:3549}}
Aug 14 03:42:56.072704 np0000007313 devstack@n-api-meta.service[96090]: DEBUG nova.api.openstack.wsgi_app [None req-aa47f8f2-7241-4d02-ba5d-6ef9c0dd5f13 None None] compute_monitors = [] {{(pid=96090) log_opt_values /opt/stack/data/venv/lib/python3.12/site-packages/oslo_config/cfg.py:3549}}
Aug 14 03:42:56.072853 np0000007313 devstack@n-api-meta.service[96090]: DEBUG nova.api.openstack.wsgi_app [None req-aa47f8f2-7241-4d02-ba5d-6ef9c0dd5f13 None None] concurrency_backend = auto {{(pid=96090) log_opt_values /opt/stack/data/venv/lib/python3.12/site-packages/oslo_config/cfg.py:3549}}
Aug 14 03:42:56.072973 np0000007313 devstack@n-api-meta.service[96090]: DEBUG nova.api.openstack.wsgi_app [None req-aa47f8f2-7241-4d02-ba5d-6ef9c0dd5f13 None None] config_dir = [] {{(pid=96090) log_opt_values /opt/stack/data/venv/lib/python3.12/site-packages/oslo_config/cfg.py:3549}}
Aug 14 03:42:56.073091 np0000007313 devstack@n-api-meta.service[96090]: DEBUG nova.api.openstack.wsgi_app [None req-aa47f8f2-7241-4d02-ba5d-6ef9c0dd5f13 None None] config_drive_format = iso9660 {{(pid=96090) log_opt_values /opt/stack/data/venv/lib/python3.12/site-packages/oslo_config/cfg.py:3549}}
Aug 14 03:42:56.073223 np0000007313 devstack@n-api-meta.service[96090]: DEBUG nova.api.openstack.wsgi_app [None req-aa47f8f2-7241-4d02-ba5d-6ef9c0dd5f13 None None] config_file = ['/etc/nova/api-paste.ini', '/etc/nova/nova.conf'] {{(pid=96090) log_opt_values /opt/stack/data/venv/lib/python3.12/site-packages/oslo_config/cfg.py:3549}}
Aug 14 03:42:56.073510 np0000007313 devstack@n-api-meta.service[96090]: DEBUG nova.api.openstack.wsgi_app [None req-aa47f8f2-7241-4d02-ba5d-6ef9c0dd5f13 None None] config_source = [] {{(pid=96090) log_opt_values /opt/stack/data/venv/lib/python3.12/site-packages/oslo_config/cfg.py:3549}}
Aug 14 03:42:56.073566 np0000007313 devstack@n-api-meta.service[96090]: DEBUG nova.api.openstack.wsgi_app [None req-aa47f8f2-7241-4d02-ba5d-6ef9c0dd5f13 None None] console_host = np0000007313 {{(pid=96090) log_opt_values /opt/stack/data/venv/lib/python3.12/site-packages/oslo_config/cfg.py:3549}}
Aug 14 03:42:56.073787 np0000007313 devstack@n-api-meta.service[96090]: DEBUG nova.api.openstack.wsgi_app [None req-aa47f8f2-7241-4d02-ba5d-6ef9c0dd5f13 None None] control_exchange = nova {{(pid=96090) log_opt_values /opt/stack/data/venv/lib/python3.12/site-packages/oslo_config/cfg.py:3549}}
Aug 14 03:42:56.073932 np0000007313 devstack@n-api-meta.service[96090]: DEBUG nova.api.openstack.wsgi_app [None req-aa47f8f2-7241-4d02-ba5d-6ef9c0dd5f13 None None] cpu_allocation_ratio = None {{(pid=96090) log_opt_values /opt/stack/data/venv/lib/python3.12/site-packages/oslo_config/cfg.py:3549}}
Aug 14 03:42:56.074068 np0000007313 devstack@n-api-meta.service[96090]: DEBUG nova.api.openstack.wsgi_app [None req-aa47f8f2-7241-4d02-ba5d-6ef9c0dd5f13 None None] daemon = False {{(pid=96090) log_opt_values /opt/stack/data/venv/lib/python3.12/site-packages/oslo_config/cfg.py:3549}}
Aug 14 03:42:56.074236 np0000007313 devstack@n-api-meta.service[96090]: DEBUG nova.api.openstack.wsgi_app [None req-aa47f8f2-7241-4d02-ba5d-6ef9c0dd5f13 None None] debug = True {{(pid=96090) log_opt_values /opt/stack/data/venv/lib/python3.12/site-packages/oslo_config/cfg.py:3549}}
Aug 14 03:42:56.074369 np0000007313 devstack@n-api-meta.service[96090]: DEBUG nova.api.openstack.wsgi_app [None req-aa47f8f2-7241-4d02-ba5d-6ef9c0dd5f13 None None] default_access_ip_network_name = None {{(pid=96090) log_opt_values /opt/stack/data/venv/lib/python3.12/site-packages/oslo_config/cfg.py:3549}}
Aug 14 03:42:56.074514 np0000007313 devstack@n-api-meta.service[96090]: DEBUG nova.api.openstack.wsgi_app [None req-aa47f8f2-7241-4d02-ba5d-6ef9c0dd5f13 None None] default_availability_zone = nova {{(pid=96090) log_opt_values /opt/stack/data/venv/lib/python3.12/site-packages/oslo_config/cfg.py:3549}}
Aug 14 03:42:56.074657 np0000007313 devstack@n-api-meta.service[96090]: DEBUG nova.api.openstack.wsgi_app [None req-aa47f8f2-7241-4d02-ba5d-6ef9c0dd5f13 None None] default_ephemeral_format = ext4 {{(pid=96090) log_opt_values /opt/stack/data/venv/lib/python3.12/site-packages/oslo_config/cfg.py:3549}}
Aug 14 03:42:56.074816 np0000007313 devstack@n-api-meta.service[96090]: DEBUG nova.api.openstack.wsgi_app [None req-aa47f8f2-7241-4d02-ba5d-6ef9c0dd5f13 None None] default_green_pool_size = 1000 {{(pid=96090) log_opt_values /opt/stack/data/venv/lib/python3.12/site-packages/oslo_config/cfg.py:3549}}
Aug 14 03:42:56.075042 np0000007313 devstack@n-api-meta.service[96090]: DEBUG nova.api.openstack.wsgi_app [None req-aa47f8f2-7241-4d02-ba5d-6ef9c0dd5f13 None None] default_log_levels = ['amqp=WARN', 'boto=WARN', 'sqlalchemy=WARN', 'suds=INFO', 'oslo.messaging=INFO', 'oslo_messaging=INFO', 'iso8601=WARN', 'requests.packages.urllib3.connectionpool=WARN', 'urllib3.connectionpool=WARN', 'websocket=WARN', 'requests.packages.urllib3.util.retry=WARN', 'urllib3.util.retry=WARN', 'keystonemiddleware=WARN', 'routes.middleware=WARN', 'stevedore=WARN', 'taskflow=WARN', 'keystoneauth=WARN', 'oslo.cache=INFO', 'oslo_policy=INFO', 'dogpile.core.dogpile=INFO', 'glanceclient=WARN', 'oslo.privsep.daemon=INFO'] {{(pid=96090) log_opt_values /opt/stack/data/venv/lib/python3.12/site-packages/oslo_config/cfg.py:3549}}
Aug 14 03:42:56.075196 np0000007313 devstack@n-api-meta.service[96090]: DEBUG nova.api.openstack.wsgi_app [None req-aa47f8f2-7241-4d02-ba5d-6ef9c0dd5f13 None None] default_schedule_zone = None {{(pid=96090) log_opt_values /opt/stack/data/venv/lib/python3.12/site-packages/oslo_config/cfg.py:3549}}
Aug 14 03:42:56.075339 np0000007313 devstack@n-api-meta.service[96090]: DEBUG nova.api.openstack.wsgi_app [None req-aa47f8f2-7241-4d02-ba5d-6ef9c0dd5f13 None None] default_thread_pool_size = 10 {{(pid=96090) log_opt_values /opt/stack/data/venv/lib/python3.12/site-packages/oslo_config/cfg.py:3549}}
Aug 14 03:42:56.075475 np0000007313 devstack@n-api-meta.service[96090]: DEBUG nova.api.openstack.wsgi_app [None req-aa47f8f2-7241-4d02-ba5d-6ef9c0dd5f13 None None] disk_allocation_ratio = None {{(pid=96090) log_opt_values /opt/stack/data/venv/lib/python3.12/site-packages/oslo_config/cfg.py:3549}}
Aug 14 03:42:56.075612 np0000007313 devstack@n-api-meta.service[96090]: DEBUG nova.api.openstack.wsgi_app [None req-aa47f8f2-7241-4d02-ba5d-6ef9c0dd5f13 None None] enable_new_services = True {{(pid=96090) log_opt_values /opt/stack/data/venv/lib/python3.12/site-packages/oslo_config/cfg.py:3549}}
Aug 14 03:42:56.075762 np0000007313 devstack@n-api-meta.service[96090]: DEBUG nova.api.openstack.wsgi_app [None req-aa47f8f2-7241-4d02-ba5d-6ef9c0dd5f13 None None] flat_injected = False {{(pid=96090) log_opt_values /opt/stack/data/venv/lib/python3.12/site-packages/oslo_config/cfg.py:3549}}
Aug 14 03:42:56.075905 np0000007313 devstack@n-api-meta.service[96090]: DEBUG nova.api.openstack.wsgi_app [None req-aa47f8f2-7241-4d02-ba5d-6ef9c0dd5f13 None None] force_config_drive = True {{(pid=96090) log_opt_values /opt/stack/data/venv/lib/python3.12/site-packages/oslo_config/cfg.py:3549}}
Aug 14 03:42:56.076041 np0000007313 devstack@n-api-meta.service[96090]: DEBUG nova.api.openstack.wsgi_app [None req-aa47f8f2-7241-4d02-ba5d-6ef9c0dd5f13 None None] force_raw_images = True {{(pid=96090) log_opt_values /opt/stack/data/venv/lib/python3.12/site-packages/oslo_config/cfg.py:3549}}
Aug 14 03:42:56.076216 np0000007313 devstack@n-api-meta.service[96090]: DEBUG nova.api.openstack.wsgi_app [None req-aa47f8f2-7241-4d02-ba5d-6ef9c0dd5f13 None None] graceful_shutdown_timeout = 5 {{(pid=96090) log_opt_values /opt/stack/data/venv/lib/python3.12/site-packages/oslo_config/cfg.py:3549}}
Aug 14 03:42:56.076338 np0000007313 devstack@n-api-meta.service[96090]: DEBUG nova.api.openstack.wsgi_app [None req-aa47f8f2-7241-4d02-ba5d-6ef9c0dd5f13 None None] heal_instance_info_cache_interval = -1 {{(pid=96090) log_opt_values /opt/stack/data/venv/lib/python3.12/site-packages/oslo_config/cfg.py:3549}}
Aug 14 03:42:56.076502 np0000007313 devstack@n-api-meta.service[96090]: DEBUG nova.api.openstack.wsgi_app [None req-aa47f8f2-7241-4d02-ba5d-6ef9c0dd5f13 None None] host = np0000007313 {{(pid=96090) log_opt_values /opt/stack/data/venv/lib/python3.12/site-packages/oslo_config/cfg.py:3549}}
Aug 14 03:42:56.076623 np0000007313 devstack@n-api-meta.service[96090]: DEBUG nova.api.openstack.wsgi_app [None req-aa47f8f2-7241-4d02-ba5d-6ef9c0dd5f13 None None] initial_cpu_allocation_ratio = 4.0 {{(pid=96090) log_opt_values /opt/stack/data/venv/lib/python3.12/site-packages/oslo_config/cfg.py:3549}}
Aug 14 03:42:56.076748 np0000007313 devstack@n-api-meta.service[96090]: DEBUG nova.api.openstack.wsgi_app [None req-aa47f8f2-7241-4d02-ba5d-6ef9c0dd5f13 None None] initial_disk_allocation_ratio = 1.0 {{(pid=96090) log_opt_values /opt/stack/data/venv/lib/python3.12/site-packages/oslo_config/cfg.py:3549}}
Aug 14 03:42:56.076866 np0000007313 devstack@n-api-meta.service[96090]: DEBUG nova.api.openstack.wsgi_app [None req-aa47f8f2-7241-4d02-ba5d-6ef9c0dd5f13 None None] initial_ram_allocation_ratio = 1.0 {{(pid=96090) log_opt_values /opt/stack/data/venv/lib/python3.12/site-packages/oslo_config/cfg.py:3549}}
Aug 14 03:42:56.077022 np0000007313 devstack@n-api-meta.service[96090]: DEBUG nova.api.openstack.wsgi_app [None req-aa47f8f2-7241-4d02-ba5d-6ef9c0dd5f13 None None] injected_network_template = /opt/stack/nova/nova/virt/interfaces.template {{(pid=96090) log_opt_values /opt/stack/data/venv/lib/python3.12/site-packages/oslo_config/cfg.py:3549}}
Aug 14 03:42:56.077144 np0000007313 devstack@n-api-meta.service[96090]: DEBUG nova.api.openstack.wsgi_app [None req-aa47f8f2-7241-4d02-ba5d-6ef9c0dd5f13 None None] instance_build_timeout = 0 {{(pid=96090) log_opt_values /opt/stack/data/venv/lib/python3.12/site-packages/oslo_config/cfg.py:3549}}
Aug 14 03:42:56.077271 np0000007313 devstack@n-api-meta.service[96090]: DEBUG nova.api.openstack.wsgi_app [None req-aa47f8f2-7241-4d02-ba5d-6ef9c0dd5f13 None None] instance_delete_interval = 300 {{(pid=96090) log_opt_values /opt/stack/data/venv/lib/python3.12/site-packages/oslo_config/cfg.py:3549}}
Aug 14 03:42:56.077397 np0000007313 devstack@n-api-meta.service[96090]: DEBUG nova.api.openstack.wsgi_app [None req-aa47f8f2-7241-4d02-ba5d-6ef9c0dd5f13 None None] instance_format = [instance: %(uuid)s] {{(pid=96090) log_opt_values /opt/stack/data/venv/lib/python3.12/site-packages/oslo_config/cfg.py:3549}}
Aug 14 03:42:56.077516 np0000007313 devstack@n-api-meta.service[96090]: DEBUG nova.api.openstack.wsgi_app [None req-aa47f8f2-7241-4d02-ba5d-6ef9c0dd5f13 None None] instance_name_template = instance-%08x {{(pid=96090) log_opt_values /opt/stack/data/venv/lib/python3.12/site-packages/oslo_config/cfg.py:3549}}
Aug 14 03:42:56.077627 np0000007313 devstack@n-api-meta.service[96090]: DEBUG nova.api.openstack.wsgi_app [None req-aa47f8f2-7241-4d02-ba5d-6ef9c0dd5f13 None None] instance_usage_audit = False {{(pid=96090) log_opt_values /opt/stack/data/venv/lib/python3.12/site-packages/oslo_config/cfg.py:3549}}
Aug 14 03:42:56.077758 np0000007313 devstack@n-api-meta.service[96090]: DEBUG nova.api.openstack.wsgi_app [None req-aa47f8f2-7241-4d02-ba5d-6ef9c0dd5f13 None None] instance_usage_audit_period = month {{(pid=96090) log_opt_values /opt/stack/data/venv/lib/python3.12/site-packages/oslo_config/cfg.py:3549}}
Aug 14 03:42:56.077878 np0000007313 devstack@n-api-meta.service[96090]: DEBUG nova.api.openstack.wsgi_app [None req-aa47f8f2-7241-4d02-ba5d-6ef9c0dd5f13 None None] instance_uuid_format = [instance: %(uuid)s] {{(pid=96090) log_opt_values /opt/stack/data/venv/lib/python3.12/site-packages/oslo_config/cfg.py:3549}}
Aug 14 03:42:56.077996 np0000007313 devstack@n-api-meta.service[96090]: DEBUG nova.api.openstack.wsgi_app [None req-aa47f8f2-7241-4d02-ba5d-6ef9c0dd5f13 None None] instances_path = /opt/stack/data/nova/instances {{(pid=96090) log_opt_values /opt/stack/data/venv/lib/python3.12/site-packages/oslo_config/cfg.py:3549}}
Aug 14 03:42:56.078109 np0000007313 devstack@n-api-meta.service[96090]: DEBUG nova.api.openstack.wsgi_app [None req-aa47f8f2-7241-4d02-ba5d-6ef9c0dd5f13 None None] internal_service_availability_zone = internal {{(pid=96090) log_opt_values /opt/stack/data/venv/lib/python3.12/site-packages/oslo_config/cfg.py:3549}}
Aug 14 03:42:56.078173 np0000007313 devstack@n-api-meta.service[96089]: DEBUG dbcounter [-] [96089] Writer thread running {{(pid=96089) stat_writer /opt/stack/data/venv/lib/python3.12/site-packages/dbcounter.py:102}}
Aug 14 03:42:56.078258 np0000007313 devstack@n-api-meta.service[96090]: DEBUG nova.api.openstack.wsgi_app [None req-aa47f8f2-7241-4d02-ba5d-6ef9c0dd5f13 None None] key = None {{(pid=96090) log_opt_values /opt/stack/data/venv/lib/python3.12/site-packages/oslo_config/cfg.py:3549}}
Aug 14 03:42:56.078370 np0000007313 devstack@n-api-meta.service[96090]: DEBUG nova.api.openstack.wsgi_app [None req-aa47f8f2-7241-4d02-ba5d-6ef9c0dd5f13 None None] live_migration_retry_count = 30 {{(pid=96090) log_opt_values /opt/stack/data/venv/lib/python3.12/site-packages/oslo_config/cfg.py:3549}}
Aug 14 03:42:56.078486 np0000007313 devstack@n-api-meta.service[96090]: DEBUG nova.api.openstack.wsgi_app [None req-aa47f8f2-7241-4d02-ba5d-6ef9c0dd5f13 None None] log_color = False {{(pid=96090) log_opt_values /opt/stack/data/venv/lib/python3.12/site-packages/oslo_config/cfg.py:3549}}
Aug 14 03:42:56.078604 np0000007313 devstack@n-api-meta.service[96090]: DEBUG nova.api.openstack.wsgi_app [None req-aa47f8f2-7241-4d02-ba5d-6ef9c0dd5f13 None None] log_config_append = None {{(pid=96090) log_opt_values /opt/stack/data/venv/lib/python3.12/site-packages/oslo_config/cfg.py:3549}}
Aug 14 03:42:56.078731 np0000007313 devstack@n-api-meta.service[96090]: DEBUG nova.api.openstack.wsgi_app [None req-aa47f8f2-7241-4d02-ba5d-6ef9c0dd5f13 None None] log_date_format = %Y-%m-%d %H:%M:%S {{(pid=96090) log_opt_values /opt/stack/data/venv/lib/python3.12/site-packages/oslo_config/cfg.py:3549}}
Aug 14 03:42:56.078844 np0000007313 devstack@n-api-meta.service[96090]: DEBUG nova.api.openstack.wsgi_app [None req-aa47f8f2-7241-4d02-ba5d-6ef9c0dd5f13 None None] log_dir = None {{(pid=96090) log_opt_values /opt/stack/data/venv/lib/python3.12/site-packages/oslo_config/cfg.py:3549}}
Aug 14 03:42:56.078956 np0000007313 devstack@n-api-meta.service[96090]: DEBUG nova.api.openstack.wsgi_app [None req-aa47f8f2-7241-4d02-ba5d-6ef9c0dd5f13 None None] log_file = None {{(pid=96090) log_opt_values /opt/stack/data/venv/lib/python3.12/site-packages/oslo_config/cfg.py:3549}}
Aug 14 03:42:56.079038 np0000007313 devstack@n-api-meta.service[96090]: DEBUG nova.api.openstack.wsgi_app [None req-aa47f8f2-7241-4d02-ba5d-6ef9c0dd5f13 None None] log_options = True {{(pid=96090) log_opt_values /opt/stack/data/venv/lib/python3.12/site-packages/oslo_config/cfg.py:3549}}
Aug 14 03:42:56.079168 np0000007313 devstack@n-api-meta.service[96090]: DEBUG nova.api.openstack.wsgi_app [None req-aa47f8f2-7241-4d02-ba5d-6ef9c0dd5f13 None None] log_rotate_interval = 1 {{(pid=96090) log_opt_values /opt/stack/data/venv/lib/python3.12/site-packages/oslo_config/cfg.py:3549}}
Aug 14 03:42:56.079291 np0000007313 devstack@n-api-meta.service[96090]: DEBUG nova.api.openstack.wsgi_app [None req-aa47f8f2-7241-4d02-ba5d-6ef9c0dd5f13 None None] log_rotate_interval_type = days {{(pid=96090) log_opt_values /opt/stack/data/venv/lib/python3.12/site-packages/oslo_config/cfg.py:3549}}
Aug 14 03:42:56.079408 np0000007313 devstack@n-api-meta.service[96090]: DEBUG nova.api.openstack.wsgi_app [None req-aa47f8f2-7241-4d02-ba5d-6ef9c0dd5f13 None None] log_rotation_type = none {{(pid=96090) log_opt_values /opt/stack/data/venv/lib/python3.12/site-packages/oslo_config/cfg.py:3549}}
Aug 14 03:42:56.079490 np0000007313 devstack@n-api-meta.service[96090]: DEBUG nova.api.openstack.wsgi_app [None req-aa47f8f2-7241-4d02-ba5d-6ef9c0dd5f13 None None] logging_context_format_string = %(color)s%(levelname)s %(name)s [%(global_request_id)s %(request_id)s %(project_name)s %(user_name)s%(color)s] %(instance)s%(color)s%(message)s {{(pid=96090) log_opt_values /opt/stack/data/venv/lib/python3.12/site-packages/oslo_config/cfg.py:3549}}
Aug 14 03:42:56.079589 np0000007313 devstack@n-api-meta.service[96090]: DEBUG nova.api.openstack.wsgi_app [None req-aa47f8f2-7241-4d02-ba5d-6ef9c0dd5f13 None None] logging_debug_format_suffix = {{(pid=%(process)d) %(funcName)s %(pathname)s:%(lineno)d}} {{(pid=96090) log_opt_values /opt/stack/data/venv/lib/python3.12/site-packages/oslo_config/cfg.py:3549}}
Aug 14 03:42:56.079689 np0000007313 devstack@n-api-meta.service[96090]: DEBUG nova.api.openstack.wsgi_app [None req-aa47f8f2-7241-4d02-ba5d-6ef9c0dd5f13 None None] logging_default_format_string = %(color)s%(levelname)s %(name)s [-%(color)s] %(instance)s%(color)s%(message)s {{(pid=96090) log_opt_values /opt/stack/data/venv/lib/python3.12/site-packages/oslo_config/cfg.py:3549}}
