Aug 14 03:42:35.471997 np0000007313 devstack@neutron-api.service[90887]: DEBUG neutron_lib.callbacks.manager [None req-88ca3280-cd74-4d16-b11b-bf6e2aab49e1 admin admin] Publish callbacks ['neutron.objects.securitygroup.RbacNeutronDbObjectMixin.validate_rbac_policy_change-1794615721249', 'neutron.objects.address_group.RbacNeutronDbObjectMixin.validate_rbac_policy_change-1794615679523', 'neutron.objects.network.RbacNeutronDbObjectMixin.validate_rbac_policy_change-1794615545452', 'neutron.objects.qos.policy.RbacNeutronDbObjectMixin.validate_rbac_policy_change-1794615659093', 'neutron.objects.subnetpool.RbacNeutronDbObjectMixin.validate_rbac_policy_change-1794615625462', 'neutron.objects.address_scope.RbacNeutronDbObjectMixin.validate_rbac_policy_change-1794615555066', 'neutron.plugins.ml2.plugin.External_net_db_mixin._process_ext_policy_create-3658743', 'neutron.plugins.ml2.plugin.NeutronDbPluginV2.validate_network_rbac_policy_change-3657231'] for rbac-policy (None), before_create {{(pid=90887) _notify_loop /opt/stack/data/venv/lib/python3.12/site-packages/neutron_lib/callbacks/manager.py:184}}
Aug 14 03:42:35.509053 np0000007313 devstack@neutron-api.service[90887]: DEBUG neutron_lib.callbacks.manager [None req-88ca3280-cd74-4d16-b11b-bf6e2aab49e1 admin admin] Publish callbacks [] for subnetpool (None), before_response {{(pid=90887) _notify_loop /opt/stack/data/venv/lib/python3.12/site-packages/neutron_lib/callbacks/manager.py:184}}
Aug 14 03:42:35.509573 np0000007313 devstack@neutron-api.service[90887]: [pid: 90887|app: 0|req: 1/3] 10.4.3.64 () {68 vars in 1329 bytes} [Fri Aug 14 03:42:35 2026] POST /networking/v2.0/subnetpools => generated 533 bytes in 413 msecs (HTTP/1.1 201) 4 headers in 162 bytes (1 switches on core 0)
Aug 14 03:42:35.803901 np0000007313 devstack@neutron-api.service[90889]: DEBUG neutron.api.v2.base [None req-000303fa-a0f9-4f32-8115-d30ad510b652 admin admin] Request body: {'subnetpool': {'prefixes': ['fddc:306a:1c17::/56'], 'is_default': True, 'shared': True, 'default_prefixlen': 64, 'name': 'shared-default-subnetpool-v6'}} {{(pid=90889) prepare_request_body /opt/stack/neutron/neutron/api/v2/base.py:727}}
Aug 14 03:42:35.945529 np0000007313 devstack@neutron-api.service[90889]: DEBUG neutron.policy [None req-000303fa-a0f9-4f32-8115-d30ad510b652 admin admin] Loaded default policies from ['neutron'] under neutron.policies entry points {{(pid=90889) register_rules /opt/stack/neutron/neutron/policy.py:65}}
Aug 14 03:42:36.060849 np0000007313 devstack@neutron-api.service[90889]: DEBUG neutron_lib.callbacks.manager [None req-000303fa-a0f9-4f32-8115-d30ad510b652 admin admin] Publish callbacks ['neutron.objects.securitygroup.RbacNeutronDbObjectMixin.validate_rbac_policy_change-1794615721805', 'neutron.objects.address_group.RbacNeutronDbObjectMixin.validate_rbac_policy_change-1794615678171', 'neutron.objects.network.RbacNeutronDbObjectMixin.validate_rbac_policy_change-1794615544250', 'neutron.objects.qos.policy.RbacNeutronDbObjectMixin.validate_rbac_policy_change-1794615556699', 'neutron.objects.subnetpool.RbacNeutronDbObjectMixin.validate_rbac_policy_change-1794615644367', 'neutron.objects.address_scope.RbacNeutronDbObjectMixin.validate_rbac_policy_change-1794615625956', 'neutron.plugins.ml2.plugin.External_net_db_mixin._process_ext_policy_create-3811440', 'neutron.plugins.ml2.plugin.NeutronDbPluginV2.validate_network_rbac_policy_change-3816604'] for rbac-policy (None), before_create {{(pid=90889) _notify_loop /opt/stack/data/venv/lib/python3.12/site-packages/neutron_lib/callbacks/manager.py:184}}
Aug 14 03:42:36.095714 np0000007313 devstack@neutron-api.service[90889]: DEBUG neutron_lib.callbacks.manager [None req-000303fa-a0f9-4f32-8115-d30ad510b652 admin admin] Publish callbacks [] for subnetpool (None), before_response {{(pid=90889) _notify_loop /opt/stack/data/venv/lib/python3.12/site-packages/neutron_lib/callbacks/manager.py:184}}
Aug 14 03:42:36.096367 np0000007313 devstack@neutron-api.service[90889]: [pid: 90889|app: 0|req: 1/4] 10.4.3.64 () {68 vars in 1329 bytes} [Fri Aug 14 03:42:35 2026] POST /networking/v2.0/subnetpools => generated 543 bytes in 377 msecs (HTTP/1.1 201) 4 headers in 162 bytes (1 switches on core 0)
Aug 14 03:42:36.395863 np0000007313 devstack@neutron-api.service[90890]: DEBUG neutron.api.v2.base [None req-13ec6736-e2bf-435d-a58f-541f67fa3b6c admin admin] Request body: {'network': {'admin_state_up': True, 'name': 'private'}} {{(pid=90890) prepare_request_body /opt/stack/neutron/neutron/api/v2/base.py:727}}
Aug 14 03:42:36.424273 np0000007313 devstack@neutron-api.service[90890]: DEBUG neutron.pecan_wsgi.hooks.quota_enforcement [None req-13ec6736-e2bf-435d-a58f-541f67fa3b6c admin admin] Made reservation on behalf of c5f8ded34c0e481281f708b18e12c930 for: {'network': 1} {{(pid=90890) before /opt/stack/neutron/neutron/pecan_wsgi/hooks/quota_enforcement.py:66}}
Aug 14 03:42:36.559004 np0000007313 devstack@neutron-api.service[90890]: DEBUG neutron.policy [None req-13ec6736-e2bf-435d-a58f-541f67fa3b6c admin admin] Loaded default policies from ['neutron'] under neutron.policies entry points {{(pid=90890) register_rules /opt/stack/neutron/neutron/policy.py:65}}
Aug 14 03:42:36.637984 np0000007313 devstack@neutron-api.service[90890]: DEBUG neutron_lib.callbacks.manager [None req-13ec6736-e2bf-435d-a58f-541f67fa3b6c admin admin] Publish callbacks ['neutron.plugins.ml2.plugin.SecurityGroupDbMixin._ensure_default_security_group_handler-3176531'] for network (None), before_create {{(pid=90890) _notify_loop /opt/stack/data/venv/lib/python3.12/site-packages/neutron_lib/callbacks/manager.py:184}}
Aug 14 03:42:36.656772 np0000007313 devstack@neutron-api.service[90890]: DEBUG neutron_lib.callbacks.manager [None req-13ec6736-e2bf-435d-a58f-541f67fa3b6c admin admin] Publish callbacks [] for security_group (None), before_create {{(pid=90890) _notify_loop /opt/stack/data/venv/lib/python3.12/site-packages/neutron_lib/callbacks/manager.py:184}}
Aug 14 03:42:36.740028 np0000007313 devstack@neutron-api.service[90890]: DEBUG neutron_lib.callbacks.manager [None req-13ec6736-e2bf-435d-a58f-541f67fa3b6c admin admin] Publish callbacks ['neutron.plugins.ml2.drivers.ovn.mech_driver.mech_driver.OVNMechanismDriver._create_security_group_precommit-1930978'] for security_group (d1b407ce-28ed-413b-bafc-c383851d4252), precommit_create {{(pid=90890) _notify_loop /opt/stack/data/venv/lib/python3.12/site-packages/neutron_lib/callbacks/manager.py:184}}
Aug 14 03:42:36.740254 np0000007313 devstack@neutron-api.service[90890]: DEBUG neutron.db.ovn_revision_numbers_db [None req-13ec6736-e2bf-435d-a58f-541f67fa3b6c admin admin] create_initial_revision uuid=d1b407ce-28ed-413b-bafc-c383851d4252, type=security_groups, rev=-1 {{(pid=90890) create_initial_revision /opt/stack/neutron/neutron/db/ovn_revision_numbers_db.py:98}}
Aug 14 03:42:36.742902 np0000007313 devstack@neutron-api.service[90890]: DEBUG neutron.db.ovn_revision_numbers_db [None req-13ec6736-e2bf-435d-a58f-541f67fa3b6c admin admin] create_initial_revision uuid=15043c4b-6a35-428e-aa8f-0cbc3461b2eb, type=security_group_rules, rev=-1 {{(pid=90890) create_initial_revision /opt/stack/neutron/neutron/db/ovn_revision_numbers_db.py:98}}
Aug 14 03:42:36.744038 np0000007313 devstack@neutron-api.service[90890]: DEBUG neutron.db.ovn_revision_numbers_db [None req-13ec6736-e2bf-435d-a58f-541f67fa3b6c admin admin] create_initial_revision uuid=754b02e5-be08-4064-8f95-f2ea7dad0f6f, type=security_group_rules, rev=-1 {{(pid=90890) create_initial_revision /opt/stack/neutron/neutron/db/ovn_revision_numbers_db.py:98}}
Aug 14 03:42:36.745073 np0000007313 devstack@neutron-api.service[90890]: DEBUG neutron.db.ovn_revision_numbers_db [None req-13ec6736-e2bf-435d-a58f-541f67fa3b6c admin admin] create_initial_revision uuid=ae9f2d3c-a524-489e-8b62-eba3835294e8, type=security_group_rules, rev=-1 {{(pid=90890) create_initial_revision /opt/stack/neutron/neutron/db/ovn_revision_numbers_db.py:98}}
Aug 14 03:42:36.746030 np0000007313 devstack@neutron-api.service[90890]: DEBUG neutron.db.ovn_revision_numbers_db [None req-13ec6736-e2bf-435d-a58f-541f67fa3b6c admin admin] create_initial_revision uuid=f9b56abb-649e-4dd2-abf3-55b7713e8afa, type=security_group_rules, rev=-1 {{(pid=90890) create_initial_revision /opt/stack/neutron/neutron/db/ovn_revision_numbers_db.py:98}}
Aug 14 03:42:36.749126 np0000007313 devstack@neutron-api.service[90890]: DEBUG neutron_lib.callbacks.manager [None req-13ec6736-e2bf-435d-a58f-541f67fa3b6c admin admin] Publish callbacks ['neutron.plugins.ml2.drivers.ovn.mech_driver.mech_driver.OVNMechanismDriver._create_security_group-1931000', 'neutron.plugins.ml2.ovo_rpc._ObjectChangeHandler.handle_event-15294666'] for security_group (d1b407ce-28ed-413b-bafc-c383851d4252), after_create {{(pid=90890) _notify_loop /opt/stack/data/venv/lib/python3.12/site-packages/neutron_lib/callbacks/manager.py:184}}
Aug 14 03:42:36.749306 np0000007313 devstack@neutron-api.service[90890]: INFO neutron.plugins.ml2.drivers.ovn.mech_driver.ovsdb.extensions.qos [None req-13ec6736-e2bf-435d-a58f-541f67fa3b6c admin admin] Starting OVNClientQosExtension
Aug 14 03:42:36.749437 np0000007313 devstack@neutron-api.service[90890]: INFO neutron.plugins.ml2.drivers.ovn.mech_driver.ovsdb.extensions.placement [None req-13ec6736-e2bf-435d-a58f-541f67fa3b6c admin admin] Starting OVNClientPlacementExtension
Aug 14 03:42:36.750522 np0000007313 devstack@neutron-api.service[90890]: DEBUG ovsdbapp.backend.ovs_idl.transaction [-] Running txn n=1 command(idx=0): PgAddCommand(_result=None, name=pg_d1b407ce_28ed_413b_bafc_c383851d4252, may_exist=False, columns={'acls': [], 'external_ids': {'neutron:security_group_id': 'd1b407ce-28ed-413b-bafc-c383851d4252'}}) {{(pid=90890) do_commit /opt/stack/data/venv/lib/python3.12/site-packages/ovsdbapp/backend/ovs_idl/transaction.py:89}}
Aug 14 03:42:36.754102 np0000007313 devstack@neutron-api.service[90890]: DEBUG ovsdbapp.backend.ovs_idl.transaction [-] Running txn n=1 command(idx=1): PgAclAddCommand(_result=None, entity=pg_d1b407ce_28ed_413b_bafc_c383851d4252, direction=from-lport, priority=1002, match=inport == @pg_d1b407ce_28ed_413b_bafc_c383851d4252 && ip4, action=allow-related, log=False, may_exist=True, severity=[], name=[], meter=[], external_ids={'neutron:security_group_rule_id': '15043c4b-6a35-428e-aa8f-0cbc3461b2eb'}) {{(pid=90890) do_commit /opt/stack/data/venv/lib/python3.12/site-packages/ovsdbapp/backend/ovs_idl/transaction.py:89}}
Aug 14 03:42:36.754472 np0000007313 devstack@neutron-api.service[90890]: DEBUG ovsdbapp.backend.ovs_idl.transaction [-] Running txn n=1 command(idx=2): PgAclAddCommand(_result=None, entity=pg_d1b407ce_28ed_413b_bafc_c383851d4252, direction=to-lport, priority=1002, match=outport == @pg_d1b407ce_28ed_413b_bafc_c383851d4252 && ip6 && ip6.src == $pg_d1b407ce_28ed_413b_bafc_c383851d4252_ip6, action=allow-related, log=False, may_exist=True, severity=[], name=[], meter=[], external_ids={'neutron:security_group_rule_id': '754b02e5-be08-4064-8f95-f2ea7dad0f6f'}) {{(pid=90890) do_commit /opt/stack/data/venv/lib/python3.12/site-packages/ovsdbapp/backend/ovs_idl/transaction.py:89}}
Aug 14 03:42:36.754718 np0000007313 devstack@neutron-api.service[90890]: DEBUG ovsdbapp.backend.ovs_idl.transaction [-] Running txn n=1 command(idx=3): PgAclAddCommand(_result=None, entity=pg_d1b407ce_28ed_413b_bafc_c383851d4252, direction=to-lport, priority=1002, match=outport == @pg_d1b407ce_28ed_413b_bafc_c383851d4252 && ip4 && ip4.src == $pg_d1b407ce_28ed_413b_bafc_c383851d4252_ip4, action=allow-related, log=False, may_exist=True, severity=[], name=[], meter=[], external_ids={'neutron:security_group_rule_id': 'ae9f2d3c-a524-489e-8b62-eba3835294e8'}) {{(pid=90890) do_commit /opt/stack/data/venv/lib/python3.12/site-packages/ovsdbapp/backend/ovs_idl/transaction.py:89}}
Aug 14 03:42:36.754908 np0000007313 devstack@neutron-api.service[90890]: DEBUG ovsdbapp.backend.ovs_idl.transaction [-] Running txn n=1 command(idx=4): PgAclAddCommand(_result=None, entity=pg_d1b407ce_28ed_413b_bafc_c383851d4252, direction=from-lport, priority=1002, match=inport == @pg_d1b407ce_28ed_413b_bafc_c383851d4252 && ip6, action=allow-related, log=False, may_exist=True, severity=[], name=[], meter=[], external_ids={'neutron:security_group_rule_id': 'f9b56abb-649e-4dd2-abf3-55b7713e8afa'}) {{(pid=90890) do_commit /opt/stack/data/venv/lib/python3.12/site-packages/ovsdbapp/backend/ovs_idl/transaction.py:89}}
Aug 14 03:42:36.769525 np0000007313 devstack@neutron-api.service[90890]: DEBUG neutron.plugins.ml2.drivers.ovn.mech_driver.ovsdb.ovsdb_monitor [-] Hash Ring: Node fa25916690995ae78923a5b5f2b15da0 (host: np0000007313) handling event "create" for row d89d588d-1f46-4d03-9260-882f1dba1800 (table: ACL) {{(pid=90890) notify /opt/stack/neutron/neutron/plugins/ml2/drivers/ovn/mech_driver/ovsdb/ovsdb_monitor.py:1099}}
Aug 14 03:42:36.770187 np0000007313 devstack@neutron-api.service[90890]: DEBUG neutron.plugins.ml2.drivers.ovn.mech_driver.ovsdb.ovsdb_monitor [-] Hash Ring: Node fa25916690995ae78923a5b5f2b15da0 (host: np0000007313) handling event "create" for row 7247527f-e68d-4451-9a2e-74f840633ea5 (table: Port_Group) {{(pid=90890) notify /opt/stack/neutron/neutron/plugins/ml2/drivers/ovn/mech_driver/ovsdb/ovsdb_monitor.py:1099}}
Aug 14 03:42:36.771334 np0000007313 devstack@neutron-api.service[90887]: DEBUG neutron.plugins.ml2.drivers.ovn.mech_driver.ovsdb.ovsdb_monitor [-] Hash Ring: Node 40a9892eb7055f7fbbe089d72941efbb (host: np0000007313) handling event "create" for row 244af1e7-d7bc-4220-99df-bd741158f9f4 (table: ACL) {{(pid=90887) notify /opt/stack/neutron/neutron/plugins/ml2/drivers/ovn/mech_driver/ovsdb/ovsdb_monitor.py:1099}}
Aug 14 03:42:36.771649 np0000007313 devstack@neutron-api.service[90888]: DEBUG neutron.plugins.ml2.drivers.ovn.mech_driver.ovsdb.ovsdb_monitor [-] Hash Ring: Node ff64f22cae245d8b8ca5a443d2f80dc2 (host: np0000007313) handling event "create" for row 244af1e7-d7bc-4220-99df-bd741158f9f4 (table: ACL) {{(pid=90888) notify /opt/stack/neutron/neutron/plugins/ml2/drivers/ovn/mech_driver/ovsdb/ovsdb_monitor.py:1099}}
Aug 14 03:42:36.771649 np0000007313 devstack@neutron-api.service[90888]: DEBUG neutron.plugins.ml2.drivers.ovn.mech_driver.ovsdb.ovsdb_monitor [-] Hash Ring: Node ff64f22cae245d8b8ca5a443d2f80dc2 (host: np0000007313) handling event "create" for row 9a0f6e15-e85a-4cb3-bc5b-199dc6c86422 (table: ACL) {{(pid=90888) notify /opt/stack/neutron/neutron/plugins/ml2/drivers/ovn/mech_driver/ovsdb/ovsdb_monitor.py:1099}}
Aug 14 03:42:36.771877 np0000007313 devstack@neutron-api.service[90887]: DEBUG neutron.plugins.ml2.drivers.ovn.mech_driver.ovsdb.ovsdb_monitor [-] Hash Ring: Node 40a9892eb7055f7fbbe089d72941efbb (host: np0000007313) handling event "create" for row bd81ab30-2f71-4847-b39f-dea240bb5eb2 (table: ACL) {{(pid=90887) notify /opt/stack/neutron/neutron/plugins/ml2/drivers/ovn/mech_driver/ovsdb/ovsdb_monitor.py:1099}}
Aug 14 03:42:36.771928 np0000007313 devstack@neutron-api.service[90888]: DEBUG neutron.plugins.ml2.drivers.ovn.mech_driver.ovsdb.ovsdb_monitor [-] Hash Ring: Node ff64f22cae245d8b8ca5a443d2f80dc2 (host: np0000007313) handling event "create" for row bd81ab30-2f71-4847-b39f-dea240bb5eb2 (table: ACL) {{(pid=90888) notify /opt/stack/neutron/neutron/plugins/ml2/drivers/ovn/mech_driver/ovsdb/ovsdb_monitor.py:1099}}
Aug 14 03:42:36.771928 np0000007313 devstack@neutron-api.service[90888]: DEBUG neutron.plugins.ml2.drivers.ovn.mech_driver.ovsdb.ovsdb_monitor [-] Hash Ring: Node ff64f22cae245d8b8ca5a443d2f80dc2 (host: np0000007313) handling event "create" for row d89d588d-1f46-4d03-9260-882f1dba1800 (table: ACL) {{(pid=90888) notify /opt/stack/neutron/neutron/plugins/ml2/drivers/ovn/mech_driver/ovsdb/ovsdb_monitor.py:1099}}
Aug 14 03:42:36.771928 np0000007313 devstack@neutron-api.service[90888]: DEBUG neutron.plugins.ml2.drivers.ovn.mech_driver.ovsdb.ovsdb_monitor [-] Hash Ring: Node ff64f22cae245d8b8ca5a443d2f80dc2 (host: np0000007313) handling event "create" for row 7247527f-e68d-4451-9a2e-74f840633ea5 (table: Port_Group) {{(pid=90888) notify /opt/stack/neutron/neutron/plugins/ml2/drivers/ovn/mech_driver/ovsdb/ovsdb_monitor.py:1099}}
Aug 14 03:42:36.792843 np0000007313 devstack@neutron-api.service[90890]: INFO neutron.db.ovn_revision_numbers_db [None req-13ec6736-e2bf-435d-a58f-541f67fa3b6c admin admin] Successfully bumped revision number for resource d1b407ce-28ed-413b-bafc-c383851d4252 (type: security_groups) to 1
Aug 14 03:42:36.804099 np0000007313 devstack@neutron-api.service[90890]: INFO neutron.db.ovn_revision_numbers_db [None req-13ec6736-e2bf-435d-a58f-541f67fa3b6c admin admin] Successfully bumped revision number for resource 15043c4b-6a35-428e-aa8f-0cbc3461b2eb (type: security_group_rules) to 0
Aug 14 03:42:36.813072 np0000007313 devstack@neutron-api.service[90890]: INFO neutron.db.ovn_revision_numbers_db [None req-13ec6736-e2bf-435d-a58f-541f67fa3b6c admin admin] Successfully bumped revision number for resource 754b02e5-be08-4064-8f95-f2ea7dad0f6f (type: security_group_rules) to 0
Aug 14 03:42:36.821673 np0000007313 devstack@neutron-api.service[90890]: INFO neutron.db.ovn_revision_numbers_db [None req-13ec6736-e2bf-435d-a58f-541f67fa3b6c admin admin] Successfully bumped revision number for resource ae9f2d3c-a524-489e-8b62-eba3835294e8 (type: security_group_rules) to 0
Aug 14 03:42:36.829943 np0000007313 devstack@neutron-api.service[90890]: INFO neutron.db.ovn_revision_numbers_db [None req-13ec6736-e2bf-435d-a58f-541f67fa3b6c admin admin] Successfully bumped revision number for resource f9b56abb-649e-4dd2-abf3-55b7713e8afa (type: security_group_rules) to 0
Aug 14 03:42:36.848397 np0000007313 devstack@neutron-api.service[90890]: DEBUG neutron.api.rpc.handlers.resources_rpc [None req-13ec6736-e2bf-435d-a58f-541f67fa3b6c admin admin] Pushing event updated for resources: {'SecurityGroup': ['ID=d1b407ce-28ed-413b-bafc-c383851d4252,revision_number=1']} {{(pid=90890) push /opt/stack/neutron/neutron/api/rpc/handlers/resources_rpc.py:237}}
Aug 14 03:42:36.853933 np0000007313 devstack@neutron-api.service[90890]: DEBUG ovsdbapp.backend.ovs_idl.transaction [-] Running txn n=1 command(idx=0): CheckLivenessCommand(_result=None) {{(pid=90890) do_commit /opt/stack/data/venv/lib/python3.12/site-packages/ovsdbapp/backend/ovs_idl/transaction.py:89}}
Aug 14 03:42:36.856337 np0000007313 devstack@neutron-api.service[90888]: DEBUG neutron.plugins.ml2.drivers.ovn.mech_driver.ovsdb.ovsdb_monitor [-] Hash Ring: Node ff64f22cae245d8b8ca5a443d2f80dc2 (host: np0000007313) handling event "update" for row 6662c9a6-ec1e-45d3-9c94-a4524e15c5e5 (table: NB_Global) {{(pid=90888) notify /opt/stack/neutron/neutron/plugins/ml2/drivers/ovn/mech_driver/ovsdb/ovsdb_monitor.py:1099}}
Aug 14 03:42:36.857496 np0000007313 devstack@neutron-api.service[90888]: DEBUG neutron.plugins.ml2.drivers.ovn.mech_driver.ovsdb.ovsdb_monitor [-] Hash Ring: Node ff64f22cae245d8b8ca5a443d2f80dc2 (host: np0000007313) handling event "update" for row 6662c9a6-ec1e-45d3-9c94-a4524e15c5e5 (table: NB_Global) {{(pid=90888) notify /opt/stack/neutron/neutron/plugins/ml2/drivers/ovn/mech_driver/ovsdb/ovsdb_monitor.py:1099}}
Aug 14 03:42:36.858604 np0000007313 devstack@neutron-api.service[90888]: DEBUG neutron.plugins.ml2.drivers.ovn.mech_driver.ovsdb.ovsdb_monitor [-] Hash Ring: Node ff64f22cae245d8b8ca5a443d2f80dc2 (host: np0000007313) handling event "update" for row 6662c9a6-ec1e-45d3-9c94-a4524e15c5e5 (table: NB_Global) {{(pid=90888) notify /opt/stack/neutron/neutron/plugins/ml2/drivers/ovn/mech_driver/ovsdb/ovsdb_monitor.py:1099}}
Aug 14 03:42:36.858723 np0000007313 devstack@neutron-api.service[90890]: DEBUG neutron.api.rpc.callbacks.version_manager [None req-13ec6736-e2bf-435d-a58f-541f67fa3b6c admin admin] Tracked resource versions report:
Aug 14 03:42:36.858723 np0000007313 devstack@neutron-api.service[90890]: pushed versions:
Aug 14 03:42:36.858723 np0000007313 devstack@neutron-api.service[90890]: { 'AddressGroup': {'1.2'},
Aug 14 03:42:36.858723 np0000007313 devstack@neutron-api.service[90890]: 'Agent': {'1.1'},
Aug 14 03:42:36.858723 np0000007313 devstack@neutron-api.service[90890]: 'ConntrackHelper': {'1.0'},
Aug 14 03:42:36.858723 np0000007313 devstack@neutron-api.service[90890]: 'LocalIPAssociation': {'1.0'},
Aug 14 03:42:36.858723 np0000007313 devstack@neutron-api.service[90890]: 'Log': {'1.0'},
Aug 14 03:42:36.858723 np0000007313 devstack@neutron-api.service[90890]: 'NDPProxy': {'1.0'},
Aug 14 03:42:36.858723 np0000007313 devstack@neutron-api.service[90890]: 'Network': {'1.3'},
Aug 14 03:42:36.858723 np0000007313 devstack@neutron-api.service[90890]: 'Port': {'1.11'},
Aug 14 03:42:36.858723 np0000007313 devstack@neutron-api.service[90890]: 'PortForwarding': {'1.3'},
Aug 14 03:42:36.858723 np0000007313 devstack@neutron-api.service[90890]: 'QosPolicy': {'1.10'},
Aug 14 03:42:36.858723 np0000007313 devstack@neutron-api.service[90890]: 'SecurityGroup': {'1.6'},
Aug 14 03:42:36.858723 np0000007313 devstack@neutron-api.service[90890]: 'SecurityGroupRule': {'1.3'},
Aug 14 03:42:36.858723 np0000007313 devstack@neutron-api.service[90890]: 'SubPort': {'1.0'},
Aug 14 03:42:36.858723 np0000007313 devstack@neutron-api.service[90890]: 'Subnet': {'1.2'},
Aug 14 03:42:36.858723 np0000007313 devstack@neutron-api.service[90890]: 'Trunk': {'1.1'}}
Aug 14 03:42:36.858723 np0000007313 devstack@neutron-api.service[90890]: consumer versions:
Aug 14 03:42:36.858723 np0000007313 devstack@neutron-api.service[90890]: {}
Aug 14 03:42:36.858723 np0000007313 devstack@neutron-api.service[90890]: {{(pid=90890) report /opt/stack/neutron/neutron/api/rpc/callbacks/version_manager.py:183}}
Aug 14 03:42:36.859519 np0000007313 devstack@neutron-api.service[90888]: DEBUG ovsdbapp.backend.ovs_idl.event [-] Matched UPDATE: ChassisAgentWriteEvent(events=('create', 'update'), table='Chassis_Private', conditions=None, old_conditions=None), priority=20 to row=Chassis_Private(uuid=651cb49b-9f29-4a0c-a272-a064a19ef98a, chassis=6d652a12-16d7-4c17-9813-36af9a2af58c, external_ids={'neutron:ovn-bridge': 'br-int', 'neutron:ovn-neutron-agent-id': '4bb1062e-dcc1-5102-aa14-88339f9dfd94', 'neutron:ovn-neutron-agent-sb-cfg': '0'}, name='2fb9e881-2bb9-4948-89d3-d05f13019385', nb_cfg=1, nb_cfg_timestamp=1786678956855) old=Chassis_Private(uuid=651cb49b-9f29-4a0c-a272-a064a19ef98a, nb_cfg=0, nb_cfg_timestamp=0) {{(pid=90888) matches /opt/stack/data/venv/lib/python3.12/site-packages/ovsdbapp/backend/ovs_idl/event.py:55}}
Aug 14 03:42:36.859661 np0000007313 devstack@neutron-api.service[90887]: DEBUG ovsdbapp.backend.ovs_idl.event [-] Matched UPDATE: ChassisAgentWriteEvent(events=('create', 'update'), table='Chassis_Private', conditions=None, old_conditions=None), priority=20 to row=Chassis_Private(uuid=651cb49b-9f29-4a0c-a272-a064a19ef98a, chassis=6d652a12-16d7-4c17-9813-36af9a2af58c, external_ids={'neutron:ovn-bridge': 'br-int', 'neutron:ovn-neutron-agent-id': '4bb1062e-dcc1-5102-aa14-88339f9dfd94', 'neutron:ovn-neutron-agent-sb-cfg': '0'}, name='2fb9e881-2bb9-4948-89d3-d05f13019385', nb_cfg=1, nb_cfg_timestamp=1786678956855) old=Chassis_Private(uuid=651cb49b-9f29-4a0c-a272-a064a19ef98a, nb_cfg=0, nb_cfg_timestamp=0) {{(pid=90887) matches /opt/stack/data/venv/lib/python3.12/site-packages/ovsdbapp/backend/ovs_idl/event.py:55}}
Aug 14 03:42:36.860153 np0000007313 devstack@neutron-api.service[90889]: DEBUG ovsdbapp.backend.ovs_idl.event [-] Matched UPDATE: ChassisAgentWriteEvent(events=('create', 'update'), table='Chassis_Private', conditions=None, old_conditions=None), priority=20 to row=Chassis_Private(uuid=651cb49b-9f29-4a0c-a272-a064a19ef98a, chassis=6d652a12-16d7-4c17-9813-36af9a2af58c, external_ids={'neutron:ovn-bridge': 'br-int', 'neutron:ovn-neutron-agent-id': '4bb1062e-dcc1-5102-aa14-88339f9dfd94', 'neutron:ovn-neutron-agent-sb-cfg': '0'}, name='2fb9e881-2bb9-4948-89d3-d05f13019385', nb_cfg=1, nb_cfg_timestamp=1786678956855) old=Chassis_Private(uuid=651cb49b-9f29-4a0c-a272-a064a19ef98a, nb_cfg=0, nb_cfg_timestamp=0) {{(pid=90889) matches /opt/stack/data/venv/lib/python3.12/site-packages/ovsdbapp/backend/ovs_idl/event.py:55}}
Aug 14 03:42:36.860601 np0000007313 devstack@neutron-api.service[90888]: DEBUG neutron.plugins.ml2.drivers.ovn.mech_driver.ovsdb.ovsdb_monitor [-] Hash Ring: Node ff64f22cae245d8b8ca5a443d2f80dc2 (host: np0000007313) handling event "update" for row 6662c9a6-ec1e-45d3-9c94-a4524e15c5e5 (table: NB_Global) {{(pid=90888) notify /opt/stack/neutron/neutron/plugins/ml2/drivers/ovn/mech_driver/ovsdb/ovsdb_monitor.py:1099}}
Aug 14 03:42:36.863091 np0000007313 devstack@neutron-api.service[90890]: DEBUG ovsdbapp.backend.ovs_idl.event [-] Matched UPDATE: ChassisAgentWriteEvent(events=('create', 'update'), table='Chassis_Private', conditions=None, old_conditions=None), priority=20 to row=Chassis_Private(uuid=651cb49b-9f29-4a0c-a272-a064a19ef98a, chassis=6d652a12-16d7-4c17-9813-36af9a2af58c, external_ids={'neutron:ovn-bridge': 'br-int', 'neutron:ovn-neutron-agent-id': '4bb1062e-dcc1-5102-aa14-88339f9dfd94', 'neutron:ovn-neutron-agent-sb-cfg': '0'}, name='2fb9e881-2bb9-4948-89d3-d05f13019385', nb_cfg=1, nb_cfg_timestamp=1786678956855) old=Chassis_Private(uuid=651cb49b-9f29-4a0c-a272-a064a19ef98a, nb_cfg=0, nb_cfg_timestamp=0) {{(pid=90890) matches /opt/stack/data/venv/lib/python3.12/site-packages/ovsdbapp/backend/ovs_idl/event.py:55}}
Aug 14 03:42:36.863501 np0000007313 devstack@neutron-api.service[90888]: DEBUG neutron.common.ovn.hash_ring_manager [-] Allow caching, nodes 4>=4 {{(pid=90888) _wait_startup_before_caching /opt/stack/neutron/neutron/common/ovn/hash_ring_manager.py:71}}
Aug 14 03:42:36.863673 np0000007313 devstack@neutron-api.service[90888]: DEBUG neutron.plugins.ml2.drivers.ovn.mech_driver.ovsdb.ovsdb_monitor [-] Hash Ring: Node ff64f22cae245d8b8ca5a443d2f80dc2 (host: np0000007313) handling event "update" for row 651cb49b-9f29-4a0c-a272-a064a19ef98a (table: Chassis_Private) {{(pid=90888) notify /opt/stack/neutron/neutron/plugins/ml2/drivers/ovn/mech_driver/ovsdb/ovsdb_monitor.py:1099}}
Aug 14 03:42:36.864006 np0000007313 devstack@neutron-api.service[90887]: DEBUG ovsdbapp.backend.ovs_idl.event [-] Matched UPDATE: ChassisOVNAgentWriteEvent(events=('create', 'update'), table='Chassis_Private', conditions=None, old_conditions=None), priority=20 to row=Chassis_Private(uuid=651cb49b-9f29-4a0c-a272-a064a19ef98a, chassis=6d652a12-16d7-4c17-9813-36af9a2af58c, external_ids={'neutron:ovn-bridge': 'br-int', 'neutron:ovn-neutron-agent-id': '4bb1062e-dcc1-5102-aa14-88339f9dfd94', 'neutron:ovn-neutron-agent-sb-cfg': '1'}, name='2fb9e881-2bb9-4948-89d3-d05f13019385', nb_cfg=1, nb_cfg_timestamp=1786678956855) old=Chassis_Private(uuid=651cb49b-9f29-4a0c-a272-a064a19ef98a, external_ids={'neutron:ovn-bridge': 'br-int', 'neutron:ovn-neutron-agent-id': '4bb1062e-dcc1-5102-aa14-88339f9dfd94', 'neutron:ovn-neutron-agent-sb-cfg': '0'}) {{(pid=90887) matches /opt/stack/data/venv/lib/python3.12/site-packages/ovsdbapp/backend/ovs_idl/event.py:55}}
Aug 14 03:42:36.864686 np0000007313 devstack@neutron-api.service[90889]: DEBUG ovsdbapp.backend.ovs_idl.event [-] Matched UPDATE: ChassisOVNAgentWriteEvent(events=('create', 'update'), table='Chassis_Private', conditions=None, old_conditions=None), priority=20 to row=Chassis_Private(uuid=651cb49b-9f29-4a0c-a272-a064a19ef98a, chassis=6d652a12-16d7-4c17-9813-36af9a2af58c, external_ids={'neutron:ovn-bridge': 'br-int', 'neutron:ovn-neutron-agent-id': '4bb1062e-dcc1-5102-aa14-88339f9dfd94', 'neutron:ovn-neutron-agent-sb-cfg': '1'}, name='2fb9e881-2bb9-4948-89d3-d05f13019385', nb_cfg=1, nb_cfg_timestamp=1786678956855) old=Chassis_Private(uuid=651cb49b-9f29-4a0c-a272-a064a19ef98a, external_ids={'neutron:ovn-bridge': 'br-int', 'neutron:ovn-neutron-agent-id': '4bb1062e-dcc1-5102-aa14-88339f9dfd94', 'neutron:ovn-neutron-agent-sb-cfg': '0'}) {{(pid=90889) matches /opt/stack/data/venv/lib/python3.12/site-packages/ovsdbapp/backend/ovs_idl/event.py:55}}
Aug 14 03:42:36.864767 np0000007313 devstack@neutron-api.service[90888]: DEBUG ovsdbapp.backend.ovs_idl.event [-] Matched UPDATE: ChassisOVNAgentWriteEvent(events=('create', 'update'), table='Chassis_Private', conditions=None, old_conditions=None), priority=20 to row=Chassis_Private(uuid=651cb49b-9f29-4a0c-a272-a064a19ef98a, chassis=6d652a12-16d7-4c17-9813-36af9a2af58c, external_ids={'neutron:ovn-bridge': 'br-int', 'neutron:ovn-neutron-agent-id': '4bb1062e-dcc1-5102-aa14-88339f9dfd94', 'neutron:ovn-neutron-agent-sb-cfg': '1'}, name='2fb9e881-2bb9-4948-89d3-d05f13019385', nb_cfg=1, nb_cfg_timestamp=1786678956855) old=Chassis_Private(uuid=651cb49b-9f29-4a0c-a272-a064a19ef98a, external_ids={'neutron:ovn-bridge': 'br-int', 'neutron:ovn-neutron-agent-id': '4bb1062e-dcc1-5102-aa14-88339f9dfd94', 'neutron:ovn-neutron-agent-sb-cfg': '0'}) {{(pid=90888) matches /opt/stack/data/venv/lib/python3.12/site-packages/ovsdbapp/backend/ovs_idl/event.py:55}}
Aug 14 03:42:36.864930 np0000007313 devstack@neutron-api.service[90888]: DEBUG neutron.plugins.ml2.drivers.ovn.mech_driver.ovsdb.ovsdb_monitor [-] Hash Ring: Node ff64f22cae245d8b8ca5a443d2f80dc2 (host: np0000007313) handling event "update" for row 651cb49b-9f29-4a0c-a272-a064a19ef98a (table: Chassis_Private) {{(pid=90888) notify /opt/stack/neutron/neutron/plugins/ml2/drivers/ovn/mech_driver/ovsdb/ovsdb_monitor.py:1099}}
Aug 14 03:42:36.865271 np0000007313 devstack@neutron-api.service[90890]: DEBUG ovsdbapp.backend.ovs_idl.event [-] Matched UPDATE: ChassisOVNAgentWriteEvent(events=('create', 'update'), table='Chassis_Private', conditions=None, old_conditions=None), priority=20 to row=Chassis_Private(uuid=651cb49b-9f29-4a0c-a272-a064a19ef98a, chassis=6d652a12-16d7-4c17-9813-36af9a2af58c, external_ids={'neutron:ovn-bridge': 'br-int', 'neutron:ovn-neutron-agent-id': '4bb1062e-dcc1-5102-aa14-88339f9dfd94', 'neutron:ovn-neutron-agent-sb-cfg': '1'}, name='2fb9e881-2bb9-4948-89d3-d05f13019385', nb_cfg=1, nb_cfg_timestamp=1786678956855) old=Chassis_Private(uuid=651cb49b-9f29-4a0c-a272-a064a19ef98a, external_ids={'neutron:ovn-bridge': 'br-int', 'neutron:ovn-neutron-agent-id': '4bb1062e-dcc1-5102-aa14-88339f9dfd94', 'neutron:ovn-neutron-agent-sb-cfg': '0'}) {{(pid=90890) matches /opt/stack/data/venv/lib/python3.12/site-packages/ovsdbapp/backend/ovs_idl/event.py:55}}
Aug 14 03:42:36.901824 np0000007313 devstack@neutron-api.service[90890]: DEBUG neutron.plugins.ml2.drivers.helpers [None req-13ec6736-e2bf-435d-a58f-541f67fa3b6c admin admin] geneve segment allocate from pool success with {'geneve_vni': 11967} {{(pid=90890) allocate_partially_specified_segment /opt/stack/neutron/neutron/plugins/ml2/drivers/helpers.py:142}}
Aug 14 03:42:36.910656 np0000007313 devstack@neutron-api.service[90890]: DEBUG neutron_lib.callbacks.manager [None req-13ec6736-e2bf-435d-a58f-541f67fa3b6c admin admin] Publish callbacks ['neutron.services.segments.db._add_segment_host_mapping_for_segment-8345164713704', 'neutron.plugins.ml2.plugin.Ml2Plugin._handle_segment_change-3435711'] for segment (05b91163-fd84-47d8-82bf-0f87d2cb65d0), precommit_create {{(pid=90890) _notify_loop /opt/stack/data/venv/lib/python3.12/site-packages/neutron_lib/callbacks/manager.py:184}}
Aug 14 03:42:36.910824 np0000007313 devstack@neutron-api.service[90890]: INFO neutron.db.segments_db [None req-13ec6736-e2bf-435d-a58f-541f67fa3b6c admin admin] Added segment 05b91163-fd84-47d8-82bf-0f87d2cb65d0 of type geneve for network f22bdcb5-da30-466e-95ee-487b091160e0
Aug 14 03:42:36.948695 np0000007313 devstack@neutron-api.service[90890]: DEBUG neutron_lib.callbacks.manager [None req-13ec6736-e2bf-435d-a58f-541f67fa3b6c admin admin] Publish callbacks ['neutron.services.auto_allocate.db._ensure_external_network_default_value_callback-8345163452520'] for network (f22bdcb5-da30-466e-95ee-487b091160e0), precommit_create {{(pid=90890) _notify_loop /opt/stack/data/venv/lib/python3.12/site-packages/neutron_lib/callbacks/manager.py:184}}
Aug 14 03:42:36.963011 np0000007313 devstack@neutron-api.service[90890]: DEBUG neutron.plugins.ml2.drivers.ovn.mech_driver.mech_driver [None req-13ec6736-e2bf-435d-a58f-541f67fa3b6c admin admin] Validating network segment with type geneve, segmentation ID 11967, physical network None {{(pid=90890) _validate_network_segments /opt/stack/neutron/neutron/plugins/ml2/drivers/ovn/mech_driver/mech_driver.py:624}}
Aug 14 03:42:36.963194 np0000007313 devstack@neutron-api.service[90890]: DEBUG neutron.db.ovn_revision_numbers_db [None req-13ec6736-e2bf-435d-a58f-541f67fa3b6c admin admin] create_initial_revision uuid=f22bdcb5-da30-466e-95ee-487b091160e0, type=networks, rev=-1 {{(pid=90890) create_initial_revision /opt/stack/neutron/neutron/db/ovn_revision_numbers_db.py:98}}
Aug 14 03:42:36.976606 np0000007313 devstack@neutron-api.service[90890]: DEBUG neutron_lib.callbacks.manager [None req-13ec6736-e2bf-435d-a58f-541f67fa3b6c admin admin] Publish callbacks ['neutron.plugins.ml2.ovo_rpc._ObjectChangeHandler.handle_event-15294773'] for network (f22bdcb5-da30-466e-95ee-487b091160e0), after_create {{(pid=90890) _notify_loop /opt/stack/data/venv/lib/python3.12/site-packages/neutron_lib/callbacks/manager.py:184}}
Aug 14 03:42:37.026862 np0000007313 devstack@neutron-api.service[90890]: DEBUG neutron.api.rpc.handlers.resources_rpc [None req-13ec6736-e2bf-435d-a58f-541f67fa3b6c admin admin] Pushing event updated for resources: {'Network': ['ID=f22bdcb5-da30-466e-95ee-487b091160e0,revision_number=1']} {{(pid=90890) push /opt/stack/neutron/neutron/api/rpc/handlers/resources_rpc.py:237}}
Aug 14 03:42:37.033733 np0000007313 devstack@neutron-api.service[90890]: DEBUG ovsdbapp.backend.ovs_idl.transaction [-] Running txn n=1 command(idx=0): AddNetworkCommand(_result=None, network_uuid=f22bdcb5-da30-466e-95ee-487b091160e0, may_exist=True, columns={'external_ids': {'neutron:network_name': 'private', 'neutron:mtu': '1372', 'neutron:revision_number': '1', 'neutron:availability_zone_hints': '', 'neutron:provnet-network-type': 'geneve'}, 'other_config': {'mcast_snoop': 'false', 'mcast_flood_unregistered': 'false', 'vlan-passthru': 'false'}}) {{(pid=90890) do_commit /opt/stack/data/venv/lib/python3.12/site-packages/ovsdbapp/backend/ovs_idl/transaction.py:89}}
Aug 14 03:42:37.034064 np0000007313 devstack@neutron-api.service[90890]: DEBUG neutron.common.ovn.utils [-] OVS persist_uuid supported=True {{(pid=90890) ovs_persist_uuid_supported /opt/stack/neutron/neutron/common/ovn/utils.py:1565}}
Aug 14 03:42:37.036720 np0000007313 devstack@neutron-api.service[90888]: DEBUG neutron.plugins.ml2.drivers.ovn.mech_driver.ovsdb.ovsdb_monitor [-] Hash Ring: Node ff64f22cae245d8b8ca5a443d2f80dc2 (host: np0000007313) handling event "create" for row f22bdcb5-da30-466e-95ee-487b091160e0 (table: Logical_Switch) {{(pid=90888) notify /opt/stack/neutron/neutron/plugins/ml2/drivers/ovn/mech_driver/ovsdb/ovsdb_monitor.py:1099}}
Aug 14 03:42:37.039102 np0000007313 devstack@neutron-api.service[90887]: DEBUG neutron.plugins.ml2.drivers.ovn.mech_driver.ovsdb.ovsdb_monitor [-] Hash Ring: Node 40a9892eb7055f7fbbe089d72941efbb (host: np0000007313) handling event "create" for row f22bdcb5-da30-466e-95ee-487b091160e0 (table: Logical_Switch) {{(pid=90887) notify /opt/stack/neutron/neutron/plugins/ml2/drivers/ovn/mech_driver/ovsdb/ovsdb_monitor.py:1099}}
Aug 14 03:42:37.041808 np0000007313 devstack@neutron-api.service[90888]: DEBUG neutron.plugins.ml2.drivers.ovn.mech_driver.ovsdb.ovsdb_monitor [-] Hash Ring: Node ff64f22cae245d8b8ca5a443d2f80dc2 (host: np0000007313) handling event "create" for row e08b08a6-f523-446a-9837-703bc47cd2bf (table: Datapath_Binding) {{(pid=90888) notify /opt/stack/neutron/neutron/plugins/ml2/drivers/ovn/mech_driver/ovsdb/ovsdb_monitor.py:1099}}
Aug 14 03:42:37.043230 np0000007313 devstack@neutron-api.service[90889]: DEBUG neutron.plugins.ml2.drivers.ovn.mech_driver.ovsdb.ovsdb_monitor [-] Hash Ring: Node 27f4d835a35a5c8ba678d4c329f5b2b8 (host: np0000007313) handling event "create" for row e08b08a6-f523-446a-9837-703bc47cd2bf (table: Datapath_Binding) {{(pid=90889) notify /opt/stack/neutron/neutron/plugins/ml2/drivers/ovn/mech_driver/ovsdb/ovsdb_monitor.py:1099}}
Aug 14 03:42:37.059499 np0000007313 devstack@neutron-api.service[90890]: INFO neutron.db.ovn_revision_numbers_db [None req-13ec6736-e2bf-435d-a58f-541f67fa3b6c admin admin] Successfully bumped revision number for resource f22bdcb5-da30-466e-95ee-487b091160e0 (type: networks) to 1
Aug 14 03:42:37.110678 np0000007313 devstack@neutron-api.service[90890]: DEBUG neutron_lib.callbacks.manager [None req-13ec6736-e2bf-435d-a58f-541f67fa3b6c admin admin] Publish callbacks ['neutron.plugins.ml2.plugin.SecurityGroupDbMixin._ensure_default_security_group_handler-3176531'] for port (None), before_create {{(pid=90890) _notify_loop /opt/stack/data/venv/lib/python3.12/site-packages/neutron_lib/callbacks/manager.py:184}}
Aug 14 03:42:37.379734 np0000007313 devstack@neutron-api.service[90890]: DEBUG neutron_lib.callbacks.manager [None req-13ec6736-e2bf-435d-a58f-541f67fa3b6c admin admin] Publish callbacks ['neutron.plugins.ml2.drivers.ovn.mech_driver.mech_driver.OVNMechanismDriver._validate_allowed_address_pairs-1930602'] for allowed_address_pair (af7ea9b7-5a83-41cc-8971-32532e0e1d7f), before_create {{(pid=90890) _notify_loop /opt/stack/data/venv/lib/python3.12/site-packages/neutron_lib/callbacks/manager.py:184}}
Aug 14 03:42:37.380128 np0000007313 devstack@neutron-api.service[90890]: DEBUG neutron_lib.callbacks.manager [None req-13ec6736-e2bf-435d-a58f-541f67fa3b6c admin admin] Publish callbacks [] for port (af7ea9b7-5a83-41cc-8971-32532e0e1d7f), precommit_create {{(pid=90890) _notify_loop /opt/stack/data/venv/lib/python3.12/site-packages/neutron_lib/callbacks/manager.py:184}}
Aug 14 03:42:37.380339 np0000007313 devstack@neutron-api.service[90890]: DEBUG neutron.plugins.ml2.drivers.ovn.mech_driver.mech_driver [None req-13ec6736-e2bf-435d-a58f-541f67fa3b6c admin admin] No provisioning block for port af7ea9b7-5a83-41cc-8971-32532e0e1d7f since it does not have a host {{(pid=90890) _is_port_provisioning_required /opt/stack/neutron/neutron/plugins/ml2/drivers/ovn/mech_driver/mech_driver.py:877}}
Aug 14 03:42:37.380446 np0000007313 devstack@neutron-api.service[90890]: DEBUG neutron.db.ovn_revision_numbers_db [None req-13ec6736-e2bf-435d-a58f-541f67fa3b6c admin admin] create_initial_revision uuid=af7ea9b7-5a83-41cc-8971-32532e0e1d7f, type=ports, rev=-1 {{(pid=90890) create_initial_revision /opt/stack/neutron/neutron/db/ovn_revision_numbers_db.py:98}}
Aug 14 03:42:37.426543 np0000007313 devstack@neutron-api.service[90890]: DEBUG neutron_lib.callbacks.manager [None req-13ec6736-e2bf-435d-a58f-541f67fa3b6c admin admin] Publish callbacks ['neutron.plugins.ml2.ovo_rpc._ObjectChangeHandler.handle_event-15294766'] for port (af7ea9b7-5a83-41cc-8971-32532e0e1d7f), after_create {{(pid=90890) _notify_loop /opt/stack/data/venv/lib/python3.12/site-packages/neutron_lib/callbacks/manager.py:184}}
Aug 14 03:42:37.475159 np0000007313 devstack@neutron-api.service[90890]: DEBUG neutron.api.rpc.handlers.resources_rpc [None req-13ec6736-e2bf-435d-a58f-541f67fa3b6c admin admin] Pushing event updated for resources: {'Port': ['ID=af7ea9b7-5a83-41cc-8971-32532e0e1d7f,revision_number=1']} {{(pid=90890) push /opt/stack/neutron/neutron/api/rpc/handlers/resources_rpc.py:237}}
Aug 14 03:42:37.503443 np0000007313 devstack@neutron-api.service[90890]: DEBUG neutron.plugins.ml2.drivers.ovn.mech_driver.ovsdb.commands [None req-13ec6736-e2bf-435d-a58f-541f67fa3b6c admin admin] Converting tag [] to a tag_request {{(pid=90890) _tag_column_to_tag_request /opt/stack/neutron/neutron/plugins/ml2/drivers/ovn/mech_driver/ovsdb/commands.py:227}}
Aug 14 03:42:37.503887 np0000007313 devstack@neutron-api.service[90890]: DEBUG ovsdbapp.backend.ovs_idl.transaction [-] Running txn n=1 command(idx=0): AddLSwitchPortCommand(_result=None, lport=af7ea9b7-5a83-41cc-8971-32532e0e1d7f, lswitch=neutron-f22bdcb5-da30-466e-95ee-487b091160e0, may_exist=True, network_uuid=f22bdcb5-da30-466e-95ee-487b091160e0, columns={'addresses': ['fa:16:3e:45:c8:6f'], 'external_ids': {'neutron:port_name': '', 'neutron:device_id': 'ovnmeta-f22bdcb5-da30-466e-95ee-487b091160e0', 'neutron:project_id': 'c5f8ded34c0e481281f708b18e12c930', 'neutron:cidrs': '', 'neutron:device_owner': 'network:distributed', 'neutron:subnet_pool_addr_scope4': '', 'neutron:subnet_pool_addr_scope6': '', 'neutron:network_name': 'neutron-f22bdcb5-da30-466e-95ee-487b091160e0', 'neutron:security_group_ids': '', 'neutron:revision_number': '1', 'neutron:vnic_type': 'normal', 'neutron:port_capabilities': '', 'neutron:mtu': '1372'}, 'parent_name': [], 'enabled': True, 'options': {}, 'type': 'localport', 'port_security': [], 'dhcpv4_options': [], 'dhcpv6_options': [], 'tag_request': []}) {{(pid=90890) do_commit /opt/stack/data/venv/lib/python3.12/site-packages/ovsdbapp/backend/ovs_idl/transaction.py:89}}
Aug 14 03:42:37.504225 np0000007313 devstack@neutron-api.service[90890]: DEBUG ovsdbapp.backend.ovs_idl.transaction [-] Running txn n=1 command(idx=1): QoSDelCommand(_result=None, switch=neutron-f22bdcb5-da30-466e-95ee-487b091160e0, conditions=[('direction', '=', 'to-lport'), ('priority', '=', 2002), ('match', '=', 'outport == "af7ea9b7-5a83-41cc-8971-32532e0e1d7f"')], if_exists=True) {{(pid=90890) do_commit /opt/stack/data/venv/lib/python3.12/site-packages/ovsdbapp/backend/ovs_idl/transaction.py:89}}
Aug 14 03:42:37.504343 np0000007313 devstack@neutron-api.service[90890]: DEBUG ovsdbapp.backend.ovs_idl.transaction [-] Running txn n=1 command(idx=2): QoSDelCommand(_result=None, switch=neutron-f22bdcb5-da30-466e-95ee-487b091160e0, conditions=[('direction', '=', 'from-lport'), ('priority', '=', 2002), ('match', '=', 'inport == "af7ea9b7-5a83-41cc-8971-32532e0e1d7f"')], if_exists=True) {{(pid=90890) do_commit /opt/stack/data/venv/lib/python3.12/site-packages/ovsdbapp/backend/ovs_idl/transaction.py:89}}
Aug 14 03:42:37.506077 np0000007313 devstack@neutron-api.service[90890]: DEBUG neutron.plugins.ml2.drivers.ovn.mech_driver.ovsdb.ovsdb_monitor [-] Hash Ring: Node fa25916690995ae78923a5b5f2b15da0 (host: np0000007313) handling event "create" for row 950a01ce-76d5-495a-89cb-7916b8856be5 (table: Logical_Switch_Port) {{(pid=90890) notify /opt/stack/neutron/neutron/plugins/ml2/drivers/ovn/mech_driver/ovsdb/ovsdb_monitor.py:1099}}
Aug 14 03:42:37.506972 np0000007313 devstack@neutron-api.service[90890]: DEBUG ovsdbapp.backend.ovs_idl.event [-] Matched CREATE: LogicalSwitchPortCreateEvent(events=('create',), table='Logical_Switch_Port', conditions=[], old_conditions=None), priority=20 to row=Logical_Switch_Port(uuid=950a01ce-76d5-495a-89cb-7916b8856be5, addresses=['fa:16:3e:45:c8:6f'], dhcpv4_options=[], dhcpv6_options=[], dynamic_addresses=[], enabled=True, external_ids={'neutron:cidrs': '', 'neutron:device_id': 'ovnmeta-f22bdcb5-da30-466e-95ee-487b091160e0', 'neutron:device_owner': 'network:distributed', 'neutron:mtu': '1372', 'neutron:network_name': 'neutron-f22bdcb5-da30-466e-95ee-487b091160e0', 'neutron:port_capabilities': '', 'neutron:port_name': '', 'neutron:project_id': 'c5f8ded34c0e481281f708b18e12c930', 'neutron:revision_number': '1', 'neutron:security_group_ids': '', 'neutron:subnet_pool_addr_scope4': '', 'neutron:subnet_pool_addr_scope6': '', 'neutron:vnic_type': 'normal'}, ha_chassis_group=[], mirror_rules=[], name='af7ea9b7-5a83-41cc-8971-32532e0e1d7f', options={}, parent_name=[], port_security=[], tag=[], tag_request=[], type='localport', up=[]) old= {{(pid=90890) matches /opt/stack/data/venv/lib/python3.12/site-packages/ovsdbapp/backend/ovs_idl/event.py:55}}
Aug 14 03:42:37.507668 np0000007313 devstack@neutron-api.service[90888]: DEBUG neutron.plugins.ml2.drivers.ovn.mech_driver.ovsdb.ovsdb_monitor [-] Hash Ring: Node ff64f22cae245d8b8ca5a443d2f80dc2 (host: np0000007313) handling event "update" for row f22bdcb5-da30-466e-95ee-487b091160e0 (table: Logical_Switch) {{(pid=90888) notify /opt/stack/neutron/neutron/plugins/ml2/drivers/ovn/mech_driver/ovsdb/ovsdb_monitor.py:1099}}
Aug 14 03:42:37.507795 np0000007313 devstack@neutron-api.service[90890]: INFO neutron.plugins.ml2.drivers.ovn.mech_driver.mech_driver [-] OVN reports status down for port: af7ea9b7-5a83-41cc-8971-32532e0e1d7f
Aug 14 03:42:37.507900 np0000007313 devstack@neutron-api.service[90888]: DEBUG neutron.plugins.ml2.drivers.ovn.mech_driver.ovsdb.ovsdb_monitor [-] Hash Ring: Node ff64f22cae245d8b8ca5a443d2f80dc2 (host: np0000007313) handling event "create" for row 950a01ce-76d5-495a-89cb-7916b8856be5 (table: Logical_Switch_Port) {{(pid=90888) notify /opt/stack/neutron/neutron/plugins/ml2/drivers/ovn/mech_driver/ovsdb/ovsdb_monitor.py:1099}}
Aug 14 03:42:37.508398 np0000007313 devstack@neutron-api.service[90890]: DEBUG neutron.plugins.ml2.drivers.ovn.mech_driver.ovsdb.ovsdb_monitor [-] Hash Ring: Node fa25916690995ae78923a5b5f2b15da0 (host: np0000007313) handling event "update" for row 950a01ce-76d5-495a-89cb-7916b8856be5 (table: Logical_Switch_Port) {{(pid=90890) notify /opt/stack/neutron/neutron/plugins/ml2/drivers/ovn/mech_driver/ovsdb/ovsdb_monitor.py:1099}}
Aug 14 03:42:37.510633 np0000007313 devstack@neutron-api.service[90888]: DEBUG ovsdbapp.backend.ovs_idl.event [-] Matched CREATE: LogicalSwitchPortCreateEvent(events=('create',), table='Logical_Switch_Port', conditions=[], old_conditions=None), priority=20 to row=Logical_Switch_Port(uuid=950a01ce-76d5-495a-89cb-7916b8856be5, addresses=['fa:16:3e:45:c8:6f'], dhcpv4_options=[], dhcpv6_options=[], dynamic_addresses=[], enabled=True, external_ids={'neutron:cidrs': '', 'neutron:device_id': 'ovnmeta-f22bdcb5-da30-466e-95ee-487b091160e0', 'neutron:device_owner': 'network:distributed', 'neutron:mtu': '1372', 'neutron:network_name': 'neutron-f22bdcb5-da30-466e-95ee-487b091160e0', 'neutron:port_capabilities': '', 'neutron:port_name': '', 'neutron:project_id': 'c5f8ded34c0e481281f708b18e12c930', 'neutron:revision_number': '1', 'neutron:security_group_ids': '', 'neutron:subnet_pool_addr_scope4': '', 'neutron:subnet_pool_addr_scope6': '', 'neutron:vnic_type': 'normal'}, ha_chassis_group=[], mirror_rules=[], name='af7ea9b7-5a83-41cc-8971-32532e0e1d7f', options={}, parent_name=[], port_security=[], tag=[], tag_request=[], type='localport', up=[]) old= {{(pid=90888) matches /opt/stack/data/venv/lib/python3.12/site-packages/ovsdbapp/backend/ovs_idl/event.py:55}}
Aug 14 03:42:37.510633 np0000007313 devstack@neutron-api.service[90888]: INFO neutron.plugins.ml2.drivers.ovn.mech_driver.mech_driver [-] OVN reports status down for port: af7ea9b7-5a83-41cc-8971-32532e0e1d7f
Aug 14 03:42:37.510902 np0000007313 devstack@neutron-api.service[90887]: DEBUG neutron.plugins.ml2.drivers.ovn.mech_driver.ovsdb.ovsdb_monitor [-] Hash Ring: Node 40a9892eb7055f7fbbe089d72941efbb (host: np0000007313) handling event "update" for row f22bdcb5-da30-466e-95ee-487b091160e0 (table: Logical_Switch) {{(pid=90887) notify /opt/stack/neutron/neutron/plugins/ml2/drivers/ovn/mech_driver/ovsdb/ovsdb_monitor.py:1099}}
Aug 14 03:42:37.511009 np0000007313 devstack@neutron-api.service[90890]: DEBUG neutron.plugins.ml2.drivers.ovn.mech_driver.ovsdb.ovsdb_monitor [-] Hash Ring: Node fa25916690995ae78923a5b5f2b15da0 (host: np0000007313) handling event "create" for row c0f11ede-82a1-4629-b453-8b4726b97c1d (table: Port_Binding) {{(pid=90890) notify /opt/stack/neutron/neutron/plugins/ml2/drivers/ovn/mech_driver/ovsdb/ovsdb_monitor.py:1099}}
Aug 14 03:42:37.513749 np0000007313 devstack@neutron-api.service[90888]: DEBUG neutron.plugins.ml2.drivers.ovn.mech_driver.ovsdb.ovsdb_monitor [-] Hash Ring: Node ff64f22cae245d8b8ca5a443d2f80dc2 (host: np0000007313) handling event "update" for row 950a01ce-76d5-495a-89cb-7916b8856be5 (table: Logical_Switch_Port) {{(pid=90888) notify /opt/stack/neutron/neutron/plugins/ml2/drivers/ovn/mech_driver/ovsdb/ovsdb_monitor.py:1099}}
Aug 14 03:42:37.514269 np0000007313 devstack@neutron-api.service[90888]: DEBUG neutron.plugins.ml2.drivers.ovn.mech_driver.ovsdb.ovsdb_monitor [-] Hash Ring: Node ff64f22cae245d8b8ca5a443d2f80dc2 (host: np0000007313) handling event "create" for row c0f11ede-82a1-4629-b453-8b4726b97c1d (table: Port_Binding) {{(pid=90888) notify /opt/stack/neutron/neutron/plugins/ml2/drivers/ovn/mech_driver/ovsdb/ovsdb_monitor.py:1099}}
Aug 14 03:42:37.549223 np0000007313 devstack@neutron-api.service[90890]: INFO neutron.db.ovn_revision_numbers_db [None req-13ec6736-e2bf-435d-a58f-541f67fa3b6c admin admin] Successfully bumped revision number for resource af7ea9b7-5a83-41cc-8971-32532e0e1d7f (type: ports) to 1
Aug 14 03:42:37.556225 np0000007313 devstack@neutron-api.service[90890]: DEBUG neutron.pecan_wsgi.hooks.policy_enforcement [None req-13ec6736-e2bf-435d-a58f-541f67fa3b6c admin admin] Attributes excluded by policy engine: ['standard_attr_id'] {{(pid=90890) _exclude_attributes_by_policy /opt/stack/neutron/neutron/pecan_wsgi/hooks/policy_enforcement.py:259}}
Aug 14 03:42:37.556513 np0000007313 devstack@neutron-api.service[90890]: DEBUG neutron_lib.callbacks.manager [None req-13ec6736-e2bf-435d-a58f-541f67fa3b6c admin admin] Publish callbacks [] for network (None), before_response {{(pid=90890) _notify_loop /opt/stack/data/venv/lib/python3.12/site-packages/neutron_lib/callbacks/manager.py:184}}
Aug 14 03:42:37.581734 np0000007313 devstack@neutron-api.service[90890]: [pid: 90890|app: 0|req: 1/5] 10.4.3.64 () {68 vars in 1319 bytes} [Fri Aug 14 03:42:36 2026] POST /networking/v2.0/networks => generated 681 bytes in 1279 msecs (HTTP/1.1 201) 4 headers in 162 bytes (1 switches on core 0)
Aug 14 03:42:37.585327 np0000007313 devstack@neutron-api.service[90888]: DEBUG neutron.db.provisioning_blocks [None req-c8864f36-adc5-402c-aa8f-54fd6d8f5628 None None] Transition to ACTIVE for port object af7ea9b7-5a83-41cc-8971-32532e0e1d7f will not be triggered until provisioned by entity L2. {{(pid=90888) add_provisioning_component /opt/stack/neutron/neutron/db/provisioning_blocks.py:74}}
