Jul 05 02:26:26.481642 np0000004556 nova-conductor[98799]: DEBUG cotyledon.oslo_config_glue [-] profiler.es_scroll_size = 10000 {{(pid=98799) log_opt_values /opt/stack/data/venv/lib/python3.12/site-packages/oslo_config/cfg.py:3253}}
Jul 05 02:26:26.481642 np0000004556 nova-conductor[98799]: DEBUG cotyledon.oslo_config_glue [-] profiler.es_scroll_time = 2m {{(pid=98799) log_opt_values /opt/stack/data/venv/lib/python3.12/site-packages/oslo_config/cfg.py:3253}}
Jul 05 02:26:26.481642 np0000004556 nova-conductor[98799]: DEBUG cotyledon.oslo_config_glue [-] profiler.filter_error_trace = False {{(pid=98799) log_opt_values /opt/stack/data/venv/lib/python3.12/site-packages/oslo_config/cfg.py:3253}}
Jul 05 02:26:26.481642 np0000004556 nova-conductor[98799]: DEBUG cotyledon.oslo_config_glue [-] profiler.hmac_keys = **** {{(pid=98799) log_opt_values /opt/stack/data/venv/lib/python3.12/site-packages/oslo_config/cfg.py:3253}}
Jul 05 02:26:26.481642 np0000004556 nova-conductor[98799]: DEBUG cotyledon.oslo_config_glue [-] profiler.sentinel_service_name = mymaster {{(pid=98799) log_opt_values /opt/stack/data/venv/lib/python3.12/site-packages/oslo_config/cfg.py:3253}}
Jul 05 02:26:26.481642 np0000004556 nova-conductor[98799]: DEBUG cotyledon.oslo_config_glue [-] profiler.socket_timeout = 0.1 {{(pid=98799) log_opt_values /opt/stack/data/venv/lib/python3.12/site-packages/oslo_config/cfg.py:3253}}
Jul 05 02:26:26.481642 np0000004556 nova-conductor[98799]: DEBUG cotyledon.oslo_config_glue [-] profiler.trace_requests = False {{(pid=98799) log_opt_values /opt/stack/data/venv/lib/python3.12/site-packages/oslo_config/cfg.py:3253}}
Jul 05 02:26:26.481901 np0000004556 nova-conductor[98799]: DEBUG cotyledon.oslo_config_glue [-] profiler.trace_sqlalchemy = False {{(pid=98799) log_opt_values /opt/stack/data/venv/lib/python3.12/site-packages/oslo_config/cfg.py:3253}}
Jul 05 02:26:26.481901 np0000004556 nova-conductor[98799]: DEBUG cotyledon.oslo_config_glue [-] profiler_jaeger.process_tags = {} {{(pid=98799) log_opt_values /opt/stack/data/venv/lib/python3.12/site-packages/oslo_config/cfg.py:3253}}
Jul 05 02:26:26.481901 np0000004556 nova-conductor[98799]: DEBUG cotyledon.oslo_config_glue [-] profiler_jaeger.service_name_prefix = None {{(pid=98799) log_opt_values /opt/stack/data/venv/lib/python3.12/site-packages/oslo_config/cfg.py:3253}}
Jul 05 02:26:26.481901 np0000004556 nova-conductor[98799]: DEBUG cotyledon.oslo_config_glue [-] profiler_otlp.service_name_prefix = None {{(pid=98799) log_opt_values /opt/stack/data/venv/lib/python3.12/site-packages/oslo_config/cfg.py:3253}}
Jul 05 02:26:26.481901 np0000004556 nova-conductor[98799]: DEBUG cotyledon.oslo_config_glue [-] oslo_messaging_rabbit.amqp_auto_delete = False {{(pid=98799) log_opt_values /opt/stack/data/venv/lib/python3.12/site-packages/oslo_config/cfg.py:3253}}
Jul 05 02:26:26.481901 np0000004556 nova-conductor[98799]: DEBUG cotyledon.oslo_config_glue [-] oslo_messaging_rabbit.amqp_durable_queues = False {{(pid=98799) log_opt_values /opt/stack/data/venv/lib/python3.12/site-packages/oslo_config/cfg.py:3253}}
Jul 05 02:26:26.481901 np0000004556 nova-conductor[98799]: DEBUG cotyledon.oslo_config_glue [-] oslo_messaging_rabbit.conn_pool_min_size = 2 {{(pid=98799) log_opt_values /opt/stack/data/venv/lib/python3.12/site-packages/oslo_config/cfg.py:3253}}
Jul 05 02:26:26.481901 np0000004556 nova-conductor[98799]: DEBUG cotyledon.oslo_config_glue [-] oslo_messaging_rabbit.conn_pool_ttl = 1200 {{(pid=98799) log_opt_values /opt/stack/data/venv/lib/python3.12/site-packages/oslo_config/cfg.py:3253}}
Jul 05 02:26:26.481901 np0000004556 nova-conductor[98799]: DEBUG cotyledon.oslo_config_glue [-] oslo_messaging_rabbit.direct_mandatory_flag = True {{(pid=98799) log_opt_values /opt/stack/data/venv/lib/python3.12/site-packages/oslo_config/cfg.py:3253}}
Jul 05 02:26:26.482137 np0000004556 nova-conductor[98799]: DEBUG cotyledon.oslo_config_glue [-] oslo_messaging_rabbit.enable_cancel_on_failover = False {{(pid=98799) log_opt_values /opt/stack/data/venv/lib/python3.12/site-packages/oslo_config/cfg.py:3253}}
Jul 05 02:26:26.482137 np0000004556 nova-conductor[98799]: DEBUG cotyledon.oslo_config_glue [-] oslo_messaging_rabbit.heartbeat_rate = 3 {{(pid=98799) log_opt_values /opt/stack/data/venv/lib/python3.12/site-packages/oslo_config/cfg.py:3253}}
Jul 05 02:26:26.482137 np0000004556 nova-conductor[98799]: DEBUG cotyledon.oslo_config_glue [-] oslo_messaging_rabbit.heartbeat_timeout_threshold = 60 {{(pid=98799) log_opt_values /opt/stack/data/venv/lib/python3.12/site-packages/oslo_config/cfg.py:3253}}
Jul 05 02:26:26.482137 np0000004556 nova-conductor[98799]: DEBUG cotyledon.oslo_config_glue [-] oslo_messaging_rabbit.hostname = np0000004556 {{(pid=98799) log_opt_values /opt/stack/data/venv/lib/python3.12/site-packages/oslo_config/cfg.py:3253}}
Jul 05 02:26:26.482137 np0000004556 nova-conductor[98799]: DEBUG cotyledon.oslo_config_glue [-] oslo_messaging_rabbit.kombu_compression = None {{(pid=98799) log_opt_values /opt/stack/data/venv/lib/python3.12/site-packages/oslo_config/cfg.py:3253}}
Jul 05 02:26:26.482137 np0000004556 nova-conductor[98799]: DEBUG cotyledon.oslo_config_glue [-] oslo_messaging_rabbit.kombu_failover_strategy = round-robin {{(pid=98799) log_opt_values /opt/stack/data/venv/lib/python3.12/site-packages/oslo_config/cfg.py:3253}}
Jul 05 02:26:26.482137 np0000004556 nova-conductor[98799]: DEBUG cotyledon.oslo_config_glue [-] oslo_messaging_rabbit.kombu_missing_consumer_retry_timeout = 60 {{(pid=98799) log_opt_values /opt/stack/data/venv/lib/python3.12/site-packages/oslo_config/cfg.py:3253}}
Jul 05 02:26:26.482137 np0000004556 nova-conductor[98799]: DEBUG cotyledon.oslo_config_glue [-] oslo_messaging_rabbit.kombu_reconnect_delay = 1.0 {{(pid=98799) log_opt_values /opt/stack/data/venv/lib/python3.12/site-packages/oslo_config/cfg.py:3253}}
Jul 05 02:26:26.482137 np0000004556 nova-conductor[98799]: DEBUG cotyledon.oslo_config_glue [-] oslo_messaging_rabbit.kombu_reconnect_splay = 0.0 {{(pid=98799) log_opt_values /opt/stack/data/venv/lib/python3.12/site-packages/oslo_config/cfg.py:3253}}
Jul 05 02:26:26.482433 np0000004556 nova-conductor[98799]: DEBUG cotyledon.oslo_config_glue [-] oslo_messaging_rabbit.processname = nova-conductor {{(pid=98799) log_opt_values /opt/stack/data/venv/lib/python3.12/site-packages/oslo_config/cfg.py:3253}}
Jul 05 02:26:26.482433 np0000004556 nova-conductor[98799]: DEBUG cotyledon.oslo_config_glue [-] oslo_messaging_rabbit.rabbit_ha_queues = False {{(pid=98799) log_opt_values /opt/stack/data/venv/lib/python3.12/site-packages/oslo_config/cfg.py:3253}}
Jul 05 02:26:26.482433 np0000004556 nova-conductor[98799]: DEBUG cotyledon.oslo_config_glue [-] oslo_messaging_rabbit.rabbit_interval_max = 30 {{(pid=98799) log_opt_values /opt/stack/data/venv/lib/python3.12/site-packages/oslo_config/cfg.py:3253}}
Jul 05 02:26:26.482433 np0000004556 nova-conductor[98799]: DEBUG cotyledon.oslo_config_glue [-] oslo_messaging_rabbit.rabbit_login_method = AMQPLAIN {{(pid=98799) log_opt_values /opt/stack/data/venv/lib/python3.12/site-packages/oslo_config/cfg.py:3253}}
Jul 05 02:26:26.482433 np0000004556 nova-conductor[98799]: DEBUG cotyledon.oslo_config_glue [-] oslo_messaging_rabbit.rabbit_qos_prefetch_count = 0 {{(pid=98799) log_opt_values /opt/stack/data/venv/lib/python3.12/site-packages/oslo_config/cfg.py:3253}}
Jul 05 02:26:26.482433 np0000004556 nova-conductor[98799]: DEBUG cotyledon.oslo_config_glue [-] oslo_messaging_rabbit.rabbit_quorum_delivery_limit = 0 {{(pid=98799) log_opt_values /opt/stack/data/venv/lib/python3.12/site-packages/oslo_config/cfg.py:3253}}
Jul 05 02:26:26.482433 np0000004556 nova-conductor[98799]: DEBUG cotyledon.oslo_config_glue [-] oslo_messaging_rabbit.rabbit_quorum_max_memory_bytes = 0 {{(pid=98799) log_opt_values /opt/stack/data/venv/lib/python3.12/site-packages/oslo_config/cfg.py:3253}}
Jul 05 02:26:26.482433 np0000004556 nova-conductor[98799]: DEBUG cotyledon.oslo_config_glue [-] oslo_messaging_rabbit.rabbit_quorum_max_memory_length = 0 {{(pid=98799) log_opt_values /opt/stack/data/venv/lib/python3.12/site-packages/oslo_config/cfg.py:3253}}
Jul 05 02:26:26.482433 np0000004556 nova-conductor[98799]: DEBUG cotyledon.oslo_config_glue [-] oslo_messaging_rabbit.rabbit_quorum_queue = False {{(pid=98799) log_opt_values /opt/stack/data/venv/lib/python3.12/site-packages/oslo_config/cfg.py:3253}}
Jul 05 02:26:26.482741 np0000004556 nova-conductor[98799]: DEBUG cotyledon.oslo_config_glue [-] oslo_messaging_rabbit.rabbit_retry_backoff = 2 {{(pid=98799) log_opt_values /opt/stack/data/venv/lib/python3.12/site-packages/oslo_config/cfg.py:3253}}
Jul 05 02:26:26.482741 np0000004556 nova-conductor[98799]: DEBUG cotyledon.oslo_config_glue [-] oslo_messaging_rabbit.rabbit_retry_interval = 1 {{(pid=98799) log_opt_values /opt/stack/data/venv/lib/python3.12/site-packages/oslo_config/cfg.py:3253}}
Jul 05 02:26:26.482741 np0000004556 nova-conductor[98799]: DEBUG cotyledon.oslo_config_glue [-] oslo_messaging_rabbit.rabbit_stream_fanout = False {{(pid=98799) log_opt_values /opt/stack/data/venv/lib/python3.12/site-packages/oslo_config/cfg.py:3253}}
Jul 05 02:26:26.482741 np0000004556 nova-conductor[98799]: DEBUG cotyledon.oslo_config_glue [-] oslo_messaging_rabbit.rabbit_transient_queues_ttl = 1800 {{(pid=98799) log_opt_values /opt/stack/data/venv/lib/python3.12/site-packages/oslo_config/cfg.py:3253}}
Jul 05 02:26:26.482741 np0000004556 nova-conductor[98799]: DEBUG cotyledon.oslo_config_glue [-] oslo_messaging_rabbit.rabbit_transient_quorum_queue = False {{(pid=98799) log_opt_values /opt/stack/data/venv/lib/python3.12/site-packages/oslo_config/cfg.py:3253}}
Jul 05 02:26:26.482741 np0000004556 nova-conductor[98799]: DEBUG cotyledon.oslo_config_glue [-] oslo_messaging_rabbit.rpc_conn_pool_size = 30 {{(pid=98799) log_opt_values /opt/stack/data/venv/lib/python3.12/site-packages/oslo_config/cfg.py:3253}}
Jul 05 02:26:26.482741 np0000004556 nova-conductor[98799]: DEBUG cotyledon.oslo_config_glue [-] oslo_messaging_rabbit.ssl = False {{(pid=98799) log_opt_values /opt/stack/data/venv/lib/python3.12/site-packages/oslo_config/cfg.py:3253}}
Jul 05 02:26:26.482741 np0000004556 nova-conductor[98799]: DEBUG cotyledon.oslo_config_glue [-] oslo_messaging_rabbit.ssl_ca_file = {{(pid=98799) log_opt_values /opt/stack/data/venv/lib/python3.12/site-packages/oslo_config/cfg.py:3253}}
Jul 05 02:26:26.482741 np0000004556 nova-conductor[98799]: DEBUG cotyledon.oslo_config_glue [-] oslo_messaging_rabbit.ssl_cert_file = {{(pid=98799) log_opt_values /opt/stack/data/venv/lib/python3.12/site-packages/oslo_config/cfg.py:3253}}
Jul 05 02:26:26.483036 np0000004556 nova-conductor[98799]: DEBUG cotyledon.oslo_config_glue [-] oslo_messaging_rabbit.ssl_enforce_fips_mode = False {{(pid=98799) log_opt_values /opt/stack/data/venv/lib/python3.12/site-packages/oslo_config/cfg.py:3253}}
Jul 05 02:26:26.483036 np0000004556 nova-conductor[98799]: DEBUG cotyledon.oslo_config_glue [-] oslo_messaging_rabbit.ssl_enforce_hostname_verification = True {{(pid=98799) log_opt_values /opt/stack/data/venv/lib/python3.12/site-packages/oslo_config/cfg.py:3253}}
Jul 05 02:26:26.483036 np0000004556 nova-conductor[98799]: DEBUG cotyledon.oslo_config_glue [-] oslo_messaging_rabbit.ssl_key_file = {{(pid=98799) log_opt_values /opt/stack/data/venv/lib/python3.12/site-packages/oslo_config/cfg.py:3253}}
Jul 05 02:26:26.483036 np0000004556 nova-conductor[98799]: DEBUG cotyledon.oslo_config_glue [-] oslo_messaging_rabbit.ssl_version = {{(pid=98799) log_opt_values /opt/stack/data/venv/lib/python3.12/site-packages/oslo_config/cfg.py:3253}}
Jul 05 02:26:26.483036 np0000004556 nova-conductor[98799]: DEBUG cotyledon.oslo_config_glue [-] oslo_messaging_rabbit.use_queue_manager = False {{(pid=98799) log_opt_values /opt/stack/data/venv/lib/python3.12/site-packages/oslo_config/cfg.py:3253}}
Jul 05 02:26:26.483036 np0000004556 nova-conductor[98799]: DEBUG cotyledon.oslo_config_glue [-] oslo_messaging_notifications.driver = ['messagingv2'] {{(pid=98799) log_opt_values /opt/stack/data/venv/lib/python3.12/site-packages/oslo_config/cfg.py:3253}}
Jul 05 02:26:26.483036 np0000004556 nova-conductor[98799]: DEBUG cotyledon.oslo_config_glue [-] oslo_messaging_notifications.retry = -1 {{(pid=98799) log_opt_values /opt/stack/data/venv/lib/python3.12/site-packages/oslo_config/cfg.py:3253}}
Jul 05 02:26:26.483036 np0000004556 nova-conductor[98799]: DEBUG cotyledon.oslo_config_glue [-] oslo_messaging_notifications.topics = ['notifications'] {{(pid=98799) log_opt_values /opt/stack/data/venv/lib/python3.12/site-packages/oslo_config/cfg.py:3253}}
Jul 05 02:26:26.483036 np0000004556 nova-conductor[98799]: DEBUG cotyledon.oslo_config_glue [-] oslo_messaging_notifications.transport_url = **** {{(pid=98799) log_opt_values /opt/stack/data/venv/lib/python3.12/site-packages/oslo_config/cfg.py:3253}}
Jul 05 02:26:26.483246 np0000004556 nova-conductor[98799]: DEBUG cotyledon.oslo_config_glue [-] oslo_limit.auth_section = None {{(pid=98799) log_opt_values /opt/stack/data/venv/lib/python3.12/site-packages/oslo_config/cfg.py:3253}}
Jul 05 02:26:26.483246 np0000004556 nova-conductor[98799]: DEBUG cotyledon.oslo_config_glue [-] oslo_limit.auth_type = None {{(pid=98799) log_opt_values /opt/stack/data/venv/lib/python3.12/site-packages/oslo_config/cfg.py:3253}}
Jul 05 02:26:26.483246 np0000004556 nova-conductor[98799]: DEBUG cotyledon.oslo_config_glue [-] oslo_limit.cafile = None {{(pid=98799) log_opt_values /opt/stack/data/venv/lib/python3.12/site-packages/oslo_config/cfg.py:3253}}
Jul 05 02:26:26.483246 np0000004556 nova-conductor[98799]: DEBUG cotyledon.oslo_config_glue [-] oslo_limit.certfile = None {{(pid=98799) log_opt_values /opt/stack/data/venv/lib/python3.12/site-packages/oslo_config/cfg.py:3253}}
Jul 05 02:26:26.483246 np0000004556 nova-conductor[98799]: DEBUG cotyledon.oslo_config_glue [-] oslo_limit.collect_timing = False {{(pid=98799) log_opt_values /opt/stack/data/venv/lib/python3.12/site-packages/oslo_config/cfg.py:3253}}
Jul 05 02:26:26.483246 np0000004556 nova-conductor[98799]: DEBUG cotyledon.oslo_config_glue [-] oslo_limit.connect_retries = None {{(pid=98799) log_opt_values /opt/stack/data/venv/lib/python3.12/site-packages/oslo_config/cfg.py:3253}}
Jul 05 02:26:26.483246 np0000004556 nova-conductor[98799]: DEBUG cotyledon.oslo_config_glue [-] oslo_limit.connect_retry_delay = None {{(pid=98799) log_opt_values /opt/stack/data/venv/lib/python3.12/site-packages/oslo_config/cfg.py:3253}}
Jul 05 02:26:26.483246 np0000004556 nova-conductor[98799]: DEBUG cotyledon.oslo_config_glue [-] oslo_limit.endpoint_id = None {{(pid=98799) log_opt_values /opt/stack/data/venv/lib/python3.12/site-packages/oslo_config/cfg.py:3253}}
Jul 05 02:26:26.483246 np0000004556 nova-conductor[98799]: DEBUG cotyledon.oslo_config_glue [-] oslo_limit.endpoint_interface = public {{(pid=98799) log_opt_values /opt/stack/data/venv/lib/python3.12/site-packages/oslo_config/cfg.py:3253}}
Jul 05 02:26:26.483430 np0000004556 nova-conductor[98799]: DEBUG cotyledon.oslo_config_glue [-] oslo_limit.endpoint_override = None {{(pid=98799) log_opt_values /opt/stack/data/venv/lib/python3.12/site-packages/oslo_config/cfg.py:3253}}
Jul 05 02:26:26.483430 np0000004556 nova-conductor[98799]: DEBUG cotyledon.oslo_config_glue [-] oslo_limit.endpoint_region_name = None {{(pid=98799) log_opt_values /opt/stack/data/venv/lib/python3.12/site-packages/oslo_config/cfg.py:3253}}
Jul 05 02:26:26.483430 np0000004556 nova-conductor[98799]: DEBUG cotyledon.oslo_config_glue [-] oslo_limit.endpoint_service_name = None {{(pid=98799) log_opt_values /opt/stack/data/venv/lib/python3.12/site-packages/oslo_config/cfg.py:3253}}
Jul 05 02:26:26.483430 np0000004556 nova-conductor[98799]: DEBUG cotyledon.oslo_config_glue [-] oslo_limit.endpoint_service_type = None {{(pid=98799) log_opt_values /opt/stack/data/venv/lib/python3.12/site-packages/oslo_config/cfg.py:3253}}
Jul 05 02:26:26.483430 np0000004556 nova-conductor[98799]: DEBUG cotyledon.oslo_config_glue [-] oslo_limit.insecure = False {{(pid=98799) log_opt_values /opt/stack/data/venv/lib/python3.12/site-packages/oslo_config/cfg.py:3253}}
Jul 05 02:26:26.483430 np0000004556 nova-conductor[98799]: DEBUG cotyledon.oslo_config_glue [-] oslo_limit.keyfile = None {{(pid=98799) log_opt_values /opt/stack/data/venv/lib/python3.12/site-packages/oslo_config/cfg.py:3253}}
Jul 05 02:26:26.483430 np0000004556 nova-conductor[98799]: DEBUG cotyledon.oslo_config_glue [-] oslo_limit.max_version = None {{(pid=98799) log_opt_values /opt/stack/data/venv/lib/python3.12/site-packages/oslo_config/cfg.py:3253}}
Jul 05 02:26:26.483430 np0000004556 nova-conductor[98799]: DEBUG cotyledon.oslo_config_glue [-] oslo_limit.min_version = None {{(pid=98799) log_opt_values /opt/stack/data/venv/lib/python3.12/site-packages/oslo_config/cfg.py:3253}}
Jul 05 02:26:26.483430 np0000004556 nova-conductor[98799]: DEBUG cotyledon.oslo_config_glue [-] oslo_limit.region_name = None {{(pid=98799) log_opt_values /opt/stack/data/venv/lib/python3.12/site-packages/oslo_config/cfg.py:3253}}
Jul 05 02:26:26.483663 np0000004556 nova-conductor[98799]: DEBUG cotyledon.oslo_config_glue [-] oslo_limit.retriable_status_codes = None {{(pid=98799) log_opt_values /opt/stack/data/venv/lib/python3.12/site-packages/oslo_config/cfg.py:3253}}
Jul 05 02:26:26.483663 np0000004556 nova-conductor[98799]: DEBUG cotyledon.oslo_config_glue [-] oslo_limit.service_name = None {{(pid=98799) log_opt_values /opt/stack/data/venv/lib/python3.12/site-packages/oslo_config/cfg.py:3253}}
Jul 05 02:26:26.483663 np0000004556 nova-conductor[98799]: DEBUG cotyledon.oslo_config_glue [-] oslo_limit.service_type = None {{(pid=98799) log_opt_values /opt/stack/data/venv/lib/python3.12/site-packages/oslo_config/cfg.py:3253}}
Jul 05 02:26:26.483663 np0000004556 nova-conductor[98799]: DEBUG cotyledon.oslo_config_glue [-] oslo_limit.split_loggers = False {{(pid=98799) log_opt_values /opt/stack/data/venv/lib/python3.12/site-packages/oslo_config/cfg.py:3253}}
Jul 05 02:26:26.483663 np0000004556 nova-conductor[98799]: DEBUG cotyledon.oslo_config_glue [-] oslo_limit.status_code_retries = None {{(pid=98799) log_opt_values /opt/stack/data/venv/lib/python3.12/site-packages/oslo_config/cfg.py:3253}}
Jul 05 02:26:26.483663 np0000004556 nova-conductor[98799]: DEBUG cotyledon.oslo_config_glue [-] oslo_limit.status_code_retry_delay = None {{(pid=98799) log_opt_values /opt/stack/data/venv/lib/python3.12/site-packages/oslo_config/cfg.py:3253}}
Jul 05 02:26:26.483663 np0000004556 nova-conductor[98799]: DEBUG cotyledon.oslo_config_glue [-] oslo_limit.timeout = None {{(pid=98799) log_opt_values /opt/stack/data/venv/lib/python3.12/site-packages/oslo_config/cfg.py:3253}}
Jul 05 02:26:26.483663 np0000004556 nova-conductor[98799]: DEBUG cotyledon.oslo_config_glue [-] oslo_limit.valid_interfaces = None {{(pid=98799) log_opt_values /opt/stack/data/venv/lib/python3.12/site-packages/oslo_config/cfg.py:3253}}
Jul 05 02:26:26.483663 np0000004556 nova-conductor[98799]: DEBUG cotyledon.oslo_config_glue [-] oslo_limit.version = None {{(pid=98799) log_opt_values /opt/stack/data/venv/lib/python3.12/site-packages/oslo_config/cfg.py:3253}}
Jul 05 02:26:26.484188 np0000004556 nova-conductor[98799]: DEBUG cotyledon.oslo_config_glue [-] oslo_reports.file_event_handler = None {{(pid=98799) log_opt_values /opt/stack/data/venv/lib/python3.12/site-packages/oslo_config/cfg.py:3253}}
Jul 05 02:26:26.484188 np0000004556 nova-conductor[98799]: DEBUG cotyledon.oslo_config_glue [-] oslo_reports.file_event_handler_interval = 1 {{(pid=98799) log_opt_values /opt/stack/data/venv/lib/python3.12/site-packages/oslo_config/cfg.py:3253}}
Jul 05 02:26:26.484188 np0000004556 nova-conductor[98799]: DEBUG cotyledon.oslo_config_glue [-] oslo_reports.log_dir = None {{(pid=98799) log_opt_values /opt/stack/data/venv/lib/python3.12/site-packages/oslo_config/cfg.py:3253}}
Jul 05 02:26:26.484188 np0000004556 nova-conductor[98799]: DEBUG cotyledon.oslo_config_glue [-] ******************************************************************************** {{(pid=98799) log_opt_values /opt/stack/data/venv/lib/python3.12/site-packages/oslo_config/cfg.py:3260}}
Jul 05 02:26:26.484188 np0000004556 nova-conductor[98799]: DEBUG cotyledon._service_worker [-] Run service ServiceWrapper(3) [98799] {{(pid=98799) wait_forever /opt/stack/data/venv/lib/python3.12/site-packages/cotyledon/_service_worker.py:218}}
Jul 05 02:26:26.484188 np0000004556 nova-conductor[98799]: INFO nova.service [-] Starting conductor node (version 33.1.0)
Jul 05 02:26:26.484318 np0000004556 nova-conductor[98772]: DEBUG oslo_db.sqlalchemy.engines [None req-3ce68f19-04f5-4c51-b1ff-ef7fb258549e None None] MySQL server mode set to STRICT_TRANS_TABLES,STRICT_ALL_TABLES,NO_ZERO_IN_DATE,NO_ZERO_DATE,ERROR_FOR_DIVISION_BY_ZERO,TRADITIONAL,NO_ENGINE_SUBSTITUTION {{(pid=98772) _check_effective_sql_mode /opt/stack/data/venv/lib/python3.12/site-packages/oslo_db/sqlalchemy/engines.py:325}}
Jul 05 02:26:26.485120 np0000004556 nova-conductor[98799]: INFO dbcounter [None req-2e409d25-6685-43a2-a6c5-3cd9860cf6dc None None] Registered counter for database nova_cell0
Jul 05 02:26:26.485160 np0000004556 nova-conductor[98772]: DEBUG dbcounter [-] [98772] Writer thread running {{(pid=98772) stat_writer /opt/stack/data/venv/lib/python3.12/site-packages/dbcounter.py:102}}
Jul 05 02:26:26.485227 np0000004556 nova-conductor[98778]: DEBUG oslo_db.sqlalchemy.engines [None req-20c64362-e2d2-46e4-a29e-b497ce10ec48 None None] MySQL server mode set to STRICT_TRANS_TABLES,STRICT_ALL_TABLES,NO_ZERO_IN_DATE,NO_ZERO_DATE,ERROR_FOR_DIVISION_BY_ZERO,TRADITIONAL,NO_ENGINE_SUBSTITUTION {{(pid=98778) _check_effective_sql_mode /opt/stack/data/venv/lib/python3.12/site-packages/oslo_db/sqlalchemy/engines.py:325}}
Jul 05 02:26:26.485260 np0000004556 nova-conductor[98772]: DEBUG nova.service [None req-3ce68f19-04f5-4c51-b1ff-ef7fb258549e None None] Creating RPC server for service: nova-conductor on topic: conductor {{(pid=98772) start /opt/stack/nova/nova/service.py:196}}
Jul 05 02:26:26.486596 np0000004556 nova-conductor[98778]: DEBUG dbcounter [-] [98778] Writer thread running {{(pid=98778) stat_writer /opt/stack/data/venv/lib/python3.12/site-packages/dbcounter.py:102}}
Jul 05 02:26:26.490587 np0000004556 nova-conductor[98778]: DEBUG nova.service [None req-20c64362-e2d2-46e4-a29e-b497ce10ec48 None None] Creating RPC server for service: nova-conductor on topic: conductor {{(pid=98778) start /opt/stack/nova/nova/service.py:196}}
Jul 05 02:26:26.498532 np0000004556 nova-conductor[98791]: DEBUG oslo_db.sqlalchemy.engines [None req-6d1053fa-381f-4e6d-994d-56c24c7c9052 None None] MySQL server mode set to STRICT_TRANS_TABLES,STRICT_ALL_TABLES,NO_ZERO_IN_DATE,NO_ZERO_DATE,ERROR_FOR_DIVISION_BY_ZERO,TRADITIONAL,NO_ENGINE_SUBSTITUTION {{(pid=98791) _check_effective_sql_mode /opt/stack/data/venv/lib/python3.12/site-packages/oslo_db/sqlalchemy/engines.py:325}}
Jul 05 02:26:26.509386 np0000004556 nova-conductor[98799]: DEBUG oslo_db.sqlalchemy.engines [None req-2e409d25-6685-43a2-a6c5-3cd9860cf6dc None None] MySQL server mode set to STRICT_TRANS_TABLES,STRICT_ALL_TABLES,NO_ZERO_IN_DATE,NO_ZERO_DATE,ERROR_FOR_DIVISION_BY_ZERO,TRADITIONAL,NO_ENGINE_SUBSTITUTION {{(pid=98799) _check_effective_sql_mode /opt/stack/data/venv/lib/python3.12/site-packages/oslo_db/sqlalchemy/engines.py:325}}
Jul 05 02:26:26.509559 np0000004556 nova-conductor[98791]: DEBUG dbcounter [-] [98791] Writer thread running {{(pid=98791) stat_writer /opt/stack/data/venv/lib/python3.12/site-packages/dbcounter.py:102}}
Jul 05 02:26:26.512209 np0000004556 nova-conductor[98791]: DEBUG nova.service [None req-6d1053fa-381f-4e6d-994d-56c24c7c9052 None None] Creating RPC server for service: nova-conductor on topic: conductor {{(pid=98791) start /opt/stack/nova/nova/service.py:196}}
Jul 05 02:26:26.513218 np0000004556 nova-conductor[98772]: DEBUG nova.service [None req-3ce68f19-04f5-4c51-b1ff-ef7fb258549e None None] Join ServiceGroup membership for this service conductor {{(pid=98772) start /opt/stack/nova/nova/service.py:222}}
Jul 05 02:26:26.513522 np0000004556 nova-conductor[98772]: DEBUG nova.servicegroup.drivers.db [None req-3ce68f19-04f5-4c51-b1ff-ef7fb258549e None None] DB_Driver: join new ServiceGroup member np0000004556 to the conductor group, service = {{(pid=98772) join /opt/stack/nova/nova/servicegroup/drivers/db.py:44}}
Jul 05 02:26:26.516943 np0000004556 nova-conductor[98778]: DEBUG nova.service [None req-20c64362-e2d2-46e4-a29e-b497ce10ec48 None None] Join ServiceGroup membership for this service conductor {{(pid=98778) start /opt/stack/nova/nova/service.py:222}}
Jul 05 02:26:26.517189 np0000004556 nova-conductor[98778]: DEBUG nova.servicegroup.drivers.db [None req-20c64362-e2d2-46e4-a29e-b497ce10ec48 None None] DB_Driver: join new ServiceGroup member np0000004556 to the conductor group, service = {{(pid=98778) join /opt/stack/nova/nova/servicegroup/drivers/db.py:44}}
Jul 05 02:26:26.522380 np0000004556 nova-conductor[98799]: DEBUG dbcounter [-] [98799] Writer thread running {{(pid=98799) stat_writer /opt/stack/data/venv/lib/python3.12/site-packages/dbcounter.py:102}}
Jul 05 02:26:26.525922 np0000004556 nova-conductor[98799]: DEBUG nova.service [None req-2e409d25-6685-43a2-a6c5-3cd9860cf6dc None None] Creating RPC server for service: nova-conductor on topic: conductor {{(pid=98799) start /opt/stack/nova/nova/service.py:196}}
Jul 05 02:26:26.535819 np0000004556 nova-conductor[98791]: DEBUG nova.service [None req-6d1053fa-381f-4e6d-994d-56c24c7c9052 None None] Join ServiceGroup membership for this service conductor {{(pid=98791) start /opt/stack/nova/nova/service.py:222}}
Jul 05 02:26:26.536215 np0000004556 nova-conductor[98791]: DEBUG nova.servicegroup.drivers.db [None req-6d1053fa-381f-4e6d-994d-56c24c7c9052 None None] DB_Driver: join new ServiceGroup member np0000004556 to the conductor group, service = {{(pid=98791) join /opt/stack/nova/nova/servicegroup/drivers/db.py:44}}
Jul 05 02:26:26.551734 np0000004556 nova-conductor[98799]: DEBUG nova.service [None req-2e409d25-6685-43a2-a6c5-3cd9860cf6dc None None] Join ServiceGroup membership for this service conductor {{(pid=98799) start /opt/stack/nova/nova/service.py:222}}
Jul 05 02:26:26.551972 np0000004556 nova-conductor[98799]: DEBUG nova.servicegroup.drivers.db [None req-2e409d25-6685-43a2-a6c5-3cd9860cf6dc None None] DB_Driver: join new ServiceGroup member np0000004556 to the conductor group, service = {{(pid=98799) join /opt/stack/nova/nova/servicegroup/drivers/db.py:44}}
Jul 05 02:26:31.529421 np0000004556 nova-conductor[98772]: DEBUG oslo.service.backend._threading.loopingcall [-] Fixed interval looping call 'nova.servicegroup.drivers.db.DbDriver._report_state' sleeping for 119.99 seconds {{(pid=98772) _run_loop /opt/stack/data/venv/lib/python3.12/site-packages/oslo_service/backend/_threading/loopingcall.py:125}}
Jul 05 02:26:31.533542 np0000004556 nova-conductor[98778]: DEBUG oslo.service.backend._threading.loopingcall [-] Fixed interval looping call 'nova.servicegroup.drivers.db.DbDriver._report_state' sleeping for 119.99 seconds {{(pid=98778) _run_loop /opt/stack/data/venv/lib/python3.12/site-packages/oslo_service/backend/_threading/loopingcall.py:125}}
Jul 05 02:26:31.548636 np0000004556 nova-conductor[98791]: DEBUG oslo.service.backend._threading.loopingcall [-] Fixed interval looping call 'nova.servicegroup.drivers.db.DbDriver._report_state' sleeping for 119.99 seconds {{(pid=98791) _run_loop /opt/stack/data/venv/lib/python3.12/site-packages/oslo_service/backend/_threading/loopingcall.py:125}}
Jul 05 02:26:31.565359 np0000004556 nova-conductor[98799]: DEBUG oslo.service.backend._threading.loopingcall [-] Fixed interval looping call 'nova.servicegroup.drivers.db.DbDriver._report_state' sleeping for 119.99 seconds {{(pid=98799) _run_loop /opt/stack/data/venv/lib/python3.12/site-packages/oslo_service/backend/_threading/loopingcall.py:125}}
Jul 05 02:26:32.519715 np0000004556 nova-conductor[98778]: DEBUG oslo.service.backend._threading.loopingcall [None req-fb4dba8c-1a1d-4b58-9fb0-c7a569c3c86e None None] Dynamic interval looping call 'nova.service.Service.periodic_tasks' sleeping for 60.00 seconds {{(pid=98778) _run_loop /opt/stack/data/venv/lib/python3.12/site-packages/oslo_service/backend/_threading/loopingcall.py:125}}
Jul 05 02:26:35.055613 np0000004556 nova-conductor[97383]: DEBUG dbcounter [-] [97383] Writing DB stats nova_api:SELECT=1 {{(pid=97383) stat_writer /opt/stack/data/venv/lib/python3.12/site-packages/dbcounter.py:115}}
Jul 05 02:26:35.216081 np0000004556 nova-conductor[97383]: DEBUG dbcounter [-] [97383] Writing DB stats nova_cell0:SELECT=1 {{(pid=97383) stat_writer /opt/stack/data/venv/lib/python3.12/site-packages/dbcounter.py:115}}
Jul 05 02:26:35.219343 np0000004556 nova-conductor[97383]: DEBUG dbcounter [-] [97383] Writing DB stats nova_cell1:SELECT=1 {{(pid=97383) stat_writer /opt/stack/data/venv/lib/python3.12/site-packages/dbcounter.py:115}}
Jul 05 02:26:41.524972 np0000004556 nova-conductor[98772]: DEBUG dbcounter [-] [98772] Writing DB stats nova_cell0:SELECT=4,nova_cell0:INSERT=1,nova_cell0:UPDATE=1 {{(pid=98772) stat_writer /opt/stack/data/venv/lib/python3.12/site-packages/dbcounter.py:115}}
Jul 05 02:26:41.531857 np0000004556 nova-conductor[98778]: DEBUG dbcounter [-] [98778] Writing DB stats nova_cell0:SELECT=3,nova_cell0:UPDATE=1 {{(pid=98778) stat_writer /opt/stack/data/venv/lib/python3.12/site-packages/dbcounter.py:115}}
Jul 05 02:26:41.546047 np0000004556 nova-conductor[98791]: DEBUG dbcounter [-] [98791] Writing DB stats nova_cell0:SELECT=3 {{(pid=98791) stat_writer /opt/stack/data/venv/lib/python3.12/site-packages/dbcounter.py:115}}
Jul 05 02:26:41.562743 np0000004556 nova-conductor[98799]: DEBUG dbcounter [-] [98799] Writing DB stats nova_cell0:SELECT=3 {{(pid=98799) stat_writer /opt/stack/data/venv/lib/python3.12/site-packages/dbcounter.py:115}}
Jul 05 02:26:50.554117 np0000004556 nova-conductor[98799]: DEBUG oslo.service.backend._threading.loopingcall [None req-a62df2f3-fc79-4ec7-9343-afe1b452a0a2 None None] Dynamic interval looping call 'nova.service.Service.periodic_tasks' sleeping for 60.00 seconds {{(pid=98799) _run_loop /opt/stack/data/venv/lib/python3.12/site-packages/oslo_service/backend/_threading/loopingcall.py:125}}
Jul 05 02:27:09.538456 np0000004556 nova-conductor[98791]: DEBUG oslo.service.backend._threading.loopingcall [None req-bb09ed51-4bc4-4b63-acf8-ca250b780108 None None] Dynamic interval looping call 'nova.service.Service.periodic_tasks' sleeping for 60.00 seconds {{(pid=98791) _run_loop /opt/stack/data/venv/lib/python3.12/site-packages/oslo_service/backend/_threading/loopingcall.py:125}}
Jul 05 02:27:26.515490 np0000004556 nova-conductor[98772]: DEBUG oslo.service.backend._threading.loopingcall [None req-2e213a1e-573c-449e-a200-f9d3f8fa2d94 None None] Dynamic interval looping call 'nova.service.Service.periodic_tasks' sleeping for 60.00 seconds {{(pid=98772) _run_loop /opt/stack/data/venv/lib/python3.12/site-packages/oslo_service/backend/_threading/loopingcall.py:125}}
Jul 05 02:27:32.520296 np0000004556 nova-conductor[98778]: DEBUG oslo.service.backend._threading.loopingcall [None req-fb4dba8c-1a1d-4b58-9fb0-c7a569c3c86e None None] Dynamic interval looping call 'nova.service.Service.periodic_tasks' sleeping for 60.00 seconds {{(pid=98778) _run_loop /opt/stack/data/venv/lib/python3.12/site-packages/oslo_service/backend/_threading/loopingcall.py:125}}
Jul 05 02:27:50.554769 np0000004556 nova-conductor[98799]: DEBUG oslo.service.backend._threading.loopingcall [None req-a62df2f3-fc79-4ec7-9343-afe1b452a0a2 None None] Dynamic interval looping call 'nova.service.Service.periodic_tasks' sleeping for 60.00 seconds {{(pid=98799) _run_loop /opt/stack/data/venv/lib/python3.12/site-packages/oslo_service/backend/_threading/loopingcall.py:125}}
Jul 05 02:28:09.539041 np0000004556 nova-conductor[98791]: DEBUG oslo.service.backend._threading.loopingcall [None req-bb09ed51-4bc4-4b63-acf8-ca250b780108 None None] Dynamic interval looping call 'nova.service.Service.periodic_tasks' sleeping for 60.00 seconds {{(pid=98791) _run_loop /opt/stack/data/venv/lib/python3.12/site-packages/oslo_service/backend/_threading/loopingcall.py:125}}
Jul 05 02:28:26.516050 np0000004556 nova-conductor[98772]: DEBUG oslo.service.backend._threading.loopingcall [None req-2e213a1e-573c-449e-a200-f9d3f8fa2d94 None None] Dynamic interval looping call 'nova.service.Service.periodic_tasks' sleeping for 60.00 seconds {{(pid=98772) _run_loop /opt/stack/data/venv/lib/python3.12/site-packages/oslo_service/backend/_threading/loopingcall.py:125}}
Jul 05 02:28:31.527050 np0000004556 nova-conductor[98772]: DEBUG oslo.service.backend._threading.loopingcall [-] Fixed interval looping call 'nova.servicegroup.drivers.db.DbDriver._report_state' sleeping for 119.99 seconds {{(pid=98772) _run_loop /opt/stack/data/venv/lib/python3.12/site-packages/oslo_service/backend/_threading/loopingcall.py:125}}
Jul 05 02:28:31.528399 np0000004556 nova-conductor[98778]: DEBUG oslo.service.backend._threading.loopingcall [-] Fixed interval looping call 'nova.servicegroup.drivers.db.DbDriver._report_state' sleeping for 120.00 seconds {{(pid=98778) _run_loop /opt/stack/data/venv/lib/python3.12/site-packages/oslo_service/backend/_threading/loopingcall.py:125}}
Jul 05 02:28:31.542480 np0000004556 nova-conductor[98791]: DEBUG oslo.service.backend._threading.loopingcall [-] Fixed interval looping call 'nova.servicegroup.drivers.db.DbDriver._report_state' sleeping for 120.00 seconds {{(pid=98791) _run_loop /opt/stack/data/venv/lib/python3.12/site-packages/oslo_service/backend/_threading/loopingcall.py:125}}
Jul 05 02:28:31.560049 np0000004556 nova-conductor[98799]: DEBUG oslo.service.backend._threading.loopingcall [-] Fixed interval looping call 'nova.servicegroup.drivers.db.DbDriver._report_state' sleeping for 120.00 seconds {{(pid=98799) _run_loop /opt/stack/data/venv/lib/python3.12/site-packages/oslo_service/backend/_threading/loopingcall.py:125}}
Jul 05 02:28:32.520952 np0000004556 nova-conductor[98778]: DEBUG oslo.service.backend._threading.loopingcall [None req-fb4dba8c-1a1d-4b58-9fb0-c7a569c3c86e None None] Dynamic interval looping call 'nova.service.Service.periodic_tasks' sleeping for 60.00 seconds {{(pid=98778) _run_loop /opt/stack/data/venv/lib/python3.12/site-packages/oslo_service/backend/_threading/loopingcall.py:125}}
Jul 05 02:28:41.523171 np0000004556 nova-conductor[98772]: DEBUG dbcounter [-] [98772] Writing DB stats nova_cell0:SELECT=1,nova_cell0:UPDATE=1 {{(pid=98772) stat_writer /opt/stack/data/venv/lib/python3.12/site-packages/dbcounter.py:115}}
Jul 05 02:28:41.527582 np0000004556 nova-conductor[98778]: DEBUG dbcounter [-] [98778] Writing DB stats nova_cell0:SELECT=1,nova_cell0:UPDATE=1 {{(pid=98778) stat_writer /opt/stack/data/venv/lib/python3.12/site-packages/dbcounter.py:115}}
Jul 05 02:28:41.540782 np0000004556 nova-conductor[98791]: DEBUG dbcounter [-] [98791] Writing DB stats nova_cell0:SELECT=1 {{(pid=98791) stat_writer /opt/stack/data/venv/lib/python3.12/site-packages/dbcounter.py:115}}
Jul 05 02:28:41.557318 np0000004556 nova-conductor[98799]: DEBUG dbcounter [-] [98799] Writing DB stats nova_cell0:SELECT=1 {{(pid=98799) stat_writer /opt/stack/data/venv/lib/python3.12/site-packages/dbcounter.py:115}}
Jul 05 02:28:50.555295 np0000004556 nova-conductor[98799]: DEBUG oslo.service.backend._threading.loopingcall [None req-a62df2f3-fc79-4ec7-9343-afe1b452a0a2 None None] Dynamic interval looping call 'nova.service.Service.periodic_tasks' sleeping for 60.00 seconds {{(pid=98799) _run_loop /opt/stack/data/venv/lib/python3.12/site-packages/oslo_service/backend/_threading/loopingcall.py:125}}
Jul 05 02:29:00.836760 np0000004556 nova-conductor[98772]: DEBUG oslo_db.sqlalchemy.engines [None req-ff97ebba-483d-4f53-8bc7-8adebeae0a59 tempest-DeleteServersTestJSON-1288316970 tempest-DeleteServersTestJSON-1288316970-project-member] Parent process 97383 forked (98772) with an open database connection, which is being discarded and recreated. {{(pid=98772) checkout /opt/stack/data/venv/lib/python3.12/site-packages/oslo_db/sqlalchemy/engines.py:402}}
Jul 05 02:29:00.897182 np0000004556 nova-conductor[98772]: DEBUG dbcounter [-] [98772] Writer thread running {{(pid=98772) stat_writer /opt/stack/data/venv/lib/python3.12/site-packages/dbcounter.py:102}}
Jul 05 02:29:02.438020 np0000004556 nova-conductor[98772]: DEBUG nova.conductor.manager [None req-ff97ebba-483d-4f53-8bc7-8adebeae0a59 tempest-DeleteServersTestJSON-1288316970 tempest-DeleteServersTestJSON-1288316970-project-member] Took 1.54 seconds to select destinations for 1 instance(s). {{(pid=98772) _schedule_instances /opt/stack/nova/nova/conductor/manager.py:968}}
Jul 05 02:29:02.470947 np0000004556 nova-conductor[98772]: DEBUG oslo_concurrency.lockutils [None req-ff97ebba-483d-4f53-8bc7-8adebeae0a59 tempest-DeleteServersTestJSON-1288316970 tempest-DeleteServersTestJSON-1288316970-project-member] Acquiring lock "360e1223-8f2c-4245-ad8c-7e77d69e7b3c" by "nova.context.set_target_cell..get_or_set_cached_cell_and_set_connections" {{(pid=98772) inner /opt/stack/data/venv/lib/python3.12/site-packages/oslo_concurrency/lockutils.py:511}}
Jul 05 02:29:02.471088 np0000004556 nova-conductor[98772]: DEBUG oslo_concurrency.lockutils [None req-ff97ebba-483d-4f53-8bc7-8adebeae0a59 tempest-DeleteServersTestJSON-1288316970 tempest-DeleteServersTestJSON-1288316970-project-member] Lock "360e1223-8f2c-4245-ad8c-7e77d69e7b3c" acquired by "nova.context.set_target_cell..get_or_set_cached_cell_and_set_connections" :: waited 0.000s {{(pid=98772) inner /opt/stack/data/venv/lib/python3.12/site-packages/oslo_concurrency/lockutils.py:524}}
Jul 05 02:29:02.472951 np0000004556 nova-conductor[98772]: DEBUG oslo_concurrency.lockutils [None req-ff97ebba-483d-4f53-8bc7-8adebeae0a59 tempest-DeleteServersTestJSON-1288316970 tempest-DeleteServersTestJSON-1288316970-project-member] Lock "360e1223-8f2c-4245-ad8c-7e77d69e7b3c" "released" by "nova.context.set_target_cell..get_or_set_cached_cell_and_set_connections" :: held 0.002s {{(pid=98772) inner /opt/stack/data/venv/lib/python3.12/site-packages/oslo_concurrency/lockutils.py:543}}
Jul 05 02:29:02.475393 np0000004556 nova-conductor[98772]: INFO dbcounter [None req-ff97ebba-483d-4f53-8bc7-8adebeae0a59 tempest-DeleteServersTestJSON-1288316970 tempest-DeleteServersTestJSON-1288316970-project-member] Registered counter for database nova_cell1
Jul 05 02:29:02.532405 np0000004556 nova-conductor[98772]: DEBUG oslo_db.sqlalchemy.engines [None req-ff97ebba-483d-4f53-8bc7-8adebeae0a59 tempest-DeleteServersTestJSON-1288316970 tempest-DeleteServersTestJSON-1288316970-project-member] MySQL server mode set to STRICT_TRANS_TABLES,STRICT_ALL_TABLES,NO_ZERO_IN_DATE,NO_ZERO_DATE,ERROR_FOR_DIVISION_BY_ZERO,TRADITIONAL,NO_ENGINE_SUBSTITUTION {{(pid=98772) _check_effective_sql_mode /opt/stack/data/venv/lib/python3.12/site-packages/oslo_db/sqlalchemy/engines.py:325}}
Jul 05 02:29:02.540614 np0000004556 nova-conductor[98772]: DEBUG dbcounter [-] [98772] Writer thread running {{(pid=98772) stat_writer /opt/stack/data/venv/lib/python3.12/site-packages/dbcounter.py:102}}
Jul 05 02:29:02.617301 np0000004556 nova-conductor[98772]: INFO nova.utils [None req-ff97ebba-483d-4f53-8bc7-8adebeae0a59 tempest-DeleteServersTestJSON-1288316970 tempest-DeleteServersTestJSON-1288316970-project-member] The cell worker thread pool ForkProcess-1.cell_worker is initialized
Jul 05 02:29:02.617690 np0000004556 nova-conductor[98772]: DEBUG oslo_concurrency.lockutils [None req-ff97ebba-483d-4f53-8bc7-8adebeae0a59 tempest-DeleteServersTestJSON-1288316970 tempest-DeleteServersTestJSON-1288316970-project-member] Acquiring lock "00000000-0000-0000-0000-000000000000" by "nova.context.set_target_cell..get_or_set_cached_cell_and_set_connections" {{(pid=98772) inner /opt/stack/data/venv/lib/python3.12/site-packages/oslo_concurrency/lockutils.py:511}}
Jul 05 02:29:02.617900 np0000004556 nova-conductor[98772]: DEBUG oslo_concurrency.lockutils [None req-ff97ebba-483d-4f53-8bc7-8adebeae0a59 tempest-DeleteServersTestJSON-1288316970 tempest-DeleteServersTestJSON-1288316970-project-member] Lock "00000000-0000-0000-0000-000000000000" acquired by "nova.context.set_target_cell..get_or_set_cached_cell_and_set_connections" :: waited 0.000s {{(pid=98772) inner /opt/stack/data/venv/lib/python3.12/site-packages/oslo_concurrency/lockutils.py:524}}
Jul 05 02:29:02.618401 np0000004556 nova-conductor[98772]: DEBUG oslo_concurrency.lockutils [None req-ff97ebba-483d-4f53-8bc7-8adebeae0a59 tempest-DeleteServersTestJSON-1288316970 tempest-DeleteServersTestJSON-1288316970-project-member] Lock "00000000-0000-0000-0000-000000000000" "released" by "nova.context.set_target_cell..get_or_set_cached_cell_and_set_connections" :: held 0.001s {{(pid=98772) inner /opt/stack/data/venv/lib/python3.12/site-packages/oslo_concurrency/lockutils.py:543}}
Jul 05 02:29:02.619441 np0000004556 nova-conductor[98772]: DEBUG oslo_concurrency.lockutils [None req-ff97ebba-483d-4f53-8bc7-8adebeae0a59 tempest-DeleteServersTestJSON-1288316970 tempest-DeleteServersTestJSON-1288316970-project-member] Acquiring lock "360e1223-8f2c-4245-ad8c-7e77d69e7b3c" by "nova.context.set_target_cell..get_or_set_cached_cell_and_set_connections" {{(pid=98772) inner /opt/stack/data/venv/lib/python3.12/site-packages/oslo_concurrency/lockutils.py:511}}
Jul 05 02:29:02.621276 np0000004556 nova-conductor[98772]: INFO dbcounter [None req-ff97ebba-483d-4f53-8bc7-8adebeae0a59 tempest-DeleteServersTestJSON-1288316970 tempest-DeleteServersTestJSON-1288316970-project-member] Registered counter for database nova_cell0
Jul 05 02:29:02.622678 np0000004556 nova-conductor[98772]: DEBUG oslo_concurrency.lockutils [None req-ff97ebba-483d-4f53-8bc7-8adebeae0a59 tempest-DeleteServersTestJSON-1288316970 tempest-DeleteServersTestJSON-1288316970-project-member] Lock "360e1223-8f2c-4245-ad8c-7e77d69e7b3c" acquired by "nova.context.set_target_cell..get_or_set_cached_cell_and_set_connections" :: waited 0.002s {{(pid=98772) inner /opt/stack/data/venv/lib/python3.12/site-packages/oslo_concurrency/lockutils.py:524}}
Jul 05 02:29:02.622817 np0000004556 nova-conductor[98772]: DEBUG oslo_concurrency.lockutils [None req-ff97ebba-483d-4f53-8bc7-8adebeae0a59 tempest-DeleteServersTestJSON-1288316970 tempest-DeleteServersTestJSON-1288316970-project-member] Lock "360e1223-8f2c-4245-ad8c-7e77d69e7b3c" "released" by "nova.context.set_target_cell..get_or_set_cached_cell_and_set_connections" :: held 0.002s {{(pid=98772) inner /opt/stack/data/venv/lib/python3.12/site-packages/oslo_concurrency/lockutils.py:543}}
Jul 05 02:29:02.674426 np0000004556 nova-conductor[98772]: DEBUG oslo_db.sqlalchemy.engines [None req-ff97ebba-483d-4f53-8bc7-8adebeae0a59 tempest-DeleteServersTestJSON-1288316970 tempest-DeleteServersTestJSON-1288316970-project-member] MySQL server mode set to STRICT_TRANS_TABLES,STRICT_ALL_TABLES,NO_ZERO_IN_DATE,NO_ZERO_DATE,ERROR_FOR_DIVISION_BY_ZERO,TRADITIONAL,NO_ENGINE_SUBSTITUTION {{(pid=98772) _check_effective_sql_mode /opt/stack/data/venv/lib/python3.12/site-packages/oslo_db/sqlalchemy/engines.py:325}}
Jul 05 02:29:02.682049 np0000004556 nova-conductor[98772]: DEBUG dbcounter [-] [98772] Writer thread running {{(pid=98772) stat_writer /opt/stack/data/venv/lib/python3.12/site-packages/dbcounter.py:102}}
Jul 05 02:29:02.693516 np0000004556 nova-conductor[98772]: DEBUG nova.quota [None req-ff97ebba-483d-4f53-8bc7-8adebeae0a59 tempest-DeleteServersTestJSON-1288316970 tempest-DeleteServersTestJSON-1288316970-project-member] Getting quotas for project b767f93edbb14277a040825e661f5bab. Resources: {'instances', 'ram', 'cores'} {{(pid=98772) _get_quotas /opt/stack/nova/nova/quota.py:389}}
Jul 05 02:29:02.697927 np0000004556 nova-conductor[98772]: DEBUG nova.quota [None req-ff97ebba-483d-4f53-8bc7-8adebeae0a59 tempest-DeleteServersTestJSON-1288316970 tempest-DeleteServersTestJSON-1288316970-project-member] Getting quotas for user 1d87ac70feca47239217f8a0f2b7037d and project b767f93edbb14277a040825e661f5bab. Resources: {'instances', 'ram', 'cores'} {{(pid=98772) _get_quotas /opt/stack/nova/nova/quota.py:379}}
Jul 05 02:29:02.704183 np0000004556 nova-conductor[98772]: DEBUG nova.conductor.manager [None req-ff97ebba-483d-4f53-8bc7-8adebeae0a59 tempest-DeleteServersTestJSON-1288316970 tempest-DeleteServersTestJSON-1288316970-project-member] [instance: dba13e34-dba1-4b83-983d-1751c966e56a] Selected host: np0000004556; Selected node: np0000004556; Alternates: [] {{(pid=98772) schedule_and_build_instances /opt/stack/nova/nova/conductor/manager.py:1784}}
Jul 05 02:29:02.704710 np0000004556 nova-conductor[98772]: DEBUG oslo_concurrency.lockutils [None req-ff97ebba-483d-4f53-8bc7-8adebeae0a59 tempest-DeleteServersTestJSON-1288316970 tempest-DeleteServersTestJSON-1288316970-project-member] Acquiring lock "360e1223-8f2c-4245-ad8c-7e77d69e7b3c" by "nova.context.set_target_cell..get_or_set_cached_cell_and_set_connections" {{(pid=98772) inner /opt/stack/data/venv/lib/python3.12/site-packages/oslo_concurrency/lockutils.py:511}}
Jul 05 02:29:02.704898 np0000004556 nova-conductor[98772]: DEBUG oslo_concurrency.lockutils [None req-ff97ebba-483d-4f53-8bc7-8adebeae0a59 tempest-DeleteServersTestJSON-1288316970 tempest-DeleteServersTestJSON-1288316970-project-member] Lock "360e1223-8f2c-4245-ad8c-7e77d69e7b3c" acquired by "nova.context.set_target_cell..get_or_set_cached_cell_and_set_connections" :: waited 0.000s {{(pid=98772) inner /opt/stack/data/venv/lib/python3.12/site-packages/oslo_concurrency/lockutils.py:524}}
Jul 05 02:29:02.705203 np0000004556 nova-conductor[98772]: DEBUG oslo_concurrency.lockutils [None req-ff97ebba-483d-4f53-8bc7-8adebeae0a59 tempest-DeleteServersTestJSON-1288316970 tempest-DeleteServersTestJSON-1288316970-project-member] Lock "360e1223-8f2c-4245-ad8c-7e77d69e7b3c" "released" by "nova.context.set_target_cell..get_or_set_cached_cell_and_set_connections" :: held 0.000s {{(pid=98772) inner /opt/stack/data/venv/lib/python3.12/site-packages/oslo_concurrency/lockutils.py:543}}
Jul 05 02:29:02.714426 np0000004556 nova-conductor[98772]: DEBUG nova.conductor.manager [None req-ff97ebba-483d-4f53-8bc7-8adebeae0a59 tempest-DeleteServersTestJSON-1288316970 tempest-DeleteServersTestJSON-1288316970-project-member] [instance: dba13e34-dba1-4b83-983d-1751c966e56a] block_device_mapping [BlockDeviceMapping(attachment_id=,boot_index=0,connection_info=None,created_at=,delete_on_termination=True,deleted=,deleted_at=,destination_type='local',device_name=None,device_type='disk',disk_bus=None,encrypted=False,encryption_format=None,encryption_options=None,encryption_secret_uuid=None,guest_format=None,id=,image_id='f6e21bce-cb7b-47a3-8053-315fcb797d89',instance=,instance_uuid=,no_device=False,snapshot_id=None,source_type='image',tag=None,updated_at=,uuid=,volume_id=None,volume_size=None,volume_type=None)] {{(pid=98772) _create_block_device_mapping /opt/stack/nova/nova/conductor/manager.py:1529}}
Jul 05 02:29:02.715932 np0000004556 nova-conductor[98772]: DEBUG oslo_concurrency.lockutils [None req-ff97ebba-483d-4f53-8bc7-8adebeae0a59 tempest-DeleteServersTestJSON-1288316970 tempest-DeleteServersTestJSON-1288316970-project-member] Acquiring lock "360e1223-8f2c-4245-ad8c-7e77d69e7b3c" by "nova.context.set_target_cell..get_or_set_cached_cell_and_set_connections" {{(pid=98772) inner /opt/stack/data/venv/lib/python3.12/site-packages/oslo_concurrency/lockutils.py:511}}
Jul 05 02:29:02.716154 np0000004556 nova-conductor[98772]: DEBUG oslo_concurrency.lockutils [None req-ff97ebba-483d-4f53-8bc7-8adebeae0a59 tempest-DeleteServersTestJSON-1288316970 tempest-DeleteServersTestJSON-1288316970-project-member] Lock "360e1223-8f2c-4245-ad8c-7e77d69e7b3c" acquired by "nova.context.set_target_cell..get_or_set_cached_cell_and_set_connections" :: waited 0.000s {{(pid=98772) inner /opt/stack/data/venv/lib/python3.12/site-packages/oslo_concurrency/lockutils.py:524}}
Jul 05 02:29:02.716435 np0000004556 nova-conductor[98772]: DEBUG oslo_concurrency.lockutils [None req-ff97ebba-483d-4f53-8bc7-8adebeae0a59 tempest-DeleteServersTestJSON-1288316970 tempest-DeleteServersTestJSON-1288316970-project-member] Lock "360e1223-8f2c-4245-ad8c-7e77d69e7b3c" "released" by "nova.context.set_target_cell..get_or_set_cached_cell_and_set_connections" :: held 0.000s {{(pid=98772) inner /opt/stack/data/venv/lib/python3.12/site-packages/oslo_concurrency/lockutils.py:543}}
Jul 05 02:29:02.761831 np0000004556 nova-conductor[98772]: DEBUG oslo_concurrency.lockutils [None req-ff97ebba-483d-4f53-8bc7-8adebeae0a59 tempest-DeleteServersTestJSON-1288316970 tempest-DeleteServersTestJSON-1288316970-project-member] Acquiring lock "360e1223-8f2c-4245-ad8c-7e77d69e7b3c" by "nova.context.set_target_cell..get_or_set_cached_cell_and_set_connections" {{(pid=98772) inner /opt/stack/data/venv/lib/python3.12/site-packages/oslo_concurrency/lockutils.py:511}}
Jul 05 02:29:02.762647 np0000004556 nova-conductor[98772]: DEBUG oslo_concurrency.lockutils [None req-ff97ebba-483d-4f53-8bc7-8adebeae0a59 tempest-DeleteServersTestJSON-1288316970 tempest-DeleteServersTestJSON-1288316970-project-member] Lock "360e1223-8f2c-4245-ad8c-7e77d69e7b3c" acquired by "nova.context.set_target_cell..get_or_set_cached_cell_and_set_connections" :: waited 0.001s {{(pid=98772) inner /opt/stack/data/venv/lib/python3.12/site-packages/oslo_concurrency/lockutils.py:524}}
Jul 05 02:29:02.762699 np0000004556 nova-conductor[98772]: DEBUG oslo_concurrency.lockutils [None req-ff97ebba-483d-4f53-8bc7-8adebeae0a59 tempest-DeleteServersTestJSON-1288316970 tempest-DeleteServersTestJSON-1288316970-project-member] Lock "360e1223-8f2c-4245-ad8c-7e77d69e7b3c" "released" by "nova.context.set_target_cell..get_or_set_cached_cell_and_set_connections" :: held 0.000s {{(pid=98772) inner /opt/stack/data/venv/lib/python3.12/site-packages/oslo_concurrency/lockutils.py:543}}
