Jun 18 22:01:26.341833 np0000003194 devstack@neutron-api.service[90015]: DEBUG oslo_concurrency.processutils [None req-bd58d69a-7f0f-4ac0-8e11-903c0953a75c None None] Running cmd (subprocess): ovsdb-client transact ssl:10.4.3.40:6641 --timeout 180 -p /opt/stack/data/CA/int-ca/private/devstack-cert.key -c /opt/stack/data/CA/int-ca/devstack-cert.crt -C /opt/stack/data/CA/int-ca/ca-chain.pem ["OVN_Northbound", {"op": "wait", "timeout": 0, "table": "Port_Group", "where": [["name", "==", "pvlan_pg_drop"]], "until": "==", "rows": []}, {"op": "insert", "table": "ACL", "row": {"action": "drop", "direction": "to-lport", "match": "outport == @pvlan_pg_drop && ip", "priority": 1010}, "uuid-name": "pvlandroptoport"}, {"op": "insert", "table": "ACL", "row": {"action": "drop", "direction": "from-lport", "match": "inport == @pvlan_pg_drop && ip", "priority": 1010}, "uuid-name": "pvlandropfromport"}, {"op": "insert", "table": "Port_Group", "row": {"name": "pvlan_pg_drop", "acls": ["set", [["named-uuid", "pvlandroptoport"], ["named-uuid", "pvlandropfromport"]]]}}] {{(pid=90015) execute /opt/stack/data/venv/lib/python3.12/site-packages/oslo_concurrency/processutils.py:440}}
Jun 18 22:01:26.345670 np0000003194 devstack@neutron-api.service[90014]: INFO ovsdbapp.backend.ovs_idl.vlog [None req-80d6c0e7-e326-4ee1-a7c7-9262a0205989 None None] ssl:10.4.3.40:6642: connected
Jun 18 22:01:26.364501 np0000003194 devstack@neutron-api.service[90015]: DEBUG oslo_concurrency.processutils [None req-bd58d69a-7f0f-4ac0-8e11-903c0953a75c None None] CMD "ovsdb-client transact ssl:10.4.3.40:6641 --timeout 180 -p /opt/stack/data/CA/int-ca/private/devstack-cert.key -c /opt/stack/data/CA/int-ca/devstack-cert.crt -C /opt/stack/data/CA/int-ca/ca-chain.pem ["OVN_Northbound", {"op": "wait", "timeout": 0, "table": "Port_Group", "where": [["name", "==", "pvlan_pg_drop"]], "until": "==", "rows": []}, {"op": "insert", "table": "ACL", "row": {"action": "drop", "direction": "to-lport", "match": "outport == @pvlan_pg_drop && ip", "priority": 1010}, "uuid-name": "pvlandroptoport"}, {"op": "insert", "table": "ACL", "row": {"action": "drop", "direction": "from-lport", "match": "inport == @pvlan_pg_drop && ip", "priority": 1010}, "uuid-name": "pvlandropfromport"}, {"op": "insert", "table": "Port_Group", "row": {"name": "pvlan_pg_drop", "acls": ["set", [["named-uuid", "pvlandroptoport"], ["named-uuid", "pvlandropfromport"]]]}}]" returned: 0 in 0.022s {{(pid=90015) execute /opt/stack/data/venv/lib/python3.12/site-packages/oslo_concurrency/processutils.py:468}}
Jun 18 22:01:26.367439 np0000003194 devstack@neutron-api.service[90015]: WSGI app 0 (mountpoint='') ready in 6 seconds on interpreter 0x7f879fea3668 pid: 90015 (default app)
Jun 18 22:01:26.372184 np0000003194 devstack@neutron-api.service[90014]: DEBUG neutron.common.ovn.hash_ring_manager [None req-80d6c0e7-e326-4ee1-a7c7-9262a0205989 None None] Allow caching, nodes 3>=3 {{(pid=90014) _wait_startup_before_caching /opt/stack/neutron/neutron/common/ovn/hash_ring_manager.py:71}}
Jun 18 22:01:26.379571 np0000003194 devstack@neutron-api.service[90014]: DEBUG neutron.common.ovn.hash_ring_manager [None req-80d6c0e7-e326-4ee1-a7c7-9262a0205989 None None] Hash Ring loaded. 3 active nodes. 0 offline nodes {{(pid=90014) _load_hash_ring /opt/stack/neutron/neutron/common/ovn/hash_ring_manager.py:110}}
Jun 18 22:01:26.379791 np0000003194 devstack@neutron-api.service[90014]: DEBUG neutron.plugins.ml2.drivers.ovn.mech_driver.ovsdb.ovsdb_monitor [None req-80d6c0e7-e326-4ee1-a7c7-9262a0205989 None None] ChassisOVNAgentWriteEvent : Matched Chassis_Private, create, None None {{(pid=90014) matches /opt/stack/neutron/neutron/plugins/ml2/drivers/ovn/mech_driver/ovsdb/ovsdb_monitor.py:64}}
Jun 18 22:01:26.379897 np0000003194 devstack@neutron-api.service[90014]: DEBUG neutron.plugins.ml2.drivers.ovn.mech_driver.ovsdb.ovsdb_monitor [None req-80d6c0e7-e326-4ee1-a7c7-9262a0205989 None None] ChassisAgentWriteEvent : Matched Chassis_Private, create, None None {{(pid=90014) matches /opt/stack/neutron/neutron/plugins/ml2/drivers/ovn/mech_driver/ovsdb/ovsdb_monitor.py:64}}
Jun 18 22:01:26.381569 np0000003194 devstack@neutron-api.service[90014]: INFO neutron.plugins.ml2.drivers.ovn.mech_driver.mech_driver [None req-80d6c0e7-e326-4ee1-a7c7-9262a0205989 None None] WorkerService process has finished the post initialization
Jun 18 22:01:26.381864 np0000003194 devstack@neutron-api.service[90014]: DEBUG oslo_concurrency.processutils [None req-80d6c0e7-e326-4ee1-a7c7-9262a0205989 None None] Running cmd (subprocess): ovsdb-client transact ssl:10.4.3.40:6641 --timeout 180 -p /opt/stack/data/CA/int-ca/private/devstack-cert.key -c /opt/stack/data/CA/int-ca/devstack-cert.crt -C /opt/stack/data/CA/int-ca/ca-chain.pem ["OVN_Northbound", {"op": "wait", "timeout": 0, "table": "Port_Group", "where": [["name", "==", "pvlan_pg_drop"]], "until": "==", "rows": []}, {"op": "insert", "table": "ACL", "row": {"action": "drop", "direction": "to-lport", "match": "outport == @pvlan_pg_drop && ip", "priority": 1010}, "uuid-name": "pvlandroptoport"}, {"op": "insert", "table": "ACL", "row": {"action": "drop", "direction": "from-lport", "match": "inport == @pvlan_pg_drop && ip", "priority": 1010}, "uuid-name": "pvlandropfromport"}, {"op": "insert", "table": "Port_Group", "row": {"name": "pvlan_pg_drop", "acls": ["set", [["named-uuid", "pvlandroptoport"], ["named-uuid", "pvlandropfromport"]]]}}] {{(pid=90014) execute /opt/stack/data/venv/lib/python3.12/site-packages/oslo_concurrency/processutils.py:440}}
Jun 18 22:01:26.403959 np0000003194 devstack@neutron-api.service[90014]: DEBUG oslo_concurrency.processutils [None req-80d6c0e7-e326-4ee1-a7c7-9262a0205989 None None] CMD "ovsdb-client transact ssl:10.4.3.40:6641 --timeout 180 -p /opt/stack/data/CA/int-ca/private/devstack-cert.key -c /opt/stack/data/CA/int-ca/devstack-cert.crt -C /opt/stack/data/CA/int-ca/ca-chain.pem ["OVN_Northbound", {"op": "wait", "timeout": 0, "table": "Port_Group", "where": [["name", "==", "pvlan_pg_drop"]], "until": "==", "rows": []}, {"op": "insert", "table": "ACL", "row": {"action": "drop", "direction": "to-lport", "match": "outport == @pvlan_pg_drop && ip", "priority": 1010}, "uuid-name": "pvlandroptoport"}, {"op": "insert", "table": "ACL", "row": {"action": "drop", "direction": "from-lport", "match": "inport == @pvlan_pg_drop && ip", "priority": 1010}, "uuid-name": "pvlandropfromport"}, {"op": "insert", "table": "Port_Group", "row": {"name": "pvlan_pg_drop", "acls": ["set", [["named-uuid", "pvlandroptoport"], ["named-uuid", "pvlandropfromport"]]]}}]" returned: 0 in 0.022s {{(pid=90014) execute /opt/stack/data/venv/lib/python3.12/site-packages/oslo_concurrency/processutils.py:468}}
Jun 18 22:01:26.405764 np0000003194 devstack@neutron-api.service[90014]: WSGI app 0 (mountpoint='') ready in 6 seconds on interpreter 0x7f879fea3668 pid: 90014 (default app)
Jun 18 22:01:27.460132 np0000003194 devstack@neutron-api.service[90015]: DEBUG neutron.plugins.ml2.drivers.ovn.mech_driver.ovsdb.ovsdb_monitor [-] Hash Ring: Node 6f26b1f5fd9b572b81a98d29acb8910b (host: np0000003194) handling event "update" for row 8d20630a-4be0-4966-bb83-285f68966fd2 (table: Connection) {{(pid=90015) notify /opt/stack/neutron/neutron/plugins/ml2/drivers/ovn/mech_driver/ovsdb/ovsdb_monitor.py:1015}}
Jun 18 22:01:27.465873 np0000003194 devstack@neutron-api.service[90016]: DEBUG neutron.common.ovn.hash_ring_manager [-] Allow caching, nodes 3>=3 {{(pid=90016) _wait_startup_before_caching /opt/stack/neutron/neutron/common/ovn/hash_ring_manager.py:71}}
Jun 18 22:01:27.465873 np0000003194 devstack@neutron-api.service[90016]: DEBUG neutron.plugins.ml2.drivers.ovn.mech_driver.ovsdb.ovsdb_monitor [-] Hash Ring: Node 4e95165bec175db8a13678f48e130866 (host: np0000003194) handling event "update" for row 8d20630a-4be0-4966-bb83-285f68966fd2 (table: Connection) {{(pid=90016) notify /opt/stack/neutron/neutron/plugins/ml2/drivers/ovn/mech_driver/ovsdb/ovsdb_monitor.py:1015}}
Jun 18 22:01:29.958903 np0000003194 devstack@neutron-api.service[90016]: DEBUG neutron.plugins.ml2.drivers.ovn.mech_driver.ovsdb.ovsdb_monitor [-] Hash Ring: Node 4e95165bec175db8a13678f48e130866 (host: np0000003194) handling event "update" for row 8d20630a-4be0-4966-bb83-285f68966fd2 (table: Connection) {{(pid=90016) notify /opt/stack/neutron/neutron/plugins/ml2/drivers/ovn/mech_driver/ovsdb/ovsdb_monitor.py:1015}}
Jun 18 22:01:29.959506 np0000003194 devstack@neutron-api.service[90015]: DEBUG neutron.plugins.ml2.drivers.ovn.mech_driver.ovsdb.ovsdb_monitor [-] Hash Ring: Node 6f26b1f5fd9b572b81a98d29acb8910b (host: np0000003194) handling event "update" for row 8d20630a-4be0-4966-bb83-285f68966fd2 (table: Connection) {{(pid=90015) notify /opt/stack/neutron/neutron/plugins/ml2/drivers/ovn/mech_driver/ovsdb/ovsdb_monitor.py:1015}}
Jun 18 22:01:30.253276 np0000003194 devstack@neutron-api.service[90016]: DEBUG neutron.api.wsgi [None req-9ab8c8a3-e155-4cbc-99c5-8c21a01e05e8 admin admin] Missing Content-Type {{(pid=90016) get_content_type /opt/stack/neutron/neutron/api/wsgi.py:80}}
Jun 18 22:01:30.253606 np0000003194 devstack@neutron-api.service[90016]: DEBUG neutron.api.wsgi [None req-9ab8c8a3-e155-4cbc-99c5-8c21a01e05e8 admin admin] https://10.4.3.40/networking/v2.0/extensions returned with HTTP 200 {{(pid=90016) __call__ /opt/stack/neutron/neutron/api/wsgi.py:540}}
Jun 18 22:01:30.253965 np0000003194 devstack@neutron-api.service[90016]: [pid: 90016|app: 0|req: 2/2] 10.4.3.40 () {64 vars in 1285 bytes} [Thu Jun 18 22:01:29 2026] GET /networking/v2.0/extensions => generated 15873 bytes in 558 msecs (HTTP/1.1 200) 4 headers in 159 bytes (2 switches on core 0)
Jun 18 22:01:30.601412 np0000003194 devstack@neutron-api.service[90015]: DEBUG neutron.api.v2.base [None req-ca4d69ca-e066-4431-8045-02fed2f094d7 admin admin] Request body: {'subnetpool': {'name': 'shared-default-subnetpool-v4', 'shared': True, 'default_prefixlen': 26, 'prefixes': ['10.1.0.0/20'], 'is_default': True}} {{(pid=90015) prepare_request_body /opt/stack/neutron/neutron/api/v2/base.py:727}}
Jun 18 22:01:30.794163 np0000003194 devstack@neutron-api.service[90015]: DEBUG neutron.policy [None req-ca4d69ca-e066-4431-8045-02fed2f094d7 admin admin] Loaded default policies from ['neutron'] under neutron.policies entry points {{(pid=90015) register_rules /opt/stack/neutron/neutron/policy.py:65}}
Jun 18 22:01:30.925312 np0000003194 devstack@neutron-api.service[90015]: DEBUG neutron_lib.callbacks.manager [None req-ca4d69ca-e066-4431-8045-02fed2f094d7 admin admin] Publish callbacks ['neutron.objects.securitygroup.RbacNeutronDbObjectMixin.validate_rbac_policy_change-2652266290412', 'neutron.objects.address_group.RbacNeutronDbObjectMixin.validate_rbac_policy_change-2652266169502', 'neutron.objects.network.RbacNeutronDbObjectMixin.validate_rbac_policy_change-2652266050889', 'neutron.objects.qos.policy.RbacNeutronDbObjectMixin.validate_rbac_policy_change-2652266057173', 'neutron.objects.subnetpool.RbacNeutronDbObjectMixin.validate_rbac_policy_change-2652266087458', 'neutron.objects.address_scope.RbacNeutronDbObjectMixin.validate_rbac_policy_change-2652266077500', 'neutron.plugins.ml2.plugin.External_net_db_mixin._process_ext_policy_create-3184760', 'neutron.plugins.ml2.plugin.NeutronDbPluginV2.validate_network_rbac_policy_change-3239956'] for rbac-policy (None), before_create {{(pid=90015) _notify_loop /opt/stack/data/venv/lib/python3.12/site-packages/neutron_lib/callbacks/manager.py:184}}
Jun 18 22:01:30.960339 np0000003194 devstack@neutron-api.service[90015]: DEBUG neutron_lib.callbacks.manager [None req-ca4d69ca-e066-4431-8045-02fed2f094d7 admin admin] Publish callbacks [] for subnetpool (None), before_response {{(pid=90015) _notify_loop /opt/stack/data/venv/lib/python3.12/site-packages/neutron_lib/callbacks/manager.py:184}}
Jun 18 22:01:30.960939 np0000003194 devstack@neutron-api.service[90015]: [pid: 90015|app: 0|req: 1/3] 10.4.3.40 () {68 vars in 1329 bytes} [Thu Jun 18 22:01:30 2026] POST /networking/v2.0/subnetpools => generated 533 bytes in 447 msecs (HTTP/1.1 201) 4 headers in 162 bytes (1 switches on core 0)
Jun 18 22:01:31.264805 np0000003194 devstack@neutron-api.service[90014]: DEBUG neutron.api.v2.base [None req-157e2ab1-99d1-45f2-bd76-f6da966c7706 admin admin] Request body: {'subnetpool': {'name': 'shared-default-subnetpool-v6', 'shared': True, 'default_prefixlen': 64, 'prefixes': ['fd8f:1042:d4ab::/56'], 'is_default': True}} {{(pid=90014) prepare_request_body /opt/stack/neutron/neutron/api/v2/base.py:727}}
Jun 18 22:01:31.421718 np0000003194 devstack@neutron-api.service[90014]: DEBUG neutron.policy [None req-157e2ab1-99d1-45f2-bd76-f6da966c7706 admin admin] Loaded default policies from ['neutron'] under neutron.policies entry points {{(pid=90014) register_rules /opt/stack/neutron/neutron/policy.py:65}}
Jun 18 22:01:31.552573 np0000003194 devstack@neutron-api.service[90014]: DEBUG neutron_lib.callbacks.manager [None req-157e2ab1-99d1-45f2-bd76-f6da966c7706 admin admin] Publish callbacks ['neutron.objects.securitygroup.RbacNeutronDbObjectMixin.validate_rbac_policy_change-2652266267906', 'neutron.objects.address_group.RbacNeutronDbObjectMixin.validate_rbac_policy_change-2652266183754', 'neutron.objects.network.RbacNeutronDbObjectMixin.validate_rbac_policy_change-2652266041738', 'neutron.objects.qos.policy.RbacNeutronDbObjectMixin.validate_rbac_policy_change-2652266059944', 'neutron.objects.subnetpool.RbacNeutronDbObjectMixin.validate_rbac_policy_change-2652266092214', 'neutron.objects.address_scope.RbacNeutronDbObjectMixin.validate_rbac_policy_change-2652266086586', 'neutron.plugins.ml2.plugin.External_net_db_mixin._process_ext_policy_create-3235964', 'neutron.plugins.ml2.plugin.NeutronDbPluginV2.validate_network_rbac_policy_change-3163932'] for rbac-policy (None), before_create {{(pid=90014) _notify_loop /opt/stack/data/venv/lib/python3.12/site-packages/neutron_lib/callbacks/manager.py:184}}
Jun 18 22:01:31.586089 np0000003194 devstack@neutron-api.service[90014]: DEBUG neutron_lib.callbacks.manager [None req-157e2ab1-99d1-45f2-bd76-f6da966c7706 admin admin] Publish callbacks [] for subnetpool (None), before_response {{(pid=90014) _notify_loop /opt/stack/data/venv/lib/python3.12/site-packages/neutron_lib/callbacks/manager.py:184}}
Jun 18 22:01:31.586572 np0000003194 devstack@neutron-api.service[90014]: [pid: 90014|app: 0|req: 1/4] 10.4.3.40 () {68 vars in 1329 bytes} [Thu Jun 18 22:01:31 2026] POST /networking/v2.0/subnetpools => generated 543 bytes in 407 msecs (HTTP/1.1 201) 4 headers in 162 bytes (1 switches on core 0)
Jun 18 22:01:31.809555 np0000003194 devstack@neutron-api.service[90016]: DEBUG neutron.api.v2.base [None req-da455440-fbea-4ba5-ae48-7d5fca654340 admin admin] Request body: {'network': {'name': 'private', 'admin_state_up': True}} {{(pid=90016) prepare_request_body /opt/stack/neutron/neutron/api/v2/base.py:727}}
Jun 18 22:01:31.834420 np0000003194 devstack@neutron-api.service[90016]: DEBUG neutron.pecan_wsgi.hooks.quota_enforcement [None req-da455440-fbea-4ba5-ae48-7d5fca654340 admin admin] Made reservation on behalf of 5586d076ec6f4a21a9afc0f76d73a236 for: {'network': 1} {{(pid=90016) before /opt/stack/neutron/neutron/pecan_wsgi/hooks/quota_enforcement.py:66}}
Jun 18 22:01:31.995472 np0000003194 devstack@neutron-api.service[90016]: DEBUG neutron.policy [None req-da455440-fbea-4ba5-ae48-7d5fca654340 admin admin] Loaded default policies from ['neutron'] under neutron.policies entry points {{(pid=90016) register_rules /opt/stack/neutron/neutron/policy.py:65}}
Jun 18 22:01:32.079205 np0000003194 devstack@neutron-api.service[90016]: DEBUG neutron_lib.callbacks.manager [None req-da455440-fbea-4ba5-ae48-7d5fca654340 admin admin] Publish callbacks ['neutron.plugins.ml2.plugin.SecurityGroupDbMixin._ensure_default_security_group_handler-2049379'] for network (None), before_create {{(pid=90016) _notify_loop /opt/stack/data/venv/lib/python3.12/site-packages/neutron_lib/callbacks/manager.py:184}}
Jun 18 22:01:32.096244 np0000003194 devstack@neutron-api.service[90016]: DEBUG neutron_lib.callbacks.manager [None req-da455440-fbea-4ba5-ae48-7d5fca654340 admin admin] Publish callbacks [] for security_group (None), before_create {{(pid=90016) _notify_loop /opt/stack/data/venv/lib/python3.12/site-packages/neutron_lib/callbacks/manager.py:184}}
Jun 18 22:01:32.190205 np0000003194 devstack@neutron-api.service[90016]: DEBUG neutron_lib.callbacks.manager [None req-da455440-fbea-4ba5-ae48-7d5fca654340 admin admin] Publish callbacks ['neutron.plugins.ml2.drivers.ovn.mech_driver.mech_driver.OVNMechanismDriver._create_security_group_precommit-314975'] for security_group (4f5b4801-9193-4ad9-a03f-c3d914e88d89), precommit_create {{(pid=90016) _notify_loop /opt/stack/data/venv/lib/python3.12/site-packages/neutron_lib/callbacks/manager.py:184}}
Jun 18 22:01:32.190349 np0000003194 devstack@neutron-api.service[90016]: DEBUG neutron.db.ovn_revision_numbers_db [None req-da455440-fbea-4ba5-ae48-7d5fca654340 admin admin] create_initial_revision uuid=4f5b4801-9193-4ad9-a03f-c3d914e88d89, type=security_groups, rev=-1 {{(pid=90016) create_initial_revision /opt/stack/neutron/neutron/db/ovn_revision_numbers_db.py:98}}
Jun 18 22:01:32.192384 np0000003194 devstack@neutron-api.service[90016]: DEBUG neutron.db.ovn_revision_numbers_db [None req-da455440-fbea-4ba5-ae48-7d5fca654340 admin admin] create_initial_revision uuid=2e4aaf81-3c11-47a9-9db4-770205a6e5ef, type=security_group_rules, rev=-1 {{(pid=90016) create_initial_revision /opt/stack/neutron/neutron/db/ovn_revision_numbers_db.py:98}}
Jun 18 22:01:32.193259 np0000003194 devstack@neutron-api.service[90016]: DEBUG neutron.db.ovn_revision_numbers_db [None req-da455440-fbea-4ba5-ae48-7d5fca654340 admin admin] create_initial_revision uuid=525992c1-9d7c-413e-8b4b-01952549b9f7, type=security_group_rules, rev=-1 {{(pid=90016) create_initial_revision /opt/stack/neutron/neutron/db/ovn_revision_numbers_db.py:98}}
Jun 18 22:01:32.194288 np0000003194 devstack@neutron-api.service[90016]: DEBUG neutron.db.ovn_revision_numbers_db [None req-da455440-fbea-4ba5-ae48-7d5fca654340 admin admin] create_initial_revision uuid=5efdb44e-6151-485a-9fa3-7e44ce38a0e4, type=security_group_rules, rev=-1 {{(pid=90016) create_initial_revision /opt/stack/neutron/neutron/db/ovn_revision_numbers_db.py:98}}
Jun 18 22:01:32.195282 np0000003194 devstack@neutron-api.service[90016]: DEBUG neutron.db.ovn_revision_numbers_db [None req-da455440-fbea-4ba5-ae48-7d5fca654340 admin admin] create_initial_revision uuid=935288b0-00d8-4863-996e-c51b465a45c2, type=security_group_rules, rev=-1 {{(pid=90016) create_initial_revision /opt/stack/neutron/neutron/db/ovn_revision_numbers_db.py:98}}
Jun 18 22:01:32.199238 np0000003194 devstack@neutron-api.service[90016]: DEBUG neutron_lib.callbacks.manager [None req-da455440-fbea-4ba5-ae48-7d5fca654340 admin admin] Publish callbacks ['neutron.plugins.ml2.drivers.ovn.mech_driver.mech_driver.OVNMechanismDriver._create_security_group-314949', 'neutron.plugins.ml2.ovo_rpc._ObjectChangeHandler.handle_event-15668624'] for security_group (4f5b4801-9193-4ad9-a03f-c3d914e88d89), after_create {{(pid=90016) _notify_loop /opt/stack/data/venv/lib/python3.12/site-packages/neutron_lib/callbacks/manager.py:184}}
Jun 18 22:01:32.200120 np0000003194 devstack@neutron-api.service[90016]: DEBUG ovsdbapp.backend.ovs_idl.transaction [-] Running txn n=1 command(idx=0): PgAddCommand(_result=None, name=pg_4f5b4801_9193_4ad9_a03f_c3d914e88d89, may_exist=False, columns={'acls': [], 'external_ids': {'neutron:security_group_id': '4f5b4801-9193-4ad9-a03f-c3d914e88d89'}}) {{(pid=90016) do_commit /opt/stack/data/venv/lib/python3.12/site-packages/ovsdbapp/backend/ovs_idl/transaction.py:89}}
Jun 18 22:01:32.201029 np0000003194 devstack@neutron-api.service[90016]: DEBUG ovsdbapp.backend.ovs_idl.transaction [-] Running txn n=1 command(idx=1): PgAclAddCommand(_result=None, entity=pg_4f5b4801_9193_4ad9_a03f_c3d914e88d89, direction=to-lport, priority=1002, match=outport == @pg_4f5b4801_9193_4ad9_a03f_c3d914e88d89 && ip4 && ip4.src == $pg_4f5b4801_9193_4ad9_a03f_c3d914e88d89_ip4, action=allow-related, log=False, may_exist=True, severity=[], name=[], meter=[], external_ids={'neutron:security_group_rule_id': '2e4aaf81-3c11-47a9-9db4-770205a6e5ef'}) {{(pid=90016) do_commit /opt/stack/data/venv/lib/python3.12/site-packages/ovsdbapp/backend/ovs_idl/transaction.py:89}}
Jun 18 22:01:32.201307 np0000003194 devstack@neutron-api.service[90016]: DEBUG ovsdbapp.backend.ovs_idl.transaction [-] Running txn n=1 command(idx=2): PgAclAddCommand(_result=None, entity=pg_4f5b4801_9193_4ad9_a03f_c3d914e88d89, direction=to-lport, priority=1002, match=outport == @pg_4f5b4801_9193_4ad9_a03f_c3d914e88d89 && ip6 && ip6.src == $pg_4f5b4801_9193_4ad9_a03f_c3d914e88d89_ip6, action=allow-related, log=False, may_exist=True, severity=[], name=[], meter=[], external_ids={'neutron:security_group_rule_id': '525992c1-9d7c-413e-8b4b-01952549b9f7'}) {{(pid=90016) do_commit /opt/stack/data/venv/lib/python3.12/site-packages/ovsdbapp/backend/ovs_idl/transaction.py:89}}
Jun 18 22:01:32.201526 np0000003194 devstack@neutron-api.service[90016]: DEBUG ovsdbapp.backend.ovs_idl.transaction [-] Running txn n=1 command(idx=3): PgAclAddCommand(_result=None, entity=pg_4f5b4801_9193_4ad9_a03f_c3d914e88d89, direction=from-lport, priority=1002, match=inport == @pg_4f5b4801_9193_4ad9_a03f_c3d914e88d89 && ip6, action=allow-related, log=False, may_exist=True, severity=[], name=[], meter=[], external_ids={'neutron:security_group_rule_id': '5efdb44e-6151-485a-9fa3-7e44ce38a0e4'}) {{(pid=90016) do_commit /opt/stack/data/venv/lib/python3.12/site-packages/ovsdbapp/backend/ovs_idl/transaction.py:89}}
Jun 18 22:01:32.201713 np0000003194 devstack@neutron-api.service[90016]: DEBUG ovsdbapp.backend.ovs_idl.transaction [-] Running txn n=1 command(idx=4): PgAclAddCommand(_result=None, entity=pg_4f5b4801_9193_4ad9_a03f_c3d914e88d89, direction=from-lport, priority=1002, match=inport == @pg_4f5b4801_9193_4ad9_a03f_c3d914e88d89 && ip4, action=allow-related, log=False, may_exist=True, severity=[], name=[], meter=[], external_ids={'neutron:security_group_rule_id': '935288b0-00d8-4863-996e-c51b465a45c2'}) {{(pid=90016) do_commit /opt/stack/data/venv/lib/python3.12/site-packages/ovsdbapp/backend/ovs_idl/transaction.py:89}}
Jun 18 22:01:32.224440 np0000003194 devstack@neutron-api.service[90015]: DEBUG neutron.plugins.ml2.drivers.ovn.mech_driver.ovsdb.ovsdb_monitor [-] Hash Ring: Node 6f26b1f5fd9b572b81a98d29acb8910b (host: np0000003194) handling event "create" for row 137d69b2-e3e1-4ef3-bcae-b56607f87120 (table: ACL) {{(pid=90015) notify /opt/stack/neutron/neutron/plugins/ml2/drivers/ovn/mech_driver/ovsdb/ovsdb_monitor.py:1015}}
Jun 18 22:01:32.224822 np0000003194 devstack@neutron-api.service[90014]: DEBUG neutron.plugins.ml2.drivers.ovn.mech_driver.ovsdb.ovsdb_monitor [-] Hash Ring: Node e3a44f7271b25c159340c1e42f9286b2 (host: np0000003194) handling event "create" for row 98113ebc-d9b8-4d58-9c85-1591d496206d (table: Port_Group) {{(pid=90014) notify /opt/stack/neutron/neutron/plugins/ml2/drivers/ovn/mech_driver/ovsdb/ovsdb_monitor.py:1015}}
Jun 18 22:01:32.225532 np0000003194 devstack@neutron-api.service[90016]: DEBUG neutron.plugins.ml2.drivers.ovn.mech_driver.ovsdb.ovsdb_monitor [-] Hash Ring: Node 4e95165bec175db8a13678f48e130866 (host: np0000003194) handling event "create" for row 0ccf5af8-c46e-454a-b2db-c526f8279fff (table: ACL) {{(pid=90016) notify /opt/stack/neutron/neutron/plugins/ml2/drivers/ovn/mech_driver/ovsdb/ovsdb_monitor.py:1015}}
Jun 18 22:01:32.225532 np0000003194 devstack@neutron-api.service[90016]: DEBUG neutron.plugins.ml2.drivers.ovn.mech_driver.ovsdb.ovsdb_monitor [-] Hash Ring: Node 4e95165bec175db8a13678f48e130866 (host: np0000003194) handling event "create" for row 137d69b2-e3e1-4ef3-bcae-b56607f87120 (table: ACL) {{(pid=90016) notify /opt/stack/neutron/neutron/plugins/ml2/drivers/ovn/mech_driver/ovsdb/ovsdb_monitor.py:1015}}
Jun 18 22:01:32.225532 np0000003194 devstack@neutron-api.service[90016]: DEBUG neutron.plugins.ml2.drivers.ovn.mech_driver.ovsdb.ovsdb_monitor [-] Hash Ring: Node 4e95165bec175db8a13678f48e130866 (host: np0000003194) handling event "create" for row 9c2dc48a-c38a-4a72-8580-60a2923d582d (table: ACL) {{(pid=90016) notify /opt/stack/neutron/neutron/plugins/ml2/drivers/ovn/mech_driver/ovsdb/ovsdb_monitor.py:1015}}
Jun 18 22:01:32.225901 np0000003194 devstack@neutron-api.service[90016]: DEBUG neutron.plugins.ml2.drivers.ovn.mech_driver.ovsdb.ovsdb_monitor [-] Hash Ring: Node 4e95165bec175db8a13678f48e130866 (host: np0000003194) handling event "create" for row fa33b4cd-ae77-46ef-bf6c-f6fd9508cfb3 (table: ACL) {{(pid=90016) notify /opt/stack/neutron/neutron/plugins/ml2/drivers/ovn/mech_driver/ovsdb/ovsdb_monitor.py:1015}}
Jun 18 22:01:32.225901 np0000003194 devstack@neutron-api.service[90016]: DEBUG neutron.plugins.ml2.drivers.ovn.mech_driver.ovsdb.ovsdb_monitor [-] Hash Ring: Node 4e95165bec175db8a13678f48e130866 (host: np0000003194) handling event "create" for row 98113ebc-d9b8-4d58-9c85-1591d496206d (table: Port_Group) {{(pid=90016) notify /opt/stack/neutron/neutron/plugins/ml2/drivers/ovn/mech_driver/ovsdb/ovsdb_monitor.py:1015}}
Jun 18 22:01:32.246280 np0000003194 devstack@neutron-api.service[90016]: INFO neutron.db.ovn_revision_numbers_db [None req-da455440-fbea-4ba5-ae48-7d5fca654340 admin admin] Successfully bumped revision number for resource 4f5b4801-9193-4ad9-a03f-c3d914e88d89 (type: security_groups) to 1
Jun 18 22:01:32.257599 np0000003194 devstack@neutron-api.service[90016]: INFO neutron.db.ovn_revision_numbers_db [None req-da455440-fbea-4ba5-ae48-7d5fca654340 admin admin] Successfully bumped revision number for resource 2e4aaf81-3c11-47a9-9db4-770205a6e5ef (type: security_group_rules) to 0
Jun 18 22:01:32.264991 np0000003194 devstack@neutron-api.service[90016]: INFO neutron.db.ovn_revision_numbers_db [None req-da455440-fbea-4ba5-ae48-7d5fca654340 admin admin] Successfully bumped revision number for resource 525992c1-9d7c-413e-8b4b-01952549b9f7 (type: security_group_rules) to 0
Jun 18 22:01:32.272956 np0000003194 devstack@neutron-api.service[90016]: INFO neutron.db.ovn_revision_numbers_db [None req-da455440-fbea-4ba5-ae48-7d5fca654340 admin admin] Successfully bumped revision number for resource 5efdb44e-6151-485a-9fa3-7e44ce38a0e4 (type: security_group_rules) to 0
Jun 18 22:01:32.280599 np0000003194 devstack@neutron-api.service[90016]: INFO neutron.db.ovn_revision_numbers_db [None req-da455440-fbea-4ba5-ae48-7d5fca654340 admin admin] Successfully bumped revision number for resource 935288b0-00d8-4863-996e-c51b465a45c2 (type: security_group_rules) to 0
Jun 18 22:01:32.298125 np0000003194 devstack@neutron-api.service[90016]: DEBUG neutron.api.rpc.handlers.resources_rpc [None req-da455440-fbea-4ba5-ae48-7d5fca654340 admin admin] Pushing event updated for resources: {'SecurityGroup': ['ID=4f5b4801-9193-4ad9-a03f-c3d914e88d89,revision_number=1']} {{(pid=90016) push /opt/stack/neutron/neutron/api/rpc/handlers/resources_rpc.py:237}}
Jun 18 22:01:32.304046 np0000003194 devstack@neutron-api.service[90016]: DEBUG ovsdbapp.backend.ovs_idl.transaction [-] Running txn n=1 command(idx=0): CheckLivenessCommand(_result=None) {{(pid=90016) do_commit /opt/stack/data/venv/lib/python3.12/site-packages/ovsdbapp/backend/ovs_idl/transaction.py:89}}
Jun 18 22:01:32.306459 np0000003194 devstack@neutron-api.service[90016]: DEBUG neutron.plugins.ml2.drivers.ovn.mech_driver.ovsdb.ovsdb_monitor [-] Hash Ring: Node 4e95165bec175db8a13678f48e130866 (host: np0000003194) handling event "update" for row e5da3a03-91c9-4fbb-a254-26597d75977d (table: NB_Global) {{(pid=90016) notify /opt/stack/neutron/neutron/plugins/ml2/drivers/ovn/mech_driver/ovsdb/ovsdb_monitor.py:1015}}
Jun 18 22:01:32.307109 np0000003194 devstack@neutron-api.service[90015]: DEBUG neutron.plugins.ml2.drivers.ovn.mech_driver.ovsdb.ovsdb_monitor [-] Hash Ring: Node 6f26b1f5fd9b572b81a98d29acb8910b (host: np0000003194) handling event "update" for row e5da3a03-91c9-4fbb-a254-26597d75977d (table: NB_Global) {{(pid=90015) notify /opt/stack/neutron/neutron/plugins/ml2/drivers/ovn/mech_driver/ovsdb/ovsdb_monitor.py:1015}}
Jun 18 22:01:32.307819 np0000003194 devstack@neutron-api.service[90015]: DEBUG neutron.plugins.ml2.drivers.ovn.mech_driver.ovsdb.ovsdb_monitor [-] Hash Ring: Node 6f26b1f5fd9b572b81a98d29acb8910b (host: np0000003194) handling event "update" for row e5da3a03-91c9-4fbb-a254-26597d75977d (table: NB_Global) {{(pid=90015) notify /opt/stack/neutron/neutron/plugins/ml2/drivers/ovn/mech_driver/ovsdb/ovsdb_monitor.py:1015}}
Jun 18 22:01:32.308215 np0000003194 devstack@neutron-api.service[90016]: DEBUG neutron.plugins.ml2.drivers.ovn.mech_driver.ovsdb.ovsdb_monitor [-] Hash Ring: Node 4e95165bec175db8a13678f48e130866 (host: np0000003194) handling event "update" for row e5da3a03-91c9-4fbb-a254-26597d75977d (table: NB_Global) {{(pid=90016) notify /opt/stack/neutron/neutron/plugins/ml2/drivers/ovn/mech_driver/ovsdb/ovsdb_monitor.py:1015}}
Jun 18 22:01:32.310112 np0000003194 devstack@neutron-api.service[90015]: DEBUG neutron.plugins.ml2.drivers.ovn.mech_driver.ovsdb.ovsdb_monitor [-] Hash Ring: Node 6f26b1f5fd9b572b81a98d29acb8910b (host: np0000003194) handling event "update" for row e5da3a03-91c9-4fbb-a254-26597d75977d (table: NB_Global) {{(pid=90015) notify /opt/stack/neutron/neutron/plugins/ml2/drivers/ovn/mech_driver/ovsdb/ovsdb_monitor.py:1015}}
Jun 18 22:01:32.310435 np0000003194 devstack@neutron-api.service[90016]: DEBUG neutron.api.rpc.callbacks.version_manager [None req-da455440-fbea-4ba5-ae48-7d5fca654340 admin admin] Tracked resource versions report:
Jun 18 22:01:32.310435 np0000003194 devstack@neutron-api.service[90016]: pushed versions:
Jun 18 22:01:32.310435 np0000003194 devstack@neutron-api.service[90016]: { 'AddressGroup': {'1.2'},
Jun 18 22:01:32.310435 np0000003194 devstack@neutron-api.service[90016]: 'Agent': {'1.1'},
Jun 18 22:01:32.310435 np0000003194 devstack@neutron-api.service[90016]: 'ConntrackHelper': {'1.0'},
Jun 18 22:01:32.310435 np0000003194 devstack@neutron-api.service[90016]: 'LocalIPAssociation': {'1.0'},
Jun 18 22:01:32.310435 np0000003194 devstack@neutron-api.service[90016]: 'Log': {'1.0'},
Jun 18 22:01:32.310435 np0000003194 devstack@neutron-api.service[90016]: 'NDPProxy': {'1.0'},
Jun 18 22:01:32.310435 np0000003194 devstack@neutron-api.service[90016]: 'Network': {'1.3'},
Jun 18 22:01:32.310435 np0000003194 devstack@neutron-api.service[90016]: 'Port': {'1.11'},
Jun 18 22:01:32.310435 np0000003194 devstack@neutron-api.service[90016]: 'PortForwarding': {'1.3'},
Jun 18 22:01:32.310435 np0000003194 devstack@neutron-api.service[90016]: 'QosPolicy': {'1.10'},
Jun 18 22:01:32.310435 np0000003194 devstack@neutron-api.service[90016]: 'SecurityGroup': {'1.6'},
Jun 18 22:01:32.310435 np0000003194 devstack@neutron-api.service[90016]: 'SecurityGroupRule': {'1.3'},
Jun 18 22:01:32.310435 np0000003194 devstack@neutron-api.service[90016]: 'SubPort': {'1.0'},
Jun 18 22:01:32.310435 np0000003194 devstack@neutron-api.service[90016]: 'Subnet': {'1.2'},
Jun 18 22:01:32.310435 np0000003194 devstack@neutron-api.service[90016]: 'Trunk': {'1.1'}}
Jun 18 22:01:32.310435 np0000003194 devstack@neutron-api.service[90016]: consumer versions:
Jun 18 22:01:32.310435 np0000003194 devstack@neutron-api.service[90016]: {}
Jun 18 22:01:32.310435 np0000003194 devstack@neutron-api.service[90016]: {{(pid=90016) report /opt/stack/neutron/neutron/api/rpc/callbacks/version_manager.py:183}}
Jun 18 22:01:32.310887 np0000003194 devstack@neutron-api.service[90015]: DEBUG neutron.plugins.ml2.drivers.ovn.mech_driver.ovsdb.ovsdb_monitor [-] ChassisAgentWriteEvent : Matched Chassis_Private, update, None None {{(pid=90015) matches /opt/stack/neutron/neutron/plugins/ml2/drivers/ovn/mech_driver/ovsdb/ovsdb_monitor.py:64}}
Jun 18 22:01:32.311388 np0000003194 devstack@neutron-api.service[90015]: DEBUG neutron.plugins.ml2.drivers.ovn.mech_driver.ovsdb.ovsdb_monitor [-] Hash Ring: Node 6f26b1f5fd9b572b81a98d29acb8910b (host: np0000003194) handling event "update" for row f7185e91-f4fb-4d8f-9691-2dbbf25e0829 (table: Chassis_Private) {{(pid=90015) notify /opt/stack/neutron/neutron/plugins/ml2/drivers/ovn/mech_driver/ovsdb/ovsdb_monitor.py:1015}}
Jun 18 22:01:32.313485 np0000003194 devstack@neutron-api.service[90014]: DEBUG neutron.plugins.ml2.drivers.ovn.mech_driver.ovsdb.ovsdb_monitor [-] ChassisAgentWriteEvent : Matched Chassis_Private, update, None None {{(pid=90014) matches /opt/stack/neutron/neutron/plugins/ml2/drivers/ovn/mech_driver/ovsdb/ovsdb_monitor.py:64}}
Jun 18 22:01:32.313977 np0000003194 devstack@neutron-api.service[90015]: DEBUG neutron.plugins.ml2.drivers.ovn.mech_driver.ovsdb.ovsdb_monitor [-] Hash Ring: Node 6f26b1f5fd9b572b81a98d29acb8910b (host: np0000003194) handling event "update" for row e5da3a03-91c9-4fbb-a254-26597d75977d (table: NB_Global) {{(pid=90015) notify /opt/stack/neutron/neutron/plugins/ml2/drivers/ovn/mech_driver/ovsdb/ovsdb_monitor.py:1015}}
Jun 18 22:01:32.314184 np0000003194 devstack@neutron-api.service[90016]: DEBUG neutron.plugins.ml2.drivers.ovn.mech_driver.ovsdb.ovsdb_monitor [-] ChassisAgentWriteEvent : Matched Chassis_Private, update, None None {{(pid=90016) matches /opt/stack/neutron/neutron/plugins/ml2/drivers/ovn/mech_driver/ovsdb/ovsdb_monitor.py:64}}
Jun 18 22:01:32.315265 np0000003194 devstack@neutron-api.service[90015]: DEBUG neutron.plugins.ml2.drivers.ovn.mech_driver.ovsdb.ovsdb_monitor [-] ChassisOVNAgentWriteEvent : Matched Chassis_Private, update, None None {{(pid=90015) matches /opt/stack/neutron/neutron/plugins/ml2/drivers/ovn/mech_driver/ovsdb/ovsdb_monitor.py:64}}
Jun 18 22:01:32.316019 np0000003194 devstack@neutron-api.service[90015]: DEBUG neutron.plugins.ml2.drivers.ovn.mech_driver.ovsdb.ovsdb_monitor [-] Hash Ring: Node 6f26b1f5fd9b572b81a98d29acb8910b (host: np0000003194) handling event "update" for row f7185e91-f4fb-4d8f-9691-2dbbf25e0829 (table: Chassis_Private) {{(pid=90015) notify /opt/stack/neutron/neutron/plugins/ml2/drivers/ovn/mech_driver/ovsdb/ovsdb_monitor.py:1015}}
Jun 18 22:01:32.316517 np0000003194 devstack@neutron-api.service[90014]: DEBUG neutron.plugins.ml2.drivers.ovn.mech_driver.ovsdb.ovsdb_monitor [-] ChassisOVNAgentWriteEvent : Matched Chassis_Private, update, None None {{(pid=90014) matches /opt/stack/neutron/neutron/plugins/ml2/drivers/ovn/mech_driver/ovsdb/ovsdb_monitor.py:64}}
Jun 18 22:01:32.317507 np0000003194 devstack@neutron-api.service[90016]: DEBUG neutron.plugins.ml2.drivers.ovn.mech_driver.ovsdb.ovsdb_monitor [-] Hash Ring: Node 4e95165bec175db8a13678f48e130866 (host: np0000003194) handling event "update" for row e5da3a03-91c9-4fbb-a254-26597d75977d (table: NB_Global) {{(pid=90016) notify /opt/stack/neutron/neutron/plugins/ml2/drivers/ovn/mech_driver/ovsdb/ovsdb_monitor.py:1015}}
Jun 18 22:01:32.319007 np0000003194 devstack@neutron-api.service[90016]: DEBUG neutron.plugins.ml2.drivers.ovn.mech_driver.ovsdb.ovsdb_monitor [-] Hash Ring: Node 4e95165bec175db8a13678f48e130866 (host: np0000003194) handling event "update" for row e5da3a03-91c9-4fbb-a254-26597d75977d (table: NB_Global) {{(pid=90016) notify /opt/stack/neutron/neutron/plugins/ml2/drivers/ovn/mech_driver/ovsdb/ovsdb_monitor.py:1015}}
Jun 18 22:01:32.320837 np0000003194 devstack@neutron-api.service[90016]: DEBUG neutron.common.ovn.hash_ring_manager [-] Allow caching, nodes 3>=3 {{(pid=90016) _wait_startup_before_caching /opt/stack/neutron/neutron/common/ovn/hash_ring_manager.py:71}}
Jun 18 22:01:32.321171 np0000003194 devstack@neutron-api.service[90016]: DEBUG neutron.plugins.ml2.drivers.ovn.mech_driver.ovsdb.ovsdb_monitor [-] Hash Ring: Node 4e95165bec175db8a13678f48e130866 (host: np0000003194) handling event "update" for row f7185e91-f4fb-4d8f-9691-2dbbf25e0829 (table: Chassis_Private) {{(pid=90016) notify /opt/stack/neutron/neutron/plugins/ml2/drivers/ovn/mech_driver/ovsdb/ovsdb_monitor.py:1015}}
Jun 18 22:01:32.322214 np0000003194 devstack@neutron-api.service[90016]: DEBUG neutron.plugins.ml2.drivers.ovn.mech_driver.ovsdb.ovsdb_monitor [-] ChassisOVNAgentWriteEvent : Matched Chassis_Private, update, None None {{(pid=90016) matches /opt/stack/neutron/neutron/plugins/ml2/drivers/ovn/mech_driver/ovsdb/ovsdb_monitor.py:64}}
Jun 18 22:01:32.322620 np0000003194 devstack@neutron-api.service[90016]: DEBUG neutron.plugins.ml2.drivers.ovn.mech_driver.ovsdb.ovsdb_monitor [-] Hash Ring: Node 4e95165bec175db8a13678f48e130866 (host: np0000003194) handling event "update" for row f7185e91-f4fb-4d8f-9691-2dbbf25e0829 (table: Chassis_Private) {{(pid=90016) notify /opt/stack/neutron/neutron/plugins/ml2/drivers/ovn/mech_driver/ovsdb/ovsdb_monitor.py:1015}}
Jun 18 22:01:32.356098 np0000003194 devstack@neutron-api.service[90016]: DEBUG neutron.plugins.ml2.drivers.helpers [None req-da455440-fbea-4ba5-ae48-7d5fca654340 admin admin] geneve segment allocate from pool success with {'geneve_vni': 54934} {{(pid=90016) allocate_partially_specified_segment /opt/stack/neutron/neutron/plugins/ml2/drivers/helpers.py:142}}
Jun 18 22:01:32.367983 np0000003194 devstack@neutron-api.service[90016]: DEBUG neutron_lib.callbacks.manager [None req-da455440-fbea-4ba5-ae48-7d5fca654340 admin admin] Publish callbacks ['neutron.services.segments.db._add_segment_host_mapping_for_segment-8763772787432', 'neutron.plugins.ml2.plugin.Ml2Plugin._handle_segment_change-229005'] for segment (b12b2c74-debb-45ec-8c1d-ff73877357b1), precommit_create {{(pid=90016) _notify_loop /opt/stack/data/venv/lib/python3.12/site-packages/neutron_lib/callbacks/manager.py:184}}
Jun 18 22:01:32.368149 np0000003194 devstack@neutron-api.service[90016]: INFO neutron.db.segments_db [None req-da455440-fbea-4ba5-ae48-7d5fca654340 admin admin] Added segment b12b2c74-debb-45ec-8c1d-ff73877357b1 of type geneve for network 9a6ba80c-bcd8-4410-808f-2f6fb6944139
Jun 18 22:01:32.408009 np0000003194 devstack@neutron-api.service[90016]: DEBUG neutron_lib.callbacks.manager [None req-da455440-fbea-4ba5-ae48-7d5fca654340 admin admin] Publish callbacks ['neutron.services.auto_allocate.db._ensure_external_network_default_value_callback-8763772101946'] for network (9a6ba80c-bcd8-4410-808f-2f6fb6944139), precommit_create {{(pid=90016) _notify_loop /opt/stack/data/venv/lib/python3.12/site-packages/neutron_lib/callbacks/manager.py:184}}
Jun 18 22:01:32.424548 np0000003194 devstack@neutron-api.service[90016]: DEBUG neutron.plugins.ml2.drivers.ovn.mech_driver.mech_driver [None req-da455440-fbea-4ba5-ae48-7d5fca654340 admin admin] Validating network segment with type geneve, segmentation ID 54934, physical network None {{(pid=90016) _validate_network_segments /opt/stack/neutron/neutron/plugins/ml2/drivers/ovn/mech_driver/mech_driver.py:646}}
Jun 18 22:01:32.424704 np0000003194 devstack@neutron-api.service[90016]: DEBUG neutron.db.ovn_revision_numbers_db [None req-da455440-fbea-4ba5-ae48-7d5fca654340 admin admin] create_initial_revision uuid=9a6ba80c-bcd8-4410-808f-2f6fb6944139, type=networks, rev=-1 {{(pid=90016) create_initial_revision /opt/stack/neutron/neutron/db/ovn_revision_numbers_db.py:98}}
Jun 18 22:01:32.437926 np0000003194 devstack@neutron-api.service[90016]: DEBUG neutron_lib.callbacks.manager [None req-da455440-fbea-4ba5-ae48-7d5fca654340 admin admin] Publish callbacks ['neutron.plugins.ml2.ovo_rpc._ObjectChangeHandler.handle_event-15668653'] for network (9a6ba80c-bcd8-4410-808f-2f6fb6944139), after_create {{(pid=90016) _notify_loop /opt/stack/data/venv/lib/python3.12/site-packages/neutron_lib/callbacks/manager.py:184}}
Jun 18 22:01:32.484437 np0000003194 devstack@neutron-api.service[90016]: DEBUG neutron.api.rpc.handlers.resources_rpc [None req-da455440-fbea-4ba5-ae48-7d5fca654340 admin admin] Pushing event updated for resources: {'Network': ['ID=9a6ba80c-bcd8-4410-808f-2f6fb6944139,revision_number=1']} {{(pid=90016) push /opt/stack/neutron/neutron/api/rpc/handlers/resources_rpc.py:237}}
Jun 18 22:01:32.492160 np0000003194 devstack@neutron-api.service[90016]: DEBUG ovsdbapp.backend.ovs_idl.transaction [-] Running txn n=1 command(idx=0): AddNetworkCommand(_result=None, network_uuid=9a6ba80c-bcd8-4410-808f-2f6fb6944139, may_exist=True, columns={'external_ids': {'neutron:network_name': 'private', 'neutron:mtu': '1372', 'neutron:revision_number': '1', 'neutron:availability_zone_hints': '', 'neutron:provnet-network-type': 'geneve'}, 'other_config': {'mcast_snoop': 'false', 'mcast_flood_unregistered': 'false', 'vlan-passthru': 'false'}}) {{(pid=90016) do_commit /opt/stack/data/venv/lib/python3.12/site-packages/ovsdbapp/backend/ovs_idl/transaction.py:89}}
Jun 18 22:01:32.492371 np0000003194 devstack@neutron-api.service[90016]: DEBUG neutron.common.ovn.utils [-] OVS persist_uuid supported=True {{(pid=90016) ovs_persist_uuid_supported /opt/stack/neutron/neutron/common/ovn/utils.py:1544}}
Jun 18 22:01:32.495191 np0000003194 devstack@neutron-api.service[90016]: DEBUG neutron.plugins.ml2.drivers.ovn.mech_driver.ovsdb.ovsdb_monitor [-] Hash Ring: Node 4e95165bec175db8a13678f48e130866 (host: np0000003194) handling event "create" for row 9a6ba80c-bcd8-4410-808f-2f6fb6944139 (table: Logical_Switch) {{(pid=90016) notify /opt/stack/neutron/neutron/plugins/ml2/drivers/ovn/mech_driver/ovsdb/ovsdb_monitor.py:1015}}
Jun 18 22:01:32.495377 np0000003194 devstack@neutron-api.service[90015]: DEBUG neutron.plugins.ml2.drivers.ovn.mech_driver.ovsdb.ovsdb_monitor [-] Hash Ring: Node 6f26b1f5fd9b572b81a98d29acb8910b (host: np0000003194) handling event "create" for row 9a6ba80c-bcd8-4410-808f-2f6fb6944139 (table: Logical_Switch) {{(pid=90015) notify /opt/stack/neutron/neutron/plugins/ml2/drivers/ovn/mech_driver/ovsdb/ovsdb_monitor.py:1015}}
Jun 18 22:01:32.500568 np0000003194 devstack@neutron-api.service[90015]: DEBUG neutron.plugins.ml2.drivers.ovn.mech_driver.ovsdb.ovsdb_monitor [-] Hash Ring: Node 6f26b1f5fd9b572b81a98d29acb8910b (host: np0000003194) handling event "create" for row ac108145-3b77-4c4b-b71f-bc25b95469b7 (table: Datapath_Binding) {{(pid=90015) notify /opt/stack/neutron/neutron/plugins/ml2/drivers/ovn/mech_driver/ovsdb/ovsdb_monitor.py:1015}}
Jun 18 22:01:32.507725 np0000003194 devstack@neutron-api.service[90016]: DEBUG neutron.plugins.ml2.drivers.ovn.mech_driver.ovsdb.ovsdb_monitor [-] Hash Ring: Node 4e95165bec175db8a13678f48e130866 (host: np0000003194) handling event "create" for row ac108145-3b77-4c4b-b71f-bc25b95469b7 (table: Datapath_Binding) {{(pid=90016) notify /opt/stack/neutron/neutron/plugins/ml2/drivers/ovn/mech_driver/ovsdb/ovsdb_monitor.py:1015}}
Jun 18 22:01:32.521815 np0000003194 devstack@neutron-api.service[90016]: INFO neutron.db.ovn_revision_numbers_db [None req-da455440-fbea-4ba5-ae48-7d5fca654340 admin admin] Successfully bumped revision number for resource 9a6ba80c-bcd8-4410-808f-2f6fb6944139 (type: networks) to 1
Jun 18 22:01:32.571618 np0000003194 devstack@neutron-api.service[90016]: DEBUG neutron_lib.callbacks.manager [None req-da455440-fbea-4ba5-ae48-7d5fca654340 admin admin] Publish callbacks ['neutron.plugins.ml2.plugin.SecurityGroupDbMixin._ensure_default_security_group_handler-2049379'] for port (None), before_create {{(pid=90016) _notify_loop /opt/stack/data/venv/lib/python3.12/site-packages/neutron_lib/callbacks/manager.py:184}}
Jun 18 22:01:32.668001 np0000003194 devstack@neutron-api.service[90016]: DEBUG neutron_lib.callbacks.manager [None req-da455440-fbea-4ba5-ae48-7d5fca654340 admin admin] Publish callbacks ['neutron.plugins.ml2.drivers.ovn.mech_driver.mech_driver.OVNMechanismDriver._validate_allowed_address_pairs-315095'] for allowed_address_pair (adc94d9f-bcab-481c-9521-f7d0d501a3df), before_create {{(pid=90016) _notify_loop /opt/stack/data/venv/lib/python3.12/site-packages/neutron_lib/callbacks/manager.py:184}}
Jun 18 22:01:32.668636 np0000003194 devstack@neutron-api.service[90016]: DEBUG neutron_lib.callbacks.manager [None req-da455440-fbea-4ba5-ae48-7d5fca654340 admin admin] Publish callbacks [] for port (adc94d9f-bcab-481c-9521-f7d0d501a3df), precommit_create {{(pid=90016) _notify_loop /opt/stack/data/venv/lib/python3.12/site-packages/neutron_lib/callbacks/manager.py:184}}
Jun 18 22:01:32.668966 np0000003194 devstack@neutron-api.service[90016]: DEBUG neutron.plugins.ml2.drivers.ovn.mech_driver.mech_driver [None req-da455440-fbea-4ba5-ae48-7d5fca654340 admin admin] No provisioning block for port adc94d9f-bcab-481c-9521-f7d0d501a3df since it does not have a host {{(pid=90016) _is_port_provisioning_required /opt/stack/neutron/neutron/plugins/ml2/drivers/ovn/mech_driver/mech_driver.py:899}}
Jun 18 22:01:32.669076 np0000003194 devstack@neutron-api.service[90016]: DEBUG neutron.db.ovn_revision_numbers_db [None req-da455440-fbea-4ba5-ae48-7d5fca654340 admin admin] create_initial_revision uuid=adc94d9f-bcab-481c-9521-f7d0d501a3df, type=ports, rev=-1 {{(pid=90016) create_initial_revision /opt/stack/neutron/neutron/db/ovn_revision_numbers_db.py:98}}
Jun 18 22:01:32.721012 np0000003194 devstack@neutron-api.service[90016]: DEBUG neutron_lib.callbacks.manager [None req-da455440-fbea-4ba5-ae48-7d5fca654340 admin admin] Publish callbacks ['neutron.plugins.ml2.ovo_rpc._ObjectChangeHandler.handle_event-15668613'] for port (adc94d9f-bcab-481c-9521-f7d0d501a3df), after_create {{(pid=90016) _notify_loop /opt/stack/data/venv/lib/python3.12/site-packages/neutron_lib/callbacks/manager.py:184}}
Jun 18 22:01:32.770046 np0000003194 devstack@neutron-api.service[90016]: DEBUG neutron.api.rpc.handlers.resources_rpc [None req-da455440-fbea-4ba5-ae48-7d5fca654340 admin admin] Pushing event updated for resources: {'Port': ['ID=adc94d9f-bcab-481c-9521-f7d0d501a3df,revision_number=1']} {{(pid=90016) push /opt/stack/neutron/neutron/api/rpc/handlers/resources_rpc.py:237}}
Jun 18 22:01:32.797938 np0000003194 devstack@neutron-api.service[90016]: DEBUG neutron.plugins.ml2.drivers.ovn.mech_driver.ovsdb.commands [None req-da455440-fbea-4ba5-ae48-7d5fca654340 admin admin] Converting tag [] to a tag_request {{(pid=90016) _tag_column_to_tag_request /opt/stack/neutron/neutron/plugins/ml2/drivers/ovn/mech_driver/ovsdb/commands.py:205}}
Jun 18 22:01:32.798696 np0000003194 devstack@neutron-api.service[90016]: DEBUG ovsdbapp.backend.ovs_idl.transaction [-] Running txn n=1 command(idx=0): AddLSwitchPortCommand(_result=None, lport=adc94d9f-bcab-481c-9521-f7d0d501a3df, lswitch=neutron-9a6ba80c-bcd8-4410-808f-2f6fb6944139, may_exist=True, network_uuid=9a6ba80c-bcd8-4410-808f-2f6fb6944139, columns={'addresses': ['fa:16:3e:03:bf:d4'], 'external_ids': {'neutron:port_name': '', 'neutron:device_id': 'ovnmeta-9a6ba80c-bcd8-4410-808f-2f6fb6944139', 'neutron:project_id': '5586d076ec6f4a21a9afc0f76d73a236', 'neutron:cidrs': '', 'neutron:device_owner': 'network:distributed', 'neutron:subnet_pool_addr_scope4': '', 'neutron:subnet_pool_addr_scope6': '', 'neutron:network_name': 'neutron-9a6ba80c-bcd8-4410-808f-2f6fb6944139', 'neutron:security_group_ids': '', 'neutron:revision_number': '1', 'neutron:vnic_type': 'normal', 'neutron:port_capabilities': '', 'neutron:mtu': '1372'}, 'parent_name': [], 'enabled': True, 'options': {}, 'type': 'localport', 'port_security': [], 'dhcpv4_options': [], 'dhcpv6_options': [], 'tag_request': []}) {{(pid=90016) do_commit /opt/stack/data/venv/lib/python3.12/site-packages/ovsdbapp/backend/ovs_idl/transaction.py:89}}
Jun 18 22:01:32.799208 np0000003194 devstack@neutron-api.service[90016]: DEBUG ovsdbapp.backend.ovs_idl.transaction [-] Running txn n=1 command(idx=1): QoSDelCommand(_result=None, switch=neutron-9a6ba80c-bcd8-4410-808f-2f6fb6944139, conditions=[('direction', '=', 'to-lport'), ('priority', '=', 2002), ('match', '=', 'outport == "adc94d9f-bcab-481c-9521-f7d0d501a3df"')], if_exists=True) {{(pid=90016) do_commit /opt/stack/data/venv/lib/python3.12/site-packages/ovsdbapp/backend/ovs_idl/transaction.py:89}}
Jun 18 22:01:32.799393 np0000003194 devstack@neutron-api.service[90016]: DEBUG ovsdbapp.backend.ovs_idl.transaction [-] Running txn n=1 command(idx=2): QoSDelCommand(_result=None, switch=neutron-9a6ba80c-bcd8-4410-808f-2f6fb6944139, conditions=[('direction', '=', 'from-lport'), ('priority', '=', 2002), ('match', '=', 'inport == "adc94d9f-bcab-481c-9521-f7d0d501a3df"')], if_exists=True) {{(pid=90016) do_commit /opt/stack/data/venv/lib/python3.12/site-packages/ovsdbapp/backend/ovs_idl/transaction.py:89}}
Jun 18 22:01:32.802454 np0000003194 devstack@neutron-api.service[90015]: DEBUG neutron.plugins.ml2.drivers.ovn.mech_driver.ovsdb.ovsdb_monitor [-] Hash Ring: Node 6f26b1f5fd9b572b81a98d29acb8910b (host: np0000003194) handling event "update" for row 9a6ba80c-bcd8-4410-808f-2f6fb6944139 (table: Logical_Switch) {{(pid=90015) notify /opt/stack/neutron/neutron/plugins/ml2/drivers/ovn/mech_driver/ovsdb/ovsdb_monitor.py:1015}}
Jun 18 22:01:32.802556 np0000003194 devstack@neutron-api.service[90015]: DEBUG neutron.plugins.ml2.drivers.ovn.mech_driver.ovsdb.ovsdb_monitor [-] Hash Ring: Node 6f26b1f5fd9b572b81a98d29acb8910b (host: np0000003194) handling event "create" for row 7208a7e9-6bb8-4b7c-97b3-6d2c82656112 (table: Logical_Switch_Port) {{(pid=90015) notify /opt/stack/neutron/neutron/plugins/ml2/drivers/ovn/mech_driver/ovsdb/ovsdb_monitor.py:1015}}
Jun 18 22:01:32.804073 np0000003194 devstack@neutron-api.service[90016]: DEBUG neutron.plugins.ml2.drivers.ovn.mech_driver.ovsdb.ovsdb_monitor [-] Hash Ring: Node 4e95165bec175db8a13678f48e130866 (host: np0000003194) handling event "create" for row 36ff3ff9-6a4b-43b8-a18f-f4145d0edaba (table: Port_Binding) {{(pid=90016) notify /opt/stack/neutron/neutron/plugins/ml2/drivers/ovn/mech_driver/ovsdb/ovsdb_monitor.py:1015}}
