Aug 06 06:25:03.268541 np0000006629 devstack@c-api.service[100314]: DEBUG cinder.coordination [req-6ce6dc58-8711-43d9-9bd6-6ef3a4d3b2a7 req-2bda2b74-d819-4f22-865c-e8407623475d tempest-AttachSCSIVolumeTestJSON-100541526 tempest-AttachSCSIVolumeTestJSON-100541526-project-member] Lock "cinder-attachment_update-08812c6b-28b4-42c1-8249-ffbebdb6389f-np0000006629" released by "attachment_update" :: held 0.122s {{(pid=100314) __release /opt/stack/cinder/cinder/coordination.py:152}}
Aug 06 06:25:03.269156 np0000006629 devstack@c-api.service[100314]: INFO cinder.api.openstack.wsgi [req-6ce6dc58-8711-43d9-9bd6-6ef3a4d3b2a7 req-2bda2b74-d819-4f22-865c-e8407623475d tempest-AttachSCSIVolumeTestJSON-100541526 tempest-AttachSCSIVolumeTestJSON-100541526-project-member] https://10.4.3.129/volume/v3/attachments/63ef5692-7da6-4a1a-aaa5-4bdbc8ffb139 returned with HTTP 200
Aug 06 06:25:03.271668 np0000006629 devstack@c-api.service[100314]: [pid: 100314|app: 0|req: 49/196] 10.4.3.129 () {74 vars in 1704 bytes} [Thu Aug 6 06:25:03 2026] PUT /volume/v3/attachments/63ef5692-7da6-4a1a-aaa5-4bdbc8ffb139 => generated 969 bytes in 150 msecs (HTTP/1.1 200) 7 headers in 286 bytes (1 switches on core 0)
Aug 06 06:25:03.275806 np0000006629 devstack@c-api.service[100313]: DEBUG cinder.api.middleware.request_id [None req-16920750-2884-42fc-88f2-e5276e2d2859 None None] RequestId filter calling following filter/app {{(pid=100313) _context_setter /opt/stack/cinder/cinder/api/middleware/request_id.py:62}}
Aug 06 06:25:03.278973 np0000006629 devstack@c-api.service[100313]: INFO cinder.api.openstack.wsgi [None req-16920750-2884-42fc-88f2-e5276e2d2859 None None] GET https://10.4.3.129/volume//
Aug 06 06:25:03.278973 np0000006629 devstack@c-api.service[100313]: DEBUG cinder.api.openstack.wsgi [None req-16920750-2884-42fc-88f2-e5276e2d2859 None None] Empty body provided in request {{(pid=100313) get_body /opt/stack/cinder/cinder/api/openstack/wsgi.py:725}}
Aug 06 06:25:03.278973 np0000006629 devstack@c-api.service[100313]: DEBUG cinder.api.openstack.wsgi [None req-16920750-2884-42fc-88f2-e5276e2d2859 None None] Calling method 'all' {{(pid=100313) _process_stack /opt/stack/cinder/cinder/api/openstack/wsgi.py:878}}
Aug 06 06:25:03.278973 np0000006629 devstack@c-api.service[100313]: INFO cinder.api.openstack.wsgi [None req-16920750-2884-42fc-88f2-e5276e2d2859 None None] https://10.4.3.129/volume// returned with HTTP 300
Aug 06 06:25:03.278973 np0000006629 devstack@c-api.service[100313]: [pid: 100313|app: 0|req: 50/197] 10.4.3.129 () {66 vars in 1419 bytes} [Thu Aug 6 06:25:03 2026] GET /volume/ => generated 386 bytes in 4 msecs (HTTP/1.1 300) 7 headers in 299 bytes (1 switches on core 0)
Aug 06 06:25:03.288695 np0000006629 devstack@c-api.service[100312]: DEBUG cinder.api.middleware.request_id [req-88b23b7e-a87b-4682-bfa8-270e015941b9 req-2db16c95-6be7-4fec-acf5-9f1114fdca27 None None] RequestId filter calling following filter/app {{(pid=100312) _context_setter /opt/stack/cinder/cinder/api/middleware/request_id.py:62}}
Aug 06 06:25:03.290873 np0000006629 devstack@c-api.service[100312]: INFO cinder.api.openstack.wsgi [req-88b23b7e-a87b-4682-bfa8-270e015941b9 req-2db16c95-6be7-4fec-acf5-9f1114fdca27 tempest-TaggedBootDevicesTest-1442358909 tempest-TaggedBootDevicesTest-1442358909-project-member] POST https://10.4.3.129/volume/v3/attachments
Aug 06 06:25:03.291297 np0000006629 devstack@c-api.service[100312]: DEBUG cinder.api.openstack.wsgi [req-88b23b7e-a87b-4682-bfa8-270e015941b9 req-2db16c95-6be7-4fec-acf5-9f1114fdca27 tempest-TaggedBootDevicesTest-1442358909 tempest-TaggedBootDevicesTest-1442358909-project-member] Action: 'create', calling method: version_select, body: {"attachment": {"volume_uuid": "2799e7c5-fcf6-483b-997e-b60abbc02bd3", "connector": null, "instance_uuid": "d8cf1635-e2e8-4fdd-a20b-2bfea8965352"}} {{(pid=100312) _process_stack /opt/stack/cinder/cinder/api/openstack/wsgi.py:876}}
Aug 06 06:25:03.294403 np0000006629 devstack@c-api.service[100315]: DEBUG cinder.api.middleware.request_id [None req-73063820-6af2-4925-8062-ce62af8b3cee None None] RequestId filter calling following filter/app {{(pid=100315) _context_setter /opt/stack/cinder/cinder/api/middleware/request_id.py:62}}
Aug 06 06:25:03.299346 np0000006629 devstack@c-api.service[100315]: INFO cinder.api.openstack.wsgi [None req-73063820-6af2-4925-8062-ce62af8b3cee tempest-VolumesAssistedSnapshotsTest-1281220851 tempest-VolumesAssistedSnapshotsTest-1281220851-project-admin] GET https://10.4.3.129/volume/v3/volumes/935a90ba-444f-48e2-9cb0-5c1b85eeee3b
Aug 06 06:25:03.299346 np0000006629 devstack@c-api.service[100315]: DEBUG cinder.api.openstack.wsgi [None req-73063820-6af2-4925-8062-ce62af8b3cee tempest-VolumesAssistedSnapshotsTest-1281220851 tempest-VolumesAssistedSnapshotsTest-1281220851-project-admin] Empty body provided in request {{(pid=100315) get_body /opt/stack/cinder/cinder/api/openstack/wsgi.py:725}}
Aug 06 06:25:03.299346 np0000006629 devstack@c-api.service[100315]: DEBUG cinder.api.openstack.wsgi [None req-73063820-6af2-4925-8062-ce62af8b3cee tempest-VolumesAssistedSnapshotsTest-1281220851 tempest-VolumesAssistedSnapshotsTest-1281220851-project-admin] Calling method 'show' {{(pid=100315) _process_stack /opt/stack/cinder/cinder/api/openstack/wsgi.py:878}}
Aug 06 06:25:03.309354 np0000006629 devstack@c-api.service[100315]: /opt/stack/data/venv/lib/python3.12/site-packages/oslo_context/context.py:102: DeprecationWarning: Policy enforcement is depending on the value of is_admin. This key is deprecated. Please update your policy file to use the standard policy values.
Aug 06 06:25:03.309354 np0000006629 devstack@c-api.service[100315]: warnings.warn(
Aug 06 06:25:03.310202 np0000006629 devstack@c-api.service[100312]: /opt/stack/data/venv/lib/python3.12/site-packages/oslo_context/context.py:102: DeprecationWarning: Policy enforcement is depending on the value of is_admin. This key is deprecated. Please update your policy file to use the standard policy values.
Aug 06 06:25:03.310202 np0000006629 devstack@c-api.service[100312]: warnings.warn(
Aug 06 06:25:03.311677 np0000006629 devstack@c-api.service[100314]: DEBUG cinder.api.middleware.request_id [None req-cafa5d32-2e89-4ab9-9c3d-bc0d1d3f1fd0 None None] RequestId filter calling following filter/app {{(pid=100314) _context_setter /opt/stack/cinder/cinder/api/middleware/request_id.py:62}}
Aug 06 06:25:03.312197 np0000006629 devstack@c-api.service[100314]: INFO cinder.api.openstack.wsgi [None req-cafa5d32-2e89-4ab9-9c3d-bc0d1d3f1fd0 None None] GET https://10.4.3.129/volume//
Aug 06 06:25:03.312418 np0000006629 devstack@c-api.service[100314]: DEBUG cinder.api.openstack.wsgi [None req-cafa5d32-2e89-4ab9-9c3d-bc0d1d3f1fd0 None None] Empty body provided in request {{(pid=100314) get_body /opt/stack/cinder/cinder/api/openstack/wsgi.py:725}}
Aug 06 06:25:03.312665 np0000006629 devstack@c-api.service[100314]: DEBUG cinder.api.openstack.wsgi [None req-cafa5d32-2e89-4ab9-9c3d-bc0d1d3f1fd0 None None] Calling method 'all' {{(pid=100314) _process_stack /opt/stack/cinder/cinder/api/openstack/wsgi.py:878}}
Aug 06 06:25:03.313146 np0000006629 devstack@c-api.service[100314]: INFO cinder.api.openstack.wsgi [None req-cafa5d32-2e89-4ab9-9c3d-bc0d1d3f1fd0 None None] https://10.4.3.129/volume// returned with HTTP 300
Aug 06 06:25:03.313515 np0000006629 devstack@c-api.service[100314]: [pid: 100314|app: 0|req: 50/198] 10.4.3.129 () {66 vars in 1426 bytes} [Thu Aug 6 06:25:03 2026] GET /volume/ => generated 386 bytes in 2 msecs (HTTP/1.1 300) 7 headers in 299 bytes (1 switches on core 0)
Aug 06 06:25:03.313701 np0000006629 devstack@c-api.service[100315]: INFO cinder.volume.api [None req-73063820-6af2-4925-8062-ce62af8b3cee tempest-VolumesAssistedSnapshotsTest-1281220851 tempest-VolumesAssistedSnapshotsTest-1281220851-project-admin] Volume info retrieved successfully.
Aug 06 06:25:03.318847 np0000006629 devstack@c-api.service[100315]: INFO cinder.api.openstack.wsgi [None req-73063820-6af2-4925-8062-ce62af8b3cee tempest-VolumesAssistedSnapshotsTest-1281220851 tempest-VolumesAssistedSnapshotsTest-1281220851-project-admin] https://10.4.3.129/volume/v3/volumes/935a90ba-444f-48e2-9cb0-5c1b85eeee3b returned with HTTP 200
Aug 06 06:25:03.319345 np0000006629 devstack@c-api.service[100315]: [pid: 100315|app: 0|req: 49/199] 10.4.3.129 () {66 vars in 1348 bytes} [Thu Aug 6 06:25:03 2026] GET /volume/v3/volumes/935a90ba-444f-48e2-9cb0-5c1b85eeee3b => generated 1024 bytes in 25 msecs (HTTP/1.1 200) 7 headers in 286 bytes (1 switches on core 0)
Aug 06 06:25:03.325486 np0000006629 devstack@c-api.service[100313]: DEBUG cinder.api.middleware.request_id [req-1f19cc57-784c-406d-8b74-a9718d6f6709 req-35bcaf98-b7eb-479c-9470-b7af542e33b6 None None] RequestId filter calling following filter/app {{(pid=100313) _context_setter /opt/stack/cinder/cinder/api/middleware/request_id.py:62}}
Aug 06 06:25:03.327719 np0000006629 devstack@c-api.service[100313]: INFO cinder.api.openstack.wsgi [req-1f19cc57-784c-406d-8b74-a9718d6f6709 req-35bcaf98-b7eb-479c-9470-b7af542e33b6 tempest-VolumesAssistedSnapshotsTest-1281220851 tempest-VolumesAssistedSnapshotsTest-1281220851-project-admin] GET https://10.4.3.129/volume/v3/volumes/935a90ba-444f-48e2-9cb0-5c1b85eeee3b
Aug 06 06:25:03.328113 np0000006629 devstack@c-api.service[100313]: DEBUG cinder.api.openstack.wsgi [req-1f19cc57-784c-406d-8b74-a9718d6f6709 req-35bcaf98-b7eb-479c-9470-b7af542e33b6 tempest-VolumesAssistedSnapshotsTest-1281220851 tempest-VolumesAssistedSnapshotsTest-1281220851-project-admin] Empty body provided in request {{(pid=100313) get_body /opt/stack/cinder/cinder/api/openstack/wsgi.py:725}}
Aug 06 06:25:03.329970 np0000006629 devstack@c-api.service[100313]: DEBUG cinder.api.openstack.wsgi [req-1f19cc57-784c-406d-8b74-a9718d6f6709 req-35bcaf98-b7eb-479c-9470-b7af542e33b6 tempest-VolumesAssistedSnapshotsTest-1281220851 tempest-VolumesAssistedSnapshotsTest-1281220851-project-admin] Calling method 'show' {{(pid=100313) _process_stack /opt/stack/cinder/cinder/api/openstack/wsgi.py:878}}
Aug 06 06:25:03.344637 np0000006629 devstack@c-api.service[100313]: /opt/stack/data/venv/lib/python3.12/site-packages/oslo_context/context.py:102: DeprecationWarning: Policy enforcement is depending on the value of is_admin. This key is deprecated. Please update your policy file to use the standard policy values.
Aug 06 06:25:03.344637 np0000006629 devstack@c-api.service[100313]: warnings.warn(
Aug 06 06:25:03.350332 np0000006629 devstack@c-api.service[100312]: INFO cinder.api.openstack.wsgi [req-88b23b7e-a87b-4682-bfa8-270e015941b9 req-2db16c95-6be7-4fec-acf5-9f1114fdca27 tempest-TaggedBootDevicesTest-1442358909 tempest-TaggedBootDevicesTest-1442358909-project-member] https://10.4.3.129/volume/v3/attachments returned with HTTP 200
Aug 06 06:25:03.351541 np0000006629 devstack@c-api.service[100312]: [pid: 100312|app: 0|req: 51/200] 10.4.3.129 () {74 vars in 1594 bytes} [Thu Aug 6 06:25:03 2026] POST /volume/v3/attachments => generated 273 bytes in 63 msecs (HTTP/1.1 200) 7 headers in 286 bytes (1 switches on core 0)
Aug 06 06:25:03.354555 np0000006629 devstack@c-api.service[100313]: INFO cinder.volume.api [req-1f19cc57-784c-406d-8b74-a9718d6f6709 req-35bcaf98-b7eb-479c-9470-b7af542e33b6 tempest-VolumesAssistedSnapshotsTest-1281220851 tempest-VolumesAssistedSnapshotsTest-1281220851-project-admin] Volume info retrieved successfully.
Aug 06 06:25:03.362720 np0000006629 devstack@c-api.service[100313]: INFO cinder.api.openstack.wsgi [req-1f19cc57-784c-406d-8b74-a9718d6f6709 req-35bcaf98-b7eb-479c-9470-b7af542e33b6 tempest-VolumesAssistedSnapshotsTest-1281220851 tempest-VolumesAssistedSnapshotsTest-1281220851-project-admin] https://10.4.3.129/volume/v3/volumes/935a90ba-444f-48e2-9cb0-5c1b85eeee3b returned with HTTP 200
Aug 06 06:25:03.363449 np0000006629 devstack@c-api.service[100313]: [pid: 100313|app: 0|req: 51/201] 10.4.3.129 () {70 vars in 1639 bytes} [Thu Aug 6 06:25:03 2026] GET /volume/v3/volumes/935a90ba-444f-48e2-9cb0-5c1b85eeee3b => generated 1247 bytes in 38 msecs (HTTP/1.1 200) 7 headers in 287 bytes (1 switches on core 0)
Aug 06 06:25:03.366034 np0000006629 devstack@c-api.service[100314]: DEBUG cinder.api.middleware.request_id [None req-9d4d04dd-116c-4c20-8713-7b4aae221726 None None] RequestId filter calling following filter/app {{(pid=100314) _context_setter /opt/stack/cinder/cinder/api/middleware/request_id.py:62}}
Aug 06 06:25:03.367299 np0000006629 devstack@c-api.service[100314]: INFO cinder.api.openstack.wsgi [None req-9d4d04dd-116c-4c20-8713-7b4aae221726 None None] GET https://10.4.3.129/volume//
Aug 06 06:25:03.367543 np0000006629 devstack@c-api.service[100314]: DEBUG cinder.api.openstack.wsgi [None req-9d4d04dd-116c-4c20-8713-7b4aae221726 None None] Empty body provided in request {{(pid=100314) get_body /opt/stack/cinder/cinder/api/openstack/wsgi.py:725}}
Aug 06 06:25:03.367753 np0000006629 devstack@c-api.service[100314]: DEBUG cinder.api.openstack.wsgi [None req-9d4d04dd-116c-4c20-8713-7b4aae221726 None None] Calling method 'all' {{(pid=100314) _process_stack /opt/stack/cinder/cinder/api/openstack/wsgi.py:878}}
Aug 06 06:25:03.368148 np0000006629 devstack@c-api.service[100314]: INFO cinder.api.openstack.wsgi [None req-9d4d04dd-116c-4c20-8713-7b4aae221726 None None] https://10.4.3.129/volume// returned with HTTP 300
Aug 06 06:25:03.368469 np0000006629 devstack@c-api.service[100314]: [pid: 100314|app: 0|req: 51/202] 10.4.3.129 () {66 vars in 1419 bytes} [Thu Aug 6 06:25:03 2026] GET /volume/ => generated 386 bytes in 3 msecs (HTTP/1.1 300) 7 headers in 299 bytes (1 switches on core 0)
Aug 06 06:25:03.376720 np0000006629 devstack@c-api.service[100315]: DEBUG cinder.api.middleware.request_id [req-88b23b7e-a87b-4682-bfa8-270e015941b9 req-a91e2b54-924f-4703-b505-383fcd23edc7 None None] RequestId filter calling following filter/app {{(pid=100315) _context_setter /opt/stack/cinder/cinder/api/middleware/request_id.py:62}}
Aug 06 06:25:03.380406 np0000006629 devstack@c-api.service[100315]: INFO cinder.api.openstack.wsgi [req-88b23b7e-a87b-4682-bfa8-270e015941b9 req-a91e2b54-924f-4703-b505-383fcd23edc7 tempest-TaggedBootDevicesTest-1442358909 tempest-TaggedBootDevicesTest-1442358909-project-member] POST https://10.4.3.129/volume/v3/attachments
Aug 06 06:25:03.380880 np0000006629 devstack@c-api.service[100315]: DEBUG cinder.api.openstack.wsgi [req-88b23b7e-a87b-4682-bfa8-270e015941b9 req-a91e2b54-924f-4703-b505-383fcd23edc7 tempest-TaggedBootDevicesTest-1442358909 tempest-TaggedBootDevicesTest-1442358909-project-member] Action: 'create', calling method: version_select, body: {"attachment": {"volume_uuid": "ff0c88ba-4b8c-4639-a0a5-47f8da23b93b", "connector": null, "instance_uuid": "d8cf1635-e2e8-4fdd-a20b-2bfea8965352"}} {{(pid=100315) _process_stack /opt/stack/cinder/cinder/api/openstack/wsgi.py:876}}
Aug 06 06:25:03.392568 np0000006629 devstack@c-api.service[100315]: /opt/stack/data/venv/lib/python3.12/site-packages/oslo_context/context.py:102: DeprecationWarning: Policy enforcement is depending on the value of is_admin. This key is deprecated. Please update your policy file to use the standard policy values.
Aug 06 06:25:03.392568 np0000006629 devstack@c-api.service[100315]: warnings.warn(
Aug 06 06:25:03.435017 np0000006629 devstack@c-api.service[100315]: INFO cinder.api.openstack.wsgi [req-88b23b7e-a87b-4682-bfa8-270e015941b9 req-a91e2b54-924f-4703-b505-383fcd23edc7 tempest-TaggedBootDevicesTest-1442358909 tempest-TaggedBootDevicesTest-1442358909-project-member] https://10.4.3.129/volume/v3/attachments returned with HTTP 200
Aug 06 06:25:03.435467 np0000006629 devstack@c-api.service[100315]: [pid: 100315|app: 0|req: 50/203] 10.4.3.129 () {74 vars in 1594 bytes} [Thu Aug 6 06:25:03 2026] POST /volume/v3/attachments => generated 273 bytes in 59 msecs (HTTP/1.1 200) 7 headers in 286 bytes (1 switches on core 0)
Aug 06 06:25:03.446028 np0000006629 devstack@c-api.service[100312]: DEBUG cinder.api.middleware.request_id [None req-44ec9e79-8cd2-4bc4-b67f-b551443e2b61 None None] RequestId filter calling following filter/app {{(pid=100312) _context_setter /opt/stack/cinder/cinder/api/middleware/request_id.py:62}}
Aug 06 06:25:03.446433 np0000006629 devstack@c-api.service[100312]: INFO cinder.api.openstack.wsgi [None req-44ec9e79-8cd2-4bc4-b67f-b551443e2b61 None None] GET https://10.4.3.129/volume//
Aug 06 06:25:03.446606 np0000006629 devstack@c-api.service[100312]: DEBUG cinder.api.openstack.wsgi [None req-44ec9e79-8cd2-4bc4-b67f-b551443e2b61 None None] Empty body provided in request {{(pid=100312) get_body /opt/stack/cinder/cinder/api/openstack/wsgi.py:725}}
Aug 06 06:25:03.446814 np0000006629 devstack@c-api.service[100312]: DEBUG cinder.api.openstack.wsgi [None req-44ec9e79-8cd2-4bc4-b67f-b551443e2b61 None None] Calling method 'all' {{(pid=100312) _process_stack /opt/stack/cinder/cinder/api/openstack/wsgi.py:878}}
Aug 06 06:25:03.447203 np0000006629 devstack@c-api.service[100312]: INFO cinder.api.openstack.wsgi [None req-44ec9e79-8cd2-4bc4-b67f-b551443e2b61 None None] https://10.4.3.129/volume// returned with HTTP 300
Aug 06 06:25:03.447475 np0000006629 devstack@c-api.service[100312]: [pid: 100312|app: 0|req: 52/204] 10.4.3.129 () {66 vars in 1419 bytes} [Thu Aug 6 06:25:03 2026] GET /volume/ => generated 386 bytes in 2 msecs (HTTP/1.1 300) 7 headers in 299 bytes (1 switches on core 0)
Aug 06 06:25:03.453031 np0000006629 devstack@c-api.service[100313]: DEBUG cinder.api.middleware.request_id [req-1f19cc57-784c-406d-8b74-a9718d6f6709 req-139e8a9d-790d-4816-a479-ef8a01d389ba None None] RequestId filter calling following filter/app {{(pid=100313) _context_setter /opt/stack/cinder/cinder/api/middleware/request_id.py:62}}
Aug 06 06:25:03.455929 np0000006629 devstack@c-api.service[100314]: DEBUG cinder.api.middleware.request_id [req-88b23b7e-a87b-4682-bfa8-270e015941b9 req-e47a2d0c-a270-40fc-b5b2-2b5eb7423cb4 None None] RequestId filter calling following filter/app {{(pid=100314) _context_setter /opt/stack/cinder/cinder/api/middleware/request_id.py:62}}
Aug 06 06:25:03.457291 np0000006629 devstack@c-api.service[100313]: INFO cinder.api.openstack.wsgi [req-1f19cc57-784c-406d-8b74-a9718d6f6709 req-139e8a9d-790d-4816-a479-ef8a01d389ba tempest-VolumesAssistedSnapshotsTest-1281220851 tempest-VolumesAssistedSnapshotsTest-1281220851-project-admin] PUT https://10.4.3.129/volume/v3/attachments/7a0d82c3-9a14-4218-b8bb-07acdaaf91b5
Aug 06 06:25:03.459975 np0000006629 devstack@c-api.service[100313]: DEBUG cinder.api.openstack.wsgi [req-1f19cc57-784c-406d-8b74-a9718d6f6709 req-139e8a9d-790d-4816-a479-ef8a01d389ba tempest-VolumesAssistedSnapshotsTest-1281220851 tempest-VolumesAssistedSnapshotsTest-1281220851-project-admin] Action: 'update', calling method: version_select, body: {"attachment": {"connector": {"platform": "x86_64", "os_type": "linux", "ip": "10.4.3.129", "host": "np0000006629", "multipath": true, "enforce_multipath": true, "initiator": "iqn.2016-04.com.open-iscsi:5d9ad2d247bf", "do_local_attach": false, "uuid": "8515de1c-ba7e-467b-adde-6d9f8a8dbc1f", "system uuid": "ce51ace9-aa6d-4d9f-b1a3-ed9869491db6", "nvme_native_multipath": false, "mountpoint": "/dev/vdb"}}} {{(pid=100313) _process_stack /opt/stack/cinder/cinder/api/openstack/wsgi.py:876}}
Aug 06 06:25:03.460175 np0000006629 devstack@c-api.service[100314]: INFO cinder.api.openstack.wsgi [req-88b23b7e-a87b-4682-bfa8-270e015941b9 req-e47a2d0c-a270-40fc-b5b2-2b5eb7423cb4 tempest-TaggedBootDevicesTest-1442358909 tempest-TaggedBootDevicesTest-1442358909-project-member] POST https://10.4.3.129/volume/v3/attachments
Aug 06 06:25:03.460175 np0000006629 devstack@c-api.service[100314]: DEBUG cinder.api.openstack.wsgi [req-88b23b7e-a87b-4682-bfa8-270e015941b9 req-e47a2d0c-a270-40fc-b5b2-2b5eb7423cb4 tempest-TaggedBootDevicesTest-1442358909 tempest-TaggedBootDevicesTest-1442358909-project-member] Action: 'create', calling method: version_select, body: {"attachment": {"volume_uuid": "4169ff13-512c-4e09-8930-0f34efd95b0f", "connector": null, "instance_uuid": "d8cf1635-e2e8-4fdd-a20b-2bfea8965352"}} {{(pid=100314) _process_stack /opt/stack/cinder/cinder/api/openstack/wsgi.py:876}}
Aug 06 06:25:03.468567 np0000006629 devstack@c-api.service[100314]: /opt/stack/data/venv/lib/python3.12/site-packages/oslo_context/context.py:102: DeprecationWarning: Policy enforcement is depending on the value of is_admin. This key is deprecated. Please update your policy file to use the standard policy values.
Aug 06 06:25:03.468567 np0000006629 devstack@c-api.service[100314]: warnings.warn(
Aug 06 06:25:03.469244 np0000006629 devstack@c-api.service[100315]: DEBUG cinder.api.middleware.request_id [None req-3443520e-2881-4bf1-b6f6-c644a397d5b2 None None] RequestId filter calling following filter/app {{(pid=100315) _context_setter /opt/stack/cinder/cinder/api/middleware/request_id.py:62}}
Aug 06 06:25:03.470496 np0000006629 devstack@c-api.service[100313]: DEBUG cinder.coordination [req-1f19cc57-784c-406d-8b74-a9718d6f6709 req-139e8a9d-790d-4816-a479-ef8a01d389ba tempest-VolumesAssistedSnapshotsTest-1281220851 tempest-VolumesAssistedSnapshotsTest-1281220851-project-admin] Acquiring lock "cinder-attachment_update-935a90ba-444f-48e2-9cb0-5c1b85eeee3b-np0000006629" by "attachment_update" {{(pid=100313) __acquire /opt/stack/cinder/cinder/coordination.py:138}}
Aug 06 06:25:03.473448 np0000006629 devstack@c-api.service[100315]: INFO cinder.api.openstack.wsgi [None req-3443520e-2881-4bf1-b6f6-c644a397d5b2 tempest-VolumesDeleteCascade-1801221082 tempest-VolumesDeleteCascade-1801221082-project-member] GET https://10.4.3.129/volume/v3/volumes/b61ac559-37d7-4816-9cee-91a40e34be4c
Aug 06 06:25:03.473747 np0000006629 devstack@c-api.service[100315]: DEBUG cinder.api.openstack.wsgi [None req-3443520e-2881-4bf1-b6f6-c644a397d5b2 tempest-VolumesDeleteCascade-1801221082 tempest-VolumesDeleteCascade-1801221082-project-member] Empty body provided in request {{(pid=100315) get_body /opt/stack/cinder/cinder/api/openstack/wsgi.py:725}}
Aug 06 06:25:03.473992 np0000006629 devstack@c-api.service[100315]: DEBUG cinder.api.openstack.wsgi [None req-3443520e-2881-4bf1-b6f6-c644a397d5b2 tempest-VolumesDeleteCascade-1801221082 tempest-VolumesDeleteCascade-1801221082-project-member] Calling method 'show' {{(pid=100315) _process_stack /opt/stack/cinder/cinder/api/openstack/wsgi.py:878}}
Aug 06 06:25:03.478611 np0000006629 devstack@c-api.service[100313]: DEBUG cinder.coordination [req-1f19cc57-784c-406d-8b74-a9718d6f6709 req-139e8a9d-790d-4816-a479-ef8a01d389ba tempest-VolumesAssistedSnapshotsTest-1281220851 tempest-VolumesAssistedSnapshotsTest-1281220851-project-admin] Lock "cinder-attachment_update-935a90ba-444f-48e2-9cb0-5c1b85eeee3b-np0000006629" acquired by "attachment_update" :: waited 0.008s {{(pid=100313) __acquire /opt/stack/cinder/cinder/coordination.py:141}}
Aug 06 06:25:03.480874 np0000006629 devstack@c-api.service[100313]: /opt/stack/data/venv/lib/python3.12/site-packages/oslo_context/context.py:102: DeprecationWarning: Policy enforcement is depending on the value of is_admin. This key is deprecated. Please update your policy file to use the standard policy values.
Aug 06 06:25:03.480874 np0000006629 devstack@c-api.service[100313]: warnings.warn(
Aug 06 06:25:03.488601 np0000006629 devstack@c-api.service[100315]: INFO cinder.api.openstack.wsgi [None req-3443520e-2881-4bf1-b6f6-c644a397d5b2 tempest-VolumesDeleteCascade-1801221082 tempest-VolumesDeleteCascade-1801221082-project-member] https://10.4.3.129/volume/v3/volumes/b61ac559-37d7-4816-9cee-91a40e34be4c returned with HTTP 404
Aug 06 06:25:03.489269 np0000006629 devstack@c-api.service[100315]: [pid: 100315|app: 0|req: 51/205] 10.4.3.129 () {66 vars in 1348 bytes} [Thu Aug 6 06:25:03 2026] GET /volume/v3/volumes/b61ac559-37d7-4816-9cee-91a40e34be4c => generated 109 bytes in 20 msecs (HTTP/1.1 404) 7 headers in 292 bytes (1 switches on core 0)
Aug 06 06:25:03.499463 np0000006629 devstack@c-api.service[100312]: DEBUG cinder.api.middleware.request_id [None req-e933951c-8b86-4179-8f1c-0f904215c6f8 None None] RequestId filter calling following filter/app {{(pid=100312) _context_setter /opt/stack/cinder/cinder/api/middleware/request_id.py:62}}
Aug 06 06:25:03.502728 np0000006629 devstack@c-api.service[100312]: INFO cinder.api.openstack.wsgi [None req-e933951c-8b86-4179-8f1c-0f904215c6f8 tempest-VolumesDeleteCascade-1801221082 tempest-VolumesDeleteCascade-1801221082-project-member] GET https://10.4.3.129/volume/v3/volumes
Aug 06 06:25:03.503061 np0000006629 devstack@c-api.service[100312]: DEBUG cinder.api.openstack.wsgi [None req-e933951c-8b86-4179-8f1c-0f904215c6f8 tempest-VolumesDeleteCascade-1801221082 tempest-VolumesDeleteCascade-1801221082-project-member] Empty body provided in request {{(pid=100312) get_body /opt/stack/cinder/cinder/api/openstack/wsgi.py:725}}
Aug 06 06:25:03.503360 np0000006629 devstack@c-api.service[100312]: DEBUG cinder.api.openstack.wsgi [None req-e933951c-8b86-4179-8f1c-0f904215c6f8 tempest-VolumesDeleteCascade-1801221082 tempest-VolumesDeleteCascade-1801221082-project-member] Calling method 'index' {{(pid=100312) _process_stack /opt/stack/cinder/cinder/api/openstack/wsgi.py:878}}
Aug 06 06:25:03.504081 np0000006629 devstack@c-api.service[100312]: DEBUG cinder.api.api_utils [None req-e933951c-8b86-4179-8f1c-0f904215c6f8 tempest-VolumesDeleteCascade-1801221082 tempest-VolumesDeleteCascade-1801221082-project-member] Removing options '' from query. {{(pid=100312) remove_invalid_filter_options /opt/stack/cinder/cinder/api/api_utils.py:82}}
Aug 06 06:25:03.505065 np0000006629 devstack@c-api.service[100312]: /opt/stack/data/venv/lib/python3.12/site-packages/oslo_context/context.py:102: DeprecationWarning: Policy enforcement is depending on the value of is_admin. This key is deprecated. Please update your policy file to use the standard policy values.
Aug 06 06:25:03.505065 np0000006629 devstack@c-api.service[100312]: warnings.warn(
Aug 06 06:25:03.505481 np0000006629 devstack@c-api.service[100312]: DEBUG cinder.volume.api [None req-e933951c-8b86-4179-8f1c-0f904215c6f8 tempest-VolumesDeleteCascade-1801221082 tempest-VolumesDeleteCascade-1801221082-project-member] Searching by: MultiDict([('no_migration_targets', True)]). {{(pid=100312) get_all /opt/stack/cinder/cinder/volume/api.py:664}}
Aug 06 06:25:03.509527 np0000006629 devstack@c-api.service[100314]: INFO cinder.api.openstack.wsgi [req-88b23b7e-a87b-4682-bfa8-270e015941b9 req-e47a2d0c-a270-40fc-b5b2-2b5eb7423cb4 tempest-TaggedBootDevicesTest-1442358909 tempest-TaggedBootDevicesTest-1442358909-project-member] https://10.4.3.129/volume/v3/attachments returned with HTTP 200
Aug 06 06:25:03.510349 np0000006629 devstack@c-api.service[100314]: [pid: 100314|app: 0|req: 52/206] 10.4.3.129 () {74 vars in 1594 bytes} [Thu Aug 6 06:25:03 2026] POST /volume/v3/attachments => generated 273 bytes in 54 msecs (HTTP/1.1 200) 7 headers in 286 bytes (1 switches on core 0)
Aug 06 06:25:03.538822 np0000006629 devstack@c-api.service[100312]: INFO cinder.volume.api [None req-e933951c-8b86-4179-8f1c-0f904215c6f8 tempest-VolumesDeleteCascade-1801221082 tempest-VolumesDeleteCascade-1801221082-project-member] Get all volumes completed successfully.
Aug 06 06:25:03.539257 np0000006629 devstack@c-api.service[100312]: INFO cinder.api.openstack.wsgi [None req-e933951c-8b86-4179-8f1c-0f904215c6f8 tempest-VolumesDeleteCascade-1801221082 tempest-VolumesDeleteCascade-1801221082-project-member] https://10.4.3.129/volume/v3/volumes returned with HTTP 200
Aug 06 06:25:03.539664 np0000006629 devstack@c-api.service[100312]: [pid: 100312|app: 0|req: 53/207] 10.4.3.129 () {66 vars in 1237 bytes} [Thu Aug 6 06:25:03 2026] GET /volume/v3/volumes => generated 15 bytes in 41 msecs (HTTP/1.1 200) 7 headers in 284 bytes (1 switches on core 0)
Aug 06 06:25:03.550975 np0000006629 devstack@c-api.service[100315]: DEBUG cinder.api.middleware.request_id [None req-e6b373d3-3bc0-46ba-a4a4-2a373c9c2376 None None] RequestId filter calling following filter/app {{(pid=100315) _context_setter /opt/stack/cinder/cinder/api/middleware/request_id.py:62}}
Aug 06 06:25:03.555665 np0000006629 devstack@c-api.service[100315]: INFO cinder.api.openstack.wsgi [None req-e6b373d3-3bc0-46ba-a4a4-2a373c9c2376 tempest-VolumesDeleteCascade-1801221082 tempest-VolumesDeleteCascade-1801221082-project-member] GET https://10.4.3.129/volume/v3/snapshots
Aug 06 06:25:03.556041 np0000006629 devstack@c-api.service[100315]: DEBUG cinder.api.openstack.wsgi [None req-e6b373d3-3bc0-46ba-a4a4-2a373c9c2376 tempest-VolumesDeleteCascade-1801221082 tempest-VolumesDeleteCascade-1801221082-project-member] Empty body provided in request {{(pid=100315) get_body /opt/stack/cinder/cinder/api/openstack/wsgi.py:725}}
Aug 06 06:25:03.556411 np0000006629 devstack@c-api.service[100315]: DEBUG cinder.api.openstack.wsgi [None req-e6b373d3-3bc0-46ba-a4a4-2a373c9c2376 tempest-VolumesDeleteCascade-1801221082 tempest-VolumesDeleteCascade-1801221082-project-member] Calling method 'index' {{(pid=100315) _process_stack /opt/stack/cinder/cinder/api/openstack/wsgi.py:878}}
Aug 06 06:25:03.556888 np0000006629 devstack@c-api.service[100315]: DEBUG cinder.api.api_utils [None req-e6b373d3-3bc0-46ba-a4a4-2a373c9c2376 tempest-VolumesDeleteCascade-1801221082 tempest-VolumesDeleteCascade-1801221082-project-member] Removing options '' from query. {{(pid=100315) remove_invalid_filter_options /opt/stack/cinder/cinder/api/api_utils.py:82}}
Aug 06 06:25:03.557385 np0000006629 devstack@c-api.service[100315]: /opt/stack/data/venv/lib/python3.12/site-packages/oslo_context/context.py:102: DeprecationWarning: Policy enforcement is depending on the value of is_admin. This key is deprecated. Please update your policy file to use the standard policy values.
Aug 06 06:25:03.557385 np0000006629 devstack@c-api.service[100315]: warnings.warn(
Aug 06 06:25:03.558866 np0000006629 devstack@c-api.service[100315]: DEBUG cinder.db.api [None req-e6b373d3-3bc0-46ba-a4a4-2a373c9c2376 tempest-VolumesDeleteCascade-1801221082 tempest-VolumesDeleteCascade-1801221082-project-member] Building query based on filter {{(pid=100315) _process_snaps_filters /opt/stack/cinder/cinder/db/api.py:3942}}
Aug 06 06:25:03.577482 np0000006629 devstack@c-api.service[100315]: INFO cinder.volume.api [None req-e6b373d3-3bc0-46ba-a4a4-2a373c9c2376 tempest-VolumesDeleteCascade-1801221082 tempest-VolumesDeleteCascade-1801221082-project-member] Get all snapshots completed successfully.
Aug 06 06:25:03.577627 np0000006629 devstack@c-api.service[100315]: INFO cinder.api.openstack.wsgi [None req-e6b373d3-3bc0-46ba-a4a4-2a373c9c2376 tempest-VolumesDeleteCascade-1801221082 tempest-VolumesDeleteCascade-1801221082-project-member] https://10.4.3.129/volume/v3/snapshots returned with HTTP 200
Aug 06 06:25:03.578461 np0000006629 devstack@c-api.service[100315]: [pid: 100315|app: 0|req: 52/208] 10.4.3.129 () {66 vars in 1243 bytes} [Thu Aug 6 06:25:03 2026] GET /volume/v3/snapshots => generated 17 bytes in 28 msecs (HTTP/1.1 200) 7 headers in 284 bytes (1 switches on core 0)
Aug 06 06:25:03.591241 np0000006629 devstack@c-api.service[100314]: DEBUG cinder.api.middleware.request_id [None req-e266f13e-e396-4168-93ba-e73331b0abdd None None] RequestId filter calling following filter/app {{(pid=100314) _context_setter /opt/stack/cinder/cinder/api/middleware/request_id.py:62}}
Aug 06 06:25:03.595752 np0000006629 devstack@c-api.service[100314]: INFO cinder.api.openstack.wsgi [None req-e266f13e-e396-4168-93ba-e73331b0abdd tempest-VolumesDeleteCascade-1801221082 tempest-VolumesDeleteCascade-1801221082-project-member] DELETE https://10.4.3.129/volume/v3/snapshots/3c3c0cfd-69b5-4471-8f4a-c16327522b89
Aug 06 06:25:03.595872 np0000006629 devstack@c-api.service[100314]: DEBUG cinder.api.openstack.wsgi [None req-e266f13e-e396-4168-93ba-e73331b0abdd tempest-VolumesDeleteCascade-1801221082 tempest-VolumesDeleteCascade-1801221082-project-member] Empty body provided in request {{(pid=100314) get_body /opt/stack/cinder/cinder/api/openstack/wsgi.py:725}}
Aug 06 06:25:03.596071 np0000006629 devstack@c-api.service[100314]: DEBUG cinder.api.openstack.wsgi [None req-e266f13e-e396-4168-93ba-e73331b0abdd tempest-VolumesDeleteCascade-1801221082 tempest-VolumesDeleteCascade-1801221082-project-member] Calling method 'delete' {{(pid=100314) _process_stack /opt/stack/cinder/cinder/api/openstack/wsgi.py:878}}
Aug 06 06:25:03.596400 np0000006629 devstack@c-api.service[100314]: INFO cinder.api.v3.snapshots [None req-e266f13e-e396-4168-93ba-e73331b0abdd tempest-VolumesDeleteCascade-1801221082 tempest-VolumesDeleteCascade-1801221082-project-member] Delete snapshot with id: 3c3c0cfd-69b5-4471-8f4a-c16327522b89
Aug 06 06:25:03.610176 np0000006629 devstack@c-api.service[100314]: INFO cinder.api.openstack.wsgi [None req-e266f13e-e396-4168-93ba-e73331b0abdd tempest-VolumesDeleteCascade-1801221082 tempest-VolumesDeleteCascade-1801221082-project-member] https://10.4.3.129/volume/v3/snapshots/3c3c0cfd-69b5-4471-8f4a-c16327522b89 returned with HTTP 404
Aug 06 06:25:03.611138 np0000006629 devstack@c-api.service[100314]: [pid: 100314|app: 0|req: 53/209] 10.4.3.129 () {66 vars in 1357 bytes} [Thu Aug 6 06:25:03 2026] DELETE /volume/v3/snapshots/3c3c0cfd-69b5-4471-8f4a-c16327522b89 => generated 111 bytes in 20 msecs (HTTP/1.1 404) 7 headers in 292 bytes (1 switches on core 0)
Aug 06 06:25:03.622495 np0000006629 devstack@c-api.service[100312]: DEBUG cinder.api.middleware.request_id [None req-4d298b08-cad2-4e59-8315-adf3d426de6d None None] RequestId filter calling following filter/app {{(pid=100312) _context_setter /opt/stack/cinder/cinder/api/middleware/request_id.py:62}}
Aug 06 06:25:03.629354 np0000006629 devstack@c-api.service[100312]: INFO cinder.api.openstack.wsgi [None req-4d298b08-cad2-4e59-8315-adf3d426de6d tempest-VolumesDeleteCascade-1801221082 tempest-VolumesDeleteCascade-1801221082-project-member] DELETE https://10.4.3.129/volume/v3/snapshots/936a776f-9aec-46db-9105-afdbb76ba7ab
Aug 06 06:25:03.629354 np0000006629 devstack@c-api.service[100312]: DEBUG cinder.api.openstack.wsgi [None req-4d298b08-cad2-4e59-8315-adf3d426de6d tempest-VolumesDeleteCascade-1801221082 tempest-VolumesDeleteCascade-1801221082-project-member] Empty body provided in request {{(pid=100312) get_body /opt/stack/cinder/cinder/api/openstack/wsgi.py:725}}
Aug 06 06:25:03.629354 np0000006629 devstack@c-api.service[100312]: DEBUG cinder.api.openstack.wsgi [None req-4d298b08-cad2-4e59-8315-adf3d426de6d tempest-VolumesDeleteCascade-1801221082 tempest-VolumesDeleteCascade-1801221082-project-member] Calling method 'delete' {{(pid=100312) _process_stack /opt/stack/cinder/cinder/api/openstack/wsgi.py:878}}
Aug 06 06:25:03.629354 np0000006629 devstack@c-api.service[100312]: INFO cinder.api.v3.snapshots [None req-4d298b08-cad2-4e59-8315-adf3d426de6d tempest-VolumesDeleteCascade-1801221082 tempest-VolumesDeleteCascade-1801221082-project-member] Delete snapshot with id: 936a776f-9aec-46db-9105-afdbb76ba7ab
Aug 06 06:25:03.636989 np0000006629 devstack@c-api.service[100313]: DEBUG cinder.coordination [req-1f19cc57-784c-406d-8b74-a9718d6f6709 req-139e8a9d-790d-4816-a479-ef8a01d389ba tempest-VolumesAssistedSnapshotsTest-1281220851 tempest-VolumesAssistedSnapshotsTest-1281220851-project-admin] Lock "cinder-attachment_update-935a90ba-444f-48e2-9cb0-5c1b85eeee3b-np0000006629" released by "attachment_update" :: held 0.158s {{(pid=100313) __release /opt/stack/cinder/cinder/coordination.py:152}}
Aug 06 06:25:03.637398 np0000006629 devstack@c-api.service[100313]: INFO cinder.api.openstack.wsgi [req-1f19cc57-784c-406d-8b74-a9718d6f6709 req-139e8a9d-790d-4816-a479-ef8a01d389ba tempest-VolumesAssistedSnapshotsTest-1281220851 tempest-VolumesAssistedSnapshotsTest-1281220851-project-admin] https://10.4.3.129/volume/v3/attachments/7a0d82c3-9a14-4218-b8bb-07acdaaf91b5 returned with HTTP 200
Aug 06 06:25:03.637843 np0000006629 devstack@c-api.service[100313]: [pid: 100313|app: 0|req: 52/210] 10.4.3.129 () {74 vars in 1704 bytes} [Thu Aug 6 06:25:03 2026] PUT /volume/v3/attachments/7a0d82c3-9a14-4218-b8bb-07acdaaf91b5 => generated 969 bytes in 185 msecs (HTTP/1.1 200) 7 headers in 286 bytes (1 switches on core 0)
Aug 06 06:25:03.639439 np0000006629 devstack@c-api.service[100312]: INFO cinder.api.openstack.wsgi [None req-4d298b08-cad2-4e59-8315-adf3d426de6d tempest-VolumesDeleteCascade-1801221082 tempest-VolumesDeleteCascade-1801221082-project-member] https://10.4.3.129/volume/v3/snapshots/936a776f-9aec-46db-9105-afdbb76ba7ab returned with HTTP 404
Aug 06 06:25:03.640307 np0000006629 devstack@c-api.service[100312]: [pid: 100312|app: 0|req: 54/211] 10.4.3.129 () {66 vars in 1357 bytes} [Thu Aug 6 06:25:03 2026] DELETE /volume/v3/snapshots/936a776f-9aec-46db-9105-afdbb76ba7ab => generated 111 bytes in 18 msecs (HTTP/1.1 404) 7 headers in 292 bytes (1 switches on core 0)
Aug 06 06:25:03.650394 np0000006629 devstack@c-api.service[100315]: DEBUG cinder.api.middleware.request_id [None req-597ccfff-54fa-4f70-8cb3-5789ab0d0f6a None None] RequestId filter calling following filter/app {{(pid=100315) _context_setter /opt/stack/cinder/cinder/api/middleware/request_id.py:62}}
Aug 06 06:25:03.652527 np0000006629 devstack@c-api.service[100315]: INFO cinder.api.openstack.wsgi [None req-597ccfff-54fa-4f70-8cb3-5789ab0d0f6a tempest-VolumesDeleteCascade-1801221082 tempest-VolumesDeleteCascade-1801221082-project-member] GET https://10.4.3.129/volume/v3/volumes/b61ac559-37d7-4816-9cee-91a40e34be4c
Aug 06 06:25:03.652854 np0000006629 devstack@c-api.service[100315]: DEBUG cinder.api.openstack.wsgi [None req-597ccfff-54fa-4f70-8cb3-5789ab0d0f6a tempest-VolumesDeleteCascade-1801221082 tempest-VolumesDeleteCascade-1801221082-project-member] Empty body provided in request {{(pid=100315) get_body /opt/stack/cinder/cinder/api/openstack/wsgi.py:725}}
Aug 06 06:25:03.653052 np0000006629 devstack@c-api.service[100315]: DEBUG cinder.api.openstack.wsgi [None req-597ccfff-54fa-4f70-8cb3-5789ab0d0f6a tempest-VolumesDeleteCascade-1801221082 tempest-VolumesDeleteCascade-1801221082-project-member] Calling method 'show' {{(pid=100315) _process_stack /opt/stack/cinder/cinder/api/openstack/wsgi.py:878}}
Aug 06 06:25:03.661614 np0000006629 devstack@c-api.service[100315]: INFO cinder.api.openstack.wsgi [None req-597ccfff-54fa-4f70-8cb3-5789ab0d0f6a tempest-VolumesDeleteCascade-1801221082 tempest-VolumesDeleteCascade-1801221082-project-member] https://10.4.3.129/volume/v3/volumes/b61ac559-37d7-4816-9cee-91a40e34be4c returned with HTTP 404
Aug 06 06:25:03.662561 np0000006629 devstack@c-api.service[100315]: [pid: 100315|app: 0|req: 53/212] 10.4.3.129 () {66 vars in 1348 bytes} [Thu Aug 6 06:25:03 2026] GET /volume/v3/volumes/b61ac559-37d7-4816-9cee-91a40e34be4c => generated 109 bytes in 12 msecs (HTTP/1.1 404) 7 headers in 292 bytes (1 switches on core 0)
Aug 06 06:25:03.671338 np0000006629 devstack@c-api.service[100314]: DEBUG cinder.api.middleware.request_id [None req-11f2ea8b-4f98-49e1-84bc-fc4a61d11109 None None] RequestId filter calling following filter/app {{(pid=100314) _context_setter /opt/stack/cinder/cinder/api/middleware/request_id.py:62}}
Aug 06 06:25:03.674004 np0000006629 devstack@c-api.service[100314]: INFO cinder.api.openstack.wsgi [None req-11f2ea8b-4f98-49e1-84bc-fc4a61d11109 tempest-VolumesDeleteCascade-1801221082 tempest-VolumesDeleteCascade-1801221082-project-member] DELETE https://10.4.3.129/volume/v3/volumes/b61ac559-37d7-4816-9cee-91a40e34be4c
Aug 06 06:25:03.674004 np0000006629 devstack@c-api.service[100314]: DEBUG cinder.api.openstack.wsgi [None req-11f2ea8b-4f98-49e1-84bc-fc4a61d11109 tempest-VolumesDeleteCascade-1801221082 tempest-VolumesDeleteCascade-1801221082-project-member] Empty body provided in request {{(pid=100314) get_body /opt/stack/cinder/cinder/api/openstack/wsgi.py:725}}
Aug 06 06:25:03.674004 np0000006629 devstack@c-api.service[100314]: DEBUG cinder.api.openstack.wsgi [None req-11f2ea8b-4f98-49e1-84bc-fc4a61d11109 tempest-VolumesDeleteCascade-1801221082 tempest-VolumesDeleteCascade-1801221082-project-member] Calling method 'delete' {{(pid=100314) _process_stack /opt/stack/cinder/cinder/api/openstack/wsgi.py:878}}
Aug 06 06:25:03.674773 np0000006629 devstack@c-api.service[100314]: INFO cinder.api.v3.volumes [None req-11f2ea8b-4f98-49e1-84bc-fc4a61d11109 tempest-VolumesDeleteCascade-1801221082 tempest-VolumesDeleteCascade-1801221082-project-member] Delete volume with id: b61ac559-37d7-4816-9cee-91a40e34be4c
Aug 06 06:25:03.682241 np0000006629 devstack@c-api.service[100314]: INFO cinder.api.openstack.wsgi [None req-11f2ea8b-4f98-49e1-84bc-fc4a61d11109 tempest-VolumesDeleteCascade-1801221082 tempest-VolumesDeleteCascade-1801221082-project-member] https://10.4.3.129/volume/v3/volumes/b61ac559-37d7-4816-9cee-91a40e34be4c returned with HTTP 404
Aug 06 06:25:03.682241 np0000006629 devstack@c-api.service[100314]: [pid: 100314|app: 0|req: 54/213] 10.4.3.129 () {66 vars in 1351 bytes} [Thu Aug 6 06:25:03 2026] DELETE /volume/v3/volumes/b61ac559-37d7-4816-9cee-91a40e34be4c => generated 109 bytes in 11 msecs (HTTP/1.1 404) 7 headers in 292 bytes (1 switches on core 0)
Aug 06 06:25:03.692825 np0000006629 devstack@c-api.service[100313]: DEBUG cinder.api.middleware.request_id [None req-c55a1765-6738-45ef-9aa8-3eaa27795c95 None None] RequestId filter calling following filter/app {{(pid=100313) _context_setter /opt/stack/cinder/cinder/api/middleware/request_id.py:62}}
Aug 06 06:25:03.695804 np0000006629 devstack@c-api.service[100313]: INFO cinder.api.openstack.wsgi [None req-c55a1765-6738-45ef-9aa8-3eaa27795c95 tempest-VolumesDeleteCascade-1801221082 tempest-VolumesDeleteCascade-1801221082-project-member] POST https://10.4.3.129/volume/v3/volumes
Aug 06 06:25:03.695804 np0000006629 devstack@c-api.service[100313]: DEBUG cinder.api.openstack.wsgi [None req-c55a1765-6738-45ef-9aa8-3eaa27795c95 tempest-VolumesDeleteCascade-1801221082 tempest-VolumesDeleteCascade-1801221082-project-member] Action: 'create', calling method: create, body: {"volume": {"size": 1, "name": "tempest-VolumesDeleteCascade-Volume-412630512"}} {{(pid=100313) _process_stack /opt/stack/cinder/cinder/api/openstack/wsgi.py:876}}
Aug 06 06:25:03.696877 np0000006629 devstack@c-api.service[100313]: DEBUG cinder.api.v3.volumes [None req-c55a1765-6738-45ef-9aa8-3eaa27795c95 tempest-VolumesDeleteCascade-1801221082 tempest-VolumesDeleteCascade-1801221082-project-member] Create volume request body: {'volume': {'size': 1, 'name': 'tempest-VolumesDeleteCascade-Volume-412630512'}} {{(pid=100313) create /opt/stack/cinder/cinder/api/v3/volumes.py:368}}
Aug 06 06:25:03.697069 np0000006629 devstack@c-api.service[100313]: INFO cinder.api.v3.volumes [None req-c55a1765-6738-45ef-9aa8-3eaa27795c95 tempest-VolumesDeleteCascade-1801221082 tempest-VolumesDeleteCascade-1801221082-project-member] Create volume of 1 GB
Aug 06 06:25:03.697365 np0000006629 devstack@c-api.service[100313]: /opt/stack/data/venv/lib/python3.12/site-packages/oslo_context/context.py:102: DeprecationWarning: Policy enforcement is depending on the value of is_admin. This key is deprecated. Please update your policy file to use the standard policy values.
Aug 06 06:25:03.697365 np0000006629 devstack@c-api.service[100313]: warnings.warn(
Aug 06 06:25:03.706378 np0000006629 devstack@c-api.service[100313]: INFO cinder.volume.api [None req-c55a1765-6738-45ef-9aa8-3eaa27795c95 tempest-VolumesDeleteCascade-1801221082 tempest-VolumesDeleteCascade-1801221082-project-member] Availability Zones retrieved successfully.
Aug 06 06:25:03.718860 np0000006629 devstack@c-api.service[100313]: DEBUG cinder.volume.api [None req-c55a1765-6738-45ef-9aa8-3eaa27795c95 tempest-VolumesDeleteCascade-1801221082 tempest-VolumesDeleteCascade-1801221082-project-member] Flow 'volume_create_api' (34da7a27-d6e6-496d-9c5f-e4118d458b69) transitioned into state 'RUNNING' from state 'PENDING' {{(pid=100313) _flow_receiver /opt/stack/data/venv/lib/python3.12/site-packages/taskflow/listeners/logging.py:160}}
Aug 06 06:25:03.719967 np0000006629 devstack@c-api.service[100313]: DEBUG cinder.volume.api [None req-c55a1765-6738-45ef-9aa8-3eaa27795c95 tempest-VolumesDeleteCascade-1801221082 tempest-VolumesDeleteCascade-1801221082-project-member] Task 'cinder.volume.flows.api.create_volume.ExtractVolumeRequestTask;volume:create' (86c6dc95-02d0-40dc-a0dc-fb04c7142e27) transitioned into state 'RUNNING' from state 'PENDING' {{(pid=100313) _task_receiver /opt/stack/data/venv/lib/python3.12/site-packages/taskflow/listeners/logging.py:242}}
Aug 06 06:25:03.721414 np0000006629 devstack@c-api.service[100313]: DEBUG cinder.volume.flows.api.create_volume [None req-c55a1765-6738-45ef-9aa8-3eaa27795c95 tempest-VolumesDeleteCascade-1801221082 tempest-VolumesDeleteCascade-1801221082-project-member] Validating volume size '1' using validate_int {{(pid=100313) _extract_size /opt/stack/cinder/cinder/volume/flows/api/create_volume.py:226}}
Aug 06 06:25:03.764008 np0000006629 devstack@c-api.service[100313]: DEBUG cinder.volume.api [None req-c55a1765-6738-45ef-9aa8-3eaa27795c95 tempest-VolumesDeleteCascade-1801221082 tempest-VolumesDeleteCascade-1801221082-project-member] Task 'cinder.volume.flows.api.create_volume.ExtractVolumeRequestTask;volume:create' (86c6dc95-02d0-40dc-a0dc-fb04c7142e27) transitioned into state 'SUCCESS' from state 'RUNNING' with result '{'size': 1, 'snapshot_id': None, 'source_volid': None, 'volume_type': VolumeType(created_at=2026-08-06T06:21:59Z,deleted=False,deleted_at=None,description=None,extra_specs={volume_backend_name='storpool'},id=798ec6ab-9439-428e-aa03-32eb00c04f48,is_public=True,name='storpool',projects=[],qos_specs=,qos_specs_id=None,updated_at=None), 'volume_type_id': '798ec6ab-9439-428e-aa03-32eb00c04f48', 'encryption_key_id': None, 'qos_specs': None, 'consistencygroup_id': None, 'cgsnapshot_id': None, 'group_id': None, 'replication_status': 'disabled', 'refresh_az': False, 'backup_id': None, 'multiattach': False, 'availability_zones': ['nova']}' {{(pid=100313) _task_receiver /opt/stack/data/venv/lib/python3.12/site-packages/taskflow/listeners/logging.py:218}}
Aug 06 06:25:03.764008 np0000006629 devstack@c-api.service[100313]: DEBUG cinder.volume.api [None req-c55a1765-6738-45ef-9aa8-3eaa27795c95 tempest-VolumesDeleteCascade-1801221082 tempest-VolumesDeleteCascade-1801221082-project-member] Task 'cinder.volume.flows.api.create_volume.QuotaReserveTask;volume:create' (20b2d0f2-9bd9-448a-a9fe-d9acfa6e17bc) transitioned into state 'RUNNING' from state 'PENDING' {{(pid=100313) _task_receiver /opt/stack/data/venv/lib/python3.12/site-packages/taskflow/listeners/logging.py:242}}
Aug 06 06:25:03.835981 np0000006629 devstack@c-api.service[100313]: DEBUG cinder.quota [None req-c55a1765-6738-45ef-9aa8-3eaa27795c95 tempest-VolumesDeleteCascade-1801221082 tempest-VolumesDeleteCascade-1801221082-project-member] Created reservations ['1850b30f-f033-4762-a48d-54448fd8ee9c', '8e9b3ac3-9f2e-44b9-b280-da57e8faf374', '50f936a4-d80d-4853-a6f9-08105a542914', '712262fb-7849-4b84-81ae-6b36600f39cc'] {{(pid=100313) reserve /opt/stack/cinder/cinder/quota.py:752}}
Aug 06 06:25:03.835981 np0000006629 devstack@c-api.service[100313]: DEBUG cinder.volume.api [None req-c55a1765-6738-45ef-9aa8-3eaa27795c95 tempest-VolumesDeleteCascade-1801221082 tempest-VolumesDeleteCascade-1801221082-project-member] Task 'cinder.volume.flows.api.create_volume.QuotaReserveTask;volume:create' (20b2d0f2-9bd9-448a-a9fe-d9acfa6e17bc) transitioned into state 'SUCCESS' from state 'RUNNING' with result '{'reservations': ['1850b30f-f033-4762-a48d-54448fd8ee9c', '8e9b3ac3-9f2e-44b9-b280-da57e8faf374', '50f936a4-d80d-4853-a6f9-08105a542914', '712262fb-7849-4b84-81ae-6b36600f39cc']}' {{(pid=100313) _task_receiver /opt/stack/data/venv/lib/python3.12/site-packages/taskflow/listeners/logging.py:218}}
Aug 06 06:25:03.835981 np0000006629 devstack@c-api.service[100313]: DEBUG cinder.volume.api [None req-c55a1765-6738-45ef-9aa8-3eaa27795c95 tempest-VolumesDeleteCascade-1801221082 tempest-VolumesDeleteCascade-1801221082-project-member] Task 'cinder.volume.flows.api.create_volume.EntryCreateTask;volume:create' (00e33a83-4e3d-41e5-b2c3-9c475d40cde2) transitioned into state 'RUNNING' from state 'PENDING' {{(pid=100313) _task_receiver /opt/stack/data/venv/lib/python3.12/site-packages/taskflow/listeners/logging.py:242}}
