Aug 06 06:21:39.513274 np0000006629 systemd[1]: Starting devstack@n-api-meta.service - Devstack devstack@n-api-meta.service...
Aug 06 06:21:39.519667 np0000006629 devstack@n-api-meta.service[96130]: [uWSGI] getting INI configuration from /etc/nova/nova-metadata-uwsgi.ini
Aug 06 06:21:39.522736 np0000006629 devstack@n-api-meta.service[96130]: *** Starting uWSGI 2.0.24-debian (64bit) on [Thu Aug 6 06:21:39 2026] ***
Aug 06 06:21:39.522736 np0000006629 devstack@n-api-meta.service[96130]: compiled with version: 13.2.0 on 17 April 2024 16:23:48
Aug 06 06:21:39.522736 np0000006629 devstack@n-api-meta.service[96130]: os: Linux-6.8.0-100-generic #100-Ubuntu SMP PREEMPT_DYNAMIC Tue Jan 13 16:40:06 UTC 2026
Aug 06 06:21:39.522736 np0000006629 devstack@n-api-meta.service[96130]: nodename: np0000006629
Aug 06 06:21:39.522736 np0000006629 devstack@n-api-meta.service[96130]: machine: x86_64
Aug 06 06:21:39.522736 np0000006629 devstack@n-api-meta.service[96130]: clock source: unix
Aug 06 06:21:39.522736 np0000006629 devstack@n-api-meta.service[96130]: pcre jit disabled
Aug 06 06:21:39.522960 np0000006629 devstack@n-api-meta.service[96130]: detected number of CPU cores: 16
Aug 06 06:21:39.522960 np0000006629 devstack@n-api-meta.service[96130]: current working directory: /
Aug 06 06:21:39.522960 np0000006629 devstack@n-api-meta.service[96130]: detected binary path: /usr/bin/uwsgi-core
Aug 06 06:21:39.522960 np0000006629 devstack@n-api-meta.service[96130]: your processes number limit is 257052
Aug 06 06:21:39.522960 np0000006629 devstack@n-api-meta.service[96130]: your memory page size is 4096 bytes
Aug 06 06:21:39.522960 np0000006629 devstack@n-api-meta.service[96130]: detected max file descriptor number: 2048
Aug 06 06:21:39.522960 np0000006629 devstack@n-api-meta.service[96130]: lock engine: pthread robust mutexes
Aug 06 06:21:39.523181 np0000006629 devstack@n-api-meta.service[96130]: thunder lock: enabled
Aug 06 06:21:39.523342 np0000006629 devstack@n-api-meta.service[96130]: uWSGI http bound on 0.0.0.0:8775 fd 5
Aug 06 06:21:39.523374 np0000006629 devstack@n-api-meta.service[96130]: uwsgi socket 0 bound to TCP address 127.0.0.1:39755 (port auto-assigned) fd 4
Aug 06 06:21:39.523399 np0000006629 devstack@n-api-meta.service[96130]: Python version: 3.12.3 (main, Jun 19 2026, 12:46:00) [GCC 13.3.0]
Aug 06 06:21:39.523429 np0000006629 devstack@n-api-meta.service[96130]: PEP 405 virtualenv detected: /opt/stack/data/venv
Aug 06 06:21:39.523429 np0000006629 devstack@n-api-meta.service[96130]: Set PythonHome to /opt/stack/data/venv
Aug 06 06:21:39.557266 np0000006629 devstack@n-api-meta.service[96130]: Python main interpreter initialized at 0x7918d0ea4668
Aug 06 06:21:39.557266 np0000006629 devstack@n-api-meta.service[96130]: python threads support enabled
Aug 06 06:21:39.557266 np0000006629 devstack@n-api-meta.service[96130]: your server socket listen backlog is limited to 100 connections
Aug 06 06:21:39.557266 np0000006629 devstack@n-api-meta.service[96130]: your mercy for graceful operations on workers is 80 seconds
Aug 06 06:21:39.557779 np0000006629 devstack@n-api-meta.service[96130]: mapped 671795 bytes (656 KB) for 4 cores
Aug 06 06:21:39.557934 np0000006629 devstack@n-api-meta.service[96130]: *** Operational MODE: preforking ***
Aug 06 06:21:39.558166 np0000006629 devstack@n-api-meta.service[96130]: *** uWSGI is running in multiple interpreter mode ***
Aug 06 06:21:39.558166 np0000006629 devstack@n-api-meta.service[96130]: spawned uWSGI master process (pid: 96130)
Aug 06 06:21:39.558310 np0000006629 systemd[1]: Started devstack@n-api-meta.service - Devstack devstack@n-api-meta.service.
Aug 06 06:21:39.559059 np0000006629 devstack@n-api-meta.service[96130]: spawned uWSGI worker 1 (pid: 96131, cores: 1)
Aug 06 06:21:39.559478 np0000006629 devstack@n-api-meta.service[96130]: spawned uWSGI worker 2 (pid: 96132, cores: 1)
Aug 06 06:21:39.559935 np0000006629 devstack@n-api-meta.service[96130]: spawned uWSGI worker 3 (pid: 96133, cores: 1)
Aug 06 06:21:39.560520 np0000006629 devstack@n-api-meta.service[96130]: spawned uWSGI worker 4 (pid: 96134, cores: 1)
Aug 06 06:21:39.561153 np0000006629 devstack@n-api-meta.service[96130]: spawned uWSGI http 1 (pid: 96136)
Aug 06 06:21:39.561153 np0000006629 devstack@n-api-meta.service[96130]: running "unix_signal:15 gracefully_kill_them_all" (master-start)...
Aug 06 06:21:41.155515 np0000006629 devstack@n-api-meta.service[96134]: INFO dbcounter [None req-48811700-2ce8-4b10-bac9-41bd12221cca None None] Registered counter for database nova_api
Aug 06 06:21:41.182532 np0000006629 devstack@n-api-meta.service[96132]: INFO dbcounter [None req-249ba7f0-8db1-4c94-9b43-00857fe5d827 None None] Registered counter for database nova_api
Aug 06 06:21:41.186865 np0000006629 devstack@n-api-meta.service[96133]: INFO dbcounter [None req-2ceacba4-1410-4258-bb6b-0a9d40d4fff2 None None] Registered counter for database nova_api
Aug 06 06:21:41.203657 np0000006629 devstack@n-api-meta.service[96131]: INFO dbcounter [None req-4fe94f0b-df97-4415-adaf-e0103b7393d3 None None] Registered counter for database nova_api
Aug 06 06:21:41.208226 np0000006629 devstack@n-api-meta.service[96134]: DEBUG oslo_db.sqlalchemy.engines [None req-48811700-2ce8-4b10-bac9-41bd12221cca None None] MySQL server mode set to STRICT_TRANS_TABLES,STRICT_ALL_TABLES,NO_ZERO_IN_DATE,NO_ZERO_DATE,ERROR_FOR_DIVISION_BY_ZERO,TRADITIONAL,NO_ENGINE_SUBSTITUTION {{(pid=96134) _check_effective_sql_mode /opt/stack/data/venv/lib/python3.12/site-packages/oslo_db/sqlalchemy/engines.py:325}}
Aug 06 06:21:41.225206 np0000006629 devstack@n-api-meta.service[96132]: DEBUG oslo_db.sqlalchemy.engines [None req-249ba7f0-8db1-4c94-9b43-00857fe5d827 None None] MySQL server mode set to STRICT_TRANS_TABLES,STRICT_ALL_TABLES,NO_ZERO_IN_DATE,NO_ZERO_DATE,ERROR_FOR_DIVISION_BY_ZERO,TRADITIONAL,NO_ENGINE_SUBSTITUTION {{(pid=96132) _check_effective_sql_mode /opt/stack/data/venv/lib/python3.12/site-packages/oslo_db/sqlalchemy/engines.py:325}}
Aug 06 06:21:41.229891 np0000006629 devstack@n-api-meta.service[96133]: DEBUG oslo_db.sqlalchemy.engines [None req-2ceacba4-1410-4258-bb6b-0a9d40d4fff2 None None] MySQL server mode set to STRICT_TRANS_TABLES,STRICT_ALL_TABLES,NO_ZERO_IN_DATE,NO_ZERO_DATE,ERROR_FOR_DIVISION_BY_ZERO,TRADITIONAL,NO_ENGINE_SUBSTITUTION {{(pid=96133) _check_effective_sql_mode /opt/stack/data/venv/lib/python3.12/site-packages/oslo_db/sqlalchemy/engines.py:325}}
Aug 06 06:21:41.235798 np0000006629 devstack@n-api-meta.service[96134]: DEBUG dbcounter [-] [96134] Writer thread running {{(pid=96134) stat_writer /opt/stack/data/venv/lib/python3.12/site-packages/dbcounter.py:102}}
Aug 06 06:21:41.237360 np0000006629 devstack@n-api-meta.service[96134]: DEBUG nova.context [None req-48811700-2ce8-4b10-bac9-41bd12221cca None None] Found 2 cells: 00000000-0000-0000-0000-000000000000(cell0),512fef44-64cd-4e6f-8a8a-ee8790e353db(cell1) {{(pid=96134) load_cells /opt/stack/nova/nova/context.py:509}}
Aug 06 06:21:41.237610 np0000006629 devstack@n-api-meta.service[96134]: INFO nova.utils [None req-48811700-2ce8-4b10-bac9-41bd12221cca None None] The cell worker thread pool MainProcess.cell_worker is initialized
Aug 06 06:21:41.239272 np0000006629 devstack@n-api-meta.service[96134]: DEBUG oslo_concurrency.lockutils [None req-48811700-2ce8-4b10-bac9-41bd12221cca None None] Acquiring lock "00000000-0000-0000-0000-000000000000" by "nova.context.set_target_cell..get_or_set_cached_cell_and_set_connections" {{(pid=96134) inner /opt/stack/data/venv/lib/python3.12/site-packages/oslo_concurrency/lockutils.py:512}}
Aug 06 06:21:41.239440 np0000006629 devstack@n-api-meta.service[96134]: DEBUG oslo_concurrency.lockutils [None req-48811700-2ce8-4b10-bac9-41bd12221cca None None] Lock "00000000-0000-0000-0000-000000000000" acquired by "nova.context.set_target_cell..get_or_set_cached_cell_and_set_connections" :: waited 0.000s {{(pid=96134) inner /opt/stack/data/venv/lib/python3.12/site-packages/oslo_concurrency/lockutils.py:525}}
Aug 06 06:21:41.239774 np0000006629 devstack@n-api-meta.service[96134]: DEBUG oslo_concurrency.lockutils [None req-48811700-2ce8-4b10-bac9-41bd12221cca None None] Lock "00000000-0000-0000-0000-000000000000" "released" by "nova.context.set_target_cell..get_or_set_cached_cell_and_set_connections" :: held 0.000s {{(pid=96134) inner /opt/stack/data/venv/lib/python3.12/site-packages/oslo_concurrency/lockutils.py:544}}
Aug 06 06:21:41.241460 np0000006629 devstack@n-api-meta.service[96134]: DEBUG oslo_concurrency.lockutils [None req-48811700-2ce8-4b10-bac9-41bd12221cca None None] Acquiring lock "512fef44-64cd-4e6f-8a8a-ee8790e353db" by "nova.context.set_target_cell..get_or_set_cached_cell_and_set_connections" {{(pid=96134) inner /opt/stack/data/venv/lib/python3.12/site-packages/oslo_concurrency/lockutils.py:512}}
Aug 06 06:21:41.241654 np0000006629 devstack@n-api-meta.service[96134]: INFO dbcounter [None req-48811700-2ce8-4b10-bac9-41bd12221cca None None] Registered counter for database nova_cell0
Aug 06 06:21:41.242637 np0000006629 devstack@n-api-meta.service[96134]: DEBUG oslo_concurrency.lockutils [None req-48811700-2ce8-4b10-bac9-41bd12221cca None None] Lock "512fef44-64cd-4e6f-8a8a-ee8790e353db" acquired by "nova.context.set_target_cell..get_or_set_cached_cell_and_set_connections" :: waited 0.001s {{(pid=96134) inner /opt/stack/data/venv/lib/python3.12/site-packages/oslo_concurrency/lockutils.py:525}}
Aug 06 06:21:41.243616 np0000006629 devstack@n-api-meta.service[96134]: DEBUG oslo_concurrency.lockutils [None req-48811700-2ce8-4b10-bac9-41bd12221cca None None] Lock "512fef44-64cd-4e6f-8a8a-ee8790e353db" "released" by "nova.context.set_target_cell..get_or_set_cached_cell_and_set_connections" :: held 0.002s {{(pid=96134) inner /opt/stack/data/venv/lib/python3.12/site-packages/oslo_concurrency/lockutils.py:544}}
Aug 06 06:21:41.246039 np0000006629 devstack@n-api-meta.service[96134]: INFO dbcounter [None req-48811700-2ce8-4b10-bac9-41bd12221cca None None] Registered counter for database nova_cell1
Aug 06 06:21:41.248438 np0000006629 devstack@n-api-meta.service[96131]: DEBUG oslo_db.sqlalchemy.engines [None req-4fe94f0b-df97-4415-adaf-e0103b7393d3 None None] MySQL server mode set to STRICT_TRANS_TABLES,STRICT_ALL_TABLES,NO_ZERO_IN_DATE,NO_ZERO_DATE,ERROR_FOR_DIVISION_BY_ZERO,TRADITIONAL,NO_ENGINE_SUBSTITUTION {{(pid=96131) _check_effective_sql_mode /opt/stack/data/venv/lib/python3.12/site-packages/oslo_db/sqlalchemy/engines.py:325}}
Aug 06 06:21:41.253049 np0000006629 devstack@n-api-meta.service[96132]: DEBUG dbcounter [-] [96132] Writer thread running {{(pid=96132) stat_writer /opt/stack/data/venv/lib/python3.12/site-packages/dbcounter.py:102}}
Aug 06 06:21:41.256732 np0000006629 devstack@n-api-meta.service[96132]: DEBUG nova.context [None req-249ba7f0-8db1-4c94-9b43-00857fe5d827 None None] Found 2 cells: 00000000-0000-0000-0000-000000000000(cell0),512fef44-64cd-4e6f-8a8a-ee8790e353db(cell1) {{(pid=96132) load_cells /opt/stack/nova/nova/context.py:509}}
Aug 06 06:21:41.258971 np0000006629 devstack@n-api-meta.service[96132]: INFO nova.utils [None req-249ba7f0-8db1-4c94-9b43-00857fe5d827 None None] The cell worker thread pool MainProcess.cell_worker is initialized
Aug 06 06:21:41.259027 np0000006629 devstack@n-api-meta.service[96133]: DEBUG dbcounter [-] [96133] Writer thread running {{(pid=96133) stat_writer /opt/stack/data/venv/lib/python3.12/site-packages/dbcounter.py:102}}
Aug 06 06:21:41.259055 np0000006629 devstack@n-api-meta.service[96132]: DEBUG oslo_concurrency.lockutils [None req-249ba7f0-8db1-4c94-9b43-00857fe5d827 None None] Acquiring lock "00000000-0000-0000-0000-000000000000" by "nova.context.set_target_cell..get_or_set_cached_cell_and_set_connections" {{(pid=96132) inner /opt/stack/data/venv/lib/python3.12/site-packages/oslo_concurrency/lockutils.py:512}}
Aug 06 06:21:41.259232 np0000006629 devstack@n-api-meta.service[96132]: DEBUG oslo_concurrency.lockutils [None req-249ba7f0-8db1-4c94-9b43-00857fe5d827 None None] Lock "00000000-0000-0000-0000-000000000000" acquired by "nova.context.set_target_cell..get_or_set_cached_cell_and_set_connections" :: waited 0.000s {{(pid=96132) inner /opt/stack/data/venv/lib/python3.12/site-packages/oslo_concurrency/lockutils.py:525}}
Aug 06 06:21:41.259573 np0000006629 devstack@n-api-meta.service[96132]: DEBUG oslo_concurrency.lockutils [None req-249ba7f0-8db1-4c94-9b43-00857fe5d827 None None] Lock "00000000-0000-0000-0000-000000000000" "released" by "nova.context.set_target_cell..get_or_set_cached_cell_and_set_connections" :: held 0.000s {{(pid=96132) inner /opt/stack/data/venv/lib/python3.12/site-packages/oslo_concurrency/lockutils.py:544}}
Aug 06 06:21:41.260077 np0000006629 devstack@n-api-meta.service[96133]: DEBUG nova.context [None req-2ceacba4-1410-4258-bb6b-0a9d40d4fff2 None None] Found 2 cells: 00000000-0000-0000-0000-000000000000(cell0),512fef44-64cd-4e6f-8a8a-ee8790e353db(cell1) {{(pid=96133) load_cells /opt/stack/nova/nova/context.py:509}}
Aug 06 06:21:41.260272 np0000006629 devstack@n-api-meta.service[96132]: DEBUG oslo_concurrency.lockutils [None req-249ba7f0-8db1-4c94-9b43-00857fe5d827 None None] Acquiring lock "512fef44-64cd-4e6f-8a8a-ee8790e353db" by "nova.context.set_target_cell..get_or_set_cached_cell_and_set_connections" {{(pid=96132) inner /opt/stack/data/venv/lib/python3.12/site-packages/oslo_concurrency/lockutils.py:512}}
Aug 06 06:21:41.260333 np0000006629 devstack@n-api-meta.service[96133]: INFO nova.utils [None req-2ceacba4-1410-4258-bb6b-0a9d40d4fff2 None None] The cell worker thread pool MainProcess.cell_worker is initialized
Aug 06 06:21:41.260411 np0000006629 devstack@n-api-meta.service[96132]: DEBUG oslo_concurrency.lockutils [None req-249ba7f0-8db1-4c94-9b43-00857fe5d827 None None] Lock "512fef44-64cd-4e6f-8a8a-ee8790e353db" acquired by "nova.context.set_target_cell..get_or_set_cached_cell_and_set_connections" :: waited 0.000s {{(pid=96132) inner /opt/stack/data/venv/lib/python3.12/site-packages/oslo_concurrency/lockutils.py:525}}
Aug 06 06:21:41.261197 np0000006629 devstack@n-api-meta.service[96132]: DEBUG oslo_concurrency.lockutils [None req-249ba7f0-8db1-4c94-9b43-00857fe5d827 None None] Lock "512fef44-64cd-4e6f-8a8a-ee8790e353db" "released" by "nova.context.set_target_cell..get_or_set_cached_cell_and_set_connections" :: held 0.001s {{(pid=96132) inner /opt/stack/data/venv/lib/python3.12/site-packages/oslo_concurrency/lockutils.py:544}}
Aug 06 06:21:41.261986 np0000006629 devstack@n-api-meta.service[96133]: DEBUG oslo_concurrency.lockutils [None req-2ceacba4-1410-4258-bb6b-0a9d40d4fff2 None None] Acquiring lock "00000000-0000-0000-0000-000000000000" by "nova.context.set_target_cell..get_or_set_cached_cell_and_set_connections" {{(pid=96133) inner /opt/stack/data/venv/lib/python3.12/site-packages/oslo_concurrency/lockutils.py:512}}
Aug 06 06:21:41.262145 np0000006629 devstack@n-api-meta.service[96133]: DEBUG oslo_concurrency.lockutils [None req-2ceacba4-1410-4258-bb6b-0a9d40d4fff2 None None] Lock "00000000-0000-0000-0000-000000000000" acquired by "nova.context.set_target_cell..get_or_set_cached_cell_and_set_connections" :: waited 0.000s {{(pid=96133) inner /opt/stack/data/venv/lib/python3.12/site-packages/oslo_concurrency/lockutils.py:525}}
Aug 06 06:21:41.262482 np0000006629 devstack@n-api-meta.service[96133]: DEBUG oslo_concurrency.lockutils [None req-2ceacba4-1410-4258-bb6b-0a9d40d4fff2 None None] Lock "00000000-0000-0000-0000-000000000000" "released" by "nova.context.set_target_cell..get_or_set_cached_cell_and_set_connections" :: held 0.000s {{(pid=96133) inner /opt/stack/data/venv/lib/python3.12/site-packages/oslo_concurrency/lockutils.py:544}}
Aug 06 06:21:41.263172 np0000006629 devstack@n-api-meta.service[96133]: DEBUG oslo_concurrency.lockutils [None req-2ceacba4-1410-4258-bb6b-0a9d40d4fff2 None None] Acquiring lock "512fef44-64cd-4e6f-8a8a-ee8790e353db" by "nova.context.set_target_cell..get_or_set_cached_cell_and_set_connections" {{(pid=96133) inner /opt/stack/data/venv/lib/python3.12/site-packages/oslo_concurrency/lockutils.py:512}}
Aug 06 06:21:41.263306 np0000006629 devstack@n-api-meta.service[96133]: DEBUG oslo_concurrency.lockutils [None req-2ceacba4-1410-4258-bb6b-0a9d40d4fff2 None None] Lock "512fef44-64cd-4e6f-8a8a-ee8790e353db" acquired by "nova.context.set_target_cell..get_or_set_cached_cell_and_set_connections" :: waited 0.000s {{(pid=96133) inner /opt/stack/data/venv/lib/python3.12/site-packages/oslo_concurrency/lockutils.py:525}}
Aug 06 06:21:41.263440 np0000006629 devstack@n-api-meta.service[96132]: INFO dbcounter [None req-249ba7f0-8db1-4c94-9b43-00857fe5d827 None None] Registered counter for database nova_cell0
Aug 06 06:21:41.264158 np0000006629 devstack@n-api-meta.service[96133]: DEBUG oslo_concurrency.lockutils [None req-2ceacba4-1410-4258-bb6b-0a9d40d4fff2 None None] Lock "512fef44-64cd-4e6f-8a8a-ee8790e353db" "released" by "nova.context.set_target_cell..get_or_set_cached_cell_and_set_connections" :: held 0.001s {{(pid=96133) inner /opt/stack/data/venv/lib/python3.12/site-packages/oslo_concurrency/lockutils.py:544}}
Aug 06 06:21:41.266324 np0000006629 devstack@n-api-meta.service[96133]: INFO dbcounter [None req-2ceacba4-1410-4258-bb6b-0a9d40d4fff2 None None] Registered counter for database nova_cell0
Aug 06 06:21:41.266572 np0000006629 devstack@n-api-meta.service[96132]: INFO dbcounter [None req-249ba7f0-8db1-4c94-9b43-00857fe5d827 None None] Registered counter for database nova_cell1
Aug 06 06:21:41.269205 np0000006629 devstack@n-api-meta.service[96133]: INFO dbcounter [None req-2ceacba4-1410-4258-bb6b-0a9d40d4fff2 None None] Registered counter for database nova_cell1
Aug 06 06:21:41.278165 np0000006629 devstack@n-api-meta.service[96131]: DEBUG dbcounter [-] [96131] Writer thread running {{(pid=96131) stat_writer /opt/stack/data/venv/lib/python3.12/site-packages/dbcounter.py:102}}
Aug 06 06:21:41.281320 np0000006629 devstack@n-api-meta.service[96131]: DEBUG nova.context [None req-4fe94f0b-df97-4415-adaf-e0103b7393d3 None None] Found 2 cells: 00000000-0000-0000-0000-000000000000(cell0),512fef44-64cd-4e6f-8a8a-ee8790e353db(cell1) {{(pid=96131) load_cells /opt/stack/nova/nova/context.py:509}}
Aug 06 06:21:41.281542 np0000006629 devstack@n-api-meta.service[96131]: INFO nova.utils [None req-4fe94f0b-df97-4415-adaf-e0103b7393d3 None None] The cell worker thread pool MainProcess.cell_worker is initialized
Aug 06 06:21:41.283156 np0000006629 devstack@n-api-meta.service[96131]: DEBUG oslo_concurrency.lockutils [None req-4fe94f0b-df97-4415-adaf-e0103b7393d3 None None] Acquiring lock "00000000-0000-0000-0000-000000000000" by "nova.context.set_target_cell..get_or_set_cached_cell_and_set_connections" {{(pid=96131) inner /opt/stack/data/venv/lib/python3.12/site-packages/oslo_concurrency/lockutils.py:512}}
Aug 06 06:21:41.283308 np0000006629 devstack@n-api-meta.service[96131]: DEBUG oslo_concurrency.lockutils [None req-4fe94f0b-df97-4415-adaf-e0103b7393d3 None None] Lock "00000000-0000-0000-0000-000000000000" acquired by "nova.context.set_target_cell..get_or_set_cached_cell_and_set_connections" :: waited 0.000s {{(pid=96131) inner /opt/stack/data/venv/lib/python3.12/site-packages/oslo_concurrency/lockutils.py:525}}
Aug 06 06:21:41.283647 np0000006629 devstack@n-api-meta.service[96131]: DEBUG oslo_concurrency.lockutils [None req-4fe94f0b-df97-4415-adaf-e0103b7393d3 None None] Lock "00000000-0000-0000-0000-000000000000" "released" by "nova.context.set_target_cell..get_or_set_cached_cell_and_set_connections" :: held 0.000s {{(pid=96131) inner /opt/stack/data/venv/lib/python3.12/site-packages/oslo_concurrency/lockutils.py:544}}
Aug 06 06:21:41.284350 np0000006629 devstack@n-api-meta.service[96131]: DEBUG oslo_concurrency.lockutils [None req-4fe94f0b-df97-4415-adaf-e0103b7393d3 None None] Acquiring lock "512fef44-64cd-4e6f-8a8a-ee8790e353db" by "nova.context.set_target_cell..get_or_set_cached_cell_and_set_connections" {{(pid=96131) inner /opt/stack/data/venv/lib/python3.12/site-packages/oslo_concurrency/lockutils.py:512}}
Aug 06 06:21:41.284491 np0000006629 devstack@n-api-meta.service[96131]: DEBUG oslo_concurrency.lockutils [None req-4fe94f0b-df97-4415-adaf-e0103b7393d3 None None] Lock "512fef44-64cd-4e6f-8a8a-ee8790e353db" acquired by "nova.context.set_target_cell..get_or_set_cached_cell_and_set_connections" :: waited 0.000s {{(pid=96131) inner /opt/stack/data/venv/lib/python3.12/site-packages/oslo_concurrency/lockutils.py:525}}
Aug 06 06:21:41.285353 np0000006629 devstack@n-api-meta.service[96131]: DEBUG oslo_concurrency.lockutils [None req-4fe94f0b-df97-4415-adaf-e0103b7393d3 None None] Lock "512fef44-64cd-4e6f-8a8a-ee8790e353db" "released" by "nova.context.set_target_cell..get_or_set_cached_cell_and_set_connections" :: held 0.001s {{(pid=96131) inner /opt/stack/data/venv/lib/python3.12/site-packages/oslo_concurrency/lockutils.py:544}}
Aug 06 06:21:41.286231 np0000006629 devstack@n-api-meta.service[96134]: DEBUG oslo_db.sqlalchemy.engines [None req-48811700-2ce8-4b10-bac9-41bd12221cca None None] MySQL server mode set to STRICT_TRANS_TABLES,STRICT_ALL_TABLES,NO_ZERO_IN_DATE,NO_ZERO_DATE,ERROR_FOR_DIVISION_BY_ZERO,TRADITIONAL,NO_ENGINE_SUBSTITUTION {{(pid=96134) _check_effective_sql_mode /opt/stack/data/venv/lib/python3.12/site-packages/oslo_db/sqlalchemy/engines.py:325}}
Aug 06 06:21:41.287419 np0000006629 devstack@n-api-meta.service[96131]: INFO dbcounter [None req-4fe94f0b-df97-4415-adaf-e0103b7393d3 None None] Registered counter for database nova_cell0
Aug 06 06:21:41.290718 np0000006629 devstack@n-api-meta.service[96131]: INFO dbcounter [None req-4fe94f0b-df97-4415-adaf-e0103b7393d3 None None] Registered counter for database nova_cell1
Aug 06 06:21:41.320631 np0000006629 devstack@n-api-meta.service[96132]: DEBUG oslo_db.sqlalchemy.engines [None req-249ba7f0-8db1-4c94-9b43-00857fe5d827 None None] MySQL server mode set to STRICT_TRANS_TABLES,STRICT_ALL_TABLES,NO_ZERO_IN_DATE,NO_ZERO_DATE,ERROR_FOR_DIVISION_BY_ZERO,TRADITIONAL,NO_ENGINE_SUBSTITUTION {{(pid=96132) _check_effective_sql_mode /opt/stack/data/venv/lib/python3.12/site-packages/oslo_db/sqlalchemy/engines.py:325}}
Aug 06 06:21:41.325972 np0000006629 devstack@n-api-meta.service[96132]: DEBUG oslo_db.sqlalchemy.engines [None req-249ba7f0-8db1-4c94-9b43-00857fe5d827 None None] MySQL server mode set to STRICT_TRANS_TABLES,STRICT_ALL_TABLES,NO_ZERO_IN_DATE,NO_ZERO_DATE,ERROR_FOR_DIVISION_BY_ZERO,TRADITIONAL,NO_ENGINE_SUBSTITUTION {{(pid=96132) _check_effective_sql_mode /opt/stack/data/venv/lib/python3.12/site-packages/oslo_db/sqlalchemy/engines.py:325}}
Aug 06 06:21:41.327269 np0000006629 devstack@n-api-meta.service[96133]: DEBUG oslo_db.sqlalchemy.engines [None req-2ceacba4-1410-4258-bb6b-0a9d40d4fff2 None None] MySQL server mode set to STRICT_TRANS_TABLES,STRICT_ALL_TABLES,NO_ZERO_IN_DATE,NO_ZERO_DATE,ERROR_FOR_DIVISION_BY_ZERO,TRADITIONAL,NO_ENGINE_SUBSTITUTION {{(pid=96133) _check_effective_sql_mode /opt/stack/data/venv/lib/python3.12/site-packages/oslo_db/sqlalchemy/engines.py:325}}
Aug 06 06:21:41.341246 np0000006629 devstack@n-api-meta.service[96131]: DEBUG oslo_db.sqlalchemy.engines [None req-4fe94f0b-df97-4415-adaf-e0103b7393d3 None None] MySQL server mode set to STRICT_TRANS_TABLES,STRICT_ALL_TABLES,NO_ZERO_IN_DATE,NO_ZERO_DATE,ERROR_FOR_DIVISION_BY_ZERO,TRADITIONAL,NO_ENGINE_SUBSTITUTION {{(pid=96131) _check_effective_sql_mode /opt/stack/data/venv/lib/python3.12/site-packages/oslo_db/sqlalchemy/engines.py:325}}
Aug 06 06:21:41.347747 np0000006629 devstack@n-api-meta.service[96133]: DEBUG oslo_db.sqlalchemy.engines [None req-2ceacba4-1410-4258-bb6b-0a9d40d4fff2 None None] MySQL server mode set to STRICT_TRANS_TABLES,STRICT_ALL_TABLES,NO_ZERO_IN_DATE,NO_ZERO_DATE,ERROR_FOR_DIVISION_BY_ZERO,TRADITIONAL,NO_ENGINE_SUBSTITUTION {{(pid=96133) _check_effective_sql_mode /opt/stack/data/venv/lib/python3.12/site-packages/oslo_db/sqlalchemy/engines.py:325}}
Aug 06 06:21:41.350701 np0000006629 devstack@n-api-meta.service[96131]: DEBUG oslo_db.sqlalchemy.engines [None req-4fe94f0b-df97-4415-adaf-e0103b7393d3 None None] MySQL server mode set to STRICT_TRANS_TABLES,STRICT_ALL_TABLES,NO_ZERO_IN_DATE,NO_ZERO_DATE,ERROR_FOR_DIVISION_BY_ZERO,TRADITIONAL,NO_ENGINE_SUBSTITUTION {{(pid=96131) _check_effective_sql_mode /opt/stack/data/venv/lib/python3.12/site-packages/oslo_db/sqlalchemy/engines.py:325}}
Aug 06 06:21:41.372896 np0000006629 devstack@n-api-meta.service[96134]: DEBUG oslo_db.sqlalchemy.engines [None req-48811700-2ce8-4b10-bac9-41bd12221cca None None] MySQL server mode set to STRICT_TRANS_TABLES,STRICT_ALL_TABLES,NO_ZERO_IN_DATE,NO_ZERO_DATE,ERROR_FOR_DIVISION_BY_ZERO,TRADITIONAL,NO_ENGINE_SUBSTITUTION {{(pid=96134) _check_effective_sql_mode /opt/stack/data/venv/lib/python3.12/site-packages/oslo_db/sqlalchemy/engines.py:325}}
Aug 06 06:21:41.372896 np0000006629 devstack@n-api-meta.service[96134]: DEBUG dbcounter [-] [96134] Writer thread running {{(pid=96134) stat_writer /opt/stack/data/venv/lib/python3.12/site-packages/dbcounter.py:102}}
Aug 06 06:21:41.377831 np0000006629 devstack@n-api-meta.service[96134]: DEBUG dbcounter [-] [96134] Writer thread running {{(pid=96134) stat_writer /opt/stack/data/venv/lib/python3.12/site-packages/dbcounter.py:102}}
Aug 06 06:21:41.380969 np0000006629 devstack@n-api-meta.service[96134]: INFO dbcounter [None req-48811700-2ce8-4b10-bac9-41bd12221cca None None] Registered counter for database nova_cell0
Aug 06 06:21:41.415268 np0000006629 devstack@n-api-meta.service[96134]: DEBUG oslo_db.sqlalchemy.engines [None req-48811700-2ce8-4b10-bac9-41bd12221cca None None] MySQL server mode set to STRICT_TRANS_TABLES,STRICT_ALL_TABLES,NO_ZERO_IN_DATE,NO_ZERO_DATE,ERROR_FOR_DIVISION_BY_ZERO,TRADITIONAL,NO_ENGINE_SUBSTITUTION {{(pid=96134) _check_effective_sql_mode /opt/stack/data/venv/lib/python3.12/site-packages/oslo_db/sqlalchemy/engines.py:325}}
Aug 06 06:21:41.421603 np0000006629 devstack@n-api-meta.service[96134]: DEBUG dbcounter [-] [96134] Writer thread running {{(pid=96134) stat_writer /opt/stack/data/venv/lib/python3.12/site-packages/dbcounter.py:102}}
Aug 06 06:21:41.421744 np0000006629 devstack@n-api-meta.service[96132]: DEBUG dbcounter [-] [96132] Writer thread running {{(pid=96132) stat_writer /opt/stack/data/venv/lib/python3.12/site-packages/dbcounter.py:102}}
Aug 06 06:21:41.425233 np0000006629 devstack@n-api-meta.service[96133]: DEBUG dbcounter [-] [96133] Writer thread running {{(pid=96133) stat_writer /opt/stack/data/venv/lib/python3.12/site-packages/dbcounter.py:102}}
Aug 06 06:21:41.425731 np0000006629 devstack@n-api-meta.service[96132]: DEBUG dbcounter [-] [96132] Writer thread running {{(pid=96132) stat_writer /opt/stack/data/venv/lib/python3.12/site-packages/dbcounter.py:102}}
Aug 06 06:21:41.428120 np0000006629 devstack@n-api-meta.service[96132]: INFO dbcounter [None req-249ba7f0-8db1-4c94-9b43-00857fe5d827 None None] Registered counter for database nova_cell0
Aug 06 06:21:41.429634 np0000006629 devstack@n-api-meta.service[96133]: DEBUG dbcounter [-] [96133] Writer thread running {{(pid=96133) stat_writer /opt/stack/data/venv/lib/python3.12/site-packages/dbcounter.py:102}}
Aug 06 06:21:41.434926 np0000006629 devstack@n-api-meta.service[96131]: DEBUG dbcounter [-] [96131] Writer thread running {{(pid=96131) stat_writer /opt/stack/data/venv/lib/python3.12/site-packages/dbcounter.py:102}}
Aug 06 06:21:41.435616 np0000006629 devstack@n-api-meta.service[96133]: INFO dbcounter [None req-2ceacba4-1410-4258-bb6b-0a9d40d4fff2 None None] Registered counter for database nova_cell0
Aug 06 06:21:41.439503 np0000006629 devstack@n-api-meta.service[96131]: DEBUG dbcounter [-] [96131] Writer thread running {{(pid=96131) stat_writer /opt/stack/data/venv/lib/python3.12/site-packages/dbcounter.py:102}}
Aug 06 06:21:41.444279 np0000006629 devstack@n-api-meta.service[96131]: INFO dbcounter [None req-4fe94f0b-df97-4415-adaf-e0103b7393d3 None None] Registered counter for database nova_cell0
Aug 06 06:21:41.461709 np0000006629 devstack@n-api-meta.service[96134]: WARNING nova.api.metadata.handler [None req-48811700-2ce8-4b10-bac9-41bd12221cca None None] metadata_proxy_shared_secret is not configured, the metadata information returned by the proxy cannot be trusted
Aug 06 06:21:41.464619 np0000006629 devstack@n-api-meta.service[96134]: DEBUG nova.api.openstack.wsgi_app [None req-48811700-2ce8-4b10-bac9-41bd12221cca None None] ******************************************************************************** {{(pid=96134) log_opt_values /opt/stack/data/venv/lib/python3.12/site-packages/oslo_config/cfg.py:3518}}
Aug 06 06:21:41.464619 np0000006629 devstack@n-api-meta.service[96134]: DEBUG nova.api.openstack.wsgi_app [None req-48811700-2ce8-4b10-bac9-41bd12221cca None None] Configuration options gathered from: {{(pid=96134) log_opt_values /opt/stack/data/venv/lib/python3.12/site-packages/oslo_config/cfg.py:3519}}
Aug 06 06:21:41.464619 np0000006629 devstack@n-api-meta.service[96134]: DEBUG nova.api.openstack.wsgi_app [None req-48811700-2ce8-4b10-bac9-41bd12221cca None None] command line args: [] {{(pid=96134) log_opt_values /opt/stack/data/venv/lib/python3.12/site-packages/oslo_config/cfg.py:3520}}
Aug 06 06:21:41.464619 np0000006629 devstack@n-api-meta.service[96134]: DEBUG nova.api.openstack.wsgi_app [None req-48811700-2ce8-4b10-bac9-41bd12221cca None None] config files: ['/etc/nova/api-paste.ini', '/etc/nova/nova.conf'] {{(pid=96134) log_opt_values /opt/stack/data/venv/lib/python3.12/site-packages/oslo_config/cfg.py:3521}}
Aug 06 06:21:41.464619 np0000006629 devstack@n-api-meta.service[96134]: DEBUG nova.api.openstack.wsgi_app [None req-48811700-2ce8-4b10-bac9-41bd12221cca None None] ================================================================================ {{(pid=96134) log_opt_values /opt/stack/data/venv/lib/python3.12/site-packages/oslo_config/cfg.py:3526}}
Aug 06 06:21:41.464875 np0000006629 devstack@n-api-meta.service[96134]: DEBUG nova.api.openstack.wsgi_app [None req-48811700-2ce8-4b10-bac9-41bd12221cca None None] allow_resize_to_same_host = True {{(pid=96134) log_opt_values /opt/stack/data/venv/lib/python3.12/site-packages/oslo_config/cfg.py:3534}}
Aug 06 06:21:41.465104 np0000006629 devstack@n-api-meta.service[96134]: DEBUG nova.api.openstack.wsgi_app [None req-48811700-2ce8-4b10-bac9-41bd12221cca None None] arq_binding_timeout = 300 {{(pid=96134) log_opt_values /opt/stack/data/venv/lib/python3.12/site-packages/oslo_config/cfg.py:3534}}
Aug 06 06:21:41.465288 np0000006629 devstack@n-api-meta.service[96134]: DEBUG nova.api.openstack.wsgi_app [None req-48811700-2ce8-4b10-bac9-41bd12221cca None None] block_device_allocate_retries = 60 {{(pid=96134) log_opt_values /opt/stack/data/venv/lib/python3.12/site-packages/oslo_config/cfg.py:3534}}
Aug 06 06:21:41.465476 np0000006629 devstack@n-api-meta.service[96134]: DEBUG nova.api.openstack.wsgi_app [None req-48811700-2ce8-4b10-bac9-41bd12221cca None None] block_device_allocate_retries_interval = 3 {{(pid=96134) log_opt_values /opt/stack/data/venv/lib/python3.12/site-packages/oslo_config/cfg.py:3534}}
Aug 06 06:21:41.465639 np0000006629 devstack@n-api-meta.service[96134]: DEBUG nova.api.openstack.wsgi_app [None req-48811700-2ce8-4b10-bac9-41bd12221cca None None] cell_worker_thread_pool_size = 5 {{(pid=96134) log_opt_values /opt/stack/data/venv/lib/python3.12/site-packages/oslo_config/cfg.py:3534}}
Aug 06 06:21:41.465821 np0000006629 devstack@n-api-meta.service[96134]: DEBUG nova.api.openstack.wsgi_app [None req-48811700-2ce8-4b10-bac9-41bd12221cca None None] cert = self.pem {{(pid=96134) log_opt_values /opt/stack/data/venv/lib/python3.12/site-packages/oslo_config/cfg.py:3534}}
Aug 06 06:21:41.465963 np0000006629 devstack@n-api-meta.service[96134]: DEBUG nova.api.openstack.wsgi_app [None req-48811700-2ce8-4b10-bac9-41bd12221cca None None] compute_driver = libvirt.LibvirtDriver {{(pid=96134) log_opt_values /opt/stack/data/venv/lib/python3.12/site-packages/oslo_config/cfg.py:3534}}
Aug 06 06:21:41.466113 np0000006629 devstack@n-api-meta.service[96134]: DEBUG nova.api.openstack.wsgi_app [None req-48811700-2ce8-4b10-bac9-41bd12221cca None None] compute_monitors = [] {{(pid=96134) log_opt_values /opt/stack/data/venv/lib/python3.12/site-packages/oslo_config/cfg.py:3534}}
Aug 06 06:21:41.466246 np0000006629 devstack@n-api-meta.service[96134]: DEBUG nova.api.openstack.wsgi_app [None req-48811700-2ce8-4b10-bac9-41bd12221cca None None] concurrency_backend = auto {{(pid=96134) log_opt_values /opt/stack/data/venv/lib/python3.12/site-packages/oslo_config/cfg.py:3534}}
Aug 06 06:21:41.466386 np0000006629 devstack@n-api-meta.service[96134]: DEBUG nova.api.openstack.wsgi_app [None req-48811700-2ce8-4b10-bac9-41bd12221cca None None] config_dir = [] {{(pid=96134) log_opt_values /opt/stack/data/venv/lib/python3.12/site-packages/oslo_config/cfg.py:3534}}
Aug 06 06:21:41.466513 np0000006629 devstack@n-api-meta.service[96134]: DEBUG nova.api.openstack.wsgi_app [None req-48811700-2ce8-4b10-bac9-41bd12221cca None None] config_drive_format = iso9660 {{(pid=96134) log_opt_values /opt/stack/data/venv/lib/python3.12/site-packages/oslo_config/cfg.py:3534}}
Aug 06 06:21:41.466610 np0000006629 devstack@n-api-meta.service[96134]: DEBUG nova.api.openstack.wsgi_app [None req-48811700-2ce8-4b10-bac9-41bd12221cca None None] config_file = ['/etc/nova/api-paste.ini', '/etc/nova/nova.conf'] {{(pid=96134) log_opt_values /opt/stack/data/venv/lib/python3.12/site-packages/oslo_config/cfg.py:3534}}
Aug 06 06:21:41.466724 np0000006629 devstack@n-api-meta.service[96134]: DEBUG nova.api.openstack.wsgi_app [None req-48811700-2ce8-4b10-bac9-41bd12221cca None None] config_source = [] {{(pid=96134) log_opt_values /opt/stack/data/venv/lib/python3.12/site-packages/oslo_config/cfg.py:3534}}
Aug 06 06:21:41.466841 np0000006629 devstack@n-api-meta.service[96134]: DEBUG nova.api.openstack.wsgi_app [None req-48811700-2ce8-4b10-bac9-41bd12221cca None None] console_host = np0000006629 {{(pid=96134) log_opt_values /opt/stack/data/venv/lib/python3.12/site-packages/oslo_config/cfg.py:3534}}
Aug 06 06:21:41.467048 np0000006629 devstack@n-api-meta.service[96134]: DEBUG nova.api.openstack.wsgi_app [None req-48811700-2ce8-4b10-bac9-41bd12221cca None None] control_exchange = nova {{(pid=96134) log_opt_values /opt/stack/data/venv/lib/python3.12/site-packages/oslo_config/cfg.py:3534}}
Aug 06 06:21:41.467228 np0000006629 devstack@n-api-meta.service[96134]: DEBUG nova.api.openstack.wsgi_app [None req-48811700-2ce8-4b10-bac9-41bd12221cca None None] cpu_allocation_ratio = None {{(pid=96134) log_opt_values /opt/stack/data/venv/lib/python3.12/site-packages/oslo_config/cfg.py:3534}}
Aug 06 06:21:41.467406 np0000006629 devstack@n-api-meta.service[96134]: DEBUG nova.api.openstack.wsgi_app [None req-48811700-2ce8-4b10-bac9-41bd12221cca None None] daemon = False {{(pid=96134) log_opt_values /opt/stack/data/venv/lib/python3.12/site-packages/oslo_config/cfg.py:3534}}
Aug 06 06:21:41.467561 np0000006629 devstack@n-api-meta.service[96134]: DEBUG nova.api.openstack.wsgi_app [None req-48811700-2ce8-4b10-bac9-41bd12221cca None None] debug = True {{(pid=96134) log_opt_values /opt/stack/data/venv/lib/python3.12/site-packages/oslo_config/cfg.py:3534}}
Aug 06 06:21:41.467702 np0000006629 devstack@n-api-meta.service[96134]: DEBUG nova.api.openstack.wsgi_app [None req-48811700-2ce8-4b10-bac9-41bd12221cca None None] default_access_ip_network_name = None {{(pid=96134) log_opt_values /opt/stack/data/venv/lib/python3.12/site-packages/oslo_config/cfg.py:3534}}
Aug 06 06:21:41.467857 np0000006629 devstack@n-api-meta.service[96134]: DEBUG nova.api.openstack.wsgi_app [None req-48811700-2ce8-4b10-bac9-41bd12221cca None None] default_availability_zone = nova {{(pid=96134) log_opt_values /opt/stack/data/venv/lib/python3.12/site-packages/oslo_config/cfg.py:3534}}
Aug 06 06:21:41.468053 np0000006629 devstack@n-api-meta.service[96134]: DEBUG nova.api.openstack.wsgi_app [None req-48811700-2ce8-4b10-bac9-41bd12221cca None None] default_ephemeral_format = ext4 {{(pid=96134) log_opt_values /opt/stack/data/venv/lib/python3.12/site-packages/oslo_config/cfg.py:3534}}
Aug 06 06:21:41.468245 np0000006629 devstack@n-api-meta.service[96134]: DEBUG nova.api.openstack.wsgi_app [None req-48811700-2ce8-4b10-bac9-41bd12221cca None None] default_green_pool_size = 1000 {{(pid=96134) log_opt_values /opt/stack/data/venv/lib/python3.12/site-packages/oslo_config/cfg.py:3534}}
Aug 06 06:21:41.468447 np0000006629 devstack@n-api-meta.service[96134]: DEBUG nova.api.openstack.wsgi_app [None req-48811700-2ce8-4b10-bac9-41bd12221cca None None] default_log_levels = ['amqp=WARN', 'boto=WARN', 'sqlalchemy=WARN', 'suds=INFO', 'oslo.messaging=INFO', 'oslo_messaging=INFO', 'iso8601=WARN', 'requests.packages.urllib3.connectionpool=WARN', 'urllib3.connectionpool=WARN', 'websocket=WARN', 'requests.packages.urllib3.util.retry=WARN', 'urllib3.util.retry=WARN', 'keystonemiddleware=WARN', 'routes.middleware=WARN', 'stevedore=WARN', 'taskflow=WARN', 'keystoneauth=WARN', 'oslo.cache=INFO', 'oslo_policy=INFO', 'dogpile.core.dogpile=INFO', 'glanceclient=WARN', 'oslo.privsep.daemon=INFO'] {{(pid=96134) log_opt_values /opt/stack/data/venv/lib/python3.12/site-packages/oslo_config/cfg.py:3534}}
Aug 06 06:21:41.468568 np0000006629 devstack@n-api-meta.service[96134]: DEBUG nova.api.openstack.wsgi_app [None req-48811700-2ce8-4b10-bac9-41bd12221cca None None] default_schedule_zone = None {{(pid=96134) log_opt_values /opt/stack/data/venv/lib/python3.12/site-packages/oslo_config/cfg.py:3534}}
Aug 06 06:21:41.468709 np0000006629 devstack@n-api-meta.service[96134]: DEBUG nova.api.openstack.wsgi_app [None req-48811700-2ce8-4b10-bac9-41bd12221cca None None] default_thread_pool_size = 10 {{(pid=96134) log_opt_values /opt/stack/data/venv/lib/python3.12/site-packages/oslo_config/cfg.py:3534}}
Aug 06 06:21:41.468850 np0000006629 devstack@n-api-meta.service[96134]: DEBUG nova.api.openstack.wsgi_app [None req-48811700-2ce8-4b10-bac9-41bd12221cca None None] disk_allocation_ratio = None {{(pid=96134) log_opt_values /opt/stack/data/venv/lib/python3.12/site-packages/oslo_config/cfg.py:3534}}
Aug 06 06:21:41.469007 np0000006629 devstack@n-api-meta.service[96134]: DEBUG nova.api.openstack.wsgi_app [None req-48811700-2ce8-4b10-bac9-41bd12221cca None None] enable_new_services = True {{(pid=96134) log_opt_values /opt/stack/data/venv/lib/python3.12/site-packages/oslo_config/cfg.py:3534}}
Aug 06 06:21:41.469131 np0000006629 devstack@n-api-meta.service[96134]: DEBUG nova.api.openstack.wsgi_app [None req-48811700-2ce8-4b10-bac9-41bd12221cca None None] flat_injected = False {{(pid=96134) log_opt_values /opt/stack/data/venv/lib/python3.12/site-packages/oslo_config/cfg.py:3534}}
Aug 06 06:21:41.469255 np0000006629 devstack@n-api-meta.service[96134]: DEBUG nova.api.openstack.wsgi_app [None req-48811700-2ce8-4b10-bac9-41bd12221cca None None] force_config_drive = True {{(pid=96134) log_opt_values /opt/stack/data/venv/lib/python3.12/site-packages/oslo_config/cfg.py:3534}}
Aug 06 06:21:41.469407 np0000006629 devstack@n-api-meta.service[96134]: DEBUG nova.api.openstack.wsgi_app [None req-48811700-2ce8-4b10-bac9-41bd12221cca None None] force_raw_images = True {{(pid=96134) log_opt_values /opt/stack/data/venv/lib/python3.12/site-packages/oslo_config/cfg.py:3534}}
Aug 06 06:21:41.469597 np0000006629 devstack@n-api-meta.service[96134]: DEBUG nova.api.openstack.wsgi_app [None req-48811700-2ce8-4b10-bac9-41bd12221cca None None] graceful_shutdown_timeout = 5 {{(pid=96134) log_opt_values /opt/stack/data/venv/lib/python3.12/site-packages/oslo_config/cfg.py:3534}}
Aug 06 06:21:41.469777 np0000006629 devstack@n-api-meta.service[96134]: DEBUG nova.api.openstack.wsgi_app [None req-48811700-2ce8-4b10-bac9-41bd12221cca None None] heal_instance_info_cache_interval = -1 {{(pid=96134) log_opt_values /opt/stack/data/venv/lib/python3.12/site-packages/oslo_config/cfg.py:3534}}
Aug 06 06:21:41.470055 np0000006629 devstack@n-api-meta.service[96134]: DEBUG nova.api.openstack.wsgi_app [None req-48811700-2ce8-4b10-bac9-41bd12221cca None None] host = np0000006629 {{(pid=96134) log_opt_values /opt/stack/data/venv/lib/python3.12/site-packages/oslo_config/cfg.py:3534}}
Aug 06 06:21:41.470229 np0000006629 devstack@n-api-meta.service[96134]: DEBUG nova.api.openstack.wsgi_app [None req-48811700-2ce8-4b10-bac9-41bd12221cca None None] initial_cpu_allocation_ratio = 4.0 {{(pid=96134) log_opt_values /opt/stack/data/venv/lib/python3.12/site-packages/oslo_config/cfg.py:3534}}
Aug 06 06:21:41.470374 np0000006629 devstack@n-api-meta.service[96134]: DEBUG nova.api.openstack.wsgi_app [None req-48811700-2ce8-4b10-bac9-41bd12221cca None None] initial_disk_allocation_ratio = 1.0 {{(pid=96134) log_opt_values /opt/stack/data/venv/lib/python3.12/site-packages/oslo_config/cfg.py:3534}}
Aug 06 06:21:41.470493 np0000006629 devstack@n-api-meta.service[96134]: DEBUG nova.api.openstack.wsgi_app [None req-48811700-2ce8-4b10-bac9-41bd12221cca None None] initial_ram_allocation_ratio = 1.0 {{(pid=96134) log_opt_values /opt/stack/data/venv/lib/python3.12/site-packages/oslo_config/cfg.py:3534}}
Aug 06 06:21:41.470674 np0000006629 devstack@n-api-meta.service[96134]: DEBUG nova.api.openstack.wsgi_app [None req-48811700-2ce8-4b10-bac9-41bd12221cca None None] injected_network_template = /opt/stack/nova/nova/virt/interfaces.template {{(pid=96134) log_opt_values /opt/stack/data/venv/lib/python3.12/site-packages/oslo_config/cfg.py:3534}}
Aug 06 06:21:41.470832 np0000006629 devstack@n-api-meta.service[96134]: DEBUG nova.api.openstack.wsgi_app [None req-48811700-2ce8-4b10-bac9-41bd12221cca None None] instance_build_timeout = 0 {{(pid=96134) log_opt_values /opt/stack/data/venv/lib/python3.12/site-packages/oslo_config/cfg.py:3534}}
Aug 06 06:21:41.471031 np0000006629 devstack@n-api-meta.service[96134]: DEBUG nova.api.openstack.wsgi_app [None req-48811700-2ce8-4b10-bac9-41bd12221cca None None] instance_delete_interval = 300 {{(pid=96134) log_opt_values /opt/stack/data/venv/lib/python3.12/site-packages/oslo_config/cfg.py:3534}}
Aug 06 06:21:41.471223 np0000006629 devstack@n-api-meta.service[96134]: DEBUG nova.api.openstack.wsgi_app [None req-48811700-2ce8-4b10-bac9-41bd12221cca None None] instance_format = [instance: %(uuid)s] {{(pid=96134) log_opt_values /opt/stack/data/venv/lib/python3.12/site-packages/oslo_config/cfg.py:3534}}
Aug 06 06:21:41.471410 np0000006629 devstack@n-api-meta.service[96134]: DEBUG nova.api.openstack.wsgi_app [None req-48811700-2ce8-4b10-bac9-41bd12221cca None None] instance_name_template = instance-%08x {{(pid=96134) log_opt_values /opt/stack/data/venv/lib/python3.12/site-packages/oslo_config/cfg.py:3534}}
Aug 06 06:21:41.471683 np0000006629 devstack@n-api-meta.service[96134]: DEBUG nova.api.openstack.wsgi_app [None req-48811700-2ce8-4b10-bac9-41bd12221cca None None] instance_usage_audit = False {{(pid=96134) log_opt_values /opt/stack/data/venv/lib/python3.12/site-packages/oslo_config/cfg.py:3534}}
Aug 06 06:21:41.471869 np0000006629 devstack@n-api-meta.service[96134]: DEBUG nova.api.openstack.wsgi_app [None req-48811700-2ce8-4b10-bac9-41bd12221cca None None] instance_usage_audit_period = month {{(pid=96134) log_opt_values /opt/stack/data/venv/lib/python3.12/site-packages/oslo_config/cfg.py:3534}}
Aug 06 06:21:41.472084 np0000006629 devstack@n-api-meta.service[96134]: DEBUG nova.api.openstack.wsgi_app [None req-48811700-2ce8-4b10-bac9-41bd12221cca None None] instance_uuid_format = [instance: %(uuid)s] {{(pid=96134) log_opt_values /opt/stack/data/venv/lib/python3.12/site-packages/oslo_config/cfg.py:3534}}
Aug 06 06:21:41.472267 np0000006629 devstack@n-api-meta.service[96134]: DEBUG nova.api.openstack.wsgi_app [None req-48811700-2ce8-4b10-bac9-41bd12221cca None None] instances_path = /opt/stack/data/nova/instances {{(pid=96134) log_opt_values /opt/stack/data/venv/lib/python3.12/site-packages/oslo_config/cfg.py:3534}}
Aug 06 06:21:41.472452 np0000006629 devstack@n-api-meta.service[96134]: DEBUG nova.api.openstack.wsgi_app [None req-48811700-2ce8-4b10-bac9-41bd12221cca None None] internal_service_availability_zone = internal {{(pid=96134) log_opt_values /opt/stack/data/venv/lib/python3.12/site-packages/oslo_config/cfg.py:3534}}
Aug 06 06:21:41.472685 np0000006629 devstack@n-api-meta.service[96134]: DEBUG nova.api.openstack.wsgi_app [None req-48811700-2ce8-4b10-bac9-41bd12221cca None None] key = None {{(pid=96134) log_opt_values /opt/stack/data/venv/lib/python3.12/site-packages/oslo_config/cfg.py:3534}}
Aug 06 06:21:41.472804 np0000006629 devstack@n-api-meta.service[96134]: DEBUG nova.api.openstack.wsgi_app [None req-48811700-2ce8-4b10-bac9-41bd12221cca None None] live_migration_retry_count = 30 {{(pid=96134) log_opt_values /opt/stack/data/venv/lib/python3.12/site-packages/oslo_config/cfg.py:3534}}
Aug 06 06:21:41.472970 np0000006629 devstack@n-api-meta.service[96134]: DEBUG nova.api.openstack.wsgi_app [None req-48811700-2ce8-4b10-bac9-41bd12221cca None None] log_color = False {{(pid=96134) log_opt_values /opt/stack/data/venv/lib/python3.12/site-packages/oslo_config/cfg.py:3534}}
Aug 06 06:21:41.473111 np0000006629 devstack@n-api-meta.service[96134]: DEBUG nova.api.openstack.wsgi_app [None req-48811700-2ce8-4b10-bac9-41bd12221cca None None] log_config_append = None {{(pid=96134) log_opt_values /opt/stack/data/venv/lib/python3.12/site-packages/oslo_config/cfg.py:3534}}
Aug 06 06:21:41.473231 np0000006629 devstack@n-api-meta.service[96134]: DEBUG nova.api.openstack.wsgi_app [None req-48811700-2ce8-4b10-bac9-41bd12221cca None None] log_date_format = %Y-%m-%d %H:%M:%S {{(pid=96134) log_opt_values /opt/stack/data/venv/lib/python3.12/site-packages/oslo_config/cfg.py:3534}}
Aug 06 06:21:41.473341 np0000006629 devstack@n-api-meta.service[96134]: DEBUG nova.api.openstack.wsgi_app [None req-48811700-2ce8-4b10-bac9-41bd12221cca None None] log_dir = None {{(pid=96134) log_opt_values /opt/stack/data/venv/lib/python3.12/site-packages/oslo_config/cfg.py:3534}}
Aug 06 06:21:41.473453 np0000006629 devstack@n-api-meta.service[96134]: DEBUG nova.api.openstack.wsgi_app [None req-48811700-2ce8-4b10-bac9-41bd12221cca None None] log_file = None {{(pid=96134) log_opt_values /opt/stack/data/venv/lib/python3.12/site-packages/oslo_config/cfg.py:3534}}
Aug 06 06:21:41.473543 np0000006629 devstack@n-api-meta.service[96134]: DEBUG nova.api.openstack.wsgi_app [None req-48811700-2ce8-4b10-bac9-41bd12221cca None None] log_options = True {{(pid=96134) log_opt_values /opt/stack/data/venv/lib/python3.12/site-packages/oslo_config/cfg.py:3534}}
Aug 06 06:21:41.473654 np0000006629 devstack@n-api-meta.service[96134]: DEBUG nova.api.openstack.wsgi_app [None req-48811700-2ce8-4b10-bac9-41bd12221cca None None] log_rotate_interval = 1 {{(pid=96134) log_opt_values /opt/stack/data/venv/lib/python3.12/site-packages/oslo_config/cfg.py:3534}}
Aug 06 06:21:41.473773 np0000006629 devstack@n-api-meta.service[96134]: DEBUG nova.api.openstack.wsgi_app [None req-48811700-2ce8-4b10-bac9-41bd12221cca None None] log_rotate_interval_type = days {{(pid=96134) log_opt_values /opt/stack/data/venv/lib/python3.12/site-packages/oslo_config/cfg.py:3534}}
Aug 06 06:21:41.473894 np0000006629 devstack@n-api-meta.service[96134]: DEBUG nova.api.openstack.wsgi_app [None req-48811700-2ce8-4b10-bac9-41bd12221cca None None] log_rotation_type = none {{(pid=96134) log_opt_values /opt/stack/data/venv/lib/python3.12/site-packages/oslo_config/cfg.py:3534}}
Aug 06 06:21:41.474013 np0000006629 devstack@n-api-meta.service[96134]: DEBUG nova.api.openstack.wsgi_app [None req-48811700-2ce8-4b10-bac9-41bd12221cca None None] logging_context_format_string = %(color)s%(levelname)s %(name)s [%(global_request_id)s %(request_id)s %(project_name)s %(user_name)s%(color)s] %(instance)s%(color)s%(message)s {{(pid=96134) log_opt_values /opt/stack/data/venv/lib/python3.12/site-packages/oslo_config/cfg.py:3534}}
Aug 06 06:21:41.474108 np0000006629 devstack@n-api-meta.service[96134]: DEBUG nova.api.openstack.wsgi_app [None req-48811700-2ce8-4b10-bac9-41bd12221cca None None] logging_debug_format_suffix = {{(pid=%(process)d) %(funcName)s %(pathname)s:%(lineno)d}} {{(pid=96134) log_opt_values /opt/stack/data/venv/lib/python3.12/site-packages/oslo_config/cfg.py:3534}}
Aug 06 06:21:41.474231 np0000006629 devstack@n-api-meta.service[96134]: DEBUG nova.api.openstack.wsgi_app [None req-48811700-2ce8-4b10-bac9-41bd12221cca None None] logging_default_format_string = %(color)s%(levelname)s %(name)s [-%(color)s] %(instance)s%(color)s%(message)s {{(pid=96134) log_opt_values /opt/stack/data/venv/lib/python3.12/site-packages/oslo_config/cfg.py:3534}}
Aug 06 06:21:41.474347 np0000006629 devstack@n-api-meta.service[96134]: DEBUG nova.api.openstack.wsgi_app [None req-48811700-2ce8-4b10-bac9-41bd12221cca None None] logging_exception_prefix = ERROR %(name)s %(instance)s {{(pid=96134) log_opt_values /opt/stack/data/venv/lib/python3.12/site-packages/oslo_config/cfg.py:3534}}
Aug 06 06:21:41.474435 np0000006629 devstack@n-api-meta.service[96134]: DEBUG nova.api.openstack.wsgi_app [None req-48811700-2ce8-4b10-bac9-41bd12221cca None None] logging_user_identity_format = %(user)s %(project)s %(domain)s %(system_scope)s %(user_domain)s %(project_domain)s {{(pid=96134) log_opt_values /opt/stack/data/venv/lib/python3.12/site-packages/oslo_config/cfg.py:3534}}
Aug 06 06:21:41.474550 np0000006629 devstack@n-api-meta.service[96134]: DEBUG nova.api.openstack.wsgi_app [None req-48811700-2ce8-4b10-bac9-41bd12221cca None None] long_rpc_timeout = 1800 {{(pid=96134) log_opt_values /opt/stack/data/venv/lib/python3.12/site-packages/oslo_config/cfg.py:3534}}
Aug 06 06:21:41.474663 np0000006629 devstack@n-api-meta.service[96134]: DEBUG nova.api.openstack.wsgi_app [None req-48811700-2ce8-4b10-bac9-41bd12221cca None None] manager_shutdown_timeout = 160 {{(pid=96134) log_opt_values /opt/stack/data/venv/lib/python3.12/site-packages/oslo_config/cfg.py:3534}}
