Aug 06 06:21:41.005490 np0000006629 nova-scheduler[96783]: DEBUG cotyledon.oslo_config_glue [-] workarounds.qemu_monitor_announce_self_count = 3 {{(pid=96783) log_opt_values /opt/stack/data/venv/lib/python3.12/site-packages/oslo_config/cfg.py:3545}}
Aug 06 06:21:41.005490 np0000006629 nova-scheduler[96783]: DEBUG cotyledon.oslo_config_glue [-] workarounds.qemu_monitor_announce_self_interval = 1 {{(pid=96783) log_opt_values /opt/stack/data/venv/lib/python3.12/site-packages/oslo_config/cfg.py:3545}}
Aug 06 06:21:41.005490 np0000006629 nova-scheduler[96783]: DEBUG cotyledon.oslo_config_glue [-] workarounds.reserve_disk_resource_for_image_cache = False {{(pid=96783) log_opt_values /opt/stack/data/venv/lib/python3.12/site-packages/oslo_config/cfg.py:3545}}
Aug 06 06:21:41.005490 np0000006629 nova-scheduler[96783]: DEBUG cotyledon.oslo_config_glue [-] workarounds.skip_cpu_compare_at_startup = False {{(pid=96783) log_opt_values /opt/stack/data/venv/lib/python3.12/site-packages/oslo_config/cfg.py:3545}}
Aug 06 06:21:41.005490 np0000006629 nova-scheduler[96783]: DEBUG cotyledon.oslo_config_glue [-] workarounds.skip_cpu_compare_on_dest = False {{(pid=96783) log_opt_values /opt/stack/data/venv/lib/python3.12/site-packages/oslo_config/cfg.py:3545}}
Aug 06 06:21:41.005490 np0000006629 nova-scheduler[96783]: DEBUG cotyledon.oslo_config_glue [-] workarounds.skip_hypervisor_version_check_on_lm = False {{(pid=96783) log_opt_values /opt/stack/data/venv/lib/python3.12/site-packages/oslo_config/cfg.py:3545}}
Aug 06 06:21:41.005490 np0000006629 nova-scheduler[96783]: DEBUG cotyledon.oslo_config_glue [-] workarounds.skip_reserve_in_use_ironic_nodes = False {{(pid=96783) log_opt_values /opt/stack/data/venv/lib/python3.12/site-packages/oslo_config/cfg.py:3545}}
Aug 06 06:21:41.005659 np0000006629 nova-scheduler[96783]: DEBUG cotyledon.oslo_config_glue [-] workarounds.unified_limits_count_pcpu_as_vcpu = False {{(pid=96783) log_opt_values /opt/stack/data/venv/lib/python3.12/site-packages/oslo_config/cfg.py:3545}}
Aug 06 06:21:41.005659 np0000006629 nova-scheduler[96783]: DEBUG cotyledon.oslo_config_glue [-] workarounds.wait_for_vif_plugged_event_during_hard_reboot = [] {{(pid=96783) log_opt_values /opt/stack/data/venv/lib/python3.12/site-packages/oslo_config/cfg.py:3545}}
Aug 06 06:21:41.005659 np0000006629 nova-scheduler[96783]: DEBUG cotyledon.oslo_config_glue [-] wsgi.api_paste_config = /etc/nova/api-paste.ini {{(pid=96783) log_opt_values /opt/stack/data/venv/lib/python3.12/site-packages/oslo_config/cfg.py:3545}}
Aug 06 06:21:41.005659 np0000006629 nova-scheduler[96783]: DEBUG cotyledon.oslo_config_glue [-] wsgi.secure_proxy_ssl_header = None {{(pid=96783) log_opt_values /opt/stack/data/venv/lib/python3.12/site-packages/oslo_config/cfg.py:3545}}
Aug 06 06:21:41.005659 np0000006629 nova-scheduler[96783]: DEBUG cotyledon.oslo_config_glue [-] zvm.ca_file = None {{(pid=96783) log_opt_values /opt/stack/data/venv/lib/python3.12/site-packages/oslo_config/cfg.py:3545}}
Aug 06 06:21:41.005659 np0000006629 nova-scheduler[96783]: DEBUG cotyledon.oslo_config_glue [-] zvm.cloud_connector_url = None {{(pid=96783) log_opt_values /opt/stack/data/venv/lib/python3.12/site-packages/oslo_config/cfg.py:3545}}
Aug 06 06:21:41.005659 np0000006629 nova-scheduler[96783]: DEBUG cotyledon.oslo_config_glue [-] zvm.image_tmp_path = /opt/stack/data/nova/images {{(pid=96783) log_opt_values /opt/stack/data/venv/lib/python3.12/site-packages/oslo_config/cfg.py:3545}}
Aug 06 06:21:41.005659 np0000006629 nova-scheduler[96783]: DEBUG cotyledon.oslo_config_glue [-] zvm.reachable_timeout = 300 {{(pid=96783) log_opt_values /opt/stack/data/venv/lib/python3.12/site-packages/oslo_config/cfg.py:3545}}
Aug 06 06:21:41.005659 np0000006629 nova-scheduler[96783]: DEBUG cotyledon.oslo_config_glue [-] oslo_versionedobjects.fatal_exception_format_errors = False {{(pid=96783) log_opt_values /opt/stack/data/venv/lib/python3.12/site-packages/oslo_config/cfg.py:3545}}
Aug 06 06:21:41.005824 np0000006629 nova-scheduler[96783]: DEBUG cotyledon.oslo_config_glue [-] oslo_middleware.http_basic_auth_user_file = /etc/htpasswd {{(pid=96783) log_opt_values /opt/stack/data/venv/lib/python3.12/site-packages/oslo_config/cfg.py:3545}}
Aug 06 06:21:41.005824 np0000006629 nova-scheduler[96783]: DEBUG cotyledon.oslo_config_glue [-] oslo_messaging_metrics.metrics_buffer_size = 1000 {{(pid=96783) log_opt_values /opt/stack/data/venv/lib/python3.12/site-packages/oslo_config/cfg.py:3545}}
Aug 06 06:21:41.005824 np0000006629 nova-scheduler[96783]: DEBUG cotyledon.oslo_config_glue [-] oslo_messaging_metrics.metrics_enabled = False {{(pid=96783) log_opt_values /opt/stack/data/venv/lib/python3.12/site-packages/oslo_config/cfg.py:3545}}
Aug 06 06:21:41.005824 np0000006629 nova-scheduler[96783]: DEBUG cotyledon.oslo_config_glue [-] oslo_messaging_metrics.metrics_process_name = {{(pid=96783) log_opt_values /opt/stack/data/venv/lib/python3.12/site-packages/oslo_config/cfg.py:3545}}
Aug 06 06:21:41.005824 np0000006629 nova-scheduler[96783]: DEBUG cotyledon.oslo_config_glue [-] oslo_messaging_metrics.metrics_socket_file = /var/tmp/metrics_collector.sock {{(pid=96783) log_opt_values /opt/stack/data/venv/lib/python3.12/site-packages/oslo_config/cfg.py:3545}}
Aug 06 06:21:41.005824 np0000006629 nova-scheduler[96783]: DEBUG cotyledon.oslo_config_glue [-] oslo_messaging_metrics.metrics_thread_stop_timeout = 10 {{(pid=96783) log_opt_values /opt/stack/data/venv/lib/python3.12/site-packages/oslo_config/cfg.py:3545}}
Aug 06 06:21:41.005824 np0000006629 nova-scheduler[96783]: DEBUG cotyledon.oslo_config_glue [-] profiler.connection_string = messaging:// {{(pid=96783) log_opt_values /opt/stack/data/venv/lib/python3.12/site-packages/oslo_config/cfg.py:3545}}
Aug 06 06:21:41.005824 np0000006629 nova-scheduler[96783]: DEBUG cotyledon.oslo_config_glue [-] profiler.enabled = False {{(pid=96783) log_opt_values /opt/stack/data/venv/lib/python3.12/site-packages/oslo_config/cfg.py:3545}}
Aug 06 06:21:41.005824 np0000006629 nova-scheduler[96783]: DEBUG cotyledon.oslo_config_glue [-] profiler.es_doc_type = notification {{(pid=96783) log_opt_values /opt/stack/data/venv/lib/python3.12/site-packages/oslo_config/cfg.py:3545}}
Aug 06 06:21:41.006033 np0000006629 nova-scheduler[96783]: DEBUG cotyledon.oslo_config_glue [-] profiler.es_scroll_size = 10000 {{(pid=96783) log_opt_values /opt/stack/data/venv/lib/python3.12/site-packages/oslo_config/cfg.py:3545}}
Aug 06 06:21:41.006033 np0000006629 nova-scheduler[96783]: DEBUG cotyledon.oslo_config_glue [-] profiler.es_scroll_time = 2m {{(pid=96783) log_opt_values /opt/stack/data/venv/lib/python3.12/site-packages/oslo_config/cfg.py:3545}}
Aug 06 06:21:41.006033 np0000006629 nova-scheduler[96783]: DEBUG cotyledon.oslo_config_glue [-] profiler.filter_error_trace = False {{(pid=96783) log_opt_values /opt/stack/data/venv/lib/python3.12/site-packages/oslo_config/cfg.py:3545}}
Aug 06 06:21:41.006033 np0000006629 nova-scheduler[96783]: DEBUG cotyledon.oslo_config_glue [-] profiler.hmac_keys = **** {{(pid=96783) log_opt_values /opt/stack/data/venv/lib/python3.12/site-packages/oslo_config/cfg.py:3545}}
Aug 06 06:21:41.006033 np0000006629 nova-scheduler[96783]: DEBUG cotyledon.oslo_config_glue [-] profiler.sentinel_service_name = mymaster {{(pid=96783) log_opt_values /opt/stack/data/venv/lib/python3.12/site-packages/oslo_config/cfg.py:3545}}
Aug 06 06:21:41.006033 np0000006629 nova-scheduler[96783]: DEBUG cotyledon.oslo_config_glue [-] profiler.socket_timeout = 0.1 {{(pid=96783) log_opt_values /opt/stack/data/venv/lib/python3.12/site-packages/oslo_config/cfg.py:3545}}
Aug 06 06:21:41.006033 np0000006629 nova-scheduler[96783]: DEBUG cotyledon.oslo_config_glue [-] profiler.trace_requests = False {{(pid=96783) log_opt_values /opt/stack/data/venv/lib/python3.12/site-packages/oslo_config/cfg.py:3545}}
Aug 06 06:21:41.006033 np0000006629 nova-scheduler[96783]: DEBUG cotyledon.oslo_config_glue [-] profiler.trace_sqlalchemy = False {{(pid=96783) log_opt_values /opt/stack/data/venv/lib/python3.12/site-packages/oslo_config/cfg.py:3545}}
Aug 06 06:21:41.006033 np0000006629 nova-scheduler[96783]: DEBUG cotyledon.oslo_config_glue [-] profiler_jaeger.process_tags = {} {{(pid=96783) log_opt_values /opt/stack/data/venv/lib/python3.12/site-packages/oslo_config/cfg.py:3545}}
Aug 06 06:21:41.006198 np0000006629 nova-scheduler[96783]: DEBUG cotyledon.oslo_config_glue [-] profiler_jaeger.service_name_prefix = None {{(pid=96783) log_opt_values /opt/stack/data/venv/lib/python3.12/site-packages/oslo_config/cfg.py:3545}}
Aug 06 06:21:41.006198 np0000006629 nova-scheduler[96783]: DEBUG cotyledon.oslo_config_glue [-] profiler_otlp.service_name_prefix = None {{(pid=96783) log_opt_values /opt/stack/data/venv/lib/python3.12/site-packages/oslo_config/cfg.py:3545}}
Aug 06 06:21:41.006198 np0000006629 nova-scheduler[96783]: DEBUG cotyledon.oslo_config_glue [-] oslo_messaging_rabbit.amqp_auto_delete = False {{(pid=96783) log_opt_values /opt/stack/data/venv/lib/python3.12/site-packages/oslo_config/cfg.py:3545}}
Aug 06 06:21:41.006198 np0000006629 nova-scheduler[96783]: DEBUG cotyledon.oslo_config_glue [-] oslo_messaging_rabbit.amqp_durable_queues = False {{(pid=96783) log_opt_values /opt/stack/data/venv/lib/python3.12/site-packages/oslo_config/cfg.py:3545}}
Aug 06 06:21:41.006198 np0000006629 nova-scheduler[96783]: DEBUG cotyledon.oslo_config_glue [-] oslo_messaging_rabbit.conn_pool_min_size = 2 {{(pid=96783) log_opt_values /opt/stack/data/venv/lib/python3.12/site-packages/oslo_config/cfg.py:3545}}
Aug 06 06:21:41.006198 np0000006629 nova-scheduler[96783]: DEBUG cotyledon.oslo_config_glue [-] oslo_messaging_rabbit.conn_pool_ttl = 1200 {{(pid=96783) log_opt_values /opt/stack/data/venv/lib/python3.12/site-packages/oslo_config/cfg.py:3545}}
Aug 06 06:21:41.006198 np0000006629 nova-scheduler[96783]: DEBUG cotyledon.oslo_config_glue [-] oslo_messaging_rabbit.direct_mandatory_flag = True {{(pid=96783) log_opt_values /opt/stack/data/venv/lib/python3.12/site-packages/oslo_config/cfg.py:3545}}
Aug 06 06:21:41.006198 np0000006629 nova-scheduler[96783]: DEBUG cotyledon.oslo_config_glue [-] oslo_messaging_rabbit.enable_cancel_on_failover = False {{(pid=96783) log_opt_values /opt/stack/data/venv/lib/python3.12/site-packages/oslo_config/cfg.py:3545}}
Aug 06 06:21:41.006198 np0000006629 nova-scheduler[96783]: DEBUG cotyledon.oslo_config_glue [-] oslo_messaging_rabbit.heartbeat_rate = 3 {{(pid=96783) log_opt_values /opt/stack/data/venv/lib/python3.12/site-packages/oslo_config/cfg.py:3545}}
Aug 06 06:21:41.006360 np0000006629 nova-scheduler[96783]: DEBUG cotyledon.oslo_config_glue [-] oslo_messaging_rabbit.heartbeat_timeout_threshold = 60 {{(pid=96783) log_opt_values /opt/stack/data/venv/lib/python3.12/site-packages/oslo_config/cfg.py:3545}}
Aug 06 06:21:41.006360 np0000006629 nova-scheduler[96783]: DEBUG cotyledon.oslo_config_glue [-] oslo_messaging_rabbit.hostname = np0000006629 {{(pid=96783) log_opt_values /opt/stack/data/venv/lib/python3.12/site-packages/oslo_config/cfg.py:3545}}
Aug 06 06:21:41.006360 np0000006629 nova-scheduler[96783]: DEBUG cotyledon.oslo_config_glue [-] oslo_messaging_rabbit.kombu_compression = None {{(pid=96783) log_opt_values /opt/stack/data/venv/lib/python3.12/site-packages/oslo_config/cfg.py:3545}}
Aug 06 06:21:41.006360 np0000006629 nova-scheduler[96783]: DEBUG cotyledon.oslo_config_glue [-] oslo_messaging_rabbit.kombu_failover_strategy = round-robin {{(pid=96783) log_opt_values /opt/stack/data/venv/lib/python3.12/site-packages/oslo_config/cfg.py:3545}}
Aug 06 06:21:41.006360 np0000006629 nova-scheduler[96783]: DEBUG cotyledon.oslo_config_glue [-] oslo_messaging_rabbit.kombu_missing_consumer_retry_timeout = 60 {{(pid=96783) log_opt_values /opt/stack/data/venv/lib/python3.12/site-packages/oslo_config/cfg.py:3545}}
Aug 06 06:21:41.006360 np0000006629 nova-scheduler[96783]: DEBUG cotyledon.oslo_config_glue [-] oslo_messaging_rabbit.kombu_reconnect_delay = 1.0 {{(pid=96783) log_opt_values /opt/stack/data/venv/lib/python3.12/site-packages/oslo_config/cfg.py:3545}}
Aug 06 06:21:41.006360 np0000006629 nova-scheduler[96783]: DEBUG cotyledon.oslo_config_glue [-] oslo_messaging_rabbit.kombu_reconnect_splay = 0.0 {{(pid=96783) log_opt_values /opt/stack/data/venv/lib/python3.12/site-packages/oslo_config/cfg.py:3545}}
Aug 06 06:21:41.006360 np0000006629 nova-scheduler[96783]: DEBUG cotyledon.oslo_config_glue [-] oslo_messaging_rabbit.processname = nova-scheduler {{(pid=96783) log_opt_values /opt/stack/data/venv/lib/python3.12/site-packages/oslo_config/cfg.py:3545}}
Aug 06 06:21:41.006360 np0000006629 nova-scheduler[96783]: DEBUG cotyledon.oslo_config_glue [-] oslo_messaging_rabbit.rabbit_ha_queues = False {{(pid=96783) log_opt_values /opt/stack/data/venv/lib/python3.12/site-packages/oslo_config/cfg.py:3545}}
Aug 06 06:21:41.006533 np0000006629 nova-scheduler[96783]: DEBUG cotyledon.oslo_config_glue [-] oslo_messaging_rabbit.rabbit_interval_max = 30 {{(pid=96783) log_opt_values /opt/stack/data/venv/lib/python3.12/site-packages/oslo_config/cfg.py:3545}}
Aug 06 06:21:41.006533 np0000006629 nova-scheduler[96783]: DEBUG cotyledon.oslo_config_glue [-] oslo_messaging_rabbit.rabbit_login_method = AMQPLAIN {{(pid=96783) log_opt_values /opt/stack/data/venv/lib/python3.12/site-packages/oslo_config/cfg.py:3545}}
Aug 06 06:21:41.006533 np0000006629 nova-scheduler[96783]: DEBUG cotyledon.oslo_config_glue [-] oslo_messaging_rabbit.rabbit_qos_prefetch_count = 0 {{(pid=96783) log_opt_values /opt/stack/data/venv/lib/python3.12/site-packages/oslo_config/cfg.py:3545}}
Aug 06 06:21:41.006533 np0000006629 nova-scheduler[96783]: DEBUG cotyledon.oslo_config_glue [-] oslo_messaging_rabbit.rabbit_quorum_delivery_limit = 0 {{(pid=96783) log_opt_values /opt/stack/data/venv/lib/python3.12/site-packages/oslo_config/cfg.py:3545}}
Aug 06 06:21:41.006533 np0000006629 nova-scheduler[96783]: DEBUG cotyledon.oslo_config_glue [-] oslo_messaging_rabbit.rabbit_quorum_max_memory_bytes = 0 {{(pid=96783) log_opt_values /opt/stack/data/venv/lib/python3.12/site-packages/oslo_config/cfg.py:3545}}
Aug 06 06:21:41.006533 np0000006629 nova-scheduler[96783]: DEBUG cotyledon.oslo_config_glue [-] oslo_messaging_rabbit.rabbit_quorum_max_memory_length = 0 {{(pid=96783) log_opt_values /opt/stack/data/venv/lib/python3.12/site-packages/oslo_config/cfg.py:3545}}
Aug 06 06:21:41.006533 np0000006629 nova-scheduler[96783]: DEBUG cotyledon.oslo_config_glue [-] oslo_messaging_rabbit.rabbit_quorum_queue = False {{(pid=96783) log_opt_values /opt/stack/data/venv/lib/python3.12/site-packages/oslo_config/cfg.py:3545}}
Aug 06 06:21:41.006533 np0000006629 nova-scheduler[96783]: DEBUG cotyledon.oslo_config_glue [-] oslo_messaging_rabbit.rabbit_retry_backoff = 2 {{(pid=96783) log_opt_values /opt/stack/data/venv/lib/python3.12/site-packages/oslo_config/cfg.py:3545}}
Aug 06 06:21:41.006533 np0000006629 nova-scheduler[96783]: DEBUG cotyledon.oslo_config_glue [-] oslo_messaging_rabbit.rabbit_retry_interval = 1 {{(pid=96783) log_opt_values /opt/stack/data/venv/lib/python3.12/site-packages/oslo_config/cfg.py:3545}}
Aug 06 06:21:41.006704 np0000006629 nova-scheduler[96783]: DEBUG cotyledon.oslo_config_glue [-] oslo_messaging_rabbit.rabbit_stream_fanout = False {{(pid=96783) log_opt_values /opt/stack/data/venv/lib/python3.12/site-packages/oslo_config/cfg.py:3545}}
Aug 06 06:21:41.006704 np0000006629 nova-scheduler[96783]: DEBUG cotyledon.oslo_config_glue [-] oslo_messaging_rabbit.rabbit_transient_queues_ttl = 1800 {{(pid=96783) log_opt_values /opt/stack/data/venv/lib/python3.12/site-packages/oslo_config/cfg.py:3545}}
Aug 06 06:21:41.006704 np0000006629 nova-scheduler[96783]: DEBUG cotyledon.oslo_config_glue [-] oslo_messaging_rabbit.rabbit_transient_quorum_queue = False {{(pid=96783) log_opt_values /opt/stack/data/venv/lib/python3.12/site-packages/oslo_config/cfg.py:3545}}
Aug 06 06:21:41.006704 np0000006629 nova-scheduler[96783]: DEBUG cotyledon.oslo_config_glue [-] oslo_messaging_rabbit.rpc_conn_pool_size = 30 {{(pid=96783) log_opt_values /opt/stack/data/venv/lib/python3.12/site-packages/oslo_config/cfg.py:3545}}
Aug 06 06:21:41.006704 np0000006629 nova-scheduler[96783]: DEBUG cotyledon.oslo_config_glue [-] oslo_messaging_rabbit.ssl = False {{(pid=96783) log_opt_values /opt/stack/data/venv/lib/python3.12/site-packages/oslo_config/cfg.py:3545}}
Aug 06 06:21:41.006704 np0000006629 nova-scheduler[96783]: DEBUG cotyledon.oslo_config_glue [-] oslo_messaging_rabbit.ssl_ca_file = {{(pid=96783) log_opt_values /opt/stack/data/venv/lib/python3.12/site-packages/oslo_config/cfg.py:3545}}
Aug 06 06:21:41.006704 np0000006629 nova-scheduler[96783]: DEBUG cotyledon.oslo_config_glue [-] oslo_messaging_rabbit.ssl_cert_file = {{(pid=96783) log_opt_values /opt/stack/data/venv/lib/python3.12/site-packages/oslo_config/cfg.py:3545}}
Aug 06 06:21:41.006704 np0000006629 nova-scheduler[96783]: DEBUG cotyledon.oslo_config_glue [-] oslo_messaging_rabbit.ssl_enforce_fips_mode = False {{(pid=96783) log_opt_values /opt/stack/data/venv/lib/python3.12/site-packages/oslo_config/cfg.py:3545}}
Aug 06 06:21:41.006704 np0000006629 nova-scheduler[96783]: DEBUG cotyledon.oslo_config_glue [-] oslo_messaging_rabbit.ssl_enforce_hostname_verification = True {{(pid=96783) log_opt_values /opt/stack/data/venv/lib/python3.12/site-packages/oslo_config/cfg.py:3545}}
Aug 06 06:21:41.006866 np0000006629 nova-scheduler[96783]: DEBUG cotyledon.oslo_config_glue [-] oslo_messaging_rabbit.ssl_key_file = {{(pid=96783) log_opt_values /opt/stack/data/venv/lib/python3.12/site-packages/oslo_config/cfg.py:3545}}
Aug 06 06:21:41.006866 np0000006629 nova-scheduler[96783]: DEBUG cotyledon.oslo_config_glue [-] oslo_messaging_rabbit.ssl_version = {{(pid=96783) log_opt_values /opt/stack/data/venv/lib/python3.12/site-packages/oslo_config/cfg.py:3545}}
Aug 06 06:21:41.006866 np0000006629 nova-scheduler[96783]: DEBUG cotyledon.oslo_config_glue [-] oslo_messaging_rabbit.use_queue_manager = False {{(pid=96783) log_opt_values /opt/stack/data/venv/lib/python3.12/site-packages/oslo_config/cfg.py:3545}}
Aug 06 06:21:41.006866 np0000006629 nova-scheduler[96783]: DEBUG cotyledon.oslo_config_glue [-] oslo_messaging_notifications.driver = ['messagingv2'] {{(pid=96783) log_opt_values /opt/stack/data/venv/lib/python3.12/site-packages/oslo_config/cfg.py:3545}}
Aug 06 06:21:41.006866 np0000006629 nova-scheduler[96783]: DEBUG cotyledon.oslo_config_glue [-] oslo_messaging_notifications.retry = -1 {{(pid=96783) log_opt_values /opt/stack/data/venv/lib/python3.12/site-packages/oslo_config/cfg.py:3545}}
Aug 06 06:21:41.006866 np0000006629 nova-scheduler[96783]: DEBUG cotyledon.oslo_config_glue [-] oslo_messaging_notifications.topics = ['notifications'] {{(pid=96783) log_opt_values /opt/stack/data/venv/lib/python3.12/site-packages/oslo_config/cfg.py:3545}}
Aug 06 06:21:41.006866 np0000006629 nova-scheduler[96783]: DEBUG cotyledon.oslo_config_glue [-] oslo_messaging_notifications.transport_url = **** {{(pid=96783) log_opt_values /opt/stack/data/venv/lib/python3.12/site-packages/oslo_config/cfg.py:3545}}
Aug 06 06:21:41.006866 np0000006629 nova-scheduler[96783]: DEBUG cotyledon.oslo_config_glue [-] oslo_limit.auth_section = None {{(pid=96783) log_opt_values /opt/stack/data/venv/lib/python3.12/site-packages/oslo_config/cfg.py:3545}}
Aug 06 06:21:41.006866 np0000006629 nova-scheduler[96783]: DEBUG cotyledon.oslo_config_glue [-] oslo_limit.auth_type = None {{(pid=96783) log_opt_values /opt/stack/data/venv/lib/python3.12/site-packages/oslo_config/cfg.py:3545}}
Aug 06 06:21:41.007120 np0000006629 nova-scheduler[96783]: DEBUG cotyledon.oslo_config_glue [-] oslo_limit.cafile = None {{(pid=96783) log_opt_values /opt/stack/data/venv/lib/python3.12/site-packages/oslo_config/cfg.py:3545}}
Aug 06 06:21:41.007120 np0000006629 nova-scheduler[96783]: DEBUG cotyledon.oslo_config_glue [-] oslo_limit.certfile = None {{(pid=96783) log_opt_values /opt/stack/data/venv/lib/python3.12/site-packages/oslo_config/cfg.py:3545}}
Aug 06 06:21:41.007120 np0000006629 nova-scheduler[96783]: DEBUG cotyledon.oslo_config_glue [-] oslo_limit.collect_timing = False {{(pid=96783) log_opt_values /opt/stack/data/venv/lib/python3.12/site-packages/oslo_config/cfg.py:3545}}
Aug 06 06:21:41.007120 np0000006629 nova-scheduler[96783]: DEBUG cotyledon.oslo_config_glue [-] oslo_limit.connect_retries = None {{(pid=96783) log_opt_values /opt/stack/data/venv/lib/python3.12/site-packages/oslo_config/cfg.py:3545}}
Aug 06 06:21:41.007120 np0000006629 nova-scheduler[96783]: DEBUG cotyledon.oslo_config_glue [-] oslo_limit.connect_retry_delay = None {{(pid=96783) log_opt_values /opt/stack/data/venv/lib/python3.12/site-packages/oslo_config/cfg.py:3545}}
Aug 06 06:21:41.007120 np0000006629 nova-scheduler[96783]: DEBUG cotyledon.oslo_config_glue [-] oslo_limit.endpoint_id = None {{(pid=96783) log_opt_values /opt/stack/data/venv/lib/python3.12/site-packages/oslo_config/cfg.py:3545}}
Aug 06 06:21:41.007120 np0000006629 nova-scheduler[96783]: DEBUG cotyledon.oslo_config_glue [-] oslo_limit.endpoint_interface = public {{(pid=96783) log_opt_values /opt/stack/data/venv/lib/python3.12/site-packages/oslo_config/cfg.py:3545}}
Aug 06 06:21:41.007120 np0000006629 nova-scheduler[96783]: DEBUG cotyledon.oslo_config_glue [-] oslo_limit.endpoint_override = None {{(pid=96783) log_opt_values /opt/stack/data/venv/lib/python3.12/site-packages/oslo_config/cfg.py:3545}}
Aug 06 06:21:41.007120 np0000006629 nova-scheduler[96783]: DEBUG cotyledon.oslo_config_glue [-] oslo_limit.endpoint_region_name = None {{(pid=96783) log_opt_values /opt/stack/data/venv/lib/python3.12/site-packages/oslo_config/cfg.py:3545}}
Aug 06 06:21:41.007299 np0000006629 nova-scheduler[96783]: DEBUG cotyledon.oslo_config_glue [-] oslo_limit.endpoint_service_name = None {{(pid=96783) log_opt_values /opt/stack/data/venv/lib/python3.12/site-packages/oslo_config/cfg.py:3545}}
Aug 06 06:21:41.007299 np0000006629 nova-scheduler[96783]: DEBUG cotyledon.oslo_config_glue [-] oslo_limit.endpoint_service_type = None {{(pid=96783) log_opt_values /opt/stack/data/venv/lib/python3.12/site-packages/oslo_config/cfg.py:3545}}
Aug 06 06:21:41.007299 np0000006629 nova-scheduler[96783]: DEBUG cotyledon.oslo_config_glue [-] oslo_limit.insecure = False {{(pid=96783) log_opt_values /opt/stack/data/venv/lib/python3.12/site-packages/oslo_config/cfg.py:3545}}
Aug 06 06:21:41.007299 np0000006629 nova-scheduler[96783]: DEBUG cotyledon.oslo_config_glue [-] oslo_limit.keyfile = None {{(pid=96783) log_opt_values /opt/stack/data/venv/lib/python3.12/site-packages/oslo_config/cfg.py:3545}}
Aug 06 06:21:41.007299 np0000006629 nova-scheduler[96783]: DEBUG cotyledon.oslo_config_glue [-] oslo_limit.max_version = None {{(pid=96783) log_opt_values /opt/stack/data/venv/lib/python3.12/site-packages/oslo_config/cfg.py:3545}}
Aug 06 06:21:41.007299 np0000006629 nova-scheduler[96783]: DEBUG cotyledon.oslo_config_glue [-] oslo_limit.min_version = None {{(pid=96783) log_opt_values /opt/stack/data/venv/lib/python3.12/site-packages/oslo_config/cfg.py:3545}}
Aug 06 06:21:41.007299 np0000006629 nova-scheduler[96783]: DEBUG cotyledon.oslo_config_glue [-] oslo_limit.region_name = None {{(pid=96783) log_opt_values /opt/stack/data/venv/lib/python3.12/site-packages/oslo_config/cfg.py:3545}}
Aug 06 06:21:41.007299 np0000006629 nova-scheduler[96783]: DEBUG cotyledon.oslo_config_glue [-] oslo_limit.retriable_status_codes = None {{(pid=96783) log_opt_values /opt/stack/data/venv/lib/python3.12/site-packages/oslo_config/cfg.py:3545}}
Aug 06 06:21:41.007299 np0000006629 nova-scheduler[96783]: DEBUG cotyledon.oslo_config_glue [-] oslo_limit.service_name = None {{(pid=96783) log_opt_values /opt/stack/data/venv/lib/python3.12/site-packages/oslo_config/cfg.py:3545}}
Aug 06 06:21:41.007465 np0000006629 nova-scheduler[96783]: DEBUG cotyledon.oslo_config_glue [-] oslo_limit.service_type = None {{(pid=96783) log_opt_values /opt/stack/data/venv/lib/python3.12/site-packages/oslo_config/cfg.py:3545}}
Aug 06 06:21:41.007465 np0000006629 nova-scheduler[96783]: DEBUG cotyledon.oslo_config_glue [-] oslo_limit.split_loggers = False {{(pid=96783) log_opt_values /opt/stack/data/venv/lib/python3.12/site-packages/oslo_config/cfg.py:3545}}
Aug 06 06:21:41.007465 np0000006629 nova-scheduler[96783]: DEBUG cotyledon.oslo_config_glue [-] oslo_limit.status_code_retries = None {{(pid=96783) log_opt_values /opt/stack/data/venv/lib/python3.12/site-packages/oslo_config/cfg.py:3545}}
Aug 06 06:21:41.007465 np0000006629 nova-scheduler[96783]: DEBUG cotyledon.oslo_config_glue [-] oslo_limit.status_code_retry_delay = None {{(pid=96783) log_opt_values /opt/stack/data/venv/lib/python3.12/site-packages/oslo_config/cfg.py:3545}}
Aug 06 06:21:41.007465 np0000006629 nova-scheduler[96783]: DEBUG cotyledon.oslo_config_glue [-] oslo_limit.timeout = None {{(pid=96783) log_opt_values /opt/stack/data/venv/lib/python3.12/site-packages/oslo_config/cfg.py:3545}}
Aug 06 06:21:41.007465 np0000006629 nova-scheduler[96783]: DEBUG cotyledon.oslo_config_glue [-] oslo_limit.valid_interfaces = None {{(pid=96783) log_opt_values /opt/stack/data/venv/lib/python3.12/site-packages/oslo_config/cfg.py:3545}}
Aug 06 06:21:41.007465 np0000006629 nova-scheduler[96783]: DEBUG cotyledon.oslo_config_glue [-] oslo_limit.version = None {{(pid=96783) log_opt_values /opt/stack/data/venv/lib/python3.12/site-packages/oslo_config/cfg.py:3545}}
Aug 06 06:21:41.007465 np0000006629 nova-scheduler[96783]: DEBUG cotyledon.oslo_config_glue [-] oslo_reports.file_event_handler = None {{(pid=96783) log_opt_values /opt/stack/data/venv/lib/python3.12/site-packages/oslo_config/cfg.py:3545}}
Aug 06 06:21:41.007465 np0000006629 nova-scheduler[96783]: DEBUG cotyledon.oslo_config_glue [-] oslo_reports.file_event_handler_interval = 1 {{(pid=96783) log_opt_values /opt/stack/data/venv/lib/python3.12/site-packages/oslo_config/cfg.py:3545}}
Aug 06 06:21:41.007639 np0000006629 nova-scheduler[96783]: DEBUG cotyledon.oslo_config_glue [-] oslo_reports.log_dir = None {{(pid=96783) log_opt_values /opt/stack/data/venv/lib/python3.12/site-packages/oslo_config/cfg.py:3545}}
Aug 06 06:21:41.007639 np0000006629 nova-scheduler[96783]: DEBUG cotyledon.oslo_config_glue [-] ******************************************************************************** {{(pid=96783) log_opt_values /opt/stack/data/venv/lib/python3.12/site-packages/oslo_config/cfg.py:3552}}
Aug 06 06:21:41.007698 np0000006629 nova-scheduler[96783]: DEBUG cotyledon._service_worker [-] Run service ServiceWrapper(3) [96783] {{(pid=96783) wait_forever /opt/stack/data/venv/lib/python3.12/site-packages/cotyledon/_service_worker.py:218}}
Aug 06 06:21:41.009045 np0000006629 nova-scheduler[96783]: INFO nova.service [-] Starting scheduler node (version 33.1.0)
Aug 06 06:21:41.013272 np0000006629 nova-scheduler[96783]: INFO dbcounter [None req-bcc267dc-9a4b-434f-9dff-d8200b278b01 None None] Registered counter for database nova_cell0
Aug 06 06:21:41.015075 np0000006629 nova-scheduler[96751]: DEBUG oslo_db.sqlalchemy.engines [None req-44570369-10c8-4eff-82b2-0339a62d5027 None None] MySQL server mode set to STRICT_TRANS_TABLES,STRICT_ALL_TABLES,NO_ZERO_IN_DATE,NO_ZERO_DATE,ERROR_FOR_DIVISION_BY_ZERO,TRADITIONAL,NO_ENGINE_SUBSTITUTION {{(pid=96751) _check_effective_sql_mode /opt/stack/data/venv/lib/python3.12/site-packages/oslo_db/sqlalchemy/engines.py:325}}
Aug 06 06:21:41.019179 np0000006629 nova-scheduler[96781]: DEBUG oslo_db.sqlalchemy.engines [None req-b1570c9a-7da5-4c1c-8736-624b76109f67 None None] MySQL server mode set to STRICT_TRANS_TABLES,STRICT_ALL_TABLES,NO_ZERO_IN_DATE,NO_ZERO_DATE,ERROR_FOR_DIVISION_BY_ZERO,TRADITIONAL,NO_ENGINE_SUBSTITUTION {{(pid=96781) _check_effective_sql_mode /opt/stack/data/venv/lib/python3.12/site-packages/oslo_db/sqlalchemy/engines.py:325}}
Aug 06 06:21:41.022240 np0000006629 nova-scheduler[96770]: DEBUG oslo_db.sqlalchemy.engines [None req-370e164c-a71f-440d-bdd2-696a4a92854b None None] MySQL server mode set to STRICT_TRANS_TABLES,STRICT_ALL_TABLES,NO_ZERO_IN_DATE,NO_ZERO_DATE,ERROR_FOR_DIVISION_BY_ZERO,TRADITIONAL,NO_ENGINE_SUBSTITUTION {{(pid=96770) _check_effective_sql_mode /opt/stack/data/venv/lib/python3.12/site-packages/oslo_db/sqlalchemy/engines.py:325}}
Aug 06 06:21:41.024030 np0000006629 nova-scheduler[96751]: DEBUG dbcounter [-] [96751] Writer thread running {{(pid=96751) stat_writer /opt/stack/data/venv/lib/python3.12/site-packages/dbcounter.py:102}}
Aug 06 06:21:41.027888 np0000006629 nova-scheduler[96781]: DEBUG dbcounter [-] [96781] Writer thread running {{(pid=96781) stat_writer /opt/stack/data/venv/lib/python3.12/site-packages/dbcounter.py:102}}
Aug 06 06:21:41.033661 np0000006629 nova-scheduler[96770]: DEBUG dbcounter [-] [96770] Writer thread running {{(pid=96770) stat_writer /opt/stack/data/venv/lib/python3.12/site-packages/dbcounter.py:102}}
Aug 06 06:21:41.038007 np0000006629 nova-scheduler[96751]: DEBUG nova.service [None req-44570369-10c8-4eff-82b2-0339a62d5027 None None] Creating RPC server for service: nova-scheduler on topic: scheduler {{(pid=96751) start /opt/stack/nova/nova/service.py:196}}
Aug 06 06:21:41.043505 np0000006629 nova-scheduler[96781]: DEBUG nova.service [None req-b1570c9a-7da5-4c1c-8736-624b76109f67 None None] Creating RPC server for service: nova-scheduler on topic: scheduler {{(pid=96781) start /opt/stack/nova/nova/service.py:196}}
Aug 06 06:21:41.054973 np0000006629 nova-scheduler[96770]: DEBUG nova.service [None req-370e164c-a71f-440d-bdd2-696a4a92854b None None] Creating RPC server for service: nova-scheduler on topic: scheduler {{(pid=96770) start /opt/stack/nova/nova/service.py:196}}
Aug 06 06:21:41.061456 np0000006629 nova-scheduler[96781]: DEBUG nova.service [None req-b1570c9a-7da5-4c1c-8736-624b76109f67 None None] Join ServiceGroup membership for this service scheduler {{(pid=96781) start /opt/stack/nova/nova/service.py:222}}
Aug 06 06:21:41.061670 np0000006629 nova-scheduler[96781]: DEBUG nova.servicegroup.drivers.db [None req-b1570c9a-7da5-4c1c-8736-624b76109f67 None None] DB_Driver: join new ServiceGroup member np0000006629 to the scheduler group, service = {{(pid=96781) join /opt/stack/nova/nova/servicegroup/drivers/db.py:44}}
Aug 06 06:21:41.062164 np0000006629 nova-scheduler[96751]: DEBUG nova.service [None req-44570369-10c8-4eff-82b2-0339a62d5027 None None] Join ServiceGroup membership for this service scheduler {{(pid=96751) start /opt/stack/nova/nova/service.py:222}}
Aug 06 06:21:41.062456 np0000006629 nova-scheduler[96751]: DEBUG nova.servicegroup.drivers.db [None req-44570369-10c8-4eff-82b2-0339a62d5027 None None] DB_Driver: join new ServiceGroup member np0000006629 to the scheduler group, service = {{(pid=96751) join /opt/stack/nova/nova/servicegroup/drivers/db.py:44}}
Aug 06 06:21:41.068910 np0000006629 nova-scheduler[96783]: DEBUG oslo_db.sqlalchemy.engines [None req-bcc267dc-9a4b-434f-9dff-d8200b278b01 None None] MySQL server mode set to STRICT_TRANS_TABLES,STRICT_ALL_TABLES,NO_ZERO_IN_DATE,NO_ZERO_DATE,ERROR_FOR_DIVISION_BY_ZERO,TRADITIONAL,NO_ENGINE_SUBSTITUTION {{(pid=96783) _check_effective_sql_mode /opt/stack/data/venv/lib/python3.12/site-packages/oslo_db/sqlalchemy/engines.py:325}}
Aug 06 06:21:41.078178 np0000006629 nova-scheduler[96783]: DEBUG dbcounter [-] [96783] Writer thread running {{(pid=96783) stat_writer /opt/stack/data/venv/lib/python3.12/site-packages/dbcounter.py:102}}
Aug 06 06:21:41.080470 np0000006629 nova-scheduler[96770]: DEBUG nova.service [None req-370e164c-a71f-440d-bdd2-696a4a92854b None None] Join ServiceGroup membership for this service scheduler {{(pid=96770) start /opt/stack/nova/nova/service.py:222}}
Aug 06 06:21:41.080640 np0000006629 nova-scheduler[96770]: DEBUG nova.servicegroup.drivers.db [None req-370e164c-a71f-440d-bdd2-696a4a92854b None None] DB_Driver: join new ServiceGroup member np0000006629 to the scheduler group, service = {{(pid=96770) join /opt/stack/nova/nova/servicegroup/drivers/db.py:44}}
Aug 06 06:21:41.080783 np0000006629 nova-scheduler[96783]: DEBUG nova.service [None req-bcc267dc-9a4b-434f-9dff-d8200b278b01 None None] Creating RPC server for service: nova-scheduler on topic: scheduler {{(pid=96783) start /opt/stack/nova/nova/service.py:196}}
Aug 06 06:21:41.095905 np0000006629 nova-scheduler[96783]: DEBUG nova.service [None req-bcc267dc-9a4b-434f-9dff-d8200b278b01 None None] Join ServiceGroup membership for this service scheduler {{(pid=96783) start /opt/stack/nova/nova/service.py:222}}
Aug 06 06:21:41.096034 np0000006629 nova-scheduler[96783]: DEBUG nova.servicegroup.drivers.db [None req-bcc267dc-9a4b-434f-9dff-d8200b278b01 None None] DB_Driver: join new ServiceGroup member np0000006629 to the scheduler group, service = {{(pid=96783) join /opt/stack/nova/nova/servicegroup/drivers/db.py:44}}
Aug 06 06:21:46.076817 np0000006629 nova-scheduler[96751]: DEBUG oslo.service.backend._threading.loopingcall [-] Fixed interval looping call 'nova.servicegroup.drivers.db.DbDriver._report_state' sleeping for 119.99 seconds {{(pid=96751) _run_loop /opt/stack/data/venv/lib/python3.12/site-packages/oslo_service/backend/_threading/loopingcall.py:125}}
Aug 06 06:21:46.078090 np0000006629 nova-scheduler[96781]: DEBUG oslo.service.backend._threading.loopingcall [-] Fixed interval looping call 'nova.servicegroup.drivers.db.DbDriver._report_state' sleeping for 119.99 seconds {{(pid=96781) _run_loop /opt/stack/data/venv/lib/python3.12/site-packages/oslo_service/backend/_threading/loopingcall.py:125}}
Aug 06 06:21:46.089991 np0000006629 nova-scheduler[96770]: DEBUG oslo.service.backend._threading.loopingcall [-] Fixed interval looping call 'nova.servicegroup.drivers.db.DbDriver._report_state' sleeping for 119.99 seconds {{(pid=96770) _run_loop /opt/stack/data/venv/lib/python3.12/site-packages/oslo_service/backend/_threading/loopingcall.py:125}}
Aug 06 06:21:46.107916 np0000006629 nova-scheduler[96783]: DEBUG oslo.service.backend._threading.loopingcall [-] Fixed interval looping call 'nova.servicegroup.drivers.db.DbDriver._report_state' sleeping for 119.99 seconds {{(pid=96783) _run_loop /opt/stack/data/venv/lib/python3.12/site-packages/oslo_service/backend/_threading/loopingcall.py:125}}
Aug 06 06:21:49.612278 np0000006629 nova-scheduler[95508]: DEBUG dbcounter [-] [95508] Writing DB stats nova_api:SELECT=3 {{(pid=95508) stat_writer /opt/stack/data/venv/lib/python3.12/site-packages/dbcounter.py:115}}
Aug 06 06:21:49.741872 np0000006629 nova-scheduler[95508]: DEBUG dbcounter [-] [95508] Writing DB stats nova_cell1:SELECT=1 {{(pid=95508) stat_writer /opt/stack/data/venv/lib/python3.12/site-packages/dbcounter.py:115}}
Aug 06 06:21:49.747670 np0000006629 nova-scheduler[95508]: DEBUG dbcounter [-] [95508] Writing DB stats nova_cell0:SELECT=1 {{(pid=95508) stat_writer /opt/stack/data/venv/lib/python3.12/site-packages/dbcounter.py:115}}
Aug 06 06:21:56.073255 np0000006629 nova-scheduler[96751]: DEBUG dbcounter [-] [96751] Writing DB stats nova_cell0:SELECT=4,nova_cell0:INSERT=1,nova_cell0:UPDATE=1 {{(pid=96751) stat_writer /opt/stack/data/venv/lib/python3.12/site-packages/dbcounter.py:115}}
Aug 06 06:21:56.073713 np0000006629 nova-scheduler[96781]: DEBUG dbcounter [-] [96781] Writing DB stats nova_cell0:SELECT=5,nova_cell0:INSERT=1,nova_cell0:UPDATE=1 {{(pid=96781) stat_writer /opt/stack/data/venv/lib/python3.12/site-packages/dbcounter.py:115}}
Aug 06 06:21:56.087223 np0000006629 nova-scheduler[96770]: DEBUG dbcounter [-] [96770] Writing DB stats nova_cell0:SELECT=4,nova_cell0:INSERT=1 {{(pid=96770) stat_writer /opt/stack/data/venv/lib/python3.12/site-packages/dbcounter.py:115}}
Aug 06 06:21:56.104964 np0000006629 nova-scheduler[96783]: DEBUG dbcounter [-] [96783] Writing DB stats nova_cell0:SELECT=3 {{(pid=96783) stat_writer /opt/stack/data/venv/lib/python3.12/site-packages/dbcounter.py:115}}
Aug 06 06:21:58.063685 np0000006629 nova-scheduler[96781]: DEBUG oslo.service.backend._threading.loopingcall [None req-ac8d3dd4-6325-441e-87f8-bcb25d7abcc4 None None] Dynamic interval looping call 'nova.service.Service.periodic_tasks' sleeping for 60.00 seconds {{(pid=96781) _run_loop /opt/stack/data/venv/lib/python3.12/site-packages/oslo_service/backend/_threading/loopingcall.py:125}}
Aug 06 06:22:08.082525 np0000006629 nova-scheduler[96770]: DEBUG oslo.service.backend._threading.loopingcall [None req-9505446f-d7ea-4b58-bd39-566429fe12ff None None] Dynamic interval looping call 'nova.service.Service.periodic_tasks' sleeping for 60.00 seconds {{(pid=96770) _run_loop /opt/stack/data/venv/lib/python3.12/site-packages/oslo_service/backend/_threading/loopingcall.py:125}}
Aug 06 06:22:15.097862 np0000006629 nova-scheduler[96783]: DEBUG oslo.service.backend._threading.loopingcall [None req-9f9ddb90-2cf7-4384-aa41-60dc38ddb190 None None] Dynamic interval looping call 'nova.service.Service.periodic_tasks' sleeping for 60.00 seconds {{(pid=96783) _run_loop /opt/stack/data/venv/lib/python3.12/site-packages/oslo_service/backend/_threading/loopingcall.py:125}}
Aug 06 06:22:38.064594 np0000006629 nova-scheduler[96751]: DEBUG oslo.service.backend._threading.loopingcall [None req-ae0c5e26-240f-470a-8338-36acaba0344d None None] Dynamic interval looping call 'nova.service.Service.periodic_tasks' sleeping for 60.00 seconds {{(pid=96751) _run_loop /opt/stack/data/venv/lib/python3.12/site-packages/oslo_service/backend/_threading/loopingcall.py:125}}
Aug 06 06:22:58.064196 np0000006629 nova-scheduler[96781]: DEBUG oslo.service.backend._threading.loopingcall [None req-ac8d3dd4-6325-441e-87f8-bcb25d7abcc4 None None] Dynamic interval looping call 'nova.service.Service.periodic_tasks' sleeping for 60.00 seconds {{(pid=96781) _run_loop /opt/stack/data/venv/lib/python3.12/site-packages/oslo_service/backend/_threading/loopingcall.py:125}}
Aug 06 06:23:08.083075 np0000006629 nova-scheduler[96770]: DEBUG oslo.service.backend._threading.loopingcall [None req-9505446f-d7ea-4b58-bd39-566429fe12ff None None] Dynamic interval looping call 'nova.service.Service.periodic_tasks' sleeping for 60.00 seconds {{(pid=96770) _run_loop /opt/stack/data/venv/lib/python3.12/site-packages/oslo_service/backend/_threading/loopingcall.py:125}}
Aug 06 06:23:15.098325 np0000006629 nova-scheduler[96783]: DEBUG oslo.service.backend._threading.loopingcall [None req-9f9ddb90-2cf7-4384-aa41-60dc38ddb190 None None] Dynamic interval looping call 'nova.service.Service.periodic_tasks' sleeping for 60.00 seconds {{(pid=96783) _run_loop /opt/stack/data/venv/lib/python3.12/site-packages/oslo_service/backend/_threading/loopingcall.py:125}}
Aug 06 06:23:38.065092 np0000006629 nova-scheduler[96751]: DEBUG oslo.service.backend._threading.loopingcall [None req-ae0c5e26-240f-470a-8338-36acaba0344d None None] Dynamic interval looping call 'nova.service.Service.periodic_tasks' sleeping for 60.00 seconds {{(pid=96751) _run_loop /opt/stack/data/venv/lib/python3.12/site-packages/oslo_service/backend/_threading/loopingcall.py:125}}
Aug 06 06:23:46.076976 np0000006629 nova-scheduler[96781]: DEBUG oslo.service.backend._threading.loopingcall [-] Fixed interval looping call 'nova.servicegroup.drivers.db.DbDriver._report_state' sleeping for 119.99 seconds {{(pid=96781) _run_loop /opt/stack/data/venv/lib/python3.12/site-packages/oslo_service/backend/_threading/loopingcall.py:125}}
Aug 06 06:23:46.077476 np0000006629 nova-scheduler[96751]: DEBUG oslo.service.backend._threading.loopingcall [-] Fixed interval looping call 'nova.servicegroup.drivers.db.DbDriver._report_state' sleeping for 119.99 seconds {{(pid=96751) _run_loop /opt/stack/data/venv/lib/python3.12/site-packages/oslo_service/backend/_threading/loopingcall.py:125}}
Aug 06 06:23:46.084577 np0000006629 nova-scheduler[96770]: DEBUG oslo.service.backend._threading.loopingcall [-] Fixed interval looping call 'nova.servicegroup.drivers.db.DbDriver._report_state' sleeping for 120.00 seconds {{(pid=96770) _run_loop /opt/stack/data/venv/lib/python3.12/site-packages/oslo_service/backend/_threading/loopingcall.py:125}}
Aug 06 06:23:46.101978 np0000006629 nova-scheduler[96783]: DEBUG oslo.service.backend._threading.loopingcall [-] Fixed interval looping call 'nova.servicegroup.drivers.db.DbDriver._report_state' sleeping for 120.00 seconds {{(pid=96783) _run_loop /opt/stack/data/venv/lib/python3.12/site-packages/oslo_service/backend/_threading/loopingcall.py:125}}
Aug 06 06:23:56.070914 np0000006629 nova-scheduler[96781]: DEBUG dbcounter [-] [96781] Writing DB stats nova_cell0:SELECT=1,nova_cell0:UPDATE=1 {{(pid=96781) stat_writer /opt/stack/data/venv/lib/python3.12/site-packages/dbcounter.py:115}}
Aug 06 06:23:56.072290 np0000006629 nova-scheduler[96751]: DEBUG dbcounter [-] [96751] Writing DB stats nova_cell0:SELECT=1,nova_cell0:UPDATE=1 {{(pid=96751) stat_writer /opt/stack/data/venv/lib/python3.12/site-packages/dbcounter.py:115}}
Aug 06 06:23:56.082664 np0000006629 nova-scheduler[96770]: DEBUG dbcounter [-] [96770] Writing DB stats nova_cell0:SELECT=1 {{(pid=96770) stat_writer /opt/stack/data/venv/lib/python3.12/site-packages/dbcounter.py:115}}
Aug 06 06:23:56.100088 np0000006629 nova-scheduler[96783]: DEBUG dbcounter [-] [96783] Writing DB stats nova_cell0:SELECT=1 {{(pid=96783) stat_writer /opt/stack/data/venv/lib/python3.12/site-packages/dbcounter.py:115}}
Aug 06 06:23:58.064600 np0000006629 nova-scheduler[96781]: DEBUG oslo.service.backend._threading.loopingcall [None req-ac8d3dd4-6325-441e-87f8-bcb25d7abcc4 None None] Dynamic interval looping call 'nova.service.Service.periodic_tasks' sleeping for 60.00 seconds {{(pid=96781) _run_loop /opt/stack/data/venv/lib/python3.12/site-packages/oslo_service/backend/_threading/loopingcall.py:125}}
Aug 06 06:23:59.939616 np0000006629 nova-scheduler[96781]: DEBUG nova.scheduler.manager [None req-fc2a7fc2-2462-4f98-9248-9e648055ee3f tempest-ServersNegativeTestJSON-1893757125 tempest-ServersNegativeTestJSON-1893757125-project-member] Starting to schedule for instances: ['b034f9f6-c61d-4e6b-b22e-1947d5119a75'] {{(pid=96781) select_destinations /opt/stack/nova/nova/scheduler/manager.py:209}}
Aug 06 06:23:59.940143 np0000006629 nova-scheduler[96781]: DEBUG nova.scheduler.request_filter [None req-fc2a7fc2-2462-4f98-9248-9e648055ee3f tempest-ServersNegativeTestJSON-1893757125 tempest-ServersNegativeTestJSON-1893757125-project-member] compute_status_filter request filter added forbidden trait COMPUTE_STATUS_DISABLED {{(pid=96781) compute_status_filter /opt/stack/nova/nova/scheduler/request_filter.py:253}}
Aug 06 06:23:59.940313 np0000006629 nova-scheduler[96781]: DEBUG nova.scheduler.request_filter [None req-fc2a7fc2-2462-4f98-9248-9e648055ee3f tempest-ServersNegativeTestJSON-1893757125 tempest-ServersNegativeTestJSON-1893757125-project-member] Request filter 'compute_status_filter' took 0.0 seconds {{(pid=96781) wrapper /opt/stack/nova/nova/scheduler/request_filter.py:46}}
Aug 06 06:23:59.940850 np0000006629 nova-scheduler[96781]: DEBUG nova.scheduler.request_filter [None req-fc2a7fc2-2462-4f98-9248-9e648055ee3f tempest-ServersNegativeTestJSON-1893757125 tempest-ServersNegativeTestJSON-1893757125-project-member] Request filter 'accelerators_filter' took 0.0 seconds {{(pid=96781) wrapper /opt/stack/nova/nova/scheduler/request_filter.py:46}}
Aug 06 06:23:59.941074 np0000006629 nova-scheduler[96781]: DEBUG nova.scheduler.request_filter [None req-fc2a7fc2-2462-4f98-9248-9e648055ee3f tempest-ServersNegativeTestJSON-1893757125 tempest-ServersNegativeTestJSON-1893757125-project-member] Request filter 'packed_virtqueue_filter' took 0.0 seconds {{(pid=96781) wrapper /opt/stack/nova/nova/scheduler/request_filter.py:46}}
Aug 06 06:23:59.941505 np0000006629 nova-scheduler[96781]: DEBUG nova.scheduler.request_filter [None req-fc2a7fc2-2462-4f98-9248-9e648055ee3f tempest-ServersNegativeTestJSON-1893757125 tempest-ServersNegativeTestJSON-1893757125-project-member] Request filter 'remote_managed_ports_filter' took 0.0 seconds {{(pid=96781) wrapper /opt/stack/nova/nova/scheduler/request_filter.py:46}}
Aug 06 06:23:59.941619 np0000006629 nova-scheduler[96781]: DEBUG nova.scheduler.request_filter [None req-fc2a7fc2-2462-4f98-9248-9e648055ee3f tempest-ServersNegativeTestJSON-1893757125 tempest-ServersNegativeTestJSON-1893757125-project-member] ephemeral_encryption_filter skipped {{(pid=96781) ephemeral_encryption_filter /opt/stack/nova/nova/scheduler/request_filter.py:426}}
Aug 06 06:23:59.941786 np0000006629 nova-scheduler[96781]: DEBUG nova.scheduler.request_filter [None req-fc2a7fc2-2462-4f98-9248-9e648055ee3f tempest-ServersNegativeTestJSON-1893757125 tempest-ServersNegativeTestJSON-1893757125-project-member] virtio_sound_filter skipped {{(pid=96781) virtio_sound_filter /opt/stack/nova/nova/scheduler/request_filter.py:460}}
Aug 06 06:23:59.942174 np0000006629 nova-scheduler[96781]: DEBUG nova.scheduler.request_filter [None req-fc2a7fc2-2462-4f98-9248-9e648055ee3f tempest-ServersNegativeTestJSON-1893757125 tempest-ServersNegativeTestJSON-1893757125-project-member] tpm_secret_security_filter skipped {{(pid=96781) tpm_secret_security_filter /opt/stack/nova/nova/scheduler/request_filter.py:477}}
Aug 06 06:24:00.213833 np0000006629 nova-scheduler[96751]: DEBUG nova.scheduler.manager [None req-d4123406-1351-4e96-b406-1a05ab56c201 tempest-DeleteServersTestJSON-1237882978 tempest-DeleteServersTestJSON-1237882978-project-member] Starting to schedule for instances: ['52ba19a5-c642-4853-a06b-a414e27e7e78'] {{(pid=96751) select_destinations /opt/stack/nova/nova/scheduler/manager.py:209}}
Aug 06 06:24:00.214960 np0000006629 nova-scheduler[96751]: DEBUG nova.scheduler.request_filter [None req-d4123406-1351-4e96-b406-1a05ab56c201 tempest-DeleteServersTestJSON-1237882978 tempest-DeleteServersTestJSON-1237882978-project-member] compute_status_filter request filter added forbidden trait COMPUTE_STATUS_DISABLED {{(pid=96751) compute_status_filter /opt/stack/nova/nova/scheduler/request_filter.py:253}}
Aug 06 06:24:00.215344 np0000006629 nova-scheduler[96751]: DEBUG nova.scheduler.request_filter [None req-d4123406-1351-4e96-b406-1a05ab56c201 tempest-DeleteServersTestJSON-1237882978 tempest-DeleteServersTestJSON-1237882978-project-member] Request filter 'compute_status_filter' took 0.0 seconds {{(pid=96751) wrapper /opt/stack/nova/nova/scheduler/request_filter.py:46}}
Aug 06 06:24:00.215710 np0000006629 nova-scheduler[96751]: DEBUG nova.scheduler.request_filter [None req-d4123406-1351-4e96-b406-1a05ab56c201 tempest-DeleteServersTestJSON-1237882978 tempest-DeleteServersTestJSON-1237882978-project-member] Request filter 'accelerators_filter' took 0.0 seconds {{(pid=96751) wrapper /opt/stack/nova/nova/scheduler/request_filter.py:46}}
Aug 06 06:24:00.215757 np0000006629 nova-scheduler[96751]: DEBUG nova.scheduler.request_filter [None req-d4123406-1351-4e96-b406-1a05ab56c201 tempest-DeleteServersTestJSON-1237882978 tempest-DeleteServersTestJSON-1237882978-project-member] Request filter 'packed_virtqueue_filter' took 0.0 seconds {{(pid=96751) wrapper /opt/stack/nova/nova/scheduler/request_filter.py:46}}
Aug 06 06:24:00.216439 np0000006629 nova-scheduler[96751]: DEBUG nova.scheduler.request_filter [None req-d4123406-1351-4e96-b406-1a05ab56c201 tempest-DeleteServersTestJSON-1237882978 tempest-DeleteServersTestJSON-1237882978-project-member] Request filter 'remote_managed_ports_filter' took 0.0 seconds {{(pid=96751) wrapper /opt/stack/nova/nova/scheduler/request_filter.py:46}}
Aug 06 06:24:00.216999 np0000006629 nova-scheduler[96751]: DEBUG nova.scheduler.request_filter [None req-d4123406-1351-4e96-b406-1a05ab56c201 tempest-DeleteServersTestJSON-1237882978 tempest-DeleteServersTestJSON-1237882978-project-member] ephemeral_encryption_filter skipped {{(pid=96751) ephemeral_encryption_filter /opt/stack/nova/nova/scheduler/request_filter.py:426}}
Aug 06 06:24:00.217434 np0000006629 nova-scheduler[96751]: DEBUG nova.scheduler.request_filter [None req-d4123406-1351-4e96-b406-1a05ab56c201 tempest-DeleteServersTestJSON-1237882978 tempest-DeleteServersTestJSON-1237882978-project-member] virtio_sound_filter skipped {{(pid=96751) virtio_sound_filter /opt/stack/nova/nova/scheduler/request_filter.py:460}}
Aug 06 06:24:00.217579 np0000006629 nova-scheduler[96751]: DEBUG nova.scheduler.request_filter [None req-d4123406-1351-4e96-b406-1a05ab56c201 tempest-DeleteServersTestJSON-1237882978 tempest-DeleteServersTestJSON-1237882978-project-member] tpm_secret_security_filter skipped {{(pid=96751) tpm_secret_security_filter /opt/stack/nova/nova/scheduler/request_filter.py:477}}
Aug 06 06:24:00.521018 np0000006629 nova-scheduler[96781]: INFO nova.utils [None req-fc2a7fc2-2462-4f98-9248-9e648055ee3f tempest-ServersNegativeTestJSON-1893757125 tempest-ServersNegativeTestJSON-1893757125-project-member] The cell worker thread pool ForkProcess-3.cell_worker is initialized
Aug 06 06:24:00.521455 np0000006629 nova-scheduler[96781]: DEBUG oslo_concurrency.lockutils [None req-fc2a7fc2-2462-4f98-9248-9e648055ee3f tempest-ServersNegativeTestJSON-1893757125 tempest-ServersNegativeTestJSON-1893757125-project-member] Acquiring lock "512fef44-64cd-4e6f-8a8a-ee8790e353db" by "nova.context.set_target_cell..get_or_set_cached_cell_and_set_connections" {{(pid=96781) inner /opt/stack/data/venv/lib/python3.12/site-packages/oslo_concurrency/lockutils.py:512}}
Aug 06 06:24:00.521654 np0000006629 nova-scheduler[96781]: DEBUG oslo_concurrency.lockutils [None req-fc2a7fc2-2462-4f98-9248-9e648055ee3f tempest-ServersNegativeTestJSON-1893757125 tempest-ServersNegativeTestJSON-1893757125-project-member] Lock "512fef44-64cd-4e6f-8a8a-ee8790e353db" acquired by "nova.context.set_target_cell..get_or_set_cached_cell_and_set_connections" :: waited 0.000s {{(pid=96781) inner /opt/stack/data/venv/lib/python3.12/site-packages/oslo_concurrency/lockutils.py:525}}
