Aug 06 06:21:15.166103 np0000006629 devstack@neutron-api.service[90912]: DEBUG neutron.manager [None req-4587d56d-45cd-4ceb-b587-da4007ba3ace None None] Successfully loaded L3_ROUTER_NAT plugin. Description: L3 Router Service Plugin for basic L3 forwarding using OVN {{(pid=90912) _create_and_add_service_plugin /opt/stack/neutron/neutron/manager.py:236}}
Aug 06 06:21:15.166225 np0000006629 devstack@neutron-api.service[90912]: INFO neutron.manager [None req-4587d56d-45cd-4ceb-b587-da4007ba3ace None None] Loading Plugin: auto_allocate
Aug 06 06:21:15.167696 np0000006629 devstack@neutron-api.service[90912]: DEBUG neutron_lib.callbacks.manager [None req-4587d56d-45cd-4ceb-b587-da4007ba3ace None None] Subscribe: network precommit_update 55550000, False {{(pid=90912) subscribe /opt/stack/data/venv/lib/python3.12/site-packages/neutron_lib/callbacks/manager.py:52}}
Aug 06 06:21:15.167835 np0000006629 devstack@neutron-api.service[90912]: DEBUG neutron_lib.callbacks.manager [None req-4587d56d-45cd-4ceb-b587-da4007ba3ace None None] Subscribe: network precommit_create 55550000, False {{(pid=90912) subscribe /opt/stack/data/venv/lib/python3.12/site-packages/neutron_lib/callbacks/manager.py:52}}
Aug 06 06:21:15.168190 np0000006629 devstack@neutron-api.service[90912]: DEBUG neutron.manager [None req-4587d56d-45cd-4ceb-b587-da4007ba3ace None None] Successfully loaded auto-allocated-topology plugin. Description: Auto Allocated Topology - aka get me a network. {{(pid=90912) _create_and_add_service_plugin /opt/stack/neutron/neutron/manager.py:236}}
Aug 06 06:21:15.168326 np0000006629 devstack@neutron-api.service[90912]: INFO neutron.manager [None req-4587d56d-45cd-4ceb-b587-da4007ba3ace None None] Loading Plugin: tag
Aug 06 06:21:15.172249 np0000006629 devstack@neutron-api.service[90912]: DEBUG neutron.manager [None req-4587d56d-45cd-4ceb-b587-da4007ba3ace None None] Successfully loaded TAG plugin. Description: Tag support {{(pid=90912) _create_and_add_service_plugin /opt/stack/neutron/neutron/manager.py:236}}
Aug 06 06:21:15.172397 np0000006629 devstack@neutron-api.service[90912]: INFO neutron.manager [None req-4587d56d-45cd-4ceb-b587-da4007ba3ace None None] Loading Plugin: timestamp
Aug 06 06:21:15.173785 np0000006629 devstack@neutron-api.service[90912]: DEBUG neutron.manager [None req-4587d56d-45cd-4ceb-b587-da4007ba3ace None None] Successfully loaded timestamp plugin. Description: Adds timestamps to Neutron resources with standard attributes {{(pid=90912) _create_and_add_service_plugin /opt/stack/neutron/neutron/manager.py:236}}
Aug 06 06:21:15.173936 np0000006629 devstack@neutron-api.service[90912]: INFO neutron.manager [None req-4587d56d-45cd-4ceb-b587-da4007ba3ace None None] Loading Plugin: network_ip_availability
Aug 06 06:21:15.176868 np0000006629 devstack@neutron-api.service[90912]: DEBUG neutron.manager [None req-4587d56d-45cd-4ceb-b587-da4007ba3ace None None] Successfully loaded network-ip-availability plugin. Description: Provides IP availability data for each network and subnet. {{(pid=90912) _create_and_add_service_plugin /opt/stack/neutron/neutron/manager.py:236}}
Aug 06 06:21:15.176868 np0000006629 devstack@neutron-api.service[90912]: INFO neutron.manager [None req-4587d56d-45cd-4ceb-b587-da4007ba3ace None None] Loading Plugin: flavors
Aug 06 06:21:15.177933 np0000006629 devstack@neutron-api.service[90912]: DEBUG neutron.manager [None req-4587d56d-45cd-4ceb-b587-da4007ba3ace None None] Successfully loaded FLAVORS plugin. Description: Neutron Flavors and Service Profiles manager plugin {{(pid=90912) _create_and_add_service_plugin /opt/stack/neutron/neutron/manager.py:236}}
Aug 06 06:21:15.178028 np0000006629 devstack@neutron-api.service[90912]: INFO neutron.manager [None req-4587d56d-45cd-4ceb-b587-da4007ba3ace None None] Loading Plugin: revisions
Aug 06 06:21:15.179496 np0000006629 devstack@neutron-api.service[90912]: DEBUG neutron.manager [None req-4587d56d-45cd-4ceb-b587-da4007ba3ace None None] Successfully loaded revision_plugin plugin. Description: Adds revision numbers to resources. {{(pid=90912) _create_and_add_service_plugin /opt/stack/neutron/neutron/manager.py:236}}
Aug 06 06:21:15.179621 np0000006629 devstack@neutron-api.service[90912]: DEBUG oslo_concurrency.lockutils [None req-4587d56d-45cd-4ceb-b587-da4007ba3ace None None] Lock "manager" "released" by "neutron.manager.NeutronManager._create_instance" :: held 3.858s {{(pid=90912) inner /opt/stack/data/venv/lib/python3.12/site-packages/oslo_concurrency/lockutils.py:544}}
Aug 06 06:21:15.179896 np0000006629 devstack@neutron-api.service[90912]: DEBUG neutron.api.extensions [None req-4587d56d-45cd-4ceb-b587-da4007ba3ace None None] get_extension_paths = OrderedDict({'/opt/stack/neutron/neutron/extensions': 1}) {{(pid=90912) get_extensions_path /opt/stack/neutron/neutron/api/extensions.py:640}}
Aug 06 06:21:15.180039 np0000006629 devstack@neutron-api.service[90912]: INFO neutron.api.extensions [None req-4587d56d-45cd-4ceb-b587-da4007ba3ace None None] Initializing extension manager.
Aug 06 06:21:15.180258 np0000006629 devstack@neutron-api.service[90912]: DEBUG neutron.api.extensions [None req-4587d56d-45cd-4ceb-b587-da4007ba3ace None None] Loading extension file: __init__.py {{(pid=90912) _load_all_extensions_from_path /opt/stack/neutron/neutron/api/extensions.py:449}}
Aug 06 06:21:15.180350 np0000006629 devstack@neutron-api.service[90912]: DEBUG neutron.api.extensions [None req-4587d56d-45cd-4ceb-b587-da4007ba3ace None None] Loading extension file: __pycache__ {{(pid=90912) _load_all_extensions_from_path /opt/stack/neutron/neutron/api/extensions.py:449}}
Aug 06 06:21:15.180461 np0000006629 devstack@neutron-api.service[90912]: DEBUG neutron.api.extensions [None req-4587d56d-45cd-4ceb-b587-da4007ba3ace None None] Loading extension file: aap_reject_multicast.py {{(pid=90912) _load_all_extensions_from_path /opt/stack/neutron/neutron/api/extensions.py:449}}
Aug 06 06:21:15.180701 np0000006629 devstack@neutron-api.service[90912]: DEBUG neutron.api.extensions [None req-4587d56d-45cd-4ceb-b587-da4007ba3ace None None] Ext name="Allowed address pairs reject multicast extension" alias="aap-reject-multicast" description="Reject multicast addresses in Allowed Address Pairs" updated="2026-04-01T00:00:00-00:00" {{(pid=90912) _check_extension /opt/stack/neutron/neutron/api/extensions.py:415}}
Aug 06 06:21:15.181132 np0000006629 devstack@neutron-api.service[90912]: INFO neutron.api.extensions [None req-4587d56d-45cd-4ceb-b587-da4007ba3ace None None] Extension aap-reject-multicast not supported by any of loaded plugins
Aug 06 06:21:15.181132 np0000006629 devstack@neutron-api.service[90912]: DEBUG neutron.api.extensions [None req-4587d56d-45cd-4ceb-b587-da4007ba3ace None None] Loading extension file: address_group.py {{(pid=90912) _load_all_extensions_from_path /opt/stack/neutron/neutron/api/extensions.py:449}}
Aug 06 06:21:15.181377 np0000006629 devstack@neutron-api.service[90912]: DEBUG neutron.api.extensions [None req-4587d56d-45cd-4ceb-b587-da4007ba3ace None None] Ext name="Address group" alias="address-group" description="Support address group" updated="2020-07-15T10:00:00-00:00" {{(pid=90912) _check_extension /opt/stack/neutron/neutron/api/extensions.py:415}}
Aug 06 06:21:15.181627 np0000006629 devstack@neutron-api.service[90912]: INFO neutron.api.extensions [None req-4587d56d-45cd-4ceb-b587-da4007ba3ace None None] Loaded extension: address-group
Aug 06 06:21:15.181818 np0000006629 devstack@neutron-api.service[90912]: DEBUG neutron.api.extensions [None req-4587d56d-45cd-4ceb-b587-da4007ba3ace None None] Loading extension file: address_scope.py {{(pid=90912) _load_all_extensions_from_path /opt/stack/neutron/neutron/api/extensions.py:449}}
Aug 06 06:21:15.182201 np0000006629 devstack@neutron-api.service[90912]: DEBUG neutron.api.extensions [None req-4587d56d-45cd-4ceb-b587-da4007ba3ace None None] Ext name="Address scope" alias="address-scope" description="Address scopes extension." updated="2015-07-26T10:00:00-00:00" {{(pid=90912) _check_extension /opt/stack/neutron/neutron/api/extensions.py:415}}
Aug 06 06:21:15.182442 np0000006629 devstack@neutron-api.service[90912]: INFO neutron.api.extensions [None req-4587d56d-45cd-4ceb-b587-da4007ba3ace None None] Loaded extension: address-scope
Aug 06 06:21:15.182592 np0000006629 devstack@neutron-api.service[90912]: DEBUG neutron.api.extensions [None req-4587d56d-45cd-4ceb-b587-da4007ba3ace None None] Loading extension file: admin_state_down_before_update.py {{(pid=90912) _load_all_extensions_from_path /opt/stack/neutron/neutron/api/extensions.py:449}}
Aug 06 06:21:15.182931 np0000006629 devstack@neutron-api.service[90912]: DEBUG neutron.api.extensions [None req-4587d56d-45cd-4ceb-b587-da4007ba3ace None None] Ext name="Enforce Router's Admin State Down Before Update Extension" alias="router-admin-state-down-before-update" description="Ensure that the admin state of a router is DOWN (admin_state_up=False) before updating the distributed attribute" updated="2019-07-02T15:56:00" {{(pid=90912) _check_extension /opt/stack/neutron/neutron/api/extensions.py:415}}
Aug 06 06:21:15.183213 np0000006629 devstack@neutron-api.service[90912]: INFO neutron.api.extensions [None req-4587d56d-45cd-4ceb-b587-da4007ba3ace None None] Extension router-admin-state-down-before-update not supported by any of loaded plugins
Aug 06 06:21:15.183328 np0000006629 devstack@neutron-api.service[90911]: INFO neutron.plugins.ml2.drivers.type_vlan [None req-7836e57c-b8c6-4499-84d1-d614a2f63a98 None None] VlanTypeDriver initialization complete
Aug 06 06:21:15.183364 np0000006629 devstack@neutron-api.service[90912]: DEBUG neutron.api.extensions [None req-4587d56d-45cd-4ceb-b587-da4007ba3ace None None] Loading extension file: agent.py {{(pid=90912) _load_all_extensions_from_path /opt/stack/neutron/neutron/api/extensions.py:449}}
Aug 06 06:21:15.183587 np0000006629 devstack@neutron-api.service[90911]: INFO neutron.plugins.ml2.managers [None req-7836e57c-b8c6-4499-84d1-d614a2f63a98 None None] Initializing extension driver 'port_security'
Aug 06 06:21:15.183650 np0000006629 devstack@neutron-api.service[90911]: INFO neutron.plugins.ml2.extensions.port_security [None req-7836e57c-b8c6-4499-84d1-d614a2f63a98 None None] PortSecurityExtensionDriver initialization complete
Aug 06 06:21:15.183721 np0000006629 devstack@neutron-api.service[90911]: INFO neutron.plugins.ml2.managers [None req-7836e57c-b8c6-4499-84d1-d614a2f63a98 None None] Initializing extension driver 'qos'
Aug 06 06:21:15.183767 np0000006629 devstack@neutron-api.service[90912]: DEBUG neutron.api.extensions [None req-4587d56d-45cd-4ceb-b587-da4007ba3ace None None] Ext name="agent" alias="agent" description="The agent management extension." updated="2013-02-03T10:00:00-00:00" {{(pid=90912) _check_extension /opt/stack/neutron/neutron/api/extensions.py:415}}
Aug 06 06:21:15.183880 np0000006629 devstack@neutron-api.service[90911]: DEBUG neutron.plugins.ml2.extensions.qos [None req-7836e57c-b8c6-4499-84d1-d614a2f63a98 None None] QosExtensionDriver initialization complete {{(pid=90911) initialize /opt/stack/neutron/neutron/plugins/ml2/extensions/qos.py:31}}
Aug 06 06:21:15.183942 np0000006629 devstack@neutron-api.service[90912]: INFO neutron.api.extensions [None req-4587d56d-45cd-4ceb-b587-da4007ba3ace None None] Loaded extension: agent
Aug 06 06:21:15.184039 np0000006629 devstack@neutron-api.service[90912]: DEBUG neutron.api.extensions [None req-4587d56d-45cd-4ceb-b587-da4007ba3ace None None] Loading extension file: agent_resources_synced.py {{(pid=90912) _load_all_extensions_from_path /opt/stack/neutron/neutron/api/extensions.py:449}}
Aug 06 06:21:15.184078 np0000006629 devstack@neutron-api.service[90911]: INFO neutron.plugins.ml2.managers [None req-7836e57c-b8c6-4499-84d1-d614a2f63a98 None None] Initializing mechanism driver 'ovn'
Aug 06 06:21:15.184175 np0000006629 devstack@neutron-api.service[90911]: INFO neutron.plugins.ml2.drivers.ovn.mech_driver.mech_driver [None req-7836e57c-b8c6-4499-84d1-d614a2f63a98 None None] Starting OVNMechanismDriver
Aug 06 06:21:15.184306 np0000006629 devstack@neutron-api.service[90912]: DEBUG neutron.api.extensions [None req-4587d56d-45cd-4ceb-b587-da4007ba3ace None None] Ext name="Agent's Resource View Synced to Placement" alias="agent-resources-synced" description="Stores success/failure of last sync to Placement" updated="2018-12-19T00:00:00-00:00" {{(pid=90912) _check_extension /opt/stack/neutron/neutron/api/extensions.py:415}}
Aug 06 06:21:15.184536 np0000006629 devstack@neutron-api.service[90912]: INFO neutron.api.extensions [None req-4587d56d-45cd-4ceb-b587-da4007ba3ace None None] Extension agent-resources-synced not supported by any of loaded plugins
Aug 06 06:21:15.184690 np0000006629 devstack@neutron-api.service[90912]: DEBUG neutron.api.extensions [None req-4587d56d-45cd-4ceb-b587-da4007ba3ace None None] Loading extension file: agent_sort_key.py {{(pid=90912) _load_all_extensions_from_path /opt/stack/neutron/neutron/api/extensions.py:449}}
Aug 06 06:21:15.185019 np0000006629 devstack@neutron-api.service[90912]: DEBUG neutron.api.extensions [None req-4587d56d-45cd-4ceb-b587-da4007ba3ace None None] Ext name="Agents Sort Key" alias="agent_sort_key" description="Enabling the keyword sort_key for sorting in agents." updated="2013-02-03T10:00:00-00:00" {{(pid=90912) _check_extension /opt/stack/neutron/neutron/api/extensions.py:415}}
Aug 06 06:21:15.185271 np0000006629 devstack@neutron-api.service[90912]: INFO neutron.api.extensions [None req-4587d56d-45cd-4ceb-b587-da4007ba3ace None None] Extension agent_sort_key not supported by any of loaded plugins
Aug 06 06:21:15.185427 np0000006629 devstack@neutron-api.service[90912]: DEBUG neutron.api.extensions [None req-4587d56d-45cd-4ceb-b587-da4007ba3ace None None] Loading extension file: allowedaddresspairs.py {{(pid=90912) _load_all_extensions_from_path /opt/stack/neutron/neutron/api/extensions.py:449}}
Aug 06 06:21:15.185845 np0000006629 devstack@neutron-api.service[90911]: DEBUG neutron_lib.callbacks.manager [None req-7836e57c-b8c6-4499-84d1-d614a2f63a98 None None] Subscribe: > process before_spawn 55550000, False {{(pid=90911) subscribe /opt/stack/data/venv/lib/python3.12/site-packages/neutron_lib/callbacks/manager.py:52}}
Aug 06 06:21:15.185999 np0000006629 devstack@neutron-api.service[90911]: DEBUG neutron_lib.callbacks.manager [None req-7836e57c-b8c6-4499-84d1-d614a2f63a98 None None] Subscribe: > process after_init 55550000, True {{(pid=90911) subscribe /opt/stack/data/venv/lib/python3.12/site-packages/neutron_lib/callbacks/manager.py:52}}
Aug 06 06:21:15.186129 np0000006629 devstack@neutron-api.service[90911]: DEBUG neutron_lib.callbacks.manager [None req-7836e57c-b8c6-4499-84d1-d614a2f63a98 None None] Subscribe: > segment after_create 55550000, False {{(pid=90911) subscribe /opt/stack/data/venv/lib/python3.12/site-packages/neutron_lib/callbacks/manager.py:52}}
Aug 06 06:21:15.186244 np0000006629 devstack@neutron-api.service[90911]: DEBUG neutron_lib.callbacks.manager [None req-7836e57c-b8c6-4499-84d1-d614a2f63a98 None None] Subscribe: > segment after_create 55550000, False {{(pid=90911) subscribe /opt/stack/data/venv/lib/python3.12/site-packages/neutron_lib/callbacks/manager.py:52}}
Aug 06 06:21:15.186322 np0000006629 devstack@neutron-api.service[90911]: DEBUG neutron_lib.callbacks.manager [None req-7836e57c-b8c6-4499-84d1-d614a2f63a98 None None] Subscribe: > segment after_delete 55550000, False {{(pid=90911) subscribe /opt/stack/data/venv/lib/python3.12/site-packages/neutron_lib/callbacks/manager.py:52}}
Aug 06 06:21:15.186477 np0000006629 devstack@neutron-api.service[90911]: DEBUG neutron_lib.callbacks.manager [None req-7836e57c-b8c6-4499-84d1-d614a2f63a98 None None] Subscribe: > allowed_address_pair before_create 55550000, False {{(pid=90911) subscribe /opt/stack/data/venv/lib/python3.12/site-packages/neutron_lib/callbacks/manager.py:52}}
Aug 06 06:21:15.186507 np0000006629 devstack@neutron-api.service[90912]: DEBUG neutron.api.extensions [None req-4587d56d-45cd-4ceb-b587-da4007ba3ace None None] Ext name="Allowed Address Pairs" alias="allowed-address-pairs" description="Provides allowed address pairs" updated="2013-07-23T10:00:00-00:00" {{(pid=90912) _check_extension /opt/stack/neutron/neutron/api/extensions.py:415}}
Aug 06 06:21:15.186540 np0000006629 devstack@neutron-api.service[90911]: DEBUG neutron_lib.callbacks.manager [None req-7836e57c-b8c6-4499-84d1-d614a2f63a98 None None] Subscribe: > security_group precommit_create 55550000, False {{(pid=90911) subscribe /opt/stack/data/venv/lib/python3.12/site-packages/neutron_lib/callbacks/manager.py:52}}
Aug 06 06:21:15.186585 np0000006629 devstack@neutron-api.service[90911]: DEBUG neutron_lib.callbacks.manager [None req-7836e57c-b8c6-4499-84d1-d614a2f63a98 None None] Subscribe: > security_group after_update 55550000, False {{(pid=90911) subscribe /opt/stack/data/venv/lib/python3.12/site-packages/neutron_lib/callbacks/manager.py:52}}
Aug 06 06:21:15.186787 np0000006629 devstack@neutron-api.service[90911]: DEBUG neutron_lib.callbacks.manager [None req-7836e57c-b8c6-4499-84d1-d614a2f63a98 None None] Subscribe: > security_group after_create 55550000, False {{(pid=90911) subscribe /opt/stack/data/venv/lib/python3.12/site-packages/neutron_lib/callbacks/manager.py:52}}
Aug 06 06:21:15.186853 np0000006629 devstack@neutron-api.service[90912]: INFO neutron.api.extensions [None req-4587d56d-45cd-4ceb-b587-da4007ba3ace None None] Loaded extension: allowed-address-pairs
Aug 06 06:21:15.186912 np0000006629 devstack@neutron-api.service[90911]: DEBUG neutron_lib.callbacks.manager [None req-7836e57c-b8c6-4499-84d1-d614a2f63a98 None None] Subscribe: > security_group precommit_delete 55550000, False {{(pid=90911) subscribe /opt/stack/data/venv/lib/python3.12/site-packages/neutron_lib/callbacks/manager.py:52}}
Aug 06 06:21:15.186937 np0000006629 devstack@neutron-api.service[90912]: DEBUG neutron.api.extensions [None req-4587d56d-45cd-4ceb-b587-da4007ba3ace None None] Loading extension file: auto_allocated_topology.py {{(pid=90912) _load_all_extensions_from_path /opt/stack/neutron/neutron/api/extensions.py:449}}
Aug 06 06:21:15.187023 np0000006629 devstack@neutron-api.service[90911]: DEBUG neutron_lib.callbacks.manager [None req-7836e57c-b8c6-4499-84d1-d614a2f63a98 None None] Subscribe: > security_group after_delete 55550000, False {{(pid=90911) subscribe /opt/stack/data/venv/lib/python3.12/site-packages/neutron_lib/callbacks/manager.py:52}}
Aug 06 06:21:15.187023 np0000006629 devstack@neutron-api.service[90911]: DEBUG neutron_lib.callbacks.manager [None req-7836e57c-b8c6-4499-84d1-d614a2f63a98 None None] Subscribe: > security_group_rule precommit_create 55550000, False {{(pid=90911) subscribe /opt/stack/data/venv/lib/python3.12/site-packages/neutron_lib/callbacks/manager.py:52}}
Aug 06 06:21:15.187119 np0000006629 devstack@neutron-api.service[90911]: DEBUG neutron_lib.callbacks.manager [None req-7836e57c-b8c6-4499-84d1-d614a2f63a98 None None] Subscribe: > security_group_rule after_create 55550000, False {{(pid=90911) subscribe /opt/stack/data/venv/lib/python3.12/site-packages/neutron_lib/callbacks/manager.py:52}}
Aug 06 06:21:15.187287 np0000006629 devstack@neutron-api.service[90911]: DEBUG neutron_lib.callbacks.manager [None req-7836e57c-b8c6-4499-84d1-d614a2f63a98 None None] Subscribe: > security_group_rule before_delete 55550000, False {{(pid=90911) subscribe /opt/stack/data/venv/lib/python3.12/site-packages/neutron_lib/callbacks/manager.py:52}}
Aug 06 06:21:15.187436 np0000006629 devstack@neutron-api.service[90912]: DEBUG neutron.api.extensions [None req-4587d56d-45cd-4ceb-b587-da4007ba3ace None None] Ext name="Auto Allocated Topology Services" alias="auto-allocated-topology" description="Auto Allocated Topology Services." updated="2016-01-01T00:00:00-00:00" {{(pid=90912) _check_extension /opt/stack/neutron/neutron/api/extensions.py:415}}
Aug 06 06:21:15.187495 np0000006629 devstack@neutron-api.service[90911]: DEBUG neutron_lib.callbacks.manager [None req-7836e57c-b8c6-4499-84d1-d614a2f63a98 None None] Subscribe: > address_group after_create 55550000, False {{(pid=90911) subscribe /opt/stack/data/venv/lib/python3.12/site-packages/neutron_lib/callbacks/manager.py:52}}
Aug 06 06:21:15.187495 np0000006629 devstack@neutron-api.service[90911]: DEBUG neutron_lib.callbacks.manager [None req-7836e57c-b8c6-4499-84d1-d614a2f63a98 None None] Subscribe: > address_group after_update 55550000, False {{(pid=90911) subscribe /opt/stack/data/venv/lib/python3.12/site-packages/neutron_lib/callbacks/manager.py:52}}
Aug 06 06:21:15.187570 np0000006629 devstack@neutron-api.service[90912]: INFO neutron.api.extensions [None req-4587d56d-45cd-4ceb-b587-da4007ba3ace None None] Loaded extension: auto-allocated-topology
Aug 06 06:21:15.187593 np0000006629 devstack@neutron-api.service[90911]: DEBUG neutron_lib.callbacks.manager [None req-7836e57c-b8c6-4499-84d1-d614a2f63a98 None None] Subscribe: > address_group after_delete 55550000, False {{(pid=90911) subscribe /opt/stack/data/venv/lib/python3.12/site-packages/neutron_lib/callbacks/manager.py:52}}
Aug 06 06:21:15.187670 np0000006629 devstack@neutron-api.service[90912]: DEBUG neutron.api.extensions [None req-4587d56d-45cd-4ceb-b587-da4007ba3ace None None] Loading extension file: availability_zone.py {{(pid=90912) _load_all_extensions_from_path /opt/stack/neutron/neutron/api/extensions.py:449}}
Aug 06 06:21:15.187701 np0000006629 devstack@neutron-api.service[90911]: DEBUG neutron_lib.callbacks.manager [None req-7836e57c-b8c6-4499-84d1-d614a2f63a98 None None] Subscribe: > qos_plugin after_init 55550000, False {{(pid=90911) subscribe /opt/stack/data/venv/lib/python3.12/site-packages/neutron_lib/callbacks/manager.py:52}}
Aug 06 06:21:15.187997 np0000006629 devstack@neutron-api.service[90911]: DEBUG neutron_lib.callbacks.manager [None req-7836e57c-b8c6-4499-84d1-d614a2f63a98 None None] Subscribe: > trunk_plugin after_init 55550000, False {{(pid=90911) subscribe /opt/stack/data/venv/lib/python3.12/site-packages/neutron_lib/callbacks/manager.py:52}}
Aug 06 06:21:15.188165 np0000006629 devstack@neutron-api.service[90911]: DEBUG neutron_lib.callbacks.manager [None req-7836e57c-b8c6-4499-84d1-d614a2f63a98 None None] Subscribe: > logging-plugin after_init 55550000, False {{(pid=90911) subscribe /opt/stack/data/venv/lib/python3.12/site-packages/neutron_lib/callbacks/manager.py:52}}
Aug 06 06:21:15.188575 np0000006629 devstack@neutron-api.service[90911]: INFO neutron.services.logapi.drivers.ovn.driver [None req-7836e57c-b8c6-4499-84d1-d614a2f63a98 None None] OVN logging driver registered
Aug 06 06:21:15.188664 np0000006629 devstack@neutron-api.service[90911]: DEBUG neutron_lib.callbacks.manager [None req-7836e57c-b8c6-4499-84d1-d614a2f63a98 None None] Subscribe: ._register_pvlan_driver at 0x75bb9e3387c0> pvlan_plugin before_spawn 55550000, False {{(pid=90911) subscribe /opt/stack/data/venv/lib/python3.12/site-packages/neutron_lib/callbacks/manager.py:52}}
Aug 06 06:21:15.188771 np0000006629 devstack@neutron-api.service[90911]: DEBUG neutron_lib.callbacks.manager [None req-7836e57c-b8c6-4499-84d1-d614a2f63a98 None None] Subscribe: process after_init 55550000, False {{(pid=90911) subscribe /opt/stack/data/venv/lib/python3.12/site-packages/neutron_lib/callbacks/manager.py:52}}
Aug 06 06:21:15.189243 np0000006629 devstack@neutron-api.service[90912]: DEBUG neutron.api.extensions [None req-4587d56d-45cd-4ceb-b587-da4007ba3ace None None] Ext name="Availability Zone" alias="availability_zone" description="The availability zone extension." updated="2015-01-01T10:00:00-00:00" {{(pid=90912) _check_extension /opt/stack/neutron/neutron/api/extensions.py:415}}
Aug 06 06:21:15.189499 np0000006629 devstack@neutron-api.service[90912]: INFO neutron.api.extensions [None req-4587d56d-45cd-4ceb-b587-da4007ba3ace None None] Loaded extension: availability_zone
Aug 06 06:21:15.189668 np0000006629 devstack@neutron-api.service[90912]: DEBUG neutron.api.extensions [None req-4587d56d-45cd-4ceb-b587-da4007ba3ace None None] Loading extension file: availability_zone_filter.py {{(pid=90912) _load_all_extensions_from_path /opt/stack/neutron/neutron/api/extensions.py:449}}
Aug 06 06:21:15.190054 np0000006629 devstack@neutron-api.service[90912]: DEBUG neutron.api.extensions [None req-4587d56d-45cd-4ceb-b587-da4007ba3ace None None] Ext name="Availability Zone Filter Extension" alias="availability_zone_filter" description="Add filter parameters to AvailabilityZone resource" updated="2018-06-22T10:00:00-00:00" {{(pid=90912) _check_extension /opt/stack/neutron/neutron/api/extensions.py:415}}
Aug 06 06:21:15.190263 np0000006629 devstack@neutron-api.service[90912]: INFO neutron.api.extensions [None req-4587d56d-45cd-4ceb-b587-da4007ba3ace None None] Extension availability_zone_filter not supported by any of loaded plugins
Aug 06 06:21:15.190488 np0000006629 devstack@neutron-api.service[90911]: DEBUG neutron.plugins.ml2.plugin [None req-7836e57c-b8c6-4499-84d1-d614a2f63a98 None None] neutron.plugins.ml2.plugin.Ml2Plugin method _start_rpc_notifiers called with arguments () {} {{(pid=90911) wrapper /opt/stack/data/venv/lib/python3.12/site-packages/oslo_log/helpers.py:77}}
Aug 06 06:21:15.190518 np0000006629 devstack@neutron-api.service[90912]: DEBUG neutron.api.extensions [None req-4587d56d-45cd-4ceb-b587-da4007ba3ace None None] Loading extension file: data_plane_status.py {{(pid=90912) _load_all_extensions_from_path /opt/stack/neutron/neutron/api/extensions.py:449}}
Aug 06 06:21:15.190728 np0000006629 devstack@neutron-api.service[90911]: DEBUG neutron_lib.callbacks.manager [None req-7836e57c-b8c6-4499-84d1-d614a2f63a98 None None] Subscribe: > port after_create 55550000, False {{(pid=90911) subscribe /opt/stack/data/venv/lib/python3.12/site-packages/neutron_lib/callbacks/manager.py:52}}
Aug 06 06:21:15.190766 np0000006629 devstack@neutron-api.service[90912]: DEBUG neutron.api.extensions [None req-4587d56d-45cd-4ceb-b587-da4007ba3ace None None] Ext name="Port data plane status extension" alias="data-plane-status" description="Expose status of underlying data plane" updated="2017-01-24T10:00:00-00:00" {{(pid=90912) _check_extension /opt/stack/neutron/neutron/api/extensions.py:415}}
Aug 06 06:21:15.190852 np0000006629 devstack@neutron-api.service[90911]: DEBUG neutron_lib.callbacks.manager [None req-7836e57c-b8c6-4499-84d1-d614a2f63a98 None None] Subscribe: > port after_update 55550000, False {{(pid=90911) subscribe /opt/stack/data/venv/lib/python3.12/site-packages/neutron_lib/callbacks/manager.py:52}}
Aug 06 06:21:15.191322 np0000006629 devstack@neutron-api.service[90911]: DEBUG neutron_lib.callbacks.manager [None req-7836e57c-b8c6-4499-84d1-d614a2f63a98 None None] Subscribe: > port after_delete 55550000, False {{(pid=90911) subscribe /opt/stack/data/venv/lib/python3.12/site-packages/neutron_lib/callbacks/manager.py:52}}
Aug 06 06:21:15.191407 np0000006629 devstack@neutron-api.service[90912]: INFO neutron.api.extensions [None req-4587d56d-45cd-4ceb-b587-da4007ba3ace None None] Extension data-plane-status not supported by any of loaded plugins
Aug 06 06:21:15.191432 np0000006629 devstack@neutron-api.service[90911]: DEBUG neutron_lib.callbacks.manager [None req-7836e57c-b8c6-4499-84d1-d614a2f63a98 None None] Subscribe: > subnet after_create 55550000, False {{(pid=90911) subscribe /opt/stack/data/venv/lib/python3.12/site-packages/neutron_lib/callbacks/manager.py:52}}
Aug 06 06:21:15.191476 np0000006629 devstack@neutron-api.service[90912]: DEBUG neutron.api.extensions [None req-4587d56d-45cd-4ceb-b587-da4007ba3ace None None] Loading extension file: default_subnetpools.py {{(pid=90912) _load_all_extensions_from_path /opt/stack/neutron/neutron/api/extensions.py:449}}
Aug 06 06:21:15.191498 np0000006629 devstack@neutron-api.service[90911]: DEBUG neutron_lib.callbacks.manager [None req-7836e57c-b8c6-4499-84d1-d614a2f63a98 None None] Subscribe: > subnet after_update 55550000, False {{(pid=90911) subscribe /opt/stack/data/venv/lib/python3.12/site-packages/neutron_lib/callbacks/manager.py:52}}
Aug 06 06:21:15.191498 np0000006629 devstack@neutron-api.service[90911]: DEBUG neutron_lib.callbacks.manager [None req-7836e57c-b8c6-4499-84d1-d614a2f63a98 None None] Subscribe: > subnet after_delete 55550000, False {{(pid=90911) subscribe /opt/stack/data/venv/lib/python3.12/site-packages/neutron_lib/callbacks/manager.py:52}}
Aug 06 06:21:15.191543 np0000006629 devstack@neutron-api.service[90912]: DEBUG neutron.api.extensions [None req-4587d56d-45cd-4ceb-b587-da4007ba3ace None None] Ext name="Default Subnetpools" alias="default-subnetpools" description="Provides ability to mark and use a subnetpool as the default." updated="2016-02-18T18:00:00-00:00" {{(pid=90912) _check_extension /opt/stack/neutron/neutron/api/extensions.py:415}}
Aug 06 06:21:15.191567 np0000006629 devstack@neutron-api.service[90911]: DEBUG neutron_lib.callbacks.manager [None req-7836e57c-b8c6-4499-84d1-d614a2f63a98 None None] Subscribe: > network after_create 55550000, False {{(pid=90911) subscribe /opt/stack/data/venv/lib/python3.12/site-packages/neutron_lib/callbacks/manager.py:52}}
Aug 06 06:21:15.191567 np0000006629 devstack@neutron-api.service[90911]: DEBUG neutron_lib.callbacks.manager [None req-7836e57c-b8c6-4499-84d1-d614a2f63a98 None None] Subscribe: > network after_update 55550000, False {{(pid=90911) subscribe /opt/stack/data/venv/lib/python3.12/site-packages/neutron_lib/callbacks/manager.py:52}}
Aug 06 06:21:15.191622 np0000006629 devstack@neutron-api.service[90912]: INFO neutron.api.extensions [None req-4587d56d-45cd-4ceb-b587-da4007ba3ace None None] Loaded extension: default-subnetpools
Aug 06 06:21:15.191681 np0000006629 devstack@neutron-api.service[90911]: DEBUG neutron_lib.callbacks.manager [None req-7836e57c-b8c6-4499-84d1-d614a2f63a98 None None] Subscribe: > network after_delete 55550000, False {{(pid=90911) subscribe /opt/stack/data/venv/lib/python3.12/site-packages/neutron_lib/callbacks/manager.py:52}}
Aug 06 06:21:15.191711 np0000006629 devstack@neutron-api.service[90912]: DEBUG neutron.api.extensions [None req-4587d56d-45cd-4ceb-b587-da4007ba3ace None None] Loading extension file: dhcpagentscheduler.py {{(pid=90912) _load_all_extensions_from_path /opt/stack/neutron/neutron/api/extensions.py:449}}
Aug 06 06:21:15.191733 np0000006629 devstack@neutron-api.service[90911]: DEBUG neutron_lib.callbacks.manager [None req-7836e57c-b8c6-4499-84d1-d614a2f63a98 None None] Subscribe: > security_group after_create 55550000, False {{(pid=90911) subscribe /opt/stack/data/venv/lib/python3.12/site-packages/neutron_lib/callbacks/manager.py:52}}
Aug 06 06:21:15.191803 np0000006629 devstack@neutron-api.service[90911]: DEBUG neutron_lib.callbacks.manager [None req-7836e57c-b8c6-4499-84d1-d614a2f63a98 None None] Subscribe: > security_group after_update 55550000, False {{(pid=90911) subscribe /opt/stack/data/venv/lib/python3.12/site-packages/neutron_lib/callbacks/manager.py:52}}
Aug 06 06:21:15.192053 np0000006629 devstack@neutron-api.service[90911]: DEBUG neutron_lib.callbacks.manager [None req-7836e57c-b8c6-4499-84d1-d614a2f63a98 None None] Subscribe: > security_group after_delete 55550000, False {{(pid=90911) subscribe /opt/stack/data/venv/lib/python3.12/site-packages/neutron_lib/callbacks/manager.py:52}}
Aug 06 06:21:15.192292 np0000006629 devstack@neutron-api.service[90912]: DEBUG neutron.api.extensions [None req-4587d56d-45cd-4ceb-b587-da4007ba3ace None None] Ext name="DHCP Agent Scheduler" alias="dhcp_agent_scheduler" description="Schedule networks among dhcp agents" updated="2013-02-07T10:00:00-00:00" {{(pid=90912) _check_extension /opt/stack/neutron/neutron/api/extensions.py:415}}
Aug 06 06:21:15.192470 np0000006629 devstack@neutron-api.service[90911]: DEBUG neutron_lib.callbacks.manager [None req-7836e57c-b8c6-4499-84d1-d614a2f63a98 None None] Subscribe: > security_group_rule after_create 55550000, False {{(pid=90911) subscribe /opt/stack/data/venv/lib/python3.12/site-packages/neutron_lib/callbacks/manager.py:52}}
Aug 06 06:21:15.192470 np0000006629 devstack@neutron-api.service[90911]: DEBUG neutron_lib.callbacks.manager [None req-7836e57c-b8c6-4499-84d1-d614a2f63a98 None None] Subscribe: > security_group_rule after_update 55550000, False {{(pid=90911) subscribe /opt/stack/data/venv/lib/python3.12/site-packages/neutron_lib/callbacks/manager.py:52}}
Aug 06 06:21:15.192606 np0000006629 devstack@neutron-api.service[90912]: INFO neutron.api.extensions [None req-4587d56d-45cd-4ceb-b587-da4007ba3ace None None] Loaded extension: dhcp_agent_scheduler
Aug 06 06:21:15.192706 np0000006629 devstack@neutron-api.service[90911]: DEBUG neutron_lib.callbacks.manager [None req-7836e57c-b8c6-4499-84d1-d614a2f63a98 None None] Subscribe: > security_group_rule after_delete 55550000, False {{(pid=90911) subscribe /opt/stack/data/venv/lib/python3.12/site-packages/neutron_lib/callbacks/manager.py:52}}
Aug 06 06:21:15.192730 np0000006629 devstack@neutron-api.service[90912]: DEBUG neutron.api.extensions [None req-4587d56d-45cd-4ceb-b587-da4007ba3ace None None] Loading extension file: dns.py {{(pid=90912) _load_all_extensions_from_path /opt/stack/neutron/neutron/api/extensions.py:449}}
Aug 06 06:21:15.192779 np0000006629 devstack@neutron-api.service[90911]: DEBUG neutron_lib.callbacks.manager [None req-7836e57c-b8c6-4499-84d1-d614a2f63a98 None None] Subscribe: > address_group after_create 55550000, False {{(pid=90911) subscribe /opt/stack/data/venv/lib/python3.12/site-packages/neutron_lib/callbacks/manager.py:52}}
Aug 06 06:21:15.192779 np0000006629 devstack@neutron-api.service[90911]: DEBUG neutron_lib.callbacks.manager [None req-7836e57c-b8c6-4499-84d1-d614a2f63a98 None None] Subscribe: > address_group after_update 55550000, False {{(pid=90911) subscribe /opt/stack/data/venv/lib/python3.12/site-packages/neutron_lib/callbacks/manager.py:52}}
Aug 06 06:21:15.192779 np0000006629 devstack@neutron-api.service[90911]: DEBUG neutron_lib.callbacks.manager [None req-7836e57c-b8c6-4499-84d1-d614a2f63a98 None None] Subscribe: > address_group after_delete 55550000, False {{(pid=90911) subscribe /opt/stack/data/venv/lib/python3.12/site-packages/neutron_lib/callbacks/manager.py:52}}
Aug 06 06:21:15.192845 np0000006629 devstack@neutron-api.service[90912]: DEBUG neutron.api.extensions [None req-4587d56d-45cd-4ceb-b587-da4007ba3ace None None] Ext name="DNS Integration" alias="dns-integration" description="Provides integration with DNS." updated="2015-08-15T18:00:00-00:00" {{(pid=90912) _check_extension /opt/stack/neutron/neutron/api/extensions.py:415}}
Aug 06 06:21:15.192867 np0000006629 devstack@neutron-api.service[90911]: DEBUG neutron.plugins.ml2.ovo_rpc [None req-7836e57c-b8c6-4499-84d1-d614a2f63a98 None None] ML2 OVO RPC backend initialized. {{(pid=90911) __init__ /opt/stack/neutron/neutron/plugins/ml2/ovo_rpc.py:117}}
Aug 06 06:21:15.192892 np0000006629 devstack@neutron-api.service[90912]: INFO neutron.api.extensions [None req-4587d56d-45cd-4ceb-b587-da4007ba3ace None None] Loaded extension: dns-integration
Aug 06 06:21:15.192892 np0000006629 devstack@neutron-api.service[90912]: DEBUG neutron.api.extensions [None req-4587d56d-45cd-4ceb-b587-da4007ba3ace None None] Loading extension file: dns_domain_ports.py {{(pid=90912) _load_all_extensions_from_path /opt/stack/neutron/neutron/api/extensions.py:449}}
Aug 06 06:21:15.192892 np0000006629 devstack@neutron-api.service[90912]: DEBUG neutron.api.extensions [None req-4587d56d-45cd-4ceb-b587-da4007ba3ace None None] Ext name="dns_domain for ports" alias="dns-domain-ports" description="Allows the DNS domain to be specified for a network port." updated="2017-04-24T10:00:00-00:00" {{(pid=90912) _check_extension /opt/stack/neutron/neutron/api/extensions.py:415}}
Aug 06 06:21:15.193282 np0000006629 devstack@neutron-api.service[90912]: INFO neutron.api.extensions [None req-4587d56d-45cd-4ceb-b587-da4007ba3ace None None] Loaded extension: dns-domain-ports
Aug 06 06:21:15.193282 np0000006629 devstack@neutron-api.service[90912]: DEBUG neutron.api.extensions [None req-4587d56d-45cd-4ceb-b587-da4007ba3ace None None] Loading extension file: dns_integration_domain_keywords.py {{(pid=90912) _load_all_extensions_from_path /opt/stack/neutron/neutron/api/extensions.py:449}}
Aug 06 06:21:15.193399 np0000006629 devstack@neutron-api.service[90912]: DEBUG neutron.api.extensions [None req-4587d56d-45cd-4ceb-b587-da4007ba3ace None None] Ext name="DNS domain names with keywords allowed" alias="dns-integration-domain-keywords" description="Allows to use keywords like , , and as DNS domain name" updated="2020-06-15T18:00:00-00:00" {{(pid=90912) _check_extension /opt/stack/neutron/neutron/api/extensions.py:415}}
Aug 06 06:21:15.193547 np0000006629 devstack@neutron-api.service[90911]: INFO neutron.quota [None req-7836e57c-b8c6-4499-84d1-d614a2f63a98 None None] Loaded quota_driver: .
Aug 06 06:21:15.193572 np0000006629 devstack@neutron-api.service[90912]: INFO neutron.api.extensions [None req-4587d56d-45cd-4ceb-b587-da4007ba3ace None None] Loaded extension: dns-integration-domain-keywords
Aug 06 06:21:15.193572 np0000006629 devstack@neutron-api.service[90912]: DEBUG neutron.api.extensions [None req-4587d56d-45cd-4ceb-b587-da4007ba3ace None None] Loading extension file: dvr.py {{(pid=90912) _load_all_extensions_from_path /opt/stack/neutron/neutron/api/extensions.py:449}}
Aug 06 06:21:15.193616 np0000006629 devstack@neutron-api.service[90911]: INFO neutron.plugins.ml2.plugin [None req-7836e57c-b8c6-4499-84d1-d614a2f63a98 None None] Modular L2 Plugin initialization complete
Aug 06 06:21:15.193781 np0000006629 devstack@neutron-api.service[90911]: DEBUG neutron.manager [None req-7836e57c-b8c6-4499-84d1-d614a2f63a98 None None] Loading services supported by the core plugin {{(pid=90911) _load_services_from_core_plugin /opt/stack/neutron/neutron/manager.py:167}}
Aug 06 06:21:15.193813 np0000006629 devstack@neutron-api.service[90912]: DEBUG neutron.api.extensions [None req-4587d56d-45cd-4ceb-b587-da4007ba3ace None None] Ext name="Distributed Virtual Router" alias="dvr" description="Enables configuration of Distributed Virtual Routers." updated="2014-06-1T10:00:00-00:00" {{(pid=90912) _check_extension /opt/stack/neutron/neutron/api/extensions.py:415}}
Aug 06 06:21:15.193933 np0000006629 devstack@neutron-api.service[90912]: INFO neutron.api.extensions [None req-4587d56d-45cd-4ceb-b587-da4007ba3ace None None] Extension dvr not supported by any of loaded plugins
Aug 06 06:21:15.193986 np0000006629 devstack@neutron-api.service[90911]: INFO neutron.plugins.ml2.managers [None req-7836e57c-b8c6-4499-84d1-d614a2f63a98 None None] Got port-security extension from driver 'port_security'
Aug 06 06:21:15.194095 np0000006629 devstack@neutron-api.service[90912]: DEBUG neutron.api.extensions [None req-4587d56d-45cd-4ceb-b587-da4007ba3ace None None] Loading extension file: ecmp_routes.py {{(pid=90912) _load_all_extensions_from_path /opt/stack/neutron/neutron/api/extensions.py:449}}
Aug 06 06:21:15.194255 np0000006629 devstack@neutron-api.service[90912]: DEBUG neutron.api.extensions [None req-4587d56d-45cd-4ceb-b587-da4007ba3ace None None] Ext name="Equal Cost Multipath Routing" alias="ecmp_routes" description="Allows traffic to reach thesame destination via multiple different links " updated="2020-11-26T18:00:00-00:00" {{(pid=90912) _check_extension /opt/stack/neutron/neutron/api/extensions.py:415}}
Aug 06 06:21:15.194302 np0000006629 devstack@neutron-api.service[90911]: DEBUG neutron.manager [None req-7836e57c-b8c6-4499-84d1-d614a2f63a98 None None] Loading service plugins: ['ovn-router', 'auto_allocate', 'tag', 'timestamp', 'network_ip_availability', 'flavors', 'revisions'] {{(pid=90911) _load_service_plugins /opt/stack/neutron/neutron/manager.py:192}}
Aug 06 06:21:15.194394 np0000006629 devstack@neutron-api.service[90912]: INFO neutron.api.extensions [None req-4587d56d-45cd-4ceb-b587-da4007ba3ace None None] Extension ecmp_routes not supported by any of loaded plugins
Aug 06 06:21:15.194426 np0000006629 devstack@neutron-api.service[90911]: INFO neutron.manager [None req-7836e57c-b8c6-4499-84d1-d614a2f63a98 None None] Loading Plugin: ovn-router
Aug 06 06:21:15.194508 np0000006629 devstack@neutron-api.service[90912]: DEBUG neutron.api.extensions [None req-4587d56d-45cd-4ceb-b587-da4007ba3ace None None] Loading extension file: empty_string_filtering.py {{(pid=90912) _load_all_extensions_from_path /opt/stack/neutron/neutron/api/extensions.py:449}}
Aug 06 06:21:15.194684 np0000006629 devstack@neutron-api.service[90912]: DEBUG neutron.api.extensions [None req-4587d56d-45cd-4ceb-b587-da4007ba3ace None None] Ext name="Empty String Filtering Extension" alias="empty-string-filtering" description="Allow filtering by attributes with empty string value" updated="2018-05-01T10:00:00-00:00" {{(pid=90912) _check_extension /opt/stack/neutron/neutron/api/extensions.py:415}}
Aug 06 06:21:15.194822 np0000006629 devstack@neutron-api.service[90912]: INFO neutron.api.extensions [None req-4587d56d-45cd-4ceb-b587-da4007ba3ace None None] Loaded extension: empty-string-filtering
Aug 06 06:21:15.194905 np0000006629 devstack@neutron-api.service[90912]: DEBUG neutron.api.extensions [None req-4587d56d-45cd-4ceb-b587-da4007ba3ace None None] Loading extension file: evpn.py {{(pid=90912) _load_all_extensions_from_path /opt/stack/neutron/neutron/api/extensions.py:449}}
Aug 06 06:21:15.195147 np0000006629 devstack@neutron-api.service[90912]: DEBUG neutron.api.extensions [None req-4587d56d-45cd-4ceb-b587-da4007ba3ace None None] Ext name="EVPN" alias="evpn" description="Router extension to support EVPN Type-5 route advertisement" updated="2026-04-28T00:00:00-00:00" {{(pid=90912) _check_extension /opt/stack/neutron/neutron/api/extensions.py:415}}
Aug 06 06:21:15.195283 np0000006629 devstack@neutron-api.service[90912]: INFO neutron.api.extensions [None req-4587d56d-45cd-4ceb-b587-da4007ba3ace None None] Extension evpn not supported by any of loaded plugins
Aug 06 06:21:15.195367 np0000006629 devstack@neutron-api.service[90912]: DEBUG neutron.api.extensions [None req-4587d56d-45cd-4ceb-b587-da4007ba3ace None None] Loading extension file: expose_l3_conntrack_helper.py {{(pid=90912) _load_all_extensions_from_path /opt/stack/neutron/neutron/api/extensions.py:449}}
Aug 06 06:21:15.195609 np0000006629 devstack@neutron-api.service[90912]: DEBUG neutron.api.extensions [None req-4587d56d-45cd-4ceb-b587-da4007ba3ace None None] Ext name="Expose CT target rules for conntrack helper" alias="expose-l3-conntrack-helper" description="Expose allow adding CT target rules for conntrack helper" updated="2019-04-04T10:00:00-00:00" {{(pid=90912) _check_extension /opt/stack/neutron/neutron/api/extensions.py:415}}
Aug 06 06:21:15.195714 np0000006629 devstack@neutron-api.service[90912]: INFO neutron.api.extensions [None req-4587d56d-45cd-4ceb-b587-da4007ba3ace None None] Extension expose-l3-conntrack-helper not supported by any of loaded plugins
Aug 06 06:21:15.195789 np0000006629 devstack@neutron-api.service[90912]: DEBUG neutron.api.extensions [None req-4587d56d-45cd-4ceb-b587-da4007ba3ace None None] Loading extension file: expose_port_forwarding_in_fip.py {{(pid=90912) _load_all_extensions_from_path /opt/stack/neutron/neutron/api/extensions.py:449}}
Aug 06 06:21:15.196005 np0000006629 devstack@neutron-api.service[90912]: DEBUG neutron.api.extensions [None req-4587d56d-45cd-4ceb-b587-da4007ba3ace None None] Ext name="Expose Floating IP port forwardings" alias="expose-port-forwarding-in-fip" description="Expose port forwarding fields in floating IP response" updated="2018-06-28T16:00:00-00:00" {{(pid=90912) _check_extension /opt/stack/neutron/neutron/api/extensions.py:415}}
Aug 06 06:21:15.196266 np0000006629 devstack@neutron-api.service[90912]: INFO neutron.api.extensions [None req-4587d56d-45cd-4ceb-b587-da4007ba3ace None None] Extension expose-port-forwarding-in-fip not supported by any of loaded plugins
Aug 06 06:21:15.196266 np0000006629 devstack@neutron-api.service[90912]: DEBUG neutron.api.extensions [None req-4587d56d-45cd-4ceb-b587-da4007ba3ace None None] Loading extension file: external_net.py {{(pid=90912) _load_all_extensions_from_path /opt/stack/neutron/neutron/api/extensions.py:449}}
Aug 06 06:21:15.196575 np0000006629 devstack@neutron-api.service[90912]: DEBUG neutron.api.extensions [None req-4587d56d-45cd-4ceb-b587-da4007ba3ace None None] Ext name="Neutron external network" alias="external-net" description="Adds external network attribute to network resource." updated="2013-01-14T10:00:00-00:00" {{(pid=90912) _check_extension /opt/stack/neutron/neutron/api/extensions.py:415}}
Aug 06 06:21:15.196575 np0000006629 devstack@neutron-api.service[90912]: INFO neutron.api.extensions [None req-4587d56d-45cd-4ceb-b587-da4007ba3ace None None] Loaded extension: external-net
Aug 06 06:21:15.196670 np0000006629 devstack@neutron-api.service[90912]: DEBUG neutron.api.extensions [None req-4587d56d-45cd-4ceb-b587-da4007ba3ace None None] Loading extension file: extra_dhcp_opt.py {{(pid=90912) _load_all_extensions_from_path /opt/stack/neutron/neutron/api/extensions.py:449}}
Aug 06 06:21:15.197008 np0000006629 devstack@neutron-api.service[90912]: DEBUG neutron.api.extensions [None req-4587d56d-45cd-4ceb-b587-da4007ba3ace None None] Ext name="Neutron Extra DHCP options" alias="extra_dhcp_opt" description="Extra options configuration for DHCP. For example PXE boot options to DHCP clients can be specified (e.g. tftp-server, server-ip-address, bootfile-name)" updated="2013-03-17T12:00:00-00:00" {{(pid=90912) _check_extension /opt/stack/neutron/neutron/api/extensions.py:415}}
Aug 06 06:21:15.197008 np0000006629 devstack@neutron-api.service[90912]: INFO neutron.api.extensions [None req-4587d56d-45cd-4ceb-b587-da4007ba3ace None None] Loaded extension: extra_dhcp_opt
Aug 06 06:21:15.197158 np0000006629 devstack@neutron-api.service[90912]: DEBUG neutron.api.extensions [None req-4587d56d-45cd-4ceb-b587-da4007ba3ace None None] Loading extension file: extraroute.py {{(pid=90912) _load_all_extensions_from_path /opt/stack/neutron/neutron/api/extensions.py:449}}
Aug 06 06:21:15.197410 np0000006629 devstack@neutron-api.service[90912]: DEBUG neutron.api.extensions [None req-4587d56d-45cd-4ceb-b587-da4007ba3ace None None] Ext name="Neutron Extra Route" alias="extraroute" description="Extra routes configuration for L3 router" updated="2013-02-01T10:00:00-00:00" {{(pid=90912) _check_extension /opt/stack/neutron/neutron/api/extensions.py:415}}
Aug 06 06:21:15.197410 np0000006629 devstack@neutron-api.service[90912]: INFO neutron.api.extensions [None req-4587d56d-45cd-4ceb-b587-da4007ba3ace None None] Loaded extension: extraroute
Aug 06 06:21:15.197504 np0000006629 devstack@neutron-api.service[90912]: DEBUG neutron.api.extensions [None req-4587d56d-45cd-4ceb-b587-da4007ba3ace None None] Loading extension file: extraroute_atomic.py {{(pid=90912) _load_all_extensions_from_path /opt/stack/neutron/neutron/api/extensions.py:449}}
Aug 06 06:21:15.197733 np0000006629 devstack@neutron-api.service[90912]: DEBUG neutron.api.extensions [None req-4587d56d-45cd-4ceb-b587-da4007ba3ace None None] Ext name="Atomically add/remove extra routes" alias="extraroute-atomic" description="Edit extra routes of a router on server side by atomically adding/removing extra routes" updated="2019-07-10T00:00:00+00:00" {{(pid=90912) _check_extension /opt/stack/neutron/neutron/api/extensions.py:415}}
Aug 06 06:21:15.197912 np0000006629 devstack@neutron-api.service[90912]: INFO neutron.api.extensions [None req-4587d56d-45cd-4ceb-b587-da4007ba3ace None None] Loaded extension: extraroute-atomic
Aug 06 06:21:15.197912 np0000006629 devstack@neutron-api.service[90912]: DEBUG neutron.api.extensions [None req-4587d56d-45cd-4ceb-b587-da4007ba3ace None None] Loading extension file: filter_validation.py {{(pid=90912) _load_all_extensions_from_path /opt/stack/neutron/neutron/api/extensions.py:449}}
Aug 06 06:21:15.198197 np0000006629 devstack@neutron-api.service[90912]: DEBUG neutron.api.extensions [None req-4587d56d-45cd-4ceb-b587-da4007ba3ace None None] Ext name="Filter parameters validation" alias="filter-validation" description="Provides validation on filter parameters." updated="2018-07-04T10:00:00-00:00" {{(pid=90912) _check_extension /opt/stack/neutron/neutron/api/extensions.py:415}}
Aug 06 06:21:15.198318 np0000006629 devstack@neutron-api.service[90912]: INFO neutron.api.extensions [None req-4587d56d-45cd-4ceb-b587-da4007ba3ace None None] Loaded extension: filter-validation
Aug 06 06:21:15.198416 np0000006629 devstack@neutron-api.service[90912]: DEBUG neutron.api.extensions [None req-4587d56d-45cd-4ceb-b587-da4007ba3ace None None] Loading extension file: fip_pf_description.py {{(pid=90912) _load_all_extensions_from_path /opt/stack/neutron/neutron/api/extensions.py:449}}
Aug 06 06:21:15.198658 np0000006629 devstack@neutron-api.service[90912]: DEBUG neutron.api.extensions [None req-4587d56d-45cd-4ceb-b587-da4007ba3ace None None] Ext name="Floating IP Port Forwarding new attribute description" alias="floating-ip-port-forwarding-description" description="Add a description field to Port Forwarding rules" updated="2019-11-01T10:00:00-00:00" {{(pid=90912) _check_extension /opt/stack/neutron/neutron/api/extensions.py:415}}
Aug 06 06:21:15.198716 np0000006629 devstack@neutron-api.service[90912]: INFO neutron.api.extensions [None req-4587d56d-45cd-4ceb-b587-da4007ba3ace None None] Extension floating-ip-port-forwarding-description not supported by any of loaded plugins
Aug 06 06:21:15.198822 np0000006629 devstack@neutron-api.service[90912]: DEBUG neutron.api.extensions [None req-4587d56d-45cd-4ceb-b587-da4007ba3ace None None] Loading extension file: fip_pf_detail.py {{(pid=90912) _load_all_extensions_from_path /opt/stack/neutron/neutron/api/extensions.py:449}}
