May 20 12:27:18.592067 np0000001061 devstack@n-api.service[86457]: DEBUG oslo_concurrency.lockutils [None req-ddcaf359-fcc1-4b21-8bb4-94ea57915ea7 tempest-AttachSCSIVolumeTestJSON-880914121 tempest-AttachSCSIVolumeTestJSON-880914121-project-member] Lock "00000000-0000-0000-0000-000000000000" "released" by "nova.context.set_target_cell..get_or_set_cached_cell_and_set_connections" :: held 0.000s {{(pid=86457) inner /opt/stack/data/venv/lib/python3.12/site-packages/oslo_concurrency/lockutils.py:543}}
May 20 12:27:18.593118 np0000001061 devstack@n-api.service[86457]: DEBUG oslo_concurrency.lockutils [None req-ddcaf359-fcc1-4b21-8bb4-94ea57915ea7 tempest-AttachSCSIVolumeTestJSON-880914121 tempest-AttachSCSIVolumeTestJSON-880914121-project-member] Acquiring lock "6ecff64c-a37b-43d5-a625-f93e6a8093b2" by "nova.context.set_target_cell..get_or_set_cached_cell_and_set_connections" {{(pid=86457) inner /opt/stack/data/venv/lib/python3.12/site-packages/oslo_concurrency/lockutils.py:511}}
May 20 12:27:18.593489 np0000001061 devstack@n-api.service[86457]: DEBUG oslo_concurrency.lockutils [None req-ddcaf359-fcc1-4b21-8bb4-94ea57915ea7 tempest-AttachSCSIVolumeTestJSON-880914121 tempest-AttachSCSIVolumeTestJSON-880914121-project-member] Lock "6ecff64c-a37b-43d5-a625-f93e6a8093b2" acquired by "nova.context.set_target_cell..get_or_set_cached_cell_and_set_connections" :: waited 0.000s {{(pid=86457) inner /opt/stack/data/venv/lib/python3.12/site-packages/oslo_concurrency/lockutils.py:524}}
May 20 12:27:18.593859 np0000001061 devstack@n-api.service[86457]: DEBUG oslo_concurrency.lockutils [None req-ddcaf359-fcc1-4b21-8bb4-94ea57915ea7 tempest-AttachSCSIVolumeTestJSON-880914121 tempest-AttachSCSIVolumeTestJSON-880914121-project-member] Lock "6ecff64c-a37b-43d5-a625-f93e6a8093b2" "released" by "nova.context.set_target_cell..get_or_set_cached_cell_and_set_connections" :: held 0.000s {{(pid=86457) inner /opt/stack/data/venv/lib/python3.12/site-packages/oslo_concurrency/lockutils.py:543}}
May 20 12:27:18.602326 np0000001061 devstack@n-api.service[86457]: WARNING neutronclient.v2_0.client [None req-ddcaf359-fcc1-4b21-8bb4-94ea57915ea7 tempest-AttachSCSIVolumeTestJSON-880914121 tempest-AttachSCSIVolumeTestJSON-880914121-project-member] The python binding code in neutronclient is deprecated in favor of OpenstackSDK, please use that as this will be removed in a future release.
May 20 12:27:18.895322 np0000001061 devstack@n-api.service[86458]: DEBUG nova.policy [None req-e83cc36a-1b7b-4415-9e56-f429371eb60b tempest-DeleteServersTestJSON-74484322 tempest-DeleteServersTestJSON-74484322-project-member] Policy check for os_compute_api:os-extended-server-attributes failed with credentials {'is_admin': False, 'user_id': '7a2fbc48976b441da49d4bf0ae59001f', 'user_domain_id': 'default', 'system_scope': None, 'domain_id': None, 'project_id': 'd6ea9c814b8b41d2acf52adbec741426', 'project_domain_id': 'default', 'roles': ['reader', 'member'], 'is_admin_project': True, 'service_user_id': None, 'service_user_domain_id': None, 'service_project_id': None, 'service_project_domain_id': None, 'service_roles': []} {{(pid=86458) authorize /opt/stack/nova/nova/policy.py:192}}
May 20 12:27:18.902443 np0000001061 devstack@n-api.service[86458]: INFO nova.api.openstack.requestlog [None req-e83cc36a-1b7b-4415-9e56-f429371eb60b tempest-DeleteServersTestJSON-74484322 tempest-DeleteServersTestJSON-74484322-project-member] 10.4.3.189 "GET /compute/v2.1/servers/73780e13-b68d-401e-8b61-b4a262154a5f" status: 200 len: 1312 microversion: 2.1 time: 2.634640
May 20 12:27:18.902775 np0000001061 devstack@n-api.service[86458]: [pid: 86458|app: 0|req: 12/37] 10.4.3.189 () {66 vars in 1354 bytes} [Wed May 20 12:27:16 2026] GET /compute/v2.1/servers/73780e13-b68d-401e-8b61-b4a262154a5f => generated 1312 bytes in 2636 msecs (HTTP/1.1 200) 9 headers in 358 bytes (1 switches on core 0)
May 20 12:27:19.390829 np0000001061 devstack@n-api.service[86457]: DEBUG nova.network.neutron [None req-ddcaf359-fcc1-4b21-8bb4-94ea57915ea7 tempest-AttachSCSIVolumeTestJSON-880914121 tempest-AttachSCSIVolumeTestJSON-880914121-project-member] validate_networks() for [('286d1a79-094d-4c60-bde0-c774a6d4af54', None, None, None, None, None)] {{(pid=86457) validate_networks /opt/stack/nova/nova/network/neutron.py:2686}}
May 20 12:27:19.391219 np0000001061 devstack@n-api.service[86457]: WARNING neutronclient.v2_0.client [None req-ddcaf359-fcc1-4b21-8bb4-94ea57915ea7 tempest-AttachSCSIVolumeTestJSON-880914121 tempest-AttachSCSIVolumeTestJSON-880914121-project-member] The python binding code in neutronclient is deprecated in favor of OpenstackSDK, please use that as this will be removed in a future release.
May 20 12:27:19.921917 np0000001061 devstack@n-api.service[86459]: DEBUG nova.api.openstack.wsgi [None req-583e80fc-cf48-4802-b857-ec0af8a9092b tempest-DeleteServersTestJSON-74484322 tempest-DeleteServersTestJSON-74484322-project-member] Calling method '>' {{(pid=86459) _process_stack /opt/stack/nova/nova/api/openstack/wsgi.py:551}}
May 20 12:27:19.923295 np0000001061 devstack@n-api.service[86459]: DEBUG nova.compute.api [None req-583e80fc-cf48-4802-b857-ec0af8a9092b tempest-DeleteServersTestJSON-74484322 tempest-DeleteServersTestJSON-74484322-project-member] [instance: 73780e13-b68d-401e-8b61-b4a262154a5f] Fetching instance by UUID {{(pid=86459) get /opt/stack/nova/nova/compute/api.py:3056}}
May 20 12:27:19.933707 np0000001061 devstack@n-api.service[86459]: DEBUG oslo_concurrency.lockutils [None req-583e80fc-cf48-4802-b857-ec0af8a9092b tempest-DeleteServersTestJSON-74484322 tempest-DeleteServersTestJSON-74484322-project-member] Acquiring lock "6ecff64c-a37b-43d5-a625-f93e6a8093b2" by "nova.context.set_target_cell..get_or_set_cached_cell_and_set_connections" {{(pid=86459) inner /opt/stack/data/venv/lib/python3.12/site-packages/oslo_concurrency/lockutils.py:511}}
May 20 12:27:19.933854 np0000001061 devstack@n-api.service[86459]: DEBUG oslo_concurrency.lockutils [None req-583e80fc-cf48-4802-b857-ec0af8a9092b tempest-DeleteServersTestJSON-74484322 tempest-DeleteServersTestJSON-74484322-project-member] Lock "6ecff64c-a37b-43d5-a625-f93e6a8093b2" acquired by "nova.context.set_target_cell..get_or_set_cached_cell_and_set_connections" :: waited 0.000s {{(pid=86459) inner /opt/stack/data/venv/lib/python3.12/site-packages/oslo_concurrency/lockutils.py:524}}
May 20 12:27:19.934238 np0000001061 devstack@n-api.service[86459]: DEBUG oslo_concurrency.lockutils [None req-583e80fc-cf48-4802-b857-ec0af8a9092b tempest-DeleteServersTestJSON-74484322 tempest-DeleteServersTestJSON-74484322-project-member] Lock "6ecff64c-a37b-43d5-a625-f93e6a8093b2" "released" by "nova.context.set_target_cell..get_or_set_cached_cell_and_set_connections" :: held 0.000s {{(pid=86459) inner /opt/stack/data/venv/lib/python3.12/site-packages/oslo_concurrency/lockutils.py:543}}
May 20 12:27:19.934576 np0000001061 devstack@n-api.service[86459]: DEBUG oslo_concurrency.lockutils [None req-583e80fc-cf48-4802-b857-ec0af8a9092b tempest-DeleteServersTestJSON-74484322 tempest-DeleteServersTestJSON-74484322-project-member] Acquiring lock "6ecff64c-a37b-43d5-a625-f93e6a8093b2" by "nova.context.set_target_cell..get_or_set_cached_cell_and_set_connections" {{(pid=86459) inner /opt/stack/data/venv/lib/python3.12/site-packages/oslo_concurrency/lockutils.py:511}}
May 20 12:27:19.935066 np0000001061 devstack@n-api.service[86459]: DEBUG oslo_concurrency.lockutils [None req-583e80fc-cf48-4802-b857-ec0af8a9092b tempest-DeleteServersTestJSON-74484322 tempest-DeleteServersTestJSON-74484322-project-member] Lock "6ecff64c-a37b-43d5-a625-f93e6a8093b2" acquired by "nova.context.set_target_cell..get_or_set_cached_cell_and_set_connections" :: waited 0.000s {{(pid=86459) inner /opt/stack/data/venv/lib/python3.12/site-packages/oslo_concurrency/lockutils.py:524}}
May 20 12:27:19.935265 np0000001061 devstack@n-api.service[86459]: DEBUG oslo_concurrency.lockutils [None req-583e80fc-cf48-4802-b857-ec0af8a9092b tempest-DeleteServersTestJSON-74484322 tempest-DeleteServersTestJSON-74484322-project-member] Lock "6ecff64c-a37b-43d5-a625-f93e6a8093b2" "released" by "nova.context.set_target_cell..get_or_set_cached_cell_and_set_connections" :: held 0.000s {{(pid=86459) inner /opt/stack/data/venv/lib/python3.12/site-packages/oslo_concurrency/lockutils.py:543}}
May 20 12:27:20.004609 np0000001061 devstack@n-api.service[86459]: WARNING neutronclient.v2_0.client [None req-583e80fc-cf48-4802-b857-ec0af8a9092b tempest-DeleteServersTestJSON-74484322 tempest-DeleteServersTestJSON-74484322-project-member] The python binding code in neutronclient is deprecated in favor of OpenstackSDK, please use that as this will be removed in a future release.
May 20 12:27:20.457920 np0000001061 devstack@n-api.service[86458]: DEBUG nova.api.openstack.wsgi [req-701b85f2-4f4d-4d01-9f25-801cfc72520c req-701719e1-e2b8-4659-872d-7c147be304b4 service nova] Action: 'create', calling method: >, body: {"events": [{"name": "network-changed", "server_uuid": "73780e13-b68d-401e-8b61-b4a262154a5f", "tag": "7c74f67b-47cf-461a-86a1-3133b8ba1b74"}]} {{(pid=86458) _process_stack /opt/stack/nova/nova/api/openstack/wsgi.py:549}}
May 20 12:27:20.471096 np0000001061 devstack@n-api.service[86458]: DEBUG oslo_concurrency.lockutils [req-701b85f2-4f4d-4d01-9f25-801cfc72520c req-701719e1-e2b8-4659-872d-7c147be304b4 service nova] Acquiring lock "6ecff64c-a37b-43d5-a625-f93e6a8093b2" by "nova.context.set_target_cell..get_or_set_cached_cell_and_set_connections" {{(pid=86458) inner /opt/stack/data/venv/lib/python3.12/site-packages/oslo_concurrency/lockutils.py:511}}
May 20 12:27:20.471251 np0000001061 devstack@n-api.service[86458]: DEBUG oslo_concurrency.lockutils [req-701b85f2-4f4d-4d01-9f25-801cfc72520c req-701719e1-e2b8-4659-872d-7c147be304b4 service nova] Lock "6ecff64c-a37b-43d5-a625-f93e6a8093b2" acquired by "nova.context.set_target_cell..get_or_set_cached_cell_and_set_connections" :: waited 0.000s {{(pid=86458) inner /opt/stack/data/venv/lib/python3.12/site-packages/oslo_concurrency/lockutils.py:524}}
May 20 12:27:20.471312 np0000001061 devstack@n-api.service[86458]: DEBUG oslo_concurrency.lockutils [req-701b85f2-4f4d-4d01-9f25-801cfc72520c req-701719e1-e2b8-4659-872d-7c147be304b4 service nova] Lock "6ecff64c-a37b-43d5-a625-f93e6a8093b2" "released" by "nova.context.set_target_cell..get_or_set_cached_cell_and_set_connections" :: held 0.000s {{(pid=86458) inner /opt/stack/data/venv/lib/python3.12/site-packages/oslo_concurrency/lockutils.py:543}}
May 20 12:27:20.487223 np0000001061 devstack@n-api.service[86458]: INFO nova.api.openstack.compute.server_external_events [req-701b85f2-4f4d-4d01-9f25-801cfc72520c req-701719e1-e2b8-4659-872d-7c147be304b4 service nova] Creating event network-changed:7c74f67b-47cf-461a-86a1-3133b8ba1b74 for instance 73780e13-b68d-401e-8b61-b4a262154a5f on np0000001061
May 20 12:27:20.487487 np0000001061 devstack@n-api.service[86458]: DEBUG oslo_concurrency.lockutils [req-701b85f2-4f4d-4d01-9f25-801cfc72520c req-701719e1-e2b8-4659-872d-7c147be304b4 service nova] Acquiring lock "compute-rpcapi-router" {{(pid=86458) lock /opt/stack/data/venv/lib/python3.12/site-packages/oslo_concurrency/lockutils.py:395}}
May 20 12:27:20.487655 np0000001061 devstack@n-api.service[86458]: DEBUG oslo_concurrency.lockutils [req-701b85f2-4f4d-4d01-9f25-801cfc72520c req-701719e1-e2b8-4659-872d-7c147be304b4 service nova] Acquired lock "compute-rpcapi-router" {{(pid=86458) lock /opt/stack/data/venv/lib/python3.12/site-packages/oslo_concurrency/lockutils.py:398}}
May 20 12:27:20.488450 np0000001061 devstack@n-api.service[86458]: DEBUG oslo_concurrency.lockutils [None req-bec00ccd-f601-48b1-be74-6c708f74c9f8 None None] Acquiring lock "00000000-0000-0000-0000-000000000000" by "nova.context.set_target_cell..get_or_set_cached_cell_and_set_connections" {{(pid=86458) inner /opt/stack/data/venv/lib/python3.12/site-packages/oslo_concurrency/lockutils.py:511}}
May 20 12:27:20.488622 np0000001061 devstack@n-api.service[86458]: DEBUG oslo_concurrency.lockutils [None req-bec00ccd-f601-48b1-be74-6c708f74c9f8 None None] Lock "00000000-0000-0000-0000-000000000000" acquired by "nova.context.set_target_cell..get_or_set_cached_cell_and_set_connections" :: waited 0.001s {{(pid=86458) inner /opt/stack/data/venv/lib/python3.12/site-packages/oslo_concurrency/lockutils.py:524}}
May 20 12:27:20.488797 np0000001061 devstack@n-api.service[86458]: DEBUG oslo_concurrency.lockutils [None req-bec00ccd-f601-48b1-be74-6c708f74c9f8 None None] Lock "00000000-0000-0000-0000-000000000000" "released" by "nova.context.set_target_cell..get_or_set_cached_cell_and_set_connections" :: held 0.000s {{(pid=86458) inner /opt/stack/data/venv/lib/python3.12/site-packages/oslo_concurrency/lockutils.py:543}}
May 20 12:27:20.489559 np0000001061 devstack@n-api.service[86458]: DEBUG oslo_concurrency.lockutils [None req-bec00ccd-f601-48b1-be74-6c708f74c9f8 None None] Acquiring lock "6ecff64c-a37b-43d5-a625-f93e6a8093b2" by "nova.context.set_target_cell..get_or_set_cached_cell_and_set_connections" {{(pid=86458) inner /opt/stack/data/venv/lib/python3.12/site-packages/oslo_concurrency/lockutils.py:511}}
May 20 12:27:20.489791 np0000001061 devstack@n-api.service[86458]: DEBUG oslo_concurrency.lockutils [None req-bec00ccd-f601-48b1-be74-6c708f74c9f8 None None] Lock "6ecff64c-a37b-43d5-a625-f93e6a8093b2" acquired by "nova.context.set_target_cell..get_or_set_cached_cell_and_set_connections" :: waited 0.000s {{(pid=86458) inner /opt/stack/data/venv/lib/python3.12/site-packages/oslo_concurrency/lockutils.py:524}}
May 20 12:27:20.489953 np0000001061 devstack@n-api.service[86458]: DEBUG oslo_concurrency.lockutils [None req-bec00ccd-f601-48b1-be74-6c708f74c9f8 None None] Lock "6ecff64c-a37b-43d5-a625-f93e6a8093b2" "released" by "nova.context.set_target_cell..get_or_set_cached_cell_and_set_connections" :: held 0.000s {{(pid=86458) inner /opt/stack/data/venv/lib/python3.12/site-packages/oslo_concurrency/lockutils.py:543}}
May 20 12:27:20.497278 np0000001061 devstack@n-api.service[86458]: INFO nova.compute.rpcapi [None req-bec00ccd-f601-48b1-be74-6c708f74c9f8 None None] Automatically selected compute RPC version 6.5 from minimum service version 72
May 20 12:27:20.497823 np0000001061 devstack@n-api.service[86458]: DEBUG oslo_concurrency.lockutils [None req-bec00ccd-f601-48b1-be74-6c708f74c9f8 None None] Releasing lock "compute-rpcapi-router" {{(pid=86458) lock /opt/stack/data/venv/lib/python3.12/site-packages/oslo_concurrency/lockutils.py:418}}
May 20 12:27:20.498190 np0000001061 devstack@n-api.service[86458]: DEBUG nova.compute.rpcapi [None req-bec00ccd-f601-48b1-be74-6c708f74c9f8 None None] RPC: Sending the message to topic: compute-alt {{(pid=86458) prepare_for_alt_rpcserver /opt/stack/nova/nova/compute/rpcapi.py:595}}
May 20 12:27:20.515129 np0000001061 devstack@n-api.service[86458]: INFO nova.api.openstack.requestlog [None req-bec00ccd-f601-48b1-be74-6c708f74c9f8 None None] 10.4.3.189 "POST /compute/v2.1/os-server-external-events" status: 200 len: 179 microversion: 2.1 time: 0.302623
May 20 12:27:20.515390 np0000001061 devstack@n-api.service[86458]: [pid: 86458|app: 0|req: 13/38] 10.4.3.189 () {72 vars in 1432 bytes} [Wed May 20 12:27:20 2026] POST /compute/v2.1/os-server-external-events => generated 179 bytes in 303 msecs (HTTP/1.1 200) 9 headers in 357 bytes (1 switches on core 0)
May 20 12:27:20.807008 np0000001061 devstack@n-api.service[86457]: DEBUG dbcounter [-] [86457] Writing DB stats nova_cell0:SELECT=1 {{(pid=86457) stat_writer /opt/stack/data/venv/lib/python3.12/site-packages/dbcounter.py:115}}
May 20 12:27:20.854820 np0000001061 devstack@n-api.service[86457]: WARNING neutronclient.v2_0.client [None req-ddcaf359-fcc1-4b21-8bb4-94ea57915ea7 tempest-AttachSCSIVolumeTestJSON-880914121 tempest-AttachSCSIVolumeTestJSON-880914121-project-member] The python binding code in neutronclient is deprecated in favor of OpenstackSDK, please use that as this will be removed in a future release.
May 20 12:27:20.873124 np0000001061 devstack@n-api.service[86459]: DEBUG nova.policy [None req-583e80fc-cf48-4802-b857-ec0af8a9092b tempest-DeleteServersTestJSON-74484322 tempest-DeleteServersTestJSON-74484322-project-member] Policy check for os_compute_api:os-extended-server-attributes failed with credentials {'is_admin': False, 'user_id': '7a2fbc48976b441da49d4bf0ae59001f', 'user_domain_id': 'default', 'system_scope': None, 'domain_id': None, 'project_id': 'd6ea9c814b8b41d2acf52adbec741426', 'project_domain_id': 'default', 'roles': ['reader', 'member'], 'is_admin_project': True, 'service_user_id': None, 'service_user_domain_id': None, 'service_project_id': None, 'service_project_domain_id': None, 'service_roles': []} {{(pid=86459) authorize /opt/stack/nova/nova/policy.py:192}}
May 20 12:27:20.887635 np0000001061 devstack@n-api.service[86459]: INFO nova.api.openstack.requestlog [None req-583e80fc-cf48-4802-b857-ec0af8a9092b tempest-DeleteServersTestJSON-74484322 tempest-DeleteServersTestJSON-74484322-project-member] 10.4.3.189 "GET /compute/v2.1/servers/73780e13-b68d-401e-8b61-b4a262154a5f" status: 200 len: 1312 microversion: 2.1 time: 0.968830
May 20 12:27:20.887635 np0000001061 devstack@n-api.service[86459]: [pid: 86459|app: 0|req: 13/39] 10.4.3.189 () {66 vars in 1354 bytes} [Wed May 20 12:27:19 2026] GET /compute/v2.1/servers/73780e13-b68d-401e-8b61-b4a262154a5f => generated 1312 bytes in 969 msecs (HTTP/1.1 200) 9 headers in 358 bytes (1 switches on core 0)
May 20 12:27:21.097991 np0000001061 devstack@n-api.service[86458]: DEBUG nova.api.openstack.wsgi [None req-54223b59-87dd-4e1c-87b1-ce795ab8a2b2 tempest-TaggedAttachmentsTest-1154055280 tempest-TaggedAttachmentsTest-1154055280-project-member] Action: 'create', calling method: >, body: {"server": {"name": "tempest-device-tagging-server-755497402", "imageRef": "0729479c-30d1-4e84-b29f-5e16ed4f3ee2", "flavorRef": "42", "config_drive": true, "networks": [{"uuid": "06aeeca0-ddae-4ae0-8101-e690cc11de10"}], "security_groups": [{"name": "tempest-securitygroup--1207769094"}], "key_name": "tempest-keypair-585689891", "user_data": "IyEvYmluL3NoCmVjaG8gIlByaW50aW5nIGNpcnJvcyB1c2VyIGF1dGhvcml6ZWQga2V5cyIKY2F0IH5jaXJyb3MvLnNzaC9hdXRob3JpemVkX2tleXMgfHwgdHJ1ZQo="}} {{(pid=86458) _process_stack /opt/stack/nova/nova/api/openstack/wsgi.py:549}}
May 20 12:27:21.170692 np0000001061 devstack@n-api.service[86459]: DEBUG nova.api.openstack.wsgi [None req-7d6ed8de-12b9-4cc8-97b1-ee85c2206b15 tempest-TestMultiAttachVolumeSwap-760200919 tempest-TestMultiAttachVolumeSwap-760200919-project-member] Action: 'create', calling method: >, body: {"keypair": {"name": "tempest-keypair-1144752610", "public_key": "ecdsa-sha2-nistp384 AAAAE2VjZHNhLXNoYTItbmlzdHAzODQAAAAIbmlzdHAzODQAAABhBBIKG32blZWh3PW70W2ZXDQTqsRxLFx80LCGL3bhZBFUKX3XlxezwbGy49ISc5iRJjAgW7ZrcI+TIt7c+rM9qTPubHoTnrmyaF8hlG0Jh+TYc7Vii4nOGMepP3pEkTbSNw=="}} {{(pid=86459) _process_stack /opt/stack/nova/nova/api/openstack/wsgi.py:549}}
May 20 12:27:21.192169 np0000001061 devstack@n-api.service[86459]: DEBUG nova.quota [None req-7d6ed8de-12b9-4cc8-97b1-ee85c2206b15 tempest-TestMultiAttachVolumeSwap-760200919 tempest-TestMultiAttachVolumeSwap-760200919-project-member] Getting quotas for project df91dfb520694b2cbf806f9b559f59be. Resources: {'key_pairs'} {{(pid=86459) _get_quotas /opt/stack/nova/nova/quota.py:392}}
May 20 12:27:21.197167 np0000001061 devstack@n-api.service[86459]: DEBUG nova.quota [None req-7d6ed8de-12b9-4cc8-97b1-ee85c2206b15 tempest-TestMultiAttachVolumeSwap-760200919 tempest-TestMultiAttachVolumeSwap-760200919-project-member] Getting quotas for user bbbeef61fbec42c9986ce289a7ef7d68 and project df91dfb520694b2cbf806f9b559f59be. Resources: {'key_pairs'} {{(pid=86459) _get_quotas /opt/stack/nova/nova/quota.py:382}}
May 20 12:27:21.228299 np0000001061 devstack@n-api.service[86459]: INFO nova.api.openstack.requestlog [None req-7d6ed8de-12b9-4cc8-97b1-ee85c2206b15 tempest-TestMultiAttachVolumeSwap-760200919 tempest-TestMultiAttachVolumeSwap-760200919-project-member] 10.4.3.189 "POST /compute/v2.1/os-keypairs" status: 201 len: 401 microversion: 2.60 time: 0.060133
May 20 12:27:21.228799 np0000001061 devstack@n-api.service[86459]: [pid: 86459|app: 0|req: 14/40] 10.4.3.189 () {70 vars in 1318 bytes} [Wed May 20 12:27:21 2026] POST /compute/v2.1/os-keypairs => generated 401 bytes in 61 msecs (HTTP/1.1 201) 9 headers in 364 bytes (1 switches on core 0)
May 20 12:27:21.285227 np0000001061 devstack@n-api.service[86458]: DEBUG oslo_concurrency.lockutils [None req-54223b59-87dd-4e1c-87b1-ce795ab8a2b2 tempest-TaggedAttachmentsTest-1154055280 tempest-TaggedAttachmentsTest-1154055280-project-member] Acquiring lock "00000000-0000-0000-0000-000000000000" by "nova.context.set_target_cell..get_or_set_cached_cell_and_set_connections" {{(pid=86458) inner /opt/stack/data/venv/lib/python3.12/site-packages/oslo_concurrency/lockutils.py:511}}
May 20 12:27:21.285227 np0000001061 devstack@n-api.service[86458]: DEBUG oslo_concurrency.lockutils [None req-54223b59-87dd-4e1c-87b1-ce795ab8a2b2 tempest-TaggedAttachmentsTest-1154055280 tempest-TaggedAttachmentsTest-1154055280-project-member] Lock "00000000-0000-0000-0000-000000000000" acquired by "nova.context.set_target_cell..get_or_set_cached_cell_and_set_connections" :: waited 0.001s {{(pid=86458) inner /opt/stack/data/venv/lib/python3.12/site-packages/oslo_concurrency/lockutils.py:524}}
May 20 12:27:21.285227 np0000001061 devstack@n-api.service[86458]: DEBUG oslo_concurrency.lockutils [None req-54223b59-87dd-4e1c-87b1-ce795ab8a2b2 tempest-TaggedAttachmentsTest-1154055280 tempest-TaggedAttachmentsTest-1154055280-project-member] Lock "00000000-0000-0000-0000-000000000000" "released" by "nova.context.set_target_cell..get_or_set_cached_cell_and_set_connections" :: held 0.000s {{(pid=86458) inner /opt/stack/data/venv/lib/python3.12/site-packages/oslo_concurrency/lockutils.py:543}}
May 20 12:27:21.285227 np0000001061 devstack@n-api.service[86458]: DEBUG oslo_concurrency.lockutils [None req-54223b59-87dd-4e1c-87b1-ce795ab8a2b2 tempest-TaggedAttachmentsTest-1154055280 tempest-TaggedAttachmentsTest-1154055280-project-member] Acquiring lock "6ecff64c-a37b-43d5-a625-f93e6a8093b2" by "nova.context.set_target_cell..get_or_set_cached_cell_and_set_connections" {{(pid=86458) inner /opt/stack/data/venv/lib/python3.12/site-packages/oslo_concurrency/lockutils.py:511}}
May 20 12:27:21.285448 np0000001061 devstack@n-api.service[86458]: DEBUG oslo_concurrency.lockutils [None req-54223b59-87dd-4e1c-87b1-ce795ab8a2b2 tempest-TaggedAttachmentsTest-1154055280 tempest-TaggedAttachmentsTest-1154055280-project-member] Lock "6ecff64c-a37b-43d5-a625-f93e6a8093b2" acquired by "nova.context.set_target_cell..get_or_set_cached_cell_and_set_connections" :: waited 0.000s {{(pid=86458) inner /opt/stack/data/venv/lib/python3.12/site-packages/oslo_concurrency/lockutils.py:524}}
May 20 12:27:21.285448 np0000001061 devstack@n-api.service[86458]: DEBUG oslo_concurrency.lockutils [None req-54223b59-87dd-4e1c-87b1-ce795ab8a2b2 tempest-TaggedAttachmentsTest-1154055280 tempest-TaggedAttachmentsTest-1154055280-project-member] Lock "6ecff64c-a37b-43d5-a625-f93e6a8093b2" "released" by "nova.context.set_target_cell..get_or_set_cached_cell_and_set_connections" :: held 0.000s {{(pid=86458) inner /opt/stack/data/venv/lib/python3.12/site-packages/oslo_concurrency/lockutils.py:543}}
May 20 12:27:21.297497 np0000001061 devstack@n-api.service[86458]: WARNING neutronclient.v2_0.client [None req-54223b59-87dd-4e1c-87b1-ce795ab8a2b2 tempest-TaggedAttachmentsTest-1154055280 tempest-TaggedAttachmentsTest-1154055280-project-member] The python binding code in neutronclient is deprecated in favor of OpenstackSDK, please use that as this will be removed in a future release.
May 20 12:27:21.618917 np0000001061 devstack@n-api.service[86458]: DEBUG nova.network.neutron [None req-54223b59-87dd-4e1c-87b1-ce795ab8a2b2 tempest-TaggedAttachmentsTest-1154055280 tempest-TaggedAttachmentsTest-1154055280-project-member] validate_networks() for [('06aeeca0-ddae-4ae0-8101-e690cc11de10', None, None, None, None, None)] {{(pid=86458) validate_networks /opt/stack/nova/nova/network/neutron.py:2686}}
May 20 12:27:21.619541 np0000001061 devstack@n-api.service[86458]: WARNING neutronclient.v2_0.client [None req-54223b59-87dd-4e1c-87b1-ce795ab8a2b2 tempest-TaggedAttachmentsTest-1154055280 tempest-TaggedAttachmentsTest-1154055280-project-member] The python binding code in neutronclient is deprecated in favor of OpenstackSDK, please use that as this will be removed in a future release.
May 20 12:27:22.060622 np0000001061 devstack@n-api.service[86457]: DEBUG nova.virt.hardware [None req-ddcaf359-fcc1-4b21-8bb4-94ea57915ea7 tempest-AttachSCSIVolumeTestJSON-880914121 tempest-AttachSCSIVolumeTestJSON-880914121-project-member] Flavor limits 0:0:0 {{(pid=86457) get_cpu_topology_constraints /opt/stack/nova/nova/virt/hardware.py:488}}
May 20 12:27:22.060994 np0000001061 devstack@n-api.service[86457]: DEBUG nova.virt.hardware [None req-ddcaf359-fcc1-4b21-8bb4-94ea57915ea7 tempest-AttachSCSIVolumeTestJSON-880914121 tempest-AttachSCSIVolumeTestJSON-880914121-project-member] Image limits 0:0:0 {{(pid=86457) get_cpu_topology_constraints /opt/stack/nova/nova/virt/hardware.py:492}}
May 20 12:27:22.061483 np0000001061 devstack@n-api.service[86457]: DEBUG nova.virt.hardware [None req-ddcaf359-fcc1-4b21-8bb4-94ea57915ea7 tempest-AttachSCSIVolumeTestJSON-880914121 tempest-AttachSCSIVolumeTestJSON-880914121-project-member] Flavor pref 0:0:0 {{(pid=86457) get_cpu_topology_constraints /opt/stack/nova/nova/virt/hardware.py:528}}
May 20 12:27:22.061483 np0000001061 devstack@n-api.service[86457]: DEBUG nova.virt.hardware [None req-ddcaf359-fcc1-4b21-8bb4-94ea57915ea7 tempest-AttachSCSIVolumeTestJSON-880914121 tempest-AttachSCSIVolumeTestJSON-880914121-project-member] Image pref 0:0:0 {{(pid=86457) get_cpu_topology_constraints /opt/stack/nova/nova/virt/hardware.py:532}}
May 20 12:27:22.061483 np0000001061 devstack@n-api.service[86457]: DEBUG nova.virt.hardware [None req-ddcaf359-fcc1-4b21-8bb4-94ea57915ea7 tempest-AttachSCSIVolumeTestJSON-880914121 tempest-AttachSCSIVolumeTestJSON-880914121-project-member] Chose sockets=0, cores=0, threads=0; limits were sockets=65536, cores=65536, threads=65536 {{(pid=86457) get_cpu_topology_constraints /opt/stack/nova/nova/virt/hardware.py:570}}
May 20 12:27:22.073931 np0000001061 devstack@n-api.service[86457]: DEBUG oslo_concurrency.lockutils [None req-ddcaf359-fcc1-4b21-8bb4-94ea57915ea7 tempest-AttachSCSIVolumeTestJSON-880914121 tempest-AttachSCSIVolumeTestJSON-880914121-project-member] Acquiring lock "00000000-0000-0000-0000-000000000000" by "nova.context.set_target_cell..get_or_set_cached_cell_and_set_connections" {{(pid=86457) inner /opt/stack/data/venv/lib/python3.12/site-packages/oslo_concurrency/lockutils.py:511}}
May 20 12:27:22.073931 np0000001061 devstack@n-api.service[86457]: DEBUG oslo_concurrency.lockutils [None req-ddcaf359-fcc1-4b21-8bb4-94ea57915ea7 tempest-AttachSCSIVolumeTestJSON-880914121 tempest-AttachSCSIVolumeTestJSON-880914121-project-member] Lock "00000000-0000-0000-0000-000000000000" acquired by "nova.context.set_target_cell..get_or_set_cached_cell_and_set_connections" :: waited 0.000s {{(pid=86457) inner /opt/stack/data/venv/lib/python3.12/site-packages/oslo_concurrency/lockutils.py:524}}
May 20 12:27:22.073931 np0000001061 devstack@n-api.service[86457]: DEBUG oslo_concurrency.lockutils [None req-ddcaf359-fcc1-4b21-8bb4-94ea57915ea7 tempest-AttachSCSIVolumeTestJSON-880914121 tempest-AttachSCSIVolumeTestJSON-880914121-project-member] Lock "00000000-0000-0000-0000-000000000000" "released" by "nova.context.set_target_cell..get_or_set_cached_cell_and_set_connections" :: held 0.000s {{(pid=86457) inner /opt/stack/data/venv/lib/python3.12/site-packages/oslo_concurrency/lockutils.py:543}}
May 20 12:27:22.073931 np0000001061 devstack@n-api.service[86457]: DEBUG oslo_concurrency.lockutils [None req-ddcaf359-fcc1-4b21-8bb4-94ea57915ea7 tempest-AttachSCSIVolumeTestJSON-880914121 tempest-AttachSCSIVolumeTestJSON-880914121-project-member] Acquiring lock "6ecff64c-a37b-43d5-a625-f93e6a8093b2" by "nova.context.set_target_cell..get_or_set_cached_cell_and_set_connections" {{(pid=86457) inner /opt/stack/data/venv/lib/python3.12/site-packages/oslo_concurrency/lockutils.py:511}}
May 20 12:27:22.074033 np0000001061 devstack@n-api.service[86457]: DEBUG oslo_concurrency.lockutils [None req-ddcaf359-fcc1-4b21-8bb4-94ea57915ea7 tempest-AttachSCSIVolumeTestJSON-880914121 tempest-AttachSCSIVolumeTestJSON-880914121-project-member] Lock "6ecff64c-a37b-43d5-a625-f93e6a8093b2" acquired by "nova.context.set_target_cell..get_or_set_cached_cell_and_set_connections" :: waited 0.000s {{(pid=86457) inner /opt/stack/data/venv/lib/python3.12/site-packages/oslo_concurrency/lockutils.py:524}}
May 20 12:27:22.074033 np0000001061 devstack@n-api.service[86457]: DEBUG oslo_concurrency.lockutils [None req-ddcaf359-fcc1-4b21-8bb4-94ea57915ea7 tempest-AttachSCSIVolumeTestJSON-880914121 tempest-AttachSCSIVolumeTestJSON-880914121-project-member] Lock "6ecff64c-a37b-43d5-a625-f93e6a8093b2" "released" by "nova.context.set_target_cell..get_or_set_cached_cell_and_set_connections" :: held 0.000s {{(pid=86457) inner /opt/stack/data/venv/lib/python3.12/site-packages/oslo_concurrency/lockutils.py:543}}
May 20 12:27:22.093394 np0000001061 devstack@n-api.service[86459]: DEBUG nova.api.openstack.wsgi [None req-cbc6d642-1d8b-468c-9be2-8f2bed8d509e tempest-VolumesAssistedSnapshotsTest-658692128 tempest-VolumesAssistedSnapshotsTest-658692128-project-member] Action: 'create', calling method: >, body: {"keypair": {"name": "tempest-keypair-740609944", "public_key": "ecdsa-sha2-nistp384 AAAAE2VjZHNhLXNoYTItbmlzdHAzODQAAAAIbmlzdHAzODQAAABhBMThGuTYxJysXMXU8QE1FjukwMRFDSfI+8vAnhpyIV8MuxwJGSa+vToRXFgED1yCnSd/BYRR1e6HnPsrfY0vy5SXEdHGxWdq+1/WabELhccJBOobNdgu9qktB6F/nSrU1A=="}} {{(pid=86459) _process_stack /opt/stack/nova/nova/api/openstack/wsgi.py:549}}
May 20 12:27:22.095995 np0000001061 devstack@n-api.service[86457]: DEBUG nova.quota [None req-ddcaf359-fcc1-4b21-8bb4-94ea57915ea7 tempest-AttachSCSIVolumeTestJSON-880914121 tempest-AttachSCSIVolumeTestJSON-880914121-project-member] Getting quotas for project 379b013b17b34af0947e15dcb77a0e17. Resources: {'cores', 'instances', 'ram'} {{(pid=86457) _get_quotas /opt/stack/nova/nova/quota.py:392}}
May 20 12:27:22.099891 np0000001061 devstack@n-api.service[86457]: DEBUG nova.quota [None req-ddcaf359-fcc1-4b21-8bb4-94ea57915ea7 tempest-AttachSCSIVolumeTestJSON-880914121 tempest-AttachSCSIVolumeTestJSON-880914121-project-member] Getting quotas for user d6352b05fa2f4f5590e287f01816c616 and project 379b013b17b34af0947e15dcb77a0e17. Resources: {'cores', 'instances', 'ram'} {{(pid=86457) _get_quotas /opt/stack/nova/nova/quota.py:382}}
May 20 12:27:22.105280 np0000001061 devstack@n-api.service[86459]: DEBUG nova.quota [None req-cbc6d642-1d8b-468c-9be2-8f2bed8d509e tempest-VolumesAssistedSnapshotsTest-658692128 tempest-VolumesAssistedSnapshotsTest-658692128-project-member] Getting quotas for project 26de594677ca449788d461ff02e247a4. Resources: {'key_pairs'} {{(pid=86459) _get_quotas /opt/stack/nova/nova/quota.py:392}}
May 20 12:27:22.105909 np0000001061 devstack@n-api.service[86457]: DEBUG nova.compute.api [None req-ddcaf359-fcc1-4b21-8bb4-94ea57915ea7 tempest-AttachSCSIVolumeTestJSON-880914121 tempest-AttachSCSIVolumeTestJSON-880914121-project-member] Going to run 1 instances... {{(pid=86457) _provision_instances /opt/stack/nova/nova/compute/api.py:1466}}
May 20 12:27:22.108486 np0000001061 devstack@n-api.service[86457]: DEBUG nova.compute.api [None req-ddcaf359-fcc1-4b21-8bb4-94ea57915ea7 tempest-AttachSCSIVolumeTestJSON-880914121 tempest-AttachSCSIVolumeTestJSON-880914121-project-member] [instance: bc9766bf-8047-4ee5-ab0f-0f7a424a1f8d] block_device_mapping [BlockDeviceMapping(attachment_id=,boot_index=0,connection_info=None,created_at=,delete_on_termination=True,deleted=,deleted_at=,destination_type='local',device_name=None,device_type='disk',disk_bus=None,encrypted=False,encryption_format=None,encryption_options=None,encryption_secret_uuid=None,guest_format=None,id=,image_id='9b83ed1c-41e0-447f-b789-c780aaafcd2e',instance=,instance_uuid=,no_device=False,snapshot_id=None,source_type='image',tag=None,updated_at=,uuid=,volume_id=None,volume_size=None,volume_type=None)] {{(pid=86457) _bdm_validate_set_size_and_instance /opt/stack/nova/nova/compute/api.py:1934}}
May 20 12:27:22.110739 np0000001061 devstack@n-api.service[86459]: DEBUG nova.quota [None req-cbc6d642-1d8b-468c-9be2-8f2bed8d509e tempest-VolumesAssistedSnapshotsTest-658692128 tempest-VolumesAssistedSnapshotsTest-658692128-project-member] Getting quotas for user 5effa86e6fb84f0b8f1bbee675f2e9eb and project 26de594677ca449788d461ff02e247a4. Resources: {'key_pairs'} {{(pid=86459) _get_quotas /opt/stack/nova/nova/quota.py:382}}
May 20 12:27:22.137812 np0000001061 devstack@n-api.service[86459]: INFO nova.api.openstack.requestlog [None req-cbc6d642-1d8b-468c-9be2-8f2bed8d509e tempest-VolumesAssistedSnapshotsTest-658692128 tempest-VolumesAssistedSnapshotsTest-658692128-project-member] 10.4.3.189 "POST /compute/v2.1/os-keypairs" status: 200 len: 385 microversion: 2.1 time: 0.336048
May 20 12:27:22.138044 np0000001061 devstack@n-api.service[86459]: [pid: 86459|app: 0|req: 15/41] 10.4.3.189 () {68 vars in 1277 bytes} [Wed May 20 12:27:21 2026] POST /compute/v2.1/os-keypairs => generated 385 bytes in 337 msecs (HTTP/1.1 200) 9 headers in 357 bytes (2 switches on core 0)
May 20 12:27:22.142810 np0000001061 devstack@n-api.service[86459]: DEBUG nova.api.openstack.wsgi [None req-01b004f2-66e3-472a-bb6f-d98ba59e477e tempest-DeleteServersTestJSON-74484322 tempest-DeleteServersTestJSON-74484322-project-member] Calling method '>' {{(pid=86459) _process_stack /opt/stack/nova/nova/api/openstack/wsgi.py:551}}
May 20 12:27:22.145911 np0000001061 devstack@n-api.service[86459]: DEBUG nova.compute.api [None req-01b004f2-66e3-472a-bb6f-d98ba59e477e tempest-DeleteServersTestJSON-74484322 tempest-DeleteServersTestJSON-74484322-project-member] [instance: 73780e13-b68d-401e-8b61-b4a262154a5f] Fetching instance by UUID {{(pid=86459) get /opt/stack/nova/nova/compute/api.py:3056}}
May 20 12:27:22.151653 np0000001061 devstack@n-api.service[86459]: DEBUG oslo_concurrency.lockutils [None req-01b004f2-66e3-472a-bb6f-d98ba59e477e tempest-DeleteServersTestJSON-74484322 tempest-DeleteServersTestJSON-74484322-project-member] Acquiring lock "6ecff64c-a37b-43d5-a625-f93e6a8093b2" by "nova.context.set_target_cell..get_or_set_cached_cell_and_set_connections" {{(pid=86459) inner /opt/stack/data/venv/lib/python3.12/site-packages/oslo_concurrency/lockutils.py:511}}
May 20 12:27:22.152074 np0000001061 devstack@n-api.service[86459]: DEBUG oslo_concurrency.lockutils [None req-01b004f2-66e3-472a-bb6f-d98ba59e477e tempest-DeleteServersTestJSON-74484322 tempest-DeleteServersTestJSON-74484322-project-member] Lock "6ecff64c-a37b-43d5-a625-f93e6a8093b2" acquired by "nova.context.set_target_cell..get_or_set_cached_cell_and_set_connections" :: waited 0.001s {{(pid=86459) inner /opt/stack/data/venv/lib/python3.12/site-packages/oslo_concurrency/lockutils.py:524}}
May 20 12:27:22.152391 np0000001061 devstack@n-api.service[86459]: DEBUG oslo_concurrency.lockutils [None req-01b004f2-66e3-472a-bb6f-d98ba59e477e tempest-DeleteServersTestJSON-74484322 tempest-DeleteServersTestJSON-74484322-project-member] Lock "6ecff64c-a37b-43d5-a625-f93e6a8093b2" "released" by "nova.context.set_target_cell..get_or_set_cached_cell_and_set_connections" :: held 0.000s {{(pid=86459) inner /opt/stack/data/venv/lib/python3.12/site-packages/oslo_concurrency/lockutils.py:543}}
May 20 12:27:22.152963 np0000001061 devstack@n-api.service[86459]: DEBUG oslo_concurrency.lockutils [None req-01b004f2-66e3-472a-bb6f-d98ba59e477e tempest-DeleteServersTestJSON-74484322 tempest-DeleteServersTestJSON-74484322-project-member] Acquiring lock "6ecff64c-a37b-43d5-a625-f93e6a8093b2" by "nova.context.set_target_cell..get_or_set_cached_cell_and_set_connections" {{(pid=86459) inner /opt/stack/data/venv/lib/python3.12/site-packages/oslo_concurrency/lockutils.py:511}}
May 20 12:27:22.153469 np0000001061 devstack@n-api.service[86459]: DEBUG oslo_concurrency.lockutils [None req-01b004f2-66e3-472a-bb6f-d98ba59e477e tempest-DeleteServersTestJSON-74484322 tempest-DeleteServersTestJSON-74484322-project-member] Lock "6ecff64c-a37b-43d5-a625-f93e6a8093b2" acquired by "nova.context.set_target_cell..get_or_set_cached_cell_and_set_connections" :: waited 0.000s {{(pid=86459) inner /opt/stack/data/venv/lib/python3.12/site-packages/oslo_concurrency/lockutils.py:524}}
May 20 12:27:22.153968 np0000001061 devstack@n-api.service[86459]: DEBUG oslo_concurrency.lockutils [None req-01b004f2-66e3-472a-bb6f-d98ba59e477e tempest-DeleteServersTestJSON-74484322 tempest-DeleteServersTestJSON-74484322-project-member] Lock "6ecff64c-a37b-43d5-a625-f93e6a8093b2" "released" by "nova.context.set_target_cell..get_or_set_cached_cell_and_set_connections" :: held 0.000s {{(pid=86459) inner /opt/stack/data/venv/lib/python3.12/site-packages/oslo_concurrency/lockutils.py:543}}
May 20 12:27:22.179611 np0000001061 devstack@n-api.service[86459]: WARNING neutronclient.v2_0.client [None req-01b004f2-66e3-472a-bb6f-d98ba59e477e tempest-DeleteServersTestJSON-74484322 tempest-DeleteServersTestJSON-74484322-project-member] The python binding code in neutronclient is deprecated in favor of OpenstackSDK, please use that as this will be removed in a future release.
May 20 12:27:22.219119 np0000001061 devstack@n-api.service[86457]: INFO nova.api.openstack.requestlog [None req-ddcaf359-fcc1-4b21-8bb4-94ea57915ea7 tempest-AttachSCSIVolumeTestJSON-880914121 tempest-AttachSCSIVolumeTestJSON-880914121-project-member] 10.4.3.189 "POST /compute/v2.1/servers" status: 202 len: 406 microversion: 2.1 time: 3.810731
May 20 12:27:22.219262 np0000001061 devstack@n-api.service[86457]: [pid: 86457|app: 0|req: 14/42] 10.4.3.189 () {68 vars in 1265 bytes} [Wed May 20 12:27:18 2026] POST /compute/v2.1/servers => generated 406 bytes in 3812 msecs (HTTP/1.1 202) 10 headers in 451 bytes (1 switches on core 0)
May 20 12:27:22.231141 np0000001061 devstack@n-api.service[86457]: DEBUG nova.api.openstack.wsgi [None req-f1fb94d0-f32a-4003-a5cf-3410cc1cb190 tempest-AttachSCSIVolumeTestJSON-880914121 tempest-AttachSCSIVolumeTestJSON-880914121-project-member] Calling method '>' {{(pid=86457) _process_stack /opt/stack/nova/nova/api/openstack/wsgi.py:551}}
May 20 12:27:22.233755 np0000001061 devstack@n-api.service[86457]: DEBUG nova.compute.api [None req-f1fb94d0-f32a-4003-a5cf-3410cc1cb190 tempest-AttachSCSIVolumeTestJSON-880914121 tempest-AttachSCSIVolumeTestJSON-880914121-project-member] [instance: bc9766bf-8047-4ee5-ab0f-0f7a424a1f8d] Fetching instance by UUID {{(pid=86457) get /opt/stack/nova/nova/compute/api.py:3056}}
May 20 12:27:22.247983 np0000001061 devstack@n-api.service[86457]: WARNING neutronclient.v2_0.client [None req-f1fb94d0-f32a-4003-a5cf-3410cc1cb190 tempest-AttachSCSIVolumeTestJSON-880914121 tempest-AttachSCSIVolumeTestJSON-880914121-project-member] The python binding code in neutronclient is deprecated in favor of OpenstackSDK, please use that as this will be removed in a future release.
May 20 12:27:23.052334 np0000001061 devstack@n-api.service[86458]: WARNING neutronclient.v2_0.client [None req-54223b59-87dd-4e1c-87b1-ce795ab8a2b2 tempest-TaggedAttachmentsTest-1154055280 tempest-TaggedAttachmentsTest-1154055280-project-member] The python binding code in neutronclient is deprecated in favor of OpenstackSDK, please use that as this will be removed in a future release.
May 20 12:27:23.265768 np0000001061 devstack@n-api.service[86457]: DEBUG nova.policy [None req-f1fb94d0-f32a-4003-a5cf-3410cc1cb190 tempest-AttachSCSIVolumeTestJSON-880914121 tempest-AttachSCSIVolumeTestJSON-880914121-project-member] Policy check for os_compute_api:os-extended-server-attributes failed with credentials {'is_admin': False, 'user_id': 'd6352b05fa2f4f5590e287f01816c616', 'user_domain_id': 'default', 'system_scope': None, 'domain_id': None, 'project_id': '379b013b17b34af0947e15dcb77a0e17', 'project_domain_id': 'default', 'roles': ['reader', 'member'], 'is_admin_project': True, 'service_user_id': None, 'service_user_domain_id': None, 'service_project_id': None, 'service_project_domain_id': None, 'service_roles': []} {{(pid=86457) authorize /opt/stack/nova/nova/policy.py:192}}
May 20 12:27:23.279183 np0000001061 devstack@n-api.service[86457]: INFO nova.api.openstack.requestlog [None req-f1fb94d0-f32a-4003-a5cf-3410cc1cb190 tempest-AttachSCSIVolumeTestJSON-880914121 tempest-AttachSCSIVolumeTestJSON-880914121-project-member] 10.4.3.189 "GET /compute/v2.1/servers/bc9766bf-8047-4ee5-ab0f-0f7a424a1f8d" status: 200 len: 1244 microversion: 2.1 time: 1.046532
May 20 12:27:23.279183 np0000001061 devstack@n-api.service[86457]: [pid: 86457|app: 0|req: 15/43] 10.4.3.189 () {66 vars in 1354 bytes} [Wed May 20 12:27:22 2026] GET /compute/v2.1/servers/bc9766bf-8047-4ee5-ab0f-0f7a424a1f8d => generated 1244 bytes in 1048 msecs (HTTP/1.1 200) 9 headers in 358 bytes (1 switches on core 0)
May 20 12:27:23.630175 np0000001061 devstack@n-api.service[86459]: DEBUG nova.policy [None req-01b004f2-66e3-472a-bb6f-d98ba59e477e tempest-DeleteServersTestJSON-74484322 tempest-DeleteServersTestJSON-74484322-project-member] Policy check for os_compute_api:os-extended-server-attributes failed with credentials {'is_admin': False, 'user_id': '7a2fbc48976b441da49d4bf0ae59001f', 'user_domain_id': 'default', 'system_scope': None, 'domain_id': None, 'project_id': 'd6ea9c814b8b41d2acf52adbec741426', 'project_domain_id': 'default', 'roles': ['reader', 'member'], 'is_admin_project': True, 'service_user_id': None, 'service_user_domain_id': None, 'service_project_id': None, 'service_project_domain_id': None, 'service_roles': []} {{(pid=86459) authorize /opt/stack/nova/nova/policy.py:192}}
May 20 12:27:23.642833 np0000001061 devstack@n-api.service[86459]: INFO nova.api.openstack.requestlog [None req-01b004f2-66e3-472a-bb6f-d98ba59e477e tempest-DeleteServersTestJSON-74484322 tempest-DeleteServersTestJSON-74484322-project-member] 10.4.3.189 "GET /compute/v2.1/servers/73780e13-b68d-401e-8b61-b4a262154a5f" status: 200 len: 1312 microversion: 2.1 time: 1.503641
May 20 12:27:23.644973 np0000001061 devstack@n-api.service[86459]: [pid: 86459|app: 0|req: 16/44] 10.4.3.189 () {66 vars in 1354 bytes} [Wed May 20 12:27:22 2026] GET /compute/v2.1/servers/73780e13-b68d-401e-8b61-b4a262154a5f => generated 1312 bytes in 1505 msecs (HTTP/1.1 200) 9 headers in 358 bytes (1 switches on core 0)
May 20 12:27:24.257151 np0000001061 devstack@n-api.service[86457]: DEBUG nova.api.openstack.wsgi [None req-af3b28c3-9f61-416f-a6d9-c5237df8d71a tempest-VolumesAdminNegativeTest-605967980 tempest-VolumesAdminNegativeTest-605967980-project-member] Action: 'create', calling method: >, body: {"server": {"name": "tempest-VolumesAdminNegativeTest-server-975915459", "imageRef": "0729479c-30d1-4e84-b29f-5e16ed4f3ee2", "flavorRef": "42", "networks": [{"uuid": "3a36dde8-74ec-4583-b8e5-1074a2228842"}]}} {{(pid=86457) _process_stack /opt/stack/nova/nova/api/openstack/wsgi.py:549}}
May 20 12:27:24.293632 np0000001061 devstack@n-api.service[86459]: DEBUG nova.api.openstack.wsgi [None req-6b32e6d8-8ca7-451b-9080-7b9f039e7adb tempest-AttachSCSIVolumeTestJSON-880914121 tempest-AttachSCSIVolumeTestJSON-880914121-project-member] Calling method '>' {{(pid=86459) _process_stack /opt/stack/nova/nova/api/openstack/wsgi.py:551}}
May 20 12:27:24.295180 np0000001061 devstack@n-api.service[86459]: DEBUG nova.compute.api [None req-6b32e6d8-8ca7-451b-9080-7b9f039e7adb tempest-AttachSCSIVolumeTestJSON-880914121 tempest-AttachSCSIVolumeTestJSON-880914121-project-member] [instance: bc9766bf-8047-4ee5-ab0f-0f7a424a1f8d] Fetching instance by UUID {{(pid=86459) get /opt/stack/nova/nova/compute/api.py:3056}}
May 20 12:27:24.305341 np0000001061 devstack@n-api.service[86459]: DEBUG oslo_concurrency.lockutils [None req-6b32e6d8-8ca7-451b-9080-7b9f039e7adb tempest-AttachSCSIVolumeTestJSON-880914121 tempest-AttachSCSIVolumeTestJSON-880914121-project-member] Acquiring lock "6ecff64c-a37b-43d5-a625-f93e6a8093b2" by "nova.context.set_target_cell..get_or_set_cached_cell_and_set_connections" {{(pid=86459) inner /opt/stack/data/venv/lib/python3.12/site-packages/oslo_concurrency/lockutils.py:511}}
May 20 12:27:24.305618 np0000001061 devstack@n-api.service[86459]: DEBUG oslo_concurrency.lockutils [None req-6b32e6d8-8ca7-451b-9080-7b9f039e7adb tempest-AttachSCSIVolumeTestJSON-880914121 tempest-AttachSCSIVolumeTestJSON-880914121-project-member] Lock "6ecff64c-a37b-43d5-a625-f93e6a8093b2" acquired by "nova.context.set_target_cell..get_or_set_cached_cell_and_set_connections" :: waited 0.000s {{(pid=86459) inner /opt/stack/data/venv/lib/python3.12/site-packages/oslo_concurrency/lockutils.py:524}}
May 20 12:27:24.305854 np0000001061 devstack@n-api.service[86459]: DEBUG oslo_concurrency.lockutils [None req-6b32e6d8-8ca7-451b-9080-7b9f039e7adb tempest-AttachSCSIVolumeTestJSON-880914121 tempest-AttachSCSIVolumeTestJSON-880914121-project-member] Lock "6ecff64c-a37b-43d5-a625-f93e6a8093b2" "released" by "nova.context.set_target_cell..get_or_set_cached_cell_and_set_connections" :: held 0.000s {{(pid=86459) inner /opt/stack/data/venv/lib/python3.12/site-packages/oslo_concurrency/lockutils.py:543}}
May 20 12:27:24.306647 np0000001061 devstack@n-api.service[86459]: DEBUG oslo_concurrency.lockutils [None req-6b32e6d8-8ca7-451b-9080-7b9f039e7adb tempest-AttachSCSIVolumeTestJSON-880914121 tempest-AttachSCSIVolumeTestJSON-880914121-project-member] Acquiring lock "6ecff64c-a37b-43d5-a625-f93e6a8093b2" by "nova.context.set_target_cell..get_or_set_cached_cell_and_set_connections" {{(pid=86459) inner /opt/stack/data/venv/lib/python3.12/site-packages/oslo_concurrency/lockutils.py:511}}
May 20 12:27:24.306647 np0000001061 devstack@n-api.service[86459]: DEBUG oslo_concurrency.lockutils [None req-6b32e6d8-8ca7-451b-9080-7b9f039e7adb tempest-AttachSCSIVolumeTestJSON-880914121 tempest-AttachSCSIVolumeTestJSON-880914121-project-member] Lock "6ecff64c-a37b-43d5-a625-f93e6a8093b2" acquired by "nova.context.set_target_cell..get_or_set_cached_cell_and_set_connections" :: waited 0.000s {{(pid=86459) inner /opt/stack/data/venv/lib/python3.12/site-packages/oslo_concurrency/lockutils.py:524}}
May 20 12:27:24.306951 np0000001061 devstack@n-api.service[86459]: DEBUG oslo_concurrency.lockutils [None req-6b32e6d8-8ca7-451b-9080-7b9f039e7adb tempest-AttachSCSIVolumeTestJSON-880914121 tempest-AttachSCSIVolumeTestJSON-880914121-project-member] Lock "6ecff64c-a37b-43d5-a625-f93e6a8093b2" "released" by "nova.context.set_target_cell..get_or_set_cached_cell_and_set_connections" :: held 0.000s {{(pid=86459) inner /opt/stack/data/venv/lib/python3.12/site-packages/oslo_concurrency/lockutils.py:543}}
May 20 12:27:24.324092 np0000001061 devstack@n-api.service[86459]: WARNING neutronclient.v2_0.client [None req-6b32e6d8-8ca7-451b-9080-7b9f039e7adb tempest-AttachSCSIVolumeTestJSON-880914121 tempest-AttachSCSIVolumeTestJSON-880914121-project-member] The python binding code in neutronclient is deprecated in favor of OpenstackSDK, please use that as this will be removed in a future release.
May 20 12:27:24.400428 np0000001061 devstack@n-api.service[86457]: DEBUG oslo_concurrency.lockutils [None req-af3b28c3-9f61-416f-a6d9-c5237df8d71a tempest-VolumesAdminNegativeTest-605967980 tempest-VolumesAdminNegativeTest-605967980-project-member] Acquiring lock "00000000-0000-0000-0000-000000000000" by "nova.context.set_target_cell..get_or_set_cached_cell_and_set_connections" {{(pid=86457) inner /opt/stack/data/venv/lib/python3.12/site-packages/oslo_concurrency/lockutils.py:511}}
May 20 12:27:24.401284 np0000001061 devstack@n-api.service[86457]: DEBUG oslo_concurrency.lockutils [None req-af3b28c3-9f61-416f-a6d9-c5237df8d71a tempest-VolumesAdminNegativeTest-605967980 tempest-VolumesAdminNegativeTest-605967980-project-member] Lock "00000000-0000-0000-0000-000000000000" acquired by "nova.context.set_target_cell..get_or_set_cached_cell_and_set_connections" :: waited 0.001s {{(pid=86457) inner /opt/stack/data/venv/lib/python3.12/site-packages/oslo_concurrency/lockutils.py:524}}
May 20 12:27:24.402254 np0000001061 devstack@n-api.service[86457]: DEBUG oslo_concurrency.lockutils [None req-af3b28c3-9f61-416f-a6d9-c5237df8d71a tempest-VolumesAdminNegativeTest-605967980 tempest-VolumesAdminNegativeTest-605967980-project-member] Lock "00000000-0000-0000-0000-000000000000" "released" by "nova.context.set_target_cell..get_or_set_cached_cell_and_set_connections" :: held 0.001s {{(pid=86457) inner /opt/stack/data/venv/lib/python3.12/site-packages/oslo_concurrency/lockutils.py:543}}
May 20 12:27:24.404470 np0000001061 devstack@n-api.service[86457]: DEBUG oslo_concurrency.lockutils [None req-af3b28c3-9f61-416f-a6d9-c5237df8d71a tempest-VolumesAdminNegativeTest-605967980 tempest-VolumesAdminNegativeTest-605967980-project-member] Acquiring lock "6ecff64c-a37b-43d5-a625-f93e6a8093b2" by "nova.context.set_target_cell..get_or_set_cached_cell_and_set_connections" {{(pid=86457) inner /opt/stack/data/venv/lib/python3.12/site-packages/oslo_concurrency/lockutils.py:511}}
May 20 12:27:24.404470 np0000001061 devstack@n-api.service[86457]: DEBUG oslo_concurrency.lockutils [None req-af3b28c3-9f61-416f-a6d9-c5237df8d71a tempest-VolumesAdminNegativeTest-605967980 tempest-VolumesAdminNegativeTest-605967980-project-member] Lock "6ecff64c-a37b-43d5-a625-f93e6a8093b2" acquired by "nova.context.set_target_cell..get_or_set_cached_cell_and_set_connections" :: waited 0.000s {{(pid=86457) inner /opt/stack/data/venv/lib/python3.12/site-packages/oslo_concurrency/lockutils.py:524}}
