May 20 12:23:51.661438 np0000001061 nova-scheduler[95515]: DEBUG cotyledon.oslo_config_glue [-] oslo_messaging_notifications.topics = ['notifications'] {{(pid=95515) log_opt_values /opt/stack/data/venv/lib/python3.12/site-packages/oslo_config/cfg.py:3256}}
May 20 12:23:51.661512 np0000001061 nova-scheduler[95515]: DEBUG cotyledon.oslo_config_glue [-] oslo_messaging_notifications.transport_url = **** {{(pid=95515) log_opt_values /opt/stack/data/venv/lib/python3.12/site-packages/oslo_config/cfg.py:3256}}
May 20 12:23:51.661614 np0000001061 nova-scheduler[95515]: DEBUG cotyledon.oslo_config_glue [-] oslo_limit.auth_section = None {{(pid=95515) log_opt_values /opt/stack/data/venv/lib/python3.12/site-packages/oslo_config/cfg.py:3256}}
May 20 12:23:51.661670 np0000001061 nova-scheduler[95515]: DEBUG cotyledon.oslo_config_glue [-] oslo_limit.auth_type = None {{(pid=95515) log_opt_values /opt/stack/data/venv/lib/python3.12/site-packages/oslo_config/cfg.py:3256}}
May 20 12:23:51.661724 np0000001061 nova-scheduler[95515]: DEBUG cotyledon.oslo_config_glue [-] oslo_limit.cafile = None {{(pid=95515) log_opt_values /opt/stack/data/venv/lib/python3.12/site-packages/oslo_config/cfg.py:3256}}
May 20 12:23:51.661778 np0000001061 nova-scheduler[95515]: DEBUG cotyledon.oslo_config_glue [-] oslo_limit.certfile = None {{(pid=95515) log_opt_values /opt/stack/data/venv/lib/python3.12/site-packages/oslo_config/cfg.py:3256}}
May 20 12:23:51.661830 np0000001061 nova-scheduler[95515]: DEBUG cotyledon.oslo_config_glue [-] oslo_limit.collect_timing = False {{(pid=95515) log_opt_values /opt/stack/data/venv/lib/python3.12/site-packages/oslo_config/cfg.py:3256}}
May 20 12:23:51.661884 np0000001061 nova-scheduler[95515]: DEBUG cotyledon.oslo_config_glue [-] oslo_limit.connect_retries = None {{(pid=95515) log_opt_values /opt/stack/data/venv/lib/python3.12/site-packages/oslo_config/cfg.py:3256}}
May 20 12:23:51.661968 np0000001061 nova-scheduler[95515]: DEBUG cotyledon.oslo_config_glue [-] oslo_limit.connect_retry_delay = None {{(pid=95515) log_opt_values /opt/stack/data/venv/lib/python3.12/site-packages/oslo_config/cfg.py:3256}}
May 20 12:23:51.662022 np0000001061 nova-scheduler[95515]: DEBUG cotyledon.oslo_config_glue [-] oslo_limit.endpoint_id = None {{(pid=95515) log_opt_values /opt/stack/data/venv/lib/python3.12/site-packages/oslo_config/cfg.py:3256}}
May 20 12:23:51.662114 np0000001061 nova-scheduler[95515]: DEBUG cotyledon.oslo_config_glue [-] oslo_limit.endpoint_interface = public {{(pid=95515) log_opt_values /opt/stack/data/venv/lib/python3.12/site-packages/oslo_config/cfg.py:3256}}
May 20 12:23:51.662174 np0000001061 nova-scheduler[95515]: DEBUG cotyledon.oslo_config_glue [-] oslo_limit.endpoint_override = None {{(pid=95515) log_opt_values /opt/stack/data/venv/lib/python3.12/site-packages/oslo_config/cfg.py:3256}}
May 20 12:23:51.662235 np0000001061 nova-scheduler[95515]: DEBUG cotyledon.oslo_config_glue [-] oslo_limit.endpoint_region_name = None {{(pid=95515) log_opt_values /opt/stack/data/venv/lib/python3.12/site-packages/oslo_config/cfg.py:3256}}
May 20 12:23:51.662330 np0000001061 nova-scheduler[95515]: DEBUG cotyledon.oslo_config_glue [-] oslo_limit.endpoint_service_name = None {{(pid=95515) log_opt_values /opt/stack/data/venv/lib/python3.12/site-packages/oslo_config/cfg.py:3256}}
May 20 12:23:51.662400 np0000001061 nova-scheduler[95515]: DEBUG cotyledon.oslo_config_glue [-] oslo_limit.endpoint_service_type = None {{(pid=95515) log_opt_values /opt/stack/data/venv/lib/python3.12/site-packages/oslo_config/cfg.py:3256}}
May 20 12:23:51.662461 np0000001061 nova-scheduler[95515]: DEBUG cotyledon.oslo_config_glue [-] oslo_limit.insecure = False {{(pid=95515) log_opt_values /opt/stack/data/venv/lib/python3.12/site-packages/oslo_config/cfg.py:3256}}
May 20 12:23:51.662532 np0000001061 nova-scheduler[95515]: DEBUG cotyledon.oslo_config_glue [-] oslo_limit.keyfile = None {{(pid=95515) log_opt_values /opt/stack/data/venv/lib/python3.12/site-packages/oslo_config/cfg.py:3256}}
May 20 12:23:51.662590 np0000001061 nova-scheduler[95515]: DEBUG cotyledon.oslo_config_glue [-] oslo_limit.max_version = None {{(pid=95515) log_opt_values /opt/stack/data/venv/lib/python3.12/site-packages/oslo_config/cfg.py:3256}}
May 20 12:23:51.662679 np0000001061 nova-scheduler[95515]: DEBUG cotyledon.oslo_config_glue [-] oslo_limit.min_version = None {{(pid=95515) log_opt_values /opt/stack/data/venv/lib/python3.12/site-packages/oslo_config/cfg.py:3256}}
May 20 12:23:51.662721 np0000001061 nova-scheduler[95515]: DEBUG cotyledon.oslo_config_glue [-] oslo_limit.region_name = None {{(pid=95515) log_opt_values /opt/stack/data/venv/lib/python3.12/site-packages/oslo_config/cfg.py:3256}}
May 20 12:23:51.662772 np0000001061 nova-scheduler[95515]: DEBUG cotyledon.oslo_config_glue [-] oslo_limit.retriable_status_codes = None {{(pid=95515) log_opt_values /opt/stack/data/venv/lib/python3.12/site-packages/oslo_config/cfg.py:3256}}
May 20 12:23:51.662839 np0000001061 nova-scheduler[95515]: DEBUG cotyledon.oslo_config_glue [-] oslo_limit.service_name = None {{(pid=95515) log_opt_values /opt/stack/data/venv/lib/python3.12/site-packages/oslo_config/cfg.py:3256}}
May 20 12:23:51.662887 np0000001061 nova-scheduler[95515]: DEBUG cotyledon.oslo_config_glue [-] oslo_limit.service_type = None {{(pid=95515) log_opt_values /opt/stack/data/venv/lib/python3.12/site-packages/oslo_config/cfg.py:3256}}
May 20 12:23:51.662954 np0000001061 nova-scheduler[95515]: DEBUG cotyledon.oslo_config_glue [-] oslo_limit.split_loggers = False {{(pid=95515) log_opt_values /opt/stack/data/venv/lib/python3.12/site-packages/oslo_config/cfg.py:3256}}
May 20 12:23:51.663027 np0000001061 nova-scheduler[95515]: DEBUG cotyledon.oslo_config_glue [-] oslo_limit.status_code_retries = None {{(pid=95515) log_opt_values /opt/stack/data/venv/lib/python3.12/site-packages/oslo_config/cfg.py:3256}}
May 20 12:23:51.663062 np0000001061 nova-scheduler[95515]: DEBUG cotyledon.oslo_config_glue [-] oslo_limit.status_code_retry_delay = None {{(pid=95515) log_opt_values /opt/stack/data/venv/lib/python3.12/site-packages/oslo_config/cfg.py:3256}}
May 20 12:23:51.663166 np0000001061 nova-scheduler[95515]: DEBUG cotyledon.oslo_config_glue [-] oslo_limit.timeout = None {{(pid=95515) log_opt_values /opt/stack/data/venv/lib/python3.12/site-packages/oslo_config/cfg.py:3256}}
May 20 12:23:51.663223 np0000001061 nova-scheduler[95515]: DEBUG cotyledon.oslo_config_glue [-] oslo_limit.valid_interfaces = None {{(pid=95515) log_opt_values /opt/stack/data/venv/lib/python3.12/site-packages/oslo_config/cfg.py:3256}}
May 20 12:23:51.663281 np0000001061 nova-scheduler[95515]: DEBUG cotyledon.oslo_config_glue [-] oslo_limit.version = None {{(pid=95515) log_opt_values /opt/stack/data/venv/lib/python3.12/site-packages/oslo_config/cfg.py:3256}}
May 20 12:23:51.663391 np0000001061 nova-scheduler[95515]: DEBUG cotyledon.oslo_config_glue [-] oslo_reports.file_event_handler = None {{(pid=95515) log_opt_values /opt/stack/data/venv/lib/python3.12/site-packages/oslo_config/cfg.py:3256}}
May 20 12:23:51.663456 np0000001061 nova-scheduler[95515]: DEBUG cotyledon.oslo_config_glue [-] oslo_reports.file_event_handler_interval = 1 {{(pid=95515) log_opt_values /opt/stack/data/venv/lib/python3.12/site-packages/oslo_config/cfg.py:3256}}
May 20 12:23:51.663526 np0000001061 nova-scheduler[95515]: DEBUG cotyledon.oslo_config_glue [-] oslo_reports.log_dir = None {{(pid=95515) log_opt_values /opt/stack/data/venv/lib/python3.12/site-packages/oslo_config/cfg.py:3256}}
May 20 12:23:51.663592 np0000001061 nova-scheduler[95515]: DEBUG cotyledon.oslo_config_glue [-] ******************************************************************************** {{(pid=95515) log_opt_values /opt/stack/data/venv/lib/python3.12/site-packages/oslo_config/cfg.py:3263}}
May 20 12:23:51.663787 np0000001061 nova-scheduler[95515]: DEBUG cotyledon._service_worker [-] Run service ServiceWrapper(2) [95515] {{(pid=95515) wait_forever /opt/stack/data/venv/lib/python3.12/site-packages/cotyledon/_service_worker.py:218}}
May 20 12:23:51.665629 np0000001061 nova-scheduler[95515]: INFO nova.service [-] Starting scheduler node (version 33.1.0)
May 20 12:23:51.668889 np0000001061 nova-scheduler[95511]: DEBUG nova.service [None req-3dbb8b89-9741-4d9f-bacf-f264a31d1913 None None] Creating RPC server for service: nova-scheduler on topic: scheduler {{(pid=95511) start /opt/stack/nova/nova/service.py:195}}
May 20 12:23:51.669064 np0000001061 nova-scheduler[95515]: INFO dbcounter [None req-06443ab6-a132-4fbd-b7ed-5f08f853a00a None None] Registered counter for database nova_cell0
May 20 12:23:51.674762 np0000001061 nova-scheduler[95513]: DEBUG nova.service [None req-8219f207-0756-489b-bcf8-ab4f40780ea1 None None] Join ServiceGroup membership for this service scheduler {{(pid=95513) start /opt/stack/nova/nova/service.py:221}}
May 20 12:23:51.675053 np0000001061 nova-scheduler[95513]: DEBUG nova.servicegroup.drivers.db [None req-8219f207-0756-489b-bcf8-ab4f40780ea1 None None] DB_Driver: join new ServiceGroup member np0000001061 to the scheduler group, service = {{(pid=95513) join /opt/stack/nova/nova/servicegroup/drivers/db.py:44}}
May 20 12:23:51.676100 np0000001061 nova-scheduler[95515]: DEBUG oslo_db.sqlalchemy.engines [None req-06443ab6-a132-4fbd-b7ed-5f08f853a00a None None] MySQL server mode set to STRICT_TRANS_TABLES,STRICT_ALL_TABLES,NO_ZERO_IN_DATE,NO_ZERO_DATE,ERROR_FOR_DIVISION_BY_ZERO,TRADITIONAL,NO_ENGINE_SUBSTITUTION {{(pid=95515) _check_effective_sql_mode /opt/stack/data/venv/lib/python3.12/site-packages/oslo_db/sqlalchemy/engines.py:325}}
May 20 12:23:51.686148 np0000001061 nova-scheduler[95515]: DEBUG dbcounter [-] [95515] Writer thread running {{(pid=95515) stat_writer /opt/stack/data/venv/lib/python3.12/site-packages/dbcounter.py:102}}
May 20 12:23:51.689100 np0000001061 nova-scheduler[95515]: DEBUG nova.service [None req-06443ab6-a132-4fbd-b7ed-5f08f853a00a None None] Creating RPC server for service: nova-scheduler on topic: scheduler {{(pid=95515) start /opt/stack/nova/nova/service.py:195}}
May 20 12:23:51.691614 np0000001061 nova-scheduler[95511]: DEBUG nova.service [None req-3dbb8b89-9741-4d9f-bacf-f264a31d1913 None None] Join ServiceGroup membership for this service scheduler {{(pid=95511) start /opt/stack/nova/nova/service.py:221}}
May 20 12:23:51.692412 np0000001061 nova-scheduler[95511]: DEBUG nova.servicegroup.drivers.db [None req-3dbb8b89-9741-4d9f-bacf-f264a31d1913 None None] DB_Driver: join new ServiceGroup member np0000001061 to the scheduler group, service = {{(pid=95511) join /opt/stack/nova/nova/servicegroup/drivers/db.py:44}}
May 20 12:23:51.707262 np0000001061 nova-scheduler[95515]: DEBUG nova.service [None req-06443ab6-a132-4fbd-b7ed-5f08f853a00a None None] Join ServiceGroup membership for this service scheduler {{(pid=95515) start /opt/stack/nova/nova/service.py:221}}
May 20 12:23:51.707413 np0000001061 nova-scheduler[95515]: DEBUG nova.servicegroup.drivers.db [None req-06443ab6-a132-4fbd-b7ed-5f08f853a00a None None] DB_Driver: join new ServiceGroup member np0000001061 to the scheduler group, service = {{(pid=95515) join /opt/stack/nova/nova/servicegroup/drivers/db.py:44}}
May 20 12:23:56.689272 np0000001061 nova-scheduler[95513]: DEBUG oslo.service.backend._threading.loopingcall [-] Fixed interval looping call 'nova.servicegroup.drivers.db.DbDriver._report_state' sleeping for 119.99 seconds {{(pid=95513) _run_loop /opt/stack/data/venv/lib/python3.12/site-packages/oslo_service/backend/_threading/loopingcall.py:125}}
May 20 12:23:56.698412 np0000001061 nova-scheduler[95511]: DEBUG oslo.service.backend._threading.loopingcall [-] Fixed interval looping call 'nova.servicegroup.drivers.db.DbDriver._report_state' sleeping for 120.00 seconds {{(pid=95511) _run_loop /opt/stack/data/venv/lib/python3.12/site-packages/oslo_service/backend/_threading/loopingcall.py:125}}
May 20 12:23:56.717293 np0000001061 nova-scheduler[95515]: DEBUG oslo.service.backend._threading.loopingcall [-] Fixed interval looping call 'nova.servicegroup.drivers.db.DbDriver._report_state' sleeping for 119.99 seconds {{(pid=95515) _run_loop /opt/stack/data/venv/lib/python3.12/site-packages/oslo_service/backend/_threading/loopingcall.py:125}}
May 20 12:23:57.677153 np0000001061 nova-scheduler[95513]: DEBUG oslo.service.backend._threading.loopingcall [None req-e3516b94-0e0d-49b4-a58d-436e1928b74c None None] Dynamic interval looping call 'nova.service.Service.periodic_tasks' sleeping for 60.00 seconds {{(pid=95513) _run_loop /opt/stack/data/venv/lib/python3.12/site-packages/oslo_service/backend/_threading/loopingcall.py:125}}
May 20 12:24:00.241807 np0000001061 nova-scheduler[94237]: DEBUG dbcounter [-] [94237] Writing DB stats nova_api:SELECT=3 {{(pid=94237) stat_writer /opt/stack/data/venv/lib/python3.12/site-packages/dbcounter.py:115}}
May 20 12:24:00.371526 np0000001061 nova-scheduler[94237]: DEBUG dbcounter [-] [94237] Writing DB stats nova_cell0:SELECT=1 {{(pid=94237) stat_writer /opt/stack/data/venv/lib/python3.12/site-packages/dbcounter.py:115}}
May 20 12:24:00.375239 np0000001061 nova-scheduler[94237]: DEBUG dbcounter [-] [94237] Writing DB stats nova_cell1:SELECT=1 {{(pid=94237) stat_writer /opt/stack/data/venv/lib/python3.12/site-packages/dbcounter.py:115}}
May 20 12:24:06.683416 np0000001061 nova-scheduler[95513]: DEBUG dbcounter [-] [95513] Writing DB stats nova_cell0:SELECT=4,nova_cell0:INSERT=1,nova_cell0:UPDATE=1 {{(pid=95513) stat_writer /opt/stack/data/venv/lib/python3.12/site-packages/dbcounter.py:115}}
May 20 12:24:06.696749 np0000001061 nova-scheduler[95511]: DEBUG dbcounter [-] [95511] Writing DB stats nova_cell0:SELECT=4,nova_cell0:INSERT=1 {{(pid=95511) stat_writer /opt/stack/data/venv/lib/python3.12/site-packages/dbcounter.py:115}}
May 20 12:24:06.714828 np0000001061 nova-scheduler[95515]: DEBUG dbcounter [-] [95515] Writing DB stats nova_cell0:SELECT=3 {{(pid=95515) stat_writer /opt/stack/data/venv/lib/python3.12/site-packages/dbcounter.py:115}}
May 20 12:24:11.710022 np0000001061 nova-scheduler[95515]: DEBUG oslo.service.backend._threading.loopingcall [None req-8ecb174e-5f30-495a-b78b-d190dd775069 None None] Dynamic interval looping call 'nova.service.Service.periodic_tasks' sleeping for 60.00 seconds {{(pid=95515) _run_loop /opt/stack/data/venv/lib/python3.12/site-packages/oslo_service/backend/_threading/loopingcall.py:125}}
May 20 12:24:29.694870 np0000001061 nova-scheduler[95511]: DEBUG oslo.service.backend._threading.loopingcall [None req-821a9315-a518-414d-8bcd-b5021ac7bd1a None None] Dynamic interval looping call 'nova.service.Service.periodic_tasks' sleeping for 60.00 seconds {{(pid=95511) _run_loop /opt/stack/data/venv/lib/python3.12/site-packages/oslo_service/backend/_threading/loopingcall.py:125}}
May 20 12:24:57.677699 np0000001061 nova-scheduler[95513]: DEBUG oslo.service.backend._threading.loopingcall [None req-e3516b94-0e0d-49b4-a58d-436e1928b74c None None] Dynamic interval looping call 'nova.service.Service.periodic_tasks' sleeping for 60.00 seconds {{(pid=95513) _run_loop /opt/stack/data/venv/lib/python3.12/site-packages/oslo_service/backend/_threading/loopingcall.py:125}}
May 20 12:25:11.710498 np0000001061 nova-scheduler[95515]: DEBUG oslo.service.backend._threading.loopingcall [None req-8ecb174e-5f30-495a-b78b-d190dd775069 None None] Dynamic interval looping call 'nova.service.Service.periodic_tasks' sleeping for 60.00 seconds {{(pid=95515) _run_loop /opt/stack/data/venv/lib/python3.12/site-packages/oslo_service/backend/_threading/loopingcall.py:125}}
May 20 12:25:29.695448 np0000001061 nova-scheduler[95511]: DEBUG oslo.service.backend._threading.loopingcall [None req-821a9315-a518-414d-8bcd-b5021ac7bd1a None None] Dynamic interval looping call 'nova.service.Service.periodic_tasks' sleeping for 60.00 seconds {{(pid=95511) _run_loop /opt/stack/data/venv/lib/python3.12/site-packages/oslo_service/backend/_threading/loopingcall.py:125}}
May 20 12:25:56.688871 np0000001061 nova-scheduler[95513]: DEBUG oslo.service.backend._threading.loopingcall [-] Fixed interval looping call 'nova.servicegroup.drivers.db.DbDriver._report_state' sleeping for 119.99 seconds {{(pid=95513) _run_loop /opt/stack/data/venv/lib/python3.12/site-packages/oslo_service/backend/_threading/loopingcall.py:125}}
May 20 12:25:56.702126 np0000001061 nova-scheduler[95511]: DEBUG oslo.service.backend._threading.loopingcall [-] Fixed interval looping call 'nova.servicegroup.drivers.db.DbDriver._report_state' sleeping for 120.00 seconds {{(pid=95511) _run_loop /opt/stack/data/venv/lib/python3.12/site-packages/oslo_service/backend/_threading/loopingcall.py:125}}
May 20 12:25:56.712378 np0000001061 nova-scheduler[95515]: DEBUG oslo.service.backend._threading.loopingcall [-] Fixed interval looping call 'nova.servicegroup.drivers.db.DbDriver._report_state' sleeping for 120.00 seconds {{(pid=95515) _run_loop /opt/stack/data/venv/lib/python3.12/site-packages/oslo_service/backend/_threading/loopingcall.py:125}}
May 20 12:25:57.678159 np0000001061 nova-scheduler[95513]: DEBUG oslo.service.backend._threading.loopingcall [None req-e3516b94-0e0d-49b4-a58d-436e1928b74c None None] Dynamic interval looping call 'nova.service.Service.periodic_tasks' sleeping for 60.00 seconds {{(pid=95513) _run_loop /opt/stack/data/venv/lib/python3.12/site-packages/oslo_service/backend/_threading/loopingcall.py:125}}
May 20 12:26:06.683535 np0000001061 nova-scheduler[95513]: DEBUG dbcounter [-] [95513] Writing DB stats nova_cell0:SELECT=1,nova_cell0:UPDATE=1 {{(pid=95513) stat_writer /opt/stack/data/venv/lib/python3.12/site-packages/dbcounter.py:115}}
May 20 12:26:06.700677 np0000001061 nova-scheduler[95511]: DEBUG dbcounter [-] [95511] Writing DB stats nova_cell0:SELECT=1 {{(pid=95511) stat_writer /opt/stack/data/venv/lib/python3.12/site-packages/dbcounter.py:115}}
May 20 12:26:06.710353 np0000001061 nova-scheduler[95515]: DEBUG dbcounter [-] [95515] Writing DB stats nova_cell0:SELECT=1 {{(pid=95515) stat_writer /opt/stack/data/venv/lib/python3.12/site-packages/dbcounter.py:115}}
May 20 12:26:11.711024 np0000001061 nova-scheduler[95515]: DEBUG oslo.service.backend._threading.loopingcall [None req-8ecb174e-5f30-495a-b78b-d190dd775069 None None] Dynamic interval looping call 'nova.service.Service.periodic_tasks' sleeping for 60.00 seconds {{(pid=95515) _run_loop /opt/stack/data/venv/lib/python3.12/site-packages/oslo_service/backend/_threading/loopingcall.py:125}}
May 20 12:26:29.695930 np0000001061 nova-scheduler[95511]: DEBUG oslo.service.backend._threading.loopingcall [None req-821a9315-a518-414d-8bcd-b5021ac7bd1a None None] Dynamic interval looping call 'nova.service.Service.periodic_tasks' sleeping for 60.00 seconds {{(pid=95511) _run_loop /opt/stack/data/venv/lib/python3.12/site-packages/oslo_service/backend/_threading/loopingcall.py:125}}
May 20 12:26:57.681742 np0000001061 nova-scheduler[95513]: DEBUG oslo.service.backend._threading.loopingcall [None req-e3516b94-0e0d-49b4-a58d-436e1928b74c None None] Dynamic interval looping call 'nova.service.Service.periodic_tasks' sleeping for 60.00 seconds {{(pid=95513) _run_loop /opt/stack/data/venv/lib/python3.12/site-packages/oslo_service/backend/_threading/loopingcall.py:125}}
May 20 12:27:07.662860 np0000001061 nova-scheduler[95513]: DEBUG nova.scheduler.manager [None req-396db9da-f221-4a46-83f9-b6d2fa6e8ae7 tempest-DeleteServersTestJSON-74484322 tempest-DeleteServersTestJSON-74484322-project-member] Starting to schedule for instances: ['73780e13-b68d-401e-8b61-b4a262154a5f'] {{(pid=95513) select_destinations /opt/stack/nova/nova/scheduler/manager.py:210}}
May 20 12:27:07.663732 np0000001061 nova-scheduler[95513]: DEBUG nova.scheduler.request_filter [None req-396db9da-f221-4a46-83f9-b6d2fa6e8ae7 tempest-DeleteServersTestJSON-74484322 tempest-DeleteServersTestJSON-74484322-project-member] compute_status_filter request filter added forbidden trait COMPUTE_STATUS_DISABLED {{(pid=95513) compute_status_filter /opt/stack/nova/nova/scheduler/request_filter.py:253}}
May 20 12:27:07.663916 np0000001061 nova-scheduler[95513]: DEBUG nova.scheduler.request_filter [None req-396db9da-f221-4a46-83f9-b6d2fa6e8ae7 tempest-DeleteServersTestJSON-74484322 tempest-DeleteServersTestJSON-74484322-project-member] Request filter 'compute_status_filter' took 0.0 seconds {{(pid=95513) wrapper /opt/stack/nova/nova/scheduler/request_filter.py:46}}
May 20 12:27:07.664220 np0000001061 nova-scheduler[95513]: DEBUG nova.scheduler.request_filter [None req-396db9da-f221-4a46-83f9-b6d2fa6e8ae7 tempest-DeleteServersTestJSON-74484322 tempest-DeleteServersTestJSON-74484322-project-member] Request filter 'accelerators_filter' took 0.0 seconds {{(pid=95513) wrapper /opt/stack/nova/nova/scheduler/request_filter.py:46}}
May 20 12:27:07.664392 np0000001061 nova-scheduler[95513]: DEBUG nova.scheduler.request_filter [None req-396db9da-f221-4a46-83f9-b6d2fa6e8ae7 tempest-DeleteServersTestJSON-74484322 tempest-DeleteServersTestJSON-74484322-project-member] Request filter 'packed_virtqueue_filter' took 0.0 seconds {{(pid=95513) wrapper /opt/stack/nova/nova/scheduler/request_filter.py:46}}
May 20 12:27:07.664723 np0000001061 nova-scheduler[95513]: DEBUG nova.scheduler.request_filter [None req-396db9da-f221-4a46-83f9-b6d2fa6e8ae7 tempest-DeleteServersTestJSON-74484322 tempest-DeleteServersTestJSON-74484322-project-member] Request filter 'remote_managed_ports_filter' took 0.0 seconds {{(pid=95513) wrapper /opt/stack/nova/nova/scheduler/request_filter.py:46}}
May 20 12:27:07.664912 np0000001061 nova-scheduler[95513]: DEBUG nova.scheduler.request_filter [None req-396db9da-f221-4a46-83f9-b6d2fa6e8ae7 tempest-DeleteServersTestJSON-74484322 tempest-DeleteServersTestJSON-74484322-project-member] ephemeral_encryption_filter skipped {{(pid=95513) ephemeral_encryption_filter /opt/stack/nova/nova/scheduler/request_filter.py:426}}
May 20 12:27:07.665177 np0000001061 nova-scheduler[95513]: DEBUG nova.scheduler.request_filter [None req-396db9da-f221-4a46-83f9-b6d2fa6e8ae7 tempest-DeleteServersTestJSON-74484322 tempest-DeleteServersTestJSON-74484322-project-member] virtio_sound_filter skipped {{(pid=95513) virtio_sound_filter /opt/stack/nova/nova/scheduler/request_filter.py:460}}
May 20 12:27:07.665249 np0000001061 nova-scheduler[95513]: DEBUG nova.scheduler.request_filter [None req-396db9da-f221-4a46-83f9-b6d2fa6e8ae7 tempest-DeleteServersTestJSON-74484322 tempest-DeleteServersTestJSON-74484322-project-member] tpm_secret_security_filter skipped {{(pid=95513) tpm_secret_security_filter /opt/stack/nova/nova/scheduler/request_filter.py:477}}
May 20 12:27:08.355734 np0000001061 nova-scheduler[95513]: INFO nova.utils [None req-396db9da-f221-4a46-83f9-b6d2fa6e8ae7 tempest-DeleteServersTestJSON-74484322 tempest-DeleteServersTestJSON-74484322-project-member] The cell worker thread pool ForkProcess-2.cell_worker is initialized
May 20 12:27:08.356153 np0000001061 nova-scheduler[95513]: DEBUG oslo_concurrency.lockutils [None req-396db9da-f221-4a46-83f9-b6d2fa6e8ae7 tempest-DeleteServersTestJSON-74484322 tempest-DeleteServersTestJSON-74484322-project-member] Acquiring lock "6ecff64c-a37b-43d5-a625-f93e6a8093b2" by "nova.context.set_target_cell..get_or_set_cached_cell_and_set_connections" {{(pid=95513) inner /opt/stack/data/venv/lib/python3.12/site-packages/oslo_concurrency/lockutils.py:511}}
May 20 12:27:08.356424 np0000001061 nova-scheduler[95513]: DEBUG oslo_concurrency.lockutils [None req-396db9da-f221-4a46-83f9-b6d2fa6e8ae7 tempest-DeleteServersTestJSON-74484322 tempest-DeleteServersTestJSON-74484322-project-member] Lock "6ecff64c-a37b-43d5-a625-f93e6a8093b2" acquired by "nova.context.set_target_cell..get_or_set_cached_cell_and_set_connections" :: waited 0.000s {{(pid=95513) inner /opt/stack/data/venv/lib/python3.12/site-packages/oslo_concurrency/lockutils.py:524}}
May 20 12:27:08.358428 np0000001061 nova-scheduler[95513]: DEBUG oslo_concurrency.lockutils [None req-396db9da-f221-4a46-83f9-b6d2fa6e8ae7 tempest-DeleteServersTestJSON-74484322 tempest-DeleteServersTestJSON-74484322-project-member] Lock "6ecff64c-a37b-43d5-a625-f93e6a8093b2" "released" by "nova.context.set_target_cell..get_or_set_cached_cell_and_set_connections" :: held 0.002s {{(pid=95513) inner /opt/stack/data/venv/lib/python3.12/site-packages/oslo_concurrency/lockutils.py:543}}
May 20 12:27:08.361027 np0000001061 nova-scheduler[95513]: INFO dbcounter [None req-396db9da-f221-4a46-83f9-b6d2fa6e8ae7 tempest-DeleteServersTestJSON-74484322 tempest-DeleteServersTestJSON-74484322-project-member] Registered counter for database nova_cell1
May 20 12:27:08.369025 np0000001061 nova-scheduler[95513]: DEBUG oslo_db.sqlalchemy.engines [None req-396db9da-f221-4a46-83f9-b6d2fa6e8ae7 tempest-DeleteServersTestJSON-74484322 tempest-DeleteServersTestJSON-74484322-project-member] MySQL server mode set to STRICT_TRANS_TABLES,STRICT_ALL_TABLES,NO_ZERO_IN_DATE,NO_ZERO_DATE,ERROR_FOR_DIVISION_BY_ZERO,TRADITIONAL,NO_ENGINE_SUBSTITUTION {{(pid=95513) _check_effective_sql_mode /opt/stack/data/venv/lib/python3.12/site-packages/oslo_db/sqlalchemy/engines.py:325}}
May 20 12:27:08.376981 np0000001061 nova-scheduler[95513]: DEBUG dbcounter [-] [95513] Writer thread running {{(pid=95513) stat_writer /opt/stack/data/venv/lib/python3.12/site-packages/dbcounter.py:102}}
May 20 12:27:08.393553 np0000001061 nova-scheduler[95513]: DEBUG oslo_db.sqlalchemy.engines [None req-396db9da-f221-4a46-83f9-b6d2fa6e8ae7 tempest-DeleteServersTestJSON-74484322 tempest-DeleteServersTestJSON-74484322-project-member] Parent process 94237 forked (95513) with an open database connection, which is being discarded and recreated. {{(pid=95513) checkout /opt/stack/data/venv/lib/python3.12/site-packages/oslo_db/sqlalchemy/engines.py:402}}
May 20 12:27:08.405556 np0000001061 nova-scheduler[95513]: DEBUG dbcounter [-] [95513] Writer thread running {{(pid=95513) stat_writer /opt/stack/data/venv/lib/python3.12/site-packages/dbcounter.py:102}}
May 20 12:27:08.408658 np0000001061 nova-scheduler[95513]: DEBUG oslo_concurrency.lockutils [None req-396db9da-f221-4a46-83f9-b6d2fa6e8ae7 tempest-DeleteServersTestJSON-74484322 tempest-DeleteServersTestJSON-74484322-project-member] Acquiring lock "6ecff64c-a37b-43d5-a625-f93e6a8093b2" by "nova.context.set_target_cell..get_or_set_cached_cell_and_set_connections" {{(pid=95513) inner /opt/stack/data/venv/lib/python3.12/site-packages/oslo_concurrency/lockutils.py:511}}
May 20 12:27:08.408658 np0000001061 nova-scheduler[95513]: DEBUG oslo_concurrency.lockutils [None req-396db9da-f221-4a46-83f9-b6d2fa6e8ae7 tempest-DeleteServersTestJSON-74484322 tempest-DeleteServersTestJSON-74484322-project-member] Lock "6ecff64c-a37b-43d5-a625-f93e6a8093b2" acquired by "nova.context.set_target_cell..get_or_set_cached_cell_and_set_connections" :: waited 0.000s {{(pid=95513) inner /opt/stack/data/venv/lib/python3.12/site-packages/oslo_concurrency/lockutils.py:524}}
May 20 12:27:08.408825 np0000001061 nova-scheduler[95513]: DEBUG oslo_concurrency.lockutils [None req-396db9da-f221-4a46-83f9-b6d2fa6e8ae7 tempest-DeleteServersTestJSON-74484322 tempest-DeleteServersTestJSON-74484322-project-member] Lock "6ecff64c-a37b-43d5-a625-f93e6a8093b2" "released" by "nova.context.set_target_cell..get_or_set_cached_cell_and_set_connections" :: held 0.000s {{(pid=95513) inner /opt/stack/data/venv/lib/python3.12/site-packages/oslo_concurrency/lockutils.py:543}}
May 20 12:27:08.418018 np0000001061 nova-scheduler[95513]: DEBUG oslo_concurrency.lockutils [None req-396db9da-f221-4a46-83f9-b6d2fa6e8ae7 tempest-DeleteServersTestJSON-74484322 tempest-DeleteServersTestJSON-74484322-project-member] Acquiring lock "('np0000001061', 'np0000001061')" by "nova.scheduler.host_manager.HostState.update.._locked_update" {{(pid=95513) inner /opt/stack/data/venv/lib/python3.12/site-packages/oslo_concurrency/lockutils.py:511}}
May 20 12:27:08.418331 np0000001061 nova-scheduler[95513]: DEBUG oslo_concurrency.lockutils [None req-396db9da-f221-4a46-83f9-b6d2fa6e8ae7 tempest-DeleteServersTestJSON-74484322 tempest-DeleteServersTestJSON-74484322-project-member] Lock "('np0000001061', 'np0000001061')" acquired by "nova.scheduler.host_manager.HostState.update.._locked_update" :: waited 0.001s {{(pid=95513) inner /opt/stack/data/venv/lib/python3.12/site-packages/oslo_concurrency/lockutils.py:524}}
May 20 12:27:08.419400 np0000001061 nova-scheduler[95513]: DEBUG nova.scheduler.host_manager [None req-396db9da-f221-4a46-83f9-b6d2fa6e8ae7 tempest-DeleteServersTestJSON-74484322 tempest-DeleteServersTestJSON-74484322-project-member] Update host state from compute node: ComputeNode(cpu_allocation_ratio=4.0,cpu_info='{"arch": "x86_64", "model": "EPYC-Milan", "vendor": "AMD", "topology": {"cells": 1, "sockets": 12, "cores": 1, "threads": 1}, "maxphysaddr": {"mode": "emulate", "bits": 40}, "features": ["no-nested-data-bp", "tsc-scale", "vme", "pat", "lm", "sse4a", "pfthreshold", "pcid", "sse", "pge", "rdseed", "clflush", "amd-psfd", "vmcb-clean", "pschange-mc-no", "3dnowprefetch", "sep", "mds-no", "xsavec", "lfence-always-serializing", "xsaves", "ibrs", "tsc-deadline", "lbrv", "xgetbv1", "rdrand", "msr", "v-vmsave-vmload", "sha-ni", "fxsr", "osvw", "null-sel-clr-base", "smep", "apic", "mca", "xsaveerptr", "mmx", "fpu", "ibpb", "fsgsbase", "fsrm", "pause-filter", "clflushopt", "x2apic", "rdtscp", "pdpe1gb", "syscall", "sse4.2", "bmi2", "aes", "f16c", "wbnoinvd", "hypervisor", "cx16", "adx", "abm", "rdpid", "pni", "movbe", "amd-ssbd", "cmp_legacy", "xsave", "clzero", "smap", "xsaveopt", "cr8legacy", "pclmuldq", "cmov", "avx", "pae", "rdctl-no", "stibp-always-on", "arat", "ssse3", "vpclmulqdq", "gds-no", "de", "invpcid", "topoext", "popcnt", "amd-stibp", "pku", "skip-l1dfl-vmentry", "nrip-save", "ssbd", "mce", "svme-addr-chk", "avx2", "mtrr", "fxsr_opt", "arch-capabilities", "fma", "misalignsse", "stibp", "perfctr_core", "erms", "clwb", "npt", "flushbyasid", "tsc_adjust", "mmxext", "bmi1", "pse36", "lahf_lm", "sse4.1", "cx8", "vgif", "tsc", "sse2", "svm", "pse", "nx", "spec-ctrl", "vaes", "umip", "virt-ssbd"]}',created_at=2026-05-20T12:24:18Z,current_workload=0,deleted=False,deleted_at=None,disk_allocation_ratio=1.0,disk_available_least=74,free_disk_gb=95,free_ram_mb=23518,host='np0000001061',host_ip=10.4.3.189,hypervisor_hostname='np0000001061',hypervisor_type='QEMU',hypervisor_version=8002002,id=1,local_gb=95,local_gb_used=0,mapped=1,memory_mb=24030,memory_mb_used=512,metrics='[]',numa_topology='{"nova_object.name": "NUMATopology", "nova_object.namespace": "nova", "nova_object.version": "1.2", "nova_object.data": {"cells": [{"nova_object.name": "NUMACell", "nova_object.namespace": "nova", "nova_object.version": "1.5", "nova_object.data": {"id": 0, "cpuset": [0, 1, 2, 3, 4, 5, 6, 7, 8, 9, 10, 11], "pcpuset": [0, 1, 2, 3, 4, 5, 6, 7, 8, 9, 10, 11], "memory": 24030, "cpu_usage": 0, "memory_usage": 0, "pinned_cpus": [], "siblings": [[6], [2], [5], [11], [8], [4], [1], [7], [10], [0], [3], [9]], "mempages": [{"nova_object.name": "NUMAPagesTopology", "nova_object.namespace": "nova", "nova_object.version": "1.1", "nova_object.data": {"size_kb": 4, "total": 6151798, "used": 0, "reserved": 0}, "nova_object.changes": ["used", "size_kb", "total", "reserved"]}, {"nova_object.name": "NUMAPagesTopology", "nova_object.namespace": "nova", "nova_object.version": "1.1", "nova_object.data": {"size_kb": 2048, "total": 0, "used": 0, "reserved": 0}, "nova_object.changes": ["used", "size_kb", "total", "reserved"]}, {"nova_object.name": "NUMAPagesTopology", "nova_object.namespace": "nova", "nova_object.version": "1.1", "nova_object.data": {"size_kb": 1048576, "total": 0, "used": 0, "reserved": 0}, "nova_object.changes": ["used", "size_kb", "total", "reserved"]}], "network_metadata": {"nova_object.name": "NetworkMetadata", "nova_object.namespace": "nova", "nova_object.version": "1.0", "nova_object.data": {"physnets": [], "tunneled": false}, "nova_object.changes": ["physnets", "tunneled"]}, "socket": null}, "nova_object.changes": ["mempages", "cpu_usage", "network_metadata", "siblings", "id", "pcpuset", "memory", "pinned_cpus", "cpuset", "socket", "memory_usage"]}]}, "nova_object.changes": ["cells"]}',pci_device_pools=PciDevicePoolList,ram_allocation_ratio=1.0,running_vms=0,service_id=2,stats={failed_builds='0',uptime=' 12:27:06 up 30 min, 2 users, load average: 3.87, 2.18, 1.18
May 20 12:27:08.419400 np0000001061 nova-scheduler[95513]: '},supported_hv_specs=[HVSpec,HVSpec,HVSpec,HVSpec,HVSpec,HVSpec,HVSpec,HVSpec,HVSpec,HVSpec,HVSpec,HVSpec,HVSpec,HVSpec,HVSpec,HVSpec,HVSpec,HVSpec,HVSpec,HVSpec,HVSpec,HVSpec,HVSpec,HVSpec,HVSpec],updated_at=2026-05-20T12:27:08Z,uuid=817bf345-83c5-45d9-b09f-fefb04ee48d5,vcpus=12,vcpus_used=0) {{(pid=95513) _locked_update /opt/stack/nova/nova/scheduler/host_manager.py:168}}
May 20 12:27:08.420198 np0000001061 nova-scheduler[95513]: DEBUG nova.scheduler.host_manager [None req-396db9da-f221-4a46-83f9-b6d2fa6e8ae7 tempest-DeleteServersTestJSON-74484322 tempest-DeleteServersTestJSON-74484322-project-member] Update host state with aggregates: [] {{(pid=95513) _locked_update /opt/stack/nova/nova/scheduler/host_manager.py:171}}
May 20 12:27:08.420313 np0000001061 nova-scheduler[95513]: DEBUG nova.scheduler.host_manager [None req-396db9da-f221-4a46-83f9-b6d2fa6e8ae7 tempest-DeleteServersTestJSON-74484322 tempest-DeleteServersTestJSON-74484322-project-member] Update host state with service dict: {'id': 2, 'uuid': 'ec476155-dadc-48f1-bc5b-971fb81ed64d', 'host': 'np0000001061', 'binary': 'nova-compute', 'topic': 'compute', 'report_count': 2, 'disabled': False, 'disabled_reason': None, 'last_seen_up': datetime.datetime(2026, 5, 20, 12, 26, 27, tzinfo=datetime.timezone.utc), 'forced_down': False, 'version': 72, 'created_at': datetime.datetime(2026, 5, 20, 12, 24, 16, tzinfo=datetime.timezone.utc), 'updated_at': datetime.datetime(2026, 5, 20, 12, 26, 27, tzinfo=datetime.timezone.utc), 'deleted_at': None, 'deleted': False} {{(pid=95513) _locked_update /opt/stack/nova/nova/scheduler/host_manager.py:174}}
May 20 12:27:08.420422 np0000001061 nova-scheduler[95513]: DEBUG nova.scheduler.host_manager [None req-396db9da-f221-4a46-83f9-b6d2fa6e8ae7 tempest-DeleteServersTestJSON-74484322 tempest-DeleteServersTestJSON-74484322-project-member] Update host state with instances: [] {{(pid=95513) _locked_update /opt/stack/nova/nova/scheduler/host_manager.py:177}}
May 20 12:27:08.420699 np0000001061 nova-scheduler[95513]: DEBUG oslo_concurrency.lockutils [None req-396db9da-f221-4a46-83f9-b6d2fa6e8ae7 tempest-DeleteServersTestJSON-74484322 tempest-DeleteServersTestJSON-74484322-project-member] Lock "('np0000001061', 'np0000001061')" "released" by "nova.scheduler.host_manager.HostState.update.._locked_update" :: held 0.002s {{(pid=95513) inner /opt/stack/data/venv/lib/python3.12/site-packages/oslo_concurrency/lockutils.py:543}}
May 20 12:27:08.420996 np0000001061 nova-scheduler[95513]: DEBUG nova.filters [None req-396db9da-f221-4a46-83f9-b6d2fa6e8ae7 tempest-DeleteServersTestJSON-74484322 tempest-DeleteServersTestJSON-74484322-project-member] Starting with 1 host(s) {{(pid=95513) get_filtered_objects /opt/stack/nova/nova/filters.py:70}}
May 20 12:27:08.421182 np0000001061 nova-scheduler[95513]: DEBUG nova.filters [None req-396db9da-f221-4a46-83f9-b6d2fa6e8ae7 tempest-DeleteServersTestJSON-74484322 tempest-DeleteServersTestJSON-74484322-project-member] Filter ComputeFilter returned 1 host(s) {{(pid=95513) get_filtered_objects /opt/stack/nova/nova/filters.py:102}}
May 20 12:27:08.421324 np0000001061 nova-scheduler[95513]: DEBUG nova.filters [None req-396db9da-f221-4a46-83f9-b6d2fa6e8ae7 tempest-DeleteServersTestJSON-74484322 tempest-DeleteServersTestJSON-74484322-project-member] Filter ComputeCapabilitiesFilter returned 1 host(s) {{(pid=95513) get_filtered_objects /opt/stack/nova/nova/filters.py:102}}
May 20 12:27:08.421548 np0000001061 nova-scheduler[95513]: DEBUG nova.filters [None req-396db9da-f221-4a46-83f9-b6d2fa6e8ae7 tempest-DeleteServersTestJSON-74484322 tempest-DeleteServersTestJSON-74484322-project-member] Filter ImagePropertiesFilter returned 1 host(s) {{(pid=95513) get_filtered_objects /opt/stack/nova/nova/filters.py:102}}
May 20 12:27:08.421725 np0000001061 nova-scheduler[95513]: DEBUG nova.filters [None req-396db9da-f221-4a46-83f9-b6d2fa6e8ae7 tempest-DeleteServersTestJSON-74484322 tempest-DeleteServersTestJSON-74484322-project-member] Filter ServerGroupAntiAffinityFilter returned 1 host(s) {{(pid=95513) get_filtered_objects /opt/stack/nova/nova/filters.py:102}}
May 20 12:27:08.421872 np0000001061 nova-scheduler[95513]: DEBUG nova.filters [None req-396db9da-f221-4a46-83f9-b6d2fa6e8ae7 tempest-DeleteServersTestJSON-74484322 tempest-DeleteServersTestJSON-74484322-project-member] Filter ServerGroupAffinityFilter returned 1 host(s) {{(pid=95513) get_filtered_objects /opt/stack/nova/nova/filters.py:102}}
May 20 12:27:08.422039 np0000001061 nova-scheduler[95513]: DEBUG nova.filters [None req-396db9da-f221-4a46-83f9-b6d2fa6e8ae7 tempest-DeleteServersTestJSON-74484322 tempest-DeleteServersTestJSON-74484322-project-member] Filter SameHostFilter returned 1 host(s) {{(pid=95513) get_filtered_objects /opt/stack/nova/nova/filters.py:102}}
May 20 12:27:08.422207 np0000001061 nova-scheduler[95513]: DEBUG nova.filters [None req-396db9da-f221-4a46-83f9-b6d2fa6e8ae7 tempest-DeleteServersTestJSON-74484322 tempest-DeleteServersTestJSON-74484322-project-member] Filter DifferentHostFilter returned 1 host(s) {{(pid=95513) get_filtered_objects /opt/stack/nova/nova/filters.py:102}}
May 20 12:27:08.422387 np0000001061 nova-scheduler[95513]: DEBUG nova.scheduler.manager [None req-396db9da-f221-4a46-83f9-b6d2fa6e8ae7 tempest-DeleteServersTestJSON-74484322 tempest-DeleteServersTestJSON-74484322-project-member] Filtered [(np0000001061, np0000001061) ram: 23518MB disk: 75776MB io_ops: 0 instances: 0, allocation_candidates: 1] {{(pid=95513) _get_sorted_hosts /opt/stack/nova/nova/scheduler/manager.py:743}}
May 20 12:27:08.422629 np0000001061 nova-scheduler[95513]: DEBUG nova.scheduler.manager [None req-396db9da-f221-4a46-83f9-b6d2fa6e8ae7 tempest-DeleteServersTestJSON-74484322 tempest-DeleteServersTestJSON-74484322-project-member] Weighed [WeighedHost [host: (np0000001061, np0000001061) ram: 23518MB disk: 75776MB io_ops: 0 instances: 0, allocation_candidates: 1, weight: 0.0]] {{(pid=95513) _get_sorted_hosts /opt/stack/nova/nova/scheduler/manager.py:765}}
May 20 12:27:08.422856 np0000001061 nova-scheduler[95513]: DEBUG nova.scheduler.utils [None req-396db9da-f221-4a46-83f9-b6d2fa6e8ae7 tempest-DeleteServersTestJSON-74484322 tempest-DeleteServersTestJSON-74484322-project-member] Attempting to claim resources in the placement API for instance 73780e13-b68d-401e-8b61-b4a262154a5f {{(pid=95513) claim_resources /opt/stack/nova/nova/scheduler/utils.py:1304}}
May 20 12:27:08.679526 np0000001061 nova-scheduler[95513]: DEBUG nova.scheduler.manager [None req-396db9da-f221-4a46-83f9-b6d2fa6e8ae7 tempest-DeleteServersTestJSON-74484322 tempest-DeleteServersTestJSON-74484322-project-member] [instance: 73780e13-b68d-401e-8b61-b4a262154a5f] Selected host: (np0000001061, np0000001061) ram: 23518MB disk: 75776MB io_ops: 0 instances: 0, allocation_candidates: 1 {{(pid=95513) _consume_selected_host /opt/stack/nova/nova/scheduler/manager.py:625}}
May 20 12:27:08.680000 np0000001061 nova-scheduler[95513]: DEBUG oslo_concurrency.lockutils [None req-396db9da-f221-4a46-83f9-b6d2fa6e8ae7 tempest-DeleteServersTestJSON-74484322 tempest-DeleteServersTestJSON-74484322-project-member] Acquiring lock "('np0000001061', 'np0000001061')" by "nova.scheduler.host_manager.HostState.consume_from_request.._locked" {{(pid=95513) inner /opt/stack/data/venv/lib/python3.12/site-packages/oslo_concurrency/lockutils.py:511}}
May 20 12:27:08.680000 np0000001061 nova-scheduler[95513]: DEBUG oslo_concurrency.lockutils [None req-396db9da-f221-4a46-83f9-b6d2fa6e8ae7 tempest-DeleteServersTestJSON-74484322 tempest-DeleteServersTestJSON-74484322-project-member] Lock "('np0000001061', 'np0000001061')" acquired by "nova.scheduler.host_manager.HostState.consume_from_request.._locked" :: waited 0.000s {{(pid=95513) inner /opt/stack/data/venv/lib/python3.12/site-packages/oslo_concurrency/lockutils.py:524}}
May 20 12:27:08.680975 np0000001061 nova-scheduler[95513]: DEBUG oslo_concurrency.lockutils [None req-396db9da-f221-4a46-83f9-b6d2fa6e8ae7 tempest-DeleteServersTestJSON-74484322 tempest-DeleteServersTestJSON-74484322-project-member] Lock "('np0000001061', 'np0000001061')" "released" by "nova.scheduler.host_manager.HostState.consume_from_request.._locked" :: held 0.000s {{(pid=95513) inner /opt/stack/data/venv/lib/python3.12/site-packages/oslo_concurrency/lockutils.py:543}}
May 20 12:27:11.712141 np0000001061 nova-scheduler[95515]: DEBUG oslo.service.backend._threading.loopingcall [None req-8ecb174e-5f30-495a-b78b-d190dd775069 None None] Dynamic interval looping call 'nova.service.Service.periodic_tasks' sleeping for 60.00 seconds {{(pid=95515) _run_loop /opt/stack/data/venv/lib/python3.12/site-packages/oslo_service/backend/_threading/loopingcall.py:125}}
May 20 12:27:18.406416 np0000001061 nova-scheduler[95513]: DEBUG dbcounter [-] [95513] Writing DB stats nova_api:SELECT=1 {{(pid=95513) stat_writer /opt/stack/data/venv/lib/python3.12/site-packages/dbcounter.py:115}}
May 20 12:27:18.413846 np0000001061 nova-scheduler[95513]: DEBUG dbcounter [-] [95513] Writing DB stats nova_cell1:SELECT=3 {{(pid=95513) stat_writer /opt/stack/data/venv/lib/python3.12/site-packages/dbcounter.py:115}}
May 20 12:27:22.258978 np0000001061 nova-scheduler[95511]: DEBUG nova.scheduler.manager [None req-ddcaf359-fcc1-4b21-8bb4-94ea57915ea7 tempest-AttachSCSIVolumeTestJSON-880914121 tempest-AttachSCSIVolumeTestJSON-880914121-project-member] Starting to schedule for instances: ['bc9766bf-8047-4ee5-ab0f-0f7a424a1f8d'] {{(pid=95511) select_destinations /opt/stack/nova/nova/scheduler/manager.py:210}}
May 20 12:27:22.258978 np0000001061 nova-scheduler[95511]: DEBUG nova.scheduler.request_filter [None req-ddcaf359-fcc1-4b21-8bb4-94ea57915ea7 tempest-AttachSCSIVolumeTestJSON-880914121 tempest-AttachSCSIVolumeTestJSON-880914121-project-member] compute_status_filter request filter added forbidden trait COMPUTE_STATUS_DISABLED {{(pid=95511) compute_status_filter /opt/stack/nova/nova/scheduler/request_filter.py:253}}
May 20 12:27:22.258978 np0000001061 nova-scheduler[95511]: DEBUG nova.scheduler.request_filter [None req-ddcaf359-fcc1-4b21-8bb4-94ea57915ea7 tempest-AttachSCSIVolumeTestJSON-880914121 tempest-AttachSCSIVolumeTestJSON-880914121-project-member] Request filter 'compute_status_filter' took 0.0 seconds {{(pid=95511) wrapper /opt/stack/nova/nova/scheduler/request_filter.py:46}}
May 20 12:27:22.258978 np0000001061 nova-scheduler[95511]: DEBUG nova.scheduler.request_filter [None req-ddcaf359-fcc1-4b21-8bb4-94ea57915ea7 tempest-AttachSCSIVolumeTestJSON-880914121 tempest-AttachSCSIVolumeTestJSON-880914121-project-member] Request filter 'accelerators_filter' took 0.0 seconds {{(pid=95511) wrapper /opt/stack/nova/nova/scheduler/request_filter.py:46}}
May 20 12:27:22.258978 np0000001061 nova-scheduler[95511]: DEBUG nova.scheduler.request_filter [None req-ddcaf359-fcc1-4b21-8bb4-94ea57915ea7 tempest-AttachSCSIVolumeTestJSON-880914121 tempest-AttachSCSIVolumeTestJSON-880914121-project-member] Request filter 'packed_virtqueue_filter' took 0.0 seconds {{(pid=95511) wrapper /opt/stack/nova/nova/scheduler/request_filter.py:46}}
May 20 12:27:22.259415 np0000001061 nova-scheduler[95511]: DEBUG nova.scheduler.request_filter [None req-ddcaf359-fcc1-4b21-8bb4-94ea57915ea7 tempest-AttachSCSIVolumeTestJSON-880914121 tempest-AttachSCSIVolumeTestJSON-880914121-project-member] Request filter 'remote_managed_ports_filter' took 0.0 seconds {{(pid=95511) wrapper /opt/stack/nova/nova/scheduler/request_filter.py:46}}
May 20 12:27:22.259415 np0000001061 nova-scheduler[95511]: DEBUG nova.scheduler.request_filter [None req-ddcaf359-fcc1-4b21-8bb4-94ea57915ea7 tempest-AttachSCSIVolumeTestJSON-880914121 tempest-AttachSCSIVolumeTestJSON-880914121-project-member] ephemeral_encryption_filter skipped {{(pid=95511) ephemeral_encryption_filter /opt/stack/nova/nova/scheduler/request_filter.py:426}}
May 20 12:27:22.259415 np0000001061 nova-scheduler[95511]: DEBUG nova.scheduler.request_filter [None req-ddcaf359-fcc1-4b21-8bb4-94ea57915ea7 tempest-AttachSCSIVolumeTestJSON-880914121 tempest-AttachSCSIVolumeTestJSON-880914121-project-member] virtio_sound_filter skipped {{(pid=95511) virtio_sound_filter /opt/stack/nova/nova/scheduler/request_filter.py:460}}
May 20 12:27:22.259478 np0000001061 nova-scheduler[95511]: DEBUG nova.scheduler.request_filter [None req-ddcaf359-fcc1-4b21-8bb4-94ea57915ea7 tempest-AttachSCSIVolumeTestJSON-880914121 tempest-AttachSCSIVolumeTestJSON-880914121-project-member] tpm_secret_security_filter skipped {{(pid=95511) tpm_secret_security_filter /opt/stack/nova/nova/scheduler/request_filter.py:477}}
May 20 12:27:22.397632 np0000001061 nova-scheduler[95511]: INFO nova.utils [None req-ddcaf359-fcc1-4b21-8bb4-94ea57915ea7 tempest-AttachSCSIVolumeTestJSON-880914121 tempest-AttachSCSIVolumeTestJSON-880914121-project-member] The cell worker thread pool ForkProcess-1.cell_worker is initialized
May 20 12:27:22.397902 np0000001061 nova-scheduler[95511]: DEBUG oslo_concurrency.lockutils [None req-ddcaf359-fcc1-4b21-8bb4-94ea57915ea7 tempest-AttachSCSIVolumeTestJSON-880914121 tempest-AttachSCSIVolumeTestJSON-880914121-project-member] Acquiring lock "6ecff64c-a37b-43d5-a625-f93e6a8093b2" by "nova.context.set_target_cell..get_or_set_cached_cell_and_set_connections" {{(pid=95511) inner /opt/stack/data/venv/lib/python3.12/site-packages/oslo_concurrency/lockutils.py:511}}
May 20 12:27:22.398350 np0000001061 nova-scheduler[95511]: DEBUG oslo_concurrency.lockutils [None req-ddcaf359-fcc1-4b21-8bb4-94ea57915ea7 tempest-AttachSCSIVolumeTestJSON-880914121 tempest-AttachSCSIVolumeTestJSON-880914121-project-member] Lock "6ecff64c-a37b-43d5-a625-f93e6a8093b2" acquired by "nova.context.set_target_cell..get_or_set_cached_cell_and_set_connections" :: waited 0.000s {{(pid=95511) inner /opt/stack/data/venv/lib/python3.12/site-packages/oslo_concurrency/lockutils.py:524}}
May 20 12:27:22.400026 np0000001061 nova-scheduler[95511]: DEBUG oslo_concurrency.lockutils [None req-ddcaf359-fcc1-4b21-8bb4-94ea57915ea7 tempest-AttachSCSIVolumeTestJSON-880914121 tempest-AttachSCSIVolumeTestJSON-880914121-project-member] Lock "6ecff64c-a37b-43d5-a625-f93e6a8093b2" "released" by "nova.context.set_target_cell..get_or_set_cached_cell_and_set_connections" :: held 0.001s {{(pid=95511) inner /opt/stack/data/venv/lib/python3.12/site-packages/oslo_concurrency/lockutils.py:543}}
May 20 12:27:22.401192 np0000001061 nova-scheduler[95511]: INFO dbcounter [None req-ddcaf359-fcc1-4b21-8bb4-94ea57915ea7 tempest-AttachSCSIVolumeTestJSON-880914121 tempest-AttachSCSIVolumeTestJSON-880914121-project-member] Registered counter for database nova_cell1
May 20 12:27:22.407253 np0000001061 nova-scheduler[95511]: DEBUG oslo_db.sqlalchemy.engines [None req-ddcaf359-fcc1-4b21-8bb4-94ea57915ea7 tempest-AttachSCSIVolumeTestJSON-880914121 tempest-AttachSCSIVolumeTestJSON-880914121-project-member] MySQL server mode set to STRICT_TRANS_TABLES,STRICT_ALL_TABLES,NO_ZERO_IN_DATE,NO_ZERO_DATE,ERROR_FOR_DIVISION_BY_ZERO,TRADITIONAL,NO_ENGINE_SUBSTITUTION {{(pid=95511) _check_effective_sql_mode /opt/stack/data/venv/lib/python3.12/site-packages/oslo_db/sqlalchemy/engines.py:325}}
May 20 12:27:22.412432 np0000001061 nova-scheduler[95511]: DEBUG dbcounter [-] [95511] Writer thread running {{(pid=95511) stat_writer /opt/stack/data/venv/lib/python3.12/site-packages/dbcounter.py:102}}
May 20 12:27:22.443561 np0000001061 nova-scheduler[95511]: DEBUG dbcounter [-] [95511] Writer thread running {{(pid=95511) stat_writer /opt/stack/data/venv/lib/python3.12/site-packages/dbcounter.py:102}}
May 20 12:27:22.447301 np0000001061 nova-scheduler[95511]: DEBUG oslo_concurrency.lockutils [None req-ddcaf359-fcc1-4b21-8bb4-94ea57915ea7 tempest-AttachSCSIVolumeTestJSON-880914121 tempest-AttachSCSIVolumeTestJSON-880914121-project-member] Acquiring lock "6ecff64c-a37b-43d5-a625-f93e6a8093b2" by "nova.context.set_target_cell..get_or_set_cached_cell_and_set_connections" {{(pid=95511) inner /opt/stack/data/venv/lib/python3.12/site-packages/oslo_concurrency/lockutils.py:511}}
May 20 12:27:22.447714 np0000001061 nova-scheduler[95511]: DEBUG oslo_concurrency.lockutils [None req-ddcaf359-fcc1-4b21-8bb4-94ea57915ea7 tempest-AttachSCSIVolumeTestJSON-880914121 tempest-AttachSCSIVolumeTestJSON-880914121-project-member] Lock "6ecff64c-a37b-43d5-a625-f93e6a8093b2" acquired by "nova.context.set_target_cell..get_or_set_cached_cell_and_set_connections" :: waited 0.000s {{(pid=95511) inner /opt/stack/data/venv/lib/python3.12/site-packages/oslo_concurrency/lockutils.py:524}}
May 20 12:27:22.448349 np0000001061 nova-scheduler[95511]: DEBUG oslo_concurrency.lockutils [None req-ddcaf359-fcc1-4b21-8bb4-94ea57915ea7 tempest-AttachSCSIVolumeTestJSON-880914121 tempest-AttachSCSIVolumeTestJSON-880914121-project-member] Lock "6ecff64c-a37b-43d5-a625-f93e6a8093b2" "released" by "nova.context.set_target_cell..get_or_set_cached_cell_and_set_connections" :: held 0.000s {{(pid=95511) inner /opt/stack/data/venv/lib/python3.12/site-packages/oslo_concurrency/lockutils.py:543}}
May 20 12:27:22.458161 np0000001061 nova-scheduler[95511]: DEBUG oslo_concurrency.lockutils [None req-ddcaf359-fcc1-4b21-8bb4-94ea57915ea7 tempest-AttachSCSIVolumeTestJSON-880914121 tempest-AttachSCSIVolumeTestJSON-880914121-project-member] Acquiring lock "('np0000001061', 'np0000001061')" by "nova.scheduler.host_manager.HostState.update.._locked_update" {{(pid=95511) inner /opt/stack/data/venv/lib/python3.12/site-packages/oslo_concurrency/lockutils.py:511}}
