Jul 27 16:04:41.987418 np0000005924 nova-scheduler[96965]: DEBUG cotyledon.oslo_config_glue [-] workarounds.libvirt_disable_apic = False {{(pid=96965) log_opt_values /opt/stack/data/venv/lib/python3.12/site-packages/oslo_config/cfg.py:3253}}
Jul 27 16:04:41.987418 np0000005924 nova-scheduler[96965]: DEBUG cotyledon.oslo_config_glue [-] workarounds.never_download_image_if_on_rbd = False {{(pid=96965) log_opt_values /opt/stack/data/venv/lib/python3.12/site-packages/oslo_config/cfg.py:3253}}
Jul 27 16:04:41.987418 np0000005924 nova-scheduler[96965]: DEBUG cotyledon.oslo_config_glue [-] workarounds.qemu_monitor_announce_self_count = 3 {{(pid=96965) log_opt_values /opt/stack/data/venv/lib/python3.12/site-packages/oslo_config/cfg.py:3253}}
Jul 27 16:04:41.987418 np0000005924 nova-scheduler[96965]: DEBUG cotyledon.oslo_config_glue [-] workarounds.qemu_monitor_announce_self_interval = 1 {{(pid=96965) log_opt_values /opt/stack/data/venv/lib/python3.12/site-packages/oslo_config/cfg.py:3253}}
Jul 27 16:04:41.987418 np0000005924 nova-scheduler[96965]: DEBUG cotyledon.oslo_config_glue [-] workarounds.reserve_disk_resource_for_image_cache = False {{(pid=96965) log_opt_values /opt/stack/data/venv/lib/python3.12/site-packages/oslo_config/cfg.py:3253}}
Jul 27 16:04:41.987418 np0000005924 nova-scheduler[96965]: DEBUG cotyledon.oslo_config_glue [-] workarounds.skip_cpu_compare_at_startup = False {{(pid=96965) log_opt_values /opt/stack/data/venv/lib/python3.12/site-packages/oslo_config/cfg.py:3253}}
Jul 27 16:04:41.987418 np0000005924 nova-scheduler[96965]: DEBUG cotyledon.oslo_config_glue [-] workarounds.skip_cpu_compare_on_dest = False {{(pid=96965) log_opt_values /opt/stack/data/venv/lib/python3.12/site-packages/oslo_config/cfg.py:3253}}
Jul 27 16:04:41.987635 np0000005924 nova-scheduler[96965]: DEBUG cotyledon.oslo_config_glue [-] workarounds.skip_hypervisor_version_check_on_lm = False {{(pid=96965) log_opt_values /opt/stack/data/venv/lib/python3.12/site-packages/oslo_config/cfg.py:3253}}
Jul 27 16:04:41.987635 np0000005924 nova-scheduler[96965]: DEBUG cotyledon.oslo_config_glue [-] workarounds.skip_reserve_in_use_ironic_nodes = False {{(pid=96965) log_opt_values /opt/stack/data/venv/lib/python3.12/site-packages/oslo_config/cfg.py:3253}}
Jul 27 16:04:41.987635 np0000005924 nova-scheduler[96965]: DEBUG cotyledon.oslo_config_glue [-] workarounds.unified_limits_count_pcpu_as_vcpu = False {{(pid=96965) log_opt_values /opt/stack/data/venv/lib/python3.12/site-packages/oslo_config/cfg.py:3253}}
Jul 27 16:04:41.987635 np0000005924 nova-scheduler[96965]: DEBUG cotyledon.oslo_config_glue [-] workarounds.wait_for_vif_plugged_event_during_hard_reboot = [] {{(pid=96965) log_opt_values /opt/stack/data/venv/lib/python3.12/site-packages/oslo_config/cfg.py:3253}}
Jul 27 16:04:41.987635 np0000005924 nova-scheduler[96965]: DEBUG cotyledon.oslo_config_glue [-] wsgi.api_paste_config = /etc/nova/api-paste.ini {{(pid=96965) log_opt_values /opt/stack/data/venv/lib/python3.12/site-packages/oslo_config/cfg.py:3253}}
Jul 27 16:04:41.987635 np0000005924 nova-scheduler[96965]: DEBUG cotyledon.oslo_config_glue [-] wsgi.secure_proxy_ssl_header = None {{(pid=96965) log_opt_values /opt/stack/data/venv/lib/python3.12/site-packages/oslo_config/cfg.py:3253}}
Jul 27 16:04:41.987635 np0000005924 nova-scheduler[96965]: DEBUG cotyledon.oslo_config_glue [-] zvm.ca_file = None {{(pid=96965) log_opt_values /opt/stack/data/venv/lib/python3.12/site-packages/oslo_config/cfg.py:3253}}
Jul 27 16:04:41.987635 np0000005924 nova-scheduler[96965]: DEBUG cotyledon.oslo_config_glue [-] zvm.cloud_connector_url = None {{(pid=96965) log_opt_values /opt/stack/data/venv/lib/python3.12/site-packages/oslo_config/cfg.py:3253}}
Jul 27 16:04:41.987635 np0000005924 nova-scheduler[96965]: DEBUG cotyledon.oslo_config_glue [-] zvm.image_tmp_path = /opt/stack/data/nova/images {{(pid=96965) log_opt_values /opt/stack/data/venv/lib/python3.12/site-packages/oslo_config/cfg.py:3253}}
Jul 27 16:04:41.987927 np0000005924 nova-scheduler[96965]: DEBUG cotyledon.oslo_config_glue [-] zvm.reachable_timeout = 300 {{(pid=96965) log_opt_values /opt/stack/data/venv/lib/python3.12/site-packages/oslo_config/cfg.py:3253}}
Jul 27 16:04:41.987927 np0000005924 nova-scheduler[96965]: DEBUG cotyledon.oslo_config_glue [-] oslo_versionedobjects.fatal_exception_format_errors = False {{(pid=96965) log_opt_values /opt/stack/data/venv/lib/python3.12/site-packages/oslo_config/cfg.py:3253}}
Jul 27 16:04:41.987927 np0000005924 nova-scheduler[96965]: DEBUG cotyledon.oslo_config_glue [-] oslo_middleware.http_basic_auth_user_file = /etc/htpasswd {{(pid=96965) log_opt_values /opt/stack/data/venv/lib/python3.12/site-packages/oslo_config/cfg.py:3253}}
Jul 27 16:04:41.987927 np0000005924 nova-scheduler[96965]: DEBUG cotyledon.oslo_config_glue [-] oslo_messaging_metrics.metrics_buffer_size = 1000 {{(pid=96965) log_opt_values /opt/stack/data/venv/lib/python3.12/site-packages/oslo_config/cfg.py:3253}}
Jul 27 16:04:41.987927 np0000005924 nova-scheduler[96965]: DEBUG cotyledon.oslo_config_glue [-] oslo_messaging_metrics.metrics_enabled = False {{(pid=96965) log_opt_values /opt/stack/data/venv/lib/python3.12/site-packages/oslo_config/cfg.py:3253}}
Jul 27 16:04:41.987927 np0000005924 nova-scheduler[96965]: DEBUG cotyledon.oslo_config_glue [-] oslo_messaging_metrics.metrics_process_name = {{(pid=96965) log_opt_values /opt/stack/data/venv/lib/python3.12/site-packages/oslo_config/cfg.py:3253}}
Jul 27 16:04:41.987927 np0000005924 nova-scheduler[96965]: DEBUG cotyledon.oslo_config_glue [-] oslo_messaging_metrics.metrics_socket_file = /var/tmp/metrics_collector.sock {{(pid=96965) log_opt_values /opt/stack/data/venv/lib/python3.12/site-packages/oslo_config/cfg.py:3253}}
Jul 27 16:04:41.987927 np0000005924 nova-scheduler[96965]: DEBUG cotyledon.oslo_config_glue [-] oslo_messaging_metrics.metrics_thread_stop_timeout = 10 {{(pid=96965) log_opt_values /opt/stack/data/venv/lib/python3.12/site-packages/oslo_config/cfg.py:3253}}
Jul 27 16:04:41.988099 np0000005924 nova-scheduler[96965]: DEBUG cotyledon.oslo_config_glue [-] profiler.connection_string = messaging:// {{(pid=96965) log_opt_values /opt/stack/data/venv/lib/python3.12/site-packages/oslo_config/cfg.py:3253}}
Jul 27 16:04:41.988099 np0000005924 nova-scheduler[96965]: DEBUG cotyledon.oslo_config_glue [-] profiler.enabled = False {{(pid=96965) log_opt_values /opt/stack/data/venv/lib/python3.12/site-packages/oslo_config/cfg.py:3253}}
Jul 27 16:04:41.988099 np0000005924 nova-scheduler[96965]: DEBUG cotyledon.oslo_config_glue [-] profiler.es_doc_type = notification {{(pid=96965) log_opt_values /opt/stack/data/venv/lib/python3.12/site-packages/oslo_config/cfg.py:3253}}
Jul 27 16:04:41.988099 np0000005924 nova-scheduler[96965]: DEBUG cotyledon.oslo_config_glue [-] profiler.es_scroll_size = 10000 {{(pid=96965) log_opt_values /opt/stack/data/venv/lib/python3.12/site-packages/oslo_config/cfg.py:3253}}
Jul 27 16:04:41.988099 np0000005924 nova-scheduler[96965]: DEBUG cotyledon.oslo_config_glue [-] profiler.es_scroll_time = 2m {{(pid=96965) log_opt_values /opt/stack/data/venv/lib/python3.12/site-packages/oslo_config/cfg.py:3253}}
Jul 27 16:04:41.988099 np0000005924 nova-scheduler[96965]: DEBUG cotyledon.oslo_config_glue [-] profiler.filter_error_trace = False {{(pid=96965) log_opt_values /opt/stack/data/venv/lib/python3.12/site-packages/oslo_config/cfg.py:3253}}
Jul 27 16:04:41.988099 np0000005924 nova-scheduler[96965]: DEBUG cotyledon.oslo_config_glue [-] profiler.hmac_keys = **** {{(pid=96965) log_opt_values /opt/stack/data/venv/lib/python3.12/site-packages/oslo_config/cfg.py:3253}}
Jul 27 16:04:41.988099 np0000005924 nova-scheduler[96965]: DEBUG cotyledon.oslo_config_glue [-] profiler.sentinel_service_name = mymaster {{(pid=96965) log_opt_values /opt/stack/data/venv/lib/python3.12/site-packages/oslo_config/cfg.py:3253}}
Jul 27 16:04:41.988099 np0000005924 nova-scheduler[96965]: DEBUG cotyledon.oslo_config_glue [-] profiler.socket_timeout = 0.1 {{(pid=96965) log_opt_values /opt/stack/data/venv/lib/python3.12/site-packages/oslo_config/cfg.py:3253}}
Jul 27 16:04:41.988277 np0000005924 nova-scheduler[96965]: DEBUG cotyledon.oslo_config_glue [-] profiler.trace_requests = False {{(pid=96965) log_opt_values /opt/stack/data/venv/lib/python3.12/site-packages/oslo_config/cfg.py:3253}}
Jul 27 16:04:41.988277 np0000005924 nova-scheduler[96965]: DEBUG cotyledon.oslo_config_glue [-] profiler.trace_sqlalchemy = False {{(pid=96965) log_opt_values /opt/stack/data/venv/lib/python3.12/site-packages/oslo_config/cfg.py:3253}}
Jul 27 16:04:41.988277 np0000005924 nova-scheduler[96965]: DEBUG cotyledon.oslo_config_glue [-] profiler_jaeger.process_tags = {} {{(pid=96965) log_opt_values /opt/stack/data/venv/lib/python3.12/site-packages/oslo_config/cfg.py:3253}}
Jul 27 16:04:41.988277 np0000005924 nova-scheduler[96965]: DEBUG cotyledon.oslo_config_glue [-] profiler_jaeger.service_name_prefix = None {{(pid=96965) log_opt_values /opt/stack/data/venv/lib/python3.12/site-packages/oslo_config/cfg.py:3253}}
Jul 27 16:04:41.988277 np0000005924 nova-scheduler[96965]: DEBUG cotyledon.oslo_config_glue [-] profiler_otlp.service_name_prefix = None {{(pid=96965) log_opt_values /opt/stack/data/venv/lib/python3.12/site-packages/oslo_config/cfg.py:3253}}
Jul 27 16:04:41.988277 np0000005924 nova-scheduler[96965]: DEBUG cotyledon.oslo_config_glue [-] oslo_messaging_rabbit.amqp_auto_delete = False {{(pid=96965) log_opt_values /opt/stack/data/venv/lib/python3.12/site-packages/oslo_config/cfg.py:3253}}
Jul 27 16:04:41.988277 np0000005924 nova-scheduler[96965]: DEBUG cotyledon.oslo_config_glue [-] oslo_messaging_rabbit.amqp_durable_queues = False {{(pid=96965) log_opt_values /opt/stack/data/venv/lib/python3.12/site-packages/oslo_config/cfg.py:3253}}
Jul 27 16:04:41.988277 np0000005924 nova-scheduler[96965]: DEBUG cotyledon.oslo_config_glue [-] oslo_messaging_rabbit.conn_pool_min_size = 2 {{(pid=96965) log_opt_values /opt/stack/data/venv/lib/python3.12/site-packages/oslo_config/cfg.py:3253}}
Jul 27 16:04:41.988277 np0000005924 nova-scheduler[96965]: DEBUG cotyledon.oslo_config_glue [-] oslo_messaging_rabbit.conn_pool_ttl = 1200 {{(pid=96965) log_opt_values /opt/stack/data/venv/lib/python3.12/site-packages/oslo_config/cfg.py:3253}}
Jul 27 16:04:41.988601 np0000005924 nova-scheduler[96965]: DEBUG cotyledon.oslo_config_glue [-] oslo_messaging_rabbit.direct_mandatory_flag = True {{(pid=96965) log_opt_values /opt/stack/data/venv/lib/python3.12/site-packages/oslo_config/cfg.py:3253}}
Jul 27 16:04:41.988601 np0000005924 nova-scheduler[96965]: DEBUG cotyledon.oslo_config_glue [-] oslo_messaging_rabbit.enable_cancel_on_failover = False {{(pid=96965) log_opt_values /opt/stack/data/venv/lib/python3.12/site-packages/oslo_config/cfg.py:3253}}
Jul 27 16:04:41.988601 np0000005924 nova-scheduler[96965]: DEBUG cotyledon.oslo_config_glue [-] oslo_messaging_rabbit.heartbeat_rate = 3 {{(pid=96965) log_opt_values /opt/stack/data/venv/lib/python3.12/site-packages/oslo_config/cfg.py:3253}}
Jul 27 16:04:41.988601 np0000005924 nova-scheduler[96965]: DEBUG cotyledon.oslo_config_glue [-] oslo_messaging_rabbit.heartbeat_timeout_threshold = 60 {{(pid=96965) log_opt_values /opt/stack/data/venv/lib/python3.12/site-packages/oslo_config/cfg.py:3253}}
Jul 27 16:04:41.988601 np0000005924 nova-scheduler[96965]: DEBUG cotyledon.oslo_config_glue [-] oslo_messaging_rabbit.hostname = np0000005924 {{(pid=96965) log_opt_values /opt/stack/data/venv/lib/python3.12/site-packages/oslo_config/cfg.py:3253}}
Jul 27 16:04:41.988601 np0000005924 nova-scheduler[96965]: DEBUG cotyledon.oslo_config_glue [-] oslo_messaging_rabbit.kombu_compression = None {{(pid=96965) log_opt_values /opt/stack/data/venv/lib/python3.12/site-packages/oslo_config/cfg.py:3253}}
Jul 27 16:04:41.988601 np0000005924 nova-scheduler[96965]: DEBUG cotyledon.oslo_config_glue [-] oslo_messaging_rabbit.kombu_failover_strategy = round-robin {{(pid=96965) log_opt_values /opt/stack/data/venv/lib/python3.12/site-packages/oslo_config/cfg.py:3253}}
Jul 27 16:04:41.988601 np0000005924 nova-scheduler[96965]: DEBUG cotyledon.oslo_config_glue [-] oslo_messaging_rabbit.kombu_missing_consumer_retry_timeout = 60 {{(pid=96965) log_opt_values /opt/stack/data/venv/lib/python3.12/site-packages/oslo_config/cfg.py:3253}}
Jul 27 16:04:41.988601 np0000005924 nova-scheduler[96965]: DEBUG cotyledon.oslo_config_glue [-] oslo_messaging_rabbit.kombu_reconnect_delay = 1.0 {{(pid=96965) log_opt_values /opt/stack/data/venv/lib/python3.12/site-packages/oslo_config/cfg.py:3253}}
Jul 27 16:04:41.988784 np0000005924 nova-scheduler[96965]: DEBUG cotyledon.oslo_config_glue [-] oslo_messaging_rabbit.kombu_reconnect_splay = 0.0 {{(pid=96965) log_opt_values /opt/stack/data/venv/lib/python3.12/site-packages/oslo_config/cfg.py:3253}}
Jul 27 16:04:41.988784 np0000005924 nova-scheduler[96965]: DEBUG cotyledon.oslo_config_glue [-] oslo_messaging_rabbit.processname = nova-scheduler {{(pid=96965) log_opt_values /opt/stack/data/venv/lib/python3.12/site-packages/oslo_config/cfg.py:3253}}
Jul 27 16:04:41.988784 np0000005924 nova-scheduler[96965]: DEBUG cotyledon.oslo_config_glue [-] oslo_messaging_rabbit.rabbit_ha_queues = False {{(pid=96965) log_opt_values /opt/stack/data/venv/lib/python3.12/site-packages/oslo_config/cfg.py:3253}}
Jul 27 16:04:41.988784 np0000005924 nova-scheduler[96965]: DEBUG cotyledon.oslo_config_glue [-] oslo_messaging_rabbit.rabbit_interval_max = 30 {{(pid=96965) log_opt_values /opt/stack/data/venv/lib/python3.12/site-packages/oslo_config/cfg.py:3253}}
Jul 27 16:04:41.988784 np0000005924 nova-scheduler[96965]: DEBUG cotyledon.oslo_config_glue [-] oslo_messaging_rabbit.rabbit_login_method = AMQPLAIN {{(pid=96965) log_opt_values /opt/stack/data/venv/lib/python3.12/site-packages/oslo_config/cfg.py:3253}}
Jul 27 16:04:41.988784 np0000005924 nova-scheduler[96965]: DEBUG cotyledon.oslo_config_glue [-] oslo_messaging_rabbit.rabbit_qos_prefetch_count = 0 {{(pid=96965) log_opt_values /opt/stack/data/venv/lib/python3.12/site-packages/oslo_config/cfg.py:3253}}
Jul 27 16:04:41.988784 np0000005924 nova-scheduler[96965]: DEBUG cotyledon.oslo_config_glue [-] oslo_messaging_rabbit.rabbit_quorum_delivery_limit = 0 {{(pid=96965) log_opt_values /opt/stack/data/venv/lib/python3.12/site-packages/oslo_config/cfg.py:3253}}
Jul 27 16:04:41.988920 np0000005924 nova-scheduler[96967]: INFO dbcounter [None req-b7178743-489f-4bc9-a079-4447d82ce58c None None] Registered counter for database nova_cell0
Jul 27 16:04:41.988947 np0000005924 nova-scheduler[96965]: DEBUG cotyledon.oslo_config_glue [-] oslo_messaging_rabbit.rabbit_quorum_max_memory_bytes = 0 {{(pid=96965) log_opt_values /opt/stack/data/venv/lib/python3.12/site-packages/oslo_config/cfg.py:3253}}
Jul 27 16:04:41.988947 np0000005924 nova-scheduler[96965]: DEBUG cotyledon.oslo_config_glue [-] oslo_messaging_rabbit.rabbit_quorum_max_memory_length = 0 {{(pid=96965) log_opt_values /opt/stack/data/venv/lib/python3.12/site-packages/oslo_config/cfg.py:3253}}
Jul 27 16:04:41.988947 np0000005924 nova-scheduler[96965]: DEBUG cotyledon.oslo_config_glue [-] oslo_messaging_rabbit.rabbit_quorum_queue = False {{(pid=96965) log_opt_values /opt/stack/data/venv/lib/python3.12/site-packages/oslo_config/cfg.py:3253}}
Jul 27 16:04:41.988947 np0000005924 nova-scheduler[96965]: DEBUG cotyledon.oslo_config_glue [-] oslo_messaging_rabbit.rabbit_retry_backoff = 2 {{(pid=96965) log_opt_values /opt/stack/data/venv/lib/python3.12/site-packages/oslo_config/cfg.py:3253}}
Jul 27 16:04:41.988947 np0000005924 nova-scheduler[96965]: DEBUG cotyledon.oslo_config_glue [-] oslo_messaging_rabbit.rabbit_retry_interval = 1 {{(pid=96965) log_opt_values /opt/stack/data/venv/lib/python3.12/site-packages/oslo_config/cfg.py:3253}}
Jul 27 16:04:41.988947 np0000005924 nova-scheduler[96965]: DEBUG cotyledon.oslo_config_glue [-] oslo_messaging_rabbit.rabbit_stream_fanout = False {{(pid=96965) log_opt_values /opt/stack/data/venv/lib/python3.12/site-packages/oslo_config/cfg.py:3253}}
Jul 27 16:04:41.988947 np0000005924 nova-scheduler[96965]: DEBUG cotyledon.oslo_config_glue [-] oslo_messaging_rabbit.rabbit_transient_queues_ttl = 1800 {{(pid=96965) log_opt_values /opt/stack/data/venv/lib/python3.12/site-packages/oslo_config/cfg.py:3253}}
Jul 27 16:04:41.988947 np0000005924 nova-scheduler[96965]: DEBUG cotyledon.oslo_config_glue [-] oslo_messaging_rabbit.rabbit_transient_quorum_queue = False {{(pid=96965) log_opt_values /opt/stack/data/venv/lib/python3.12/site-packages/oslo_config/cfg.py:3253}}
Jul 27 16:04:41.989105 np0000005924 nova-scheduler[96965]: DEBUG cotyledon.oslo_config_glue [-] oslo_messaging_rabbit.rpc_conn_pool_size = 30 {{(pid=96965) log_opt_values /opt/stack/data/venv/lib/python3.12/site-packages/oslo_config/cfg.py:3253}}
Jul 27 16:04:41.989105 np0000005924 nova-scheduler[96965]: DEBUG cotyledon.oslo_config_glue [-] oslo_messaging_rabbit.ssl = False {{(pid=96965) log_opt_values /opt/stack/data/venv/lib/python3.12/site-packages/oslo_config/cfg.py:3253}}
Jul 27 16:04:41.989105 np0000005924 nova-scheduler[96965]: DEBUG cotyledon.oslo_config_glue [-] oslo_messaging_rabbit.ssl_ca_file = {{(pid=96965) log_opt_values /opt/stack/data/venv/lib/python3.12/site-packages/oslo_config/cfg.py:3253}}
Jul 27 16:04:41.989105 np0000005924 nova-scheduler[96965]: DEBUG cotyledon.oslo_config_glue [-] oslo_messaging_rabbit.ssl_cert_file = {{(pid=96965) log_opt_values /opt/stack/data/venv/lib/python3.12/site-packages/oslo_config/cfg.py:3253}}
Jul 27 16:04:41.989105 np0000005924 nova-scheduler[96965]: DEBUG cotyledon.oslo_config_glue [-] oslo_messaging_rabbit.ssl_enforce_fips_mode = False {{(pid=96965) log_opt_values /opt/stack/data/venv/lib/python3.12/site-packages/oslo_config/cfg.py:3253}}
Jul 27 16:04:41.989105 np0000005924 nova-scheduler[96965]: DEBUG cotyledon.oslo_config_glue [-] oslo_messaging_rabbit.ssl_enforce_hostname_verification = True {{(pid=96965) log_opt_values /opt/stack/data/venv/lib/python3.12/site-packages/oslo_config/cfg.py:3253}}
Jul 27 16:04:41.989105 np0000005924 nova-scheduler[96965]: DEBUG cotyledon.oslo_config_glue [-] oslo_messaging_rabbit.ssl_key_file = {{(pid=96965) log_opt_values /opt/stack/data/venv/lib/python3.12/site-packages/oslo_config/cfg.py:3253}}
Jul 27 16:04:41.989105 np0000005924 nova-scheduler[96965]: DEBUG cotyledon.oslo_config_glue [-] oslo_messaging_rabbit.ssl_version = {{(pid=96965) log_opt_values /opt/stack/data/venv/lib/python3.12/site-packages/oslo_config/cfg.py:3253}}
Jul 27 16:04:41.989105 np0000005924 nova-scheduler[96965]: DEBUG cotyledon.oslo_config_glue [-] oslo_messaging_rabbit.use_queue_manager = False {{(pid=96965) log_opt_values /opt/stack/data/venv/lib/python3.12/site-packages/oslo_config/cfg.py:3253}}
Jul 27 16:04:41.989725 np0000005924 nova-scheduler[96965]: DEBUG cotyledon.oslo_config_glue [-] oslo_messaging_notifications.driver = ['messagingv2'] {{(pid=96965) log_opt_values /opt/stack/data/venv/lib/python3.12/site-packages/oslo_config/cfg.py:3253}}
Jul 27 16:04:41.989725 np0000005924 nova-scheduler[96965]: DEBUG cotyledon.oslo_config_glue [-] oslo_messaging_notifications.retry = -1 {{(pid=96965) log_opt_values /opt/stack/data/venv/lib/python3.12/site-packages/oslo_config/cfg.py:3253}}
Jul 27 16:04:41.989725 np0000005924 nova-scheduler[96965]: DEBUG cotyledon.oslo_config_glue [-] oslo_messaging_notifications.topics = ['notifications'] {{(pid=96965) log_opt_values /opt/stack/data/venv/lib/python3.12/site-packages/oslo_config/cfg.py:3253}}
Jul 27 16:04:41.989725 np0000005924 nova-scheduler[96965]: DEBUG cotyledon.oslo_config_glue [-] oslo_messaging_notifications.transport_url = **** {{(pid=96965) log_opt_values /opt/stack/data/venv/lib/python3.12/site-packages/oslo_config/cfg.py:3253}}
Jul 27 16:04:41.989725 np0000005924 nova-scheduler[96965]: DEBUG cotyledon.oslo_config_glue [-] oslo_limit.auth_section = None {{(pid=96965) log_opt_values /opt/stack/data/venv/lib/python3.12/site-packages/oslo_config/cfg.py:3253}}
Jul 27 16:04:41.989725 np0000005924 nova-scheduler[96965]: DEBUG cotyledon.oslo_config_glue [-] oslo_limit.auth_type = None {{(pid=96965) log_opt_values /opt/stack/data/venv/lib/python3.12/site-packages/oslo_config/cfg.py:3253}}
Jul 27 16:04:41.989725 np0000005924 nova-scheduler[96965]: DEBUG cotyledon.oslo_config_glue [-] oslo_limit.cafile = None {{(pid=96965) log_opt_values /opt/stack/data/venv/lib/python3.12/site-packages/oslo_config/cfg.py:3253}}
Jul 27 16:04:41.989725 np0000005924 nova-scheduler[96965]: DEBUG cotyledon.oslo_config_glue [-] oslo_limit.certfile = None {{(pid=96965) log_opt_values /opt/stack/data/venv/lib/python3.12/site-packages/oslo_config/cfg.py:3253}}
Jul 27 16:04:41.989725 np0000005924 nova-scheduler[96965]: DEBUG cotyledon.oslo_config_glue [-] oslo_limit.collect_timing = False {{(pid=96965) log_opt_values /opt/stack/data/venv/lib/python3.12/site-packages/oslo_config/cfg.py:3253}}
Jul 27 16:04:41.989884 np0000005924 nova-scheduler[96965]: DEBUG cotyledon.oslo_config_glue [-] oslo_limit.connect_retries = None {{(pid=96965) log_opt_values /opt/stack/data/venv/lib/python3.12/site-packages/oslo_config/cfg.py:3253}}
Jul 27 16:04:41.989884 np0000005924 nova-scheduler[96965]: DEBUG cotyledon.oslo_config_glue [-] oslo_limit.connect_retry_delay = None {{(pid=96965) log_opt_values /opt/stack/data/venv/lib/python3.12/site-packages/oslo_config/cfg.py:3253}}
Jul 27 16:04:41.989884 np0000005924 nova-scheduler[96965]: DEBUG cotyledon.oslo_config_glue [-] oslo_limit.endpoint_id = None {{(pid=96965) log_opt_values /opt/stack/data/venv/lib/python3.12/site-packages/oslo_config/cfg.py:3253}}
Jul 27 16:04:41.989884 np0000005924 nova-scheduler[96965]: DEBUG cotyledon.oslo_config_glue [-] oslo_limit.endpoint_interface = public {{(pid=96965) log_opt_values /opt/stack/data/venv/lib/python3.12/site-packages/oslo_config/cfg.py:3253}}
Jul 27 16:04:41.989884 np0000005924 nova-scheduler[96965]: DEBUG cotyledon.oslo_config_glue [-] oslo_limit.endpoint_override = None {{(pid=96965) log_opt_values /opt/stack/data/venv/lib/python3.12/site-packages/oslo_config/cfg.py:3253}}
Jul 27 16:04:41.989884 np0000005924 nova-scheduler[96965]: DEBUG cotyledon.oslo_config_glue [-] oslo_limit.endpoint_region_name = None {{(pid=96965) log_opt_values /opt/stack/data/venv/lib/python3.12/site-packages/oslo_config/cfg.py:3253}}
Jul 27 16:04:41.989884 np0000005924 nova-scheduler[96965]: DEBUG cotyledon.oslo_config_glue [-] oslo_limit.endpoint_service_name = None {{(pid=96965) log_opt_values /opt/stack/data/venv/lib/python3.12/site-packages/oslo_config/cfg.py:3253}}
Jul 27 16:04:41.989884 np0000005924 nova-scheduler[96965]: DEBUG cotyledon.oslo_config_glue [-] oslo_limit.endpoint_service_type = None {{(pid=96965) log_opt_values /opt/stack/data/venv/lib/python3.12/site-packages/oslo_config/cfg.py:3253}}
Jul 27 16:04:41.989884 np0000005924 nova-scheduler[96965]: DEBUG cotyledon.oslo_config_glue [-] oslo_limit.insecure = False {{(pid=96965) log_opt_values /opt/stack/data/venv/lib/python3.12/site-packages/oslo_config/cfg.py:3253}}
Jul 27 16:04:41.990043 np0000005924 nova-scheduler[96965]: DEBUG cotyledon.oslo_config_glue [-] oslo_limit.keyfile = None {{(pid=96965) log_opt_values /opt/stack/data/venv/lib/python3.12/site-packages/oslo_config/cfg.py:3253}}
Jul 27 16:04:41.990043 np0000005924 nova-scheduler[96965]: DEBUG cotyledon.oslo_config_glue [-] oslo_limit.max_version = None {{(pid=96965) log_opt_values /opt/stack/data/venv/lib/python3.12/site-packages/oslo_config/cfg.py:3253}}
Jul 27 16:04:41.990043 np0000005924 nova-scheduler[96965]: DEBUG cotyledon.oslo_config_glue [-] oslo_limit.min_version = None {{(pid=96965) log_opt_values /opt/stack/data/venv/lib/python3.12/site-packages/oslo_config/cfg.py:3253}}
Jul 27 16:04:41.990043 np0000005924 nova-scheduler[96965]: DEBUG cotyledon.oslo_config_glue [-] oslo_limit.region_name = None {{(pid=96965) log_opt_values /opt/stack/data/venv/lib/python3.12/site-packages/oslo_config/cfg.py:3253}}
Jul 27 16:04:41.990043 np0000005924 nova-scheduler[96965]: DEBUG cotyledon.oslo_config_glue [-] oslo_limit.retriable_status_codes = None {{(pid=96965) log_opt_values /opt/stack/data/venv/lib/python3.12/site-packages/oslo_config/cfg.py:3253}}
Jul 27 16:04:41.990043 np0000005924 nova-scheduler[96965]: DEBUG cotyledon.oslo_config_glue [-] oslo_limit.service_name = None {{(pid=96965) log_opt_values /opt/stack/data/venv/lib/python3.12/site-packages/oslo_config/cfg.py:3253}}
Jul 27 16:04:41.990043 np0000005924 nova-scheduler[96965]: DEBUG cotyledon.oslo_config_glue [-] oslo_limit.service_type = None {{(pid=96965) log_opt_values /opt/stack/data/venv/lib/python3.12/site-packages/oslo_config/cfg.py:3253}}
Jul 27 16:04:41.990043 np0000005924 nova-scheduler[96965]: DEBUG cotyledon.oslo_config_glue [-] oslo_limit.split_loggers = False {{(pid=96965) log_opt_values /opt/stack/data/venv/lib/python3.12/site-packages/oslo_config/cfg.py:3253}}
Jul 27 16:04:41.990043 np0000005924 nova-scheduler[96965]: DEBUG cotyledon.oslo_config_glue [-] oslo_limit.status_code_retries = None {{(pid=96965) log_opt_values /opt/stack/data/venv/lib/python3.12/site-packages/oslo_config/cfg.py:3253}}
Jul 27 16:04:41.990205 np0000005924 nova-scheduler[96965]: DEBUG cotyledon.oslo_config_glue [-] oslo_limit.status_code_retry_delay = None {{(pid=96965) log_opt_values /opt/stack/data/venv/lib/python3.12/site-packages/oslo_config/cfg.py:3253}}
Jul 27 16:04:41.990205 np0000005924 nova-scheduler[96965]: DEBUG cotyledon.oslo_config_glue [-] oslo_limit.timeout = None {{(pid=96965) log_opt_values /opt/stack/data/venv/lib/python3.12/site-packages/oslo_config/cfg.py:3253}}
Jul 27 16:04:41.990205 np0000005924 nova-scheduler[96965]: DEBUG cotyledon.oslo_config_glue [-] oslo_limit.valid_interfaces = None {{(pid=96965) log_opt_values /opt/stack/data/venv/lib/python3.12/site-packages/oslo_config/cfg.py:3253}}
Jul 27 16:04:41.990205 np0000005924 nova-scheduler[96965]: DEBUG cotyledon.oslo_config_glue [-] oslo_limit.version = None {{(pid=96965) log_opt_values /opt/stack/data/venv/lib/python3.12/site-packages/oslo_config/cfg.py:3253}}
Jul 27 16:04:41.990205 np0000005924 nova-scheduler[96965]: DEBUG cotyledon.oslo_config_glue [-] oslo_reports.file_event_handler = None {{(pid=96965) log_opt_values /opt/stack/data/venv/lib/python3.12/site-packages/oslo_config/cfg.py:3253}}
Jul 27 16:04:41.990205 np0000005924 nova-scheduler[96965]: DEBUG cotyledon.oslo_config_glue [-] oslo_reports.file_event_handler_interval = 1 {{(pid=96965) log_opt_values /opt/stack/data/venv/lib/python3.12/site-packages/oslo_config/cfg.py:3253}}
Jul 27 16:04:41.990205 np0000005924 nova-scheduler[96965]: DEBUG cotyledon.oslo_config_glue [-] oslo_reports.log_dir = None {{(pid=96965) log_opt_values /opt/stack/data/venv/lib/python3.12/site-packages/oslo_config/cfg.py:3253}}
Jul 27 16:04:41.990205 np0000005924 nova-scheduler[96965]: DEBUG cotyledon.oslo_config_glue [-] ******************************************************************************** {{(pid=96965) log_opt_values /opt/stack/data/venv/lib/python3.12/site-packages/oslo_config/cfg.py:3260}}
Jul 27 16:04:41.990205 np0000005924 nova-scheduler[96965]: DEBUG cotyledon._service_worker [-] Run service ServiceWrapper(2) [96965] {{(pid=96965) wait_forever /opt/stack/data/venv/lib/python3.12/site-packages/cotyledon/_service_worker.py:218}}
Jul 27 16:04:41.990393 np0000005924 nova-scheduler[96965]: INFO nova.service [-] Starting scheduler node (version 33.1.0)
Jul 27 16:04:41.990393 np0000005924 nova-scheduler[96965]: INFO dbcounter [None req-0d18fb07-8154-4bdf-8b9e-dacd89aa6120 None None] Registered counter for database nova_cell0
Jul 27 16:04:41.990441 np0000005924 nova-scheduler[96918]: DEBUG oslo_db.sqlalchemy.engines [None req-7182a934-46bc-4975-8eb1-414936521895 None None] MySQL server mode set to STRICT_TRANS_TABLES,STRICT_ALL_TABLES,NO_ZERO_IN_DATE,NO_ZERO_DATE,ERROR_FOR_DIVISION_BY_ZERO,TRADITIONAL,NO_ENGINE_SUBSTITUTION {{(pid=96918) _check_effective_sql_mode /opt/stack/data/venv/lib/python3.12/site-packages/oslo_db/sqlalchemy/engines.py:325}}
Jul 27 16:04:41.990471 np0000005924 nova-scheduler[96927]: DEBUG oslo_db.sqlalchemy.engines [None req-99aa9b5c-f9f2-40c4-a3d6-dbefa8047613 None None] MySQL server mode set to STRICT_TRANS_TABLES,STRICT_ALL_TABLES,NO_ZERO_IN_DATE,NO_ZERO_DATE,ERROR_FOR_DIVISION_BY_ZERO,TRADITIONAL,NO_ENGINE_SUBSTITUTION {{(pid=96927) _check_effective_sql_mode /opt/stack/data/venv/lib/python3.12/site-packages/oslo_db/sqlalchemy/engines.py:325}}
Jul 27 16:04:41.990507 np0000005924 nova-scheduler[96918]: DEBUG dbcounter [-] [96918] Writer thread running {{(pid=96918) stat_writer /opt/stack/data/venv/lib/python3.12/site-packages/dbcounter.py:102}}
Jul 27 16:04:41.991061 np0000005924 nova-scheduler[96927]: DEBUG dbcounter [-] [96927] Writer thread running {{(pid=96927) stat_writer /opt/stack/data/venv/lib/python3.12/site-packages/dbcounter.py:102}}
Jul 27 16:04:42.000549 np0000005924 nova-scheduler[96967]: DEBUG oslo_db.sqlalchemy.engines [None req-b7178743-489f-4bc9-a079-4447d82ce58c None None] MySQL server mode set to STRICT_TRANS_TABLES,STRICT_ALL_TABLES,NO_ZERO_IN_DATE,NO_ZERO_DATE,ERROR_FOR_DIVISION_BY_ZERO,TRADITIONAL,NO_ENGINE_SUBSTITUTION {{(pid=96967) _check_effective_sql_mode /opt/stack/data/venv/lib/python3.12/site-packages/oslo_db/sqlalchemy/engines.py:325}}
Jul 27 16:04:42.002976 np0000005924 nova-scheduler[96918]: DEBUG nova.service [None req-7182a934-46bc-4975-8eb1-414936521895 None None] Creating RPC server for service: nova-scheduler on topic: scheduler {{(pid=96918) start /opt/stack/nova/nova/service.py:196}}
Jul 27 16:04:42.014130 np0000005924 nova-scheduler[96967]: DEBUG dbcounter [-] [96967] Writer thread running {{(pid=96967) stat_writer /opt/stack/data/venv/lib/python3.12/site-packages/dbcounter.py:102}}
Jul 27 16:04:42.017100 np0000005924 nova-scheduler[96927]: DEBUG nova.service [None req-99aa9b5c-f9f2-40c4-a3d6-dbefa8047613 None None] Creating RPC server for service: nova-scheduler on topic: scheduler {{(pid=96927) start /opt/stack/nova/nova/service.py:196}}
Jul 27 16:04:42.018511 np0000005924 nova-scheduler[96965]: DEBUG oslo_db.sqlalchemy.engines [None req-0d18fb07-8154-4bdf-8b9e-dacd89aa6120 None None] MySQL server mode set to STRICT_TRANS_TABLES,STRICT_ALL_TABLES,NO_ZERO_IN_DATE,NO_ZERO_DATE,ERROR_FOR_DIVISION_BY_ZERO,TRADITIONAL,NO_ENGINE_SUBSTITUTION {{(pid=96965) _check_effective_sql_mode /opt/stack/data/venv/lib/python3.12/site-packages/oslo_db/sqlalchemy/engines.py:325}}
Jul 27 16:04:42.018984 np0000005924 nova-scheduler[96967]: DEBUG nova.service [None req-b7178743-489f-4bc9-a079-4447d82ce58c None None] Creating RPC server for service: nova-scheduler on topic: scheduler {{(pid=96967) start /opt/stack/nova/nova/service.py:196}}
Jul 27 16:04:42.027864 np0000005924 nova-scheduler[96965]: DEBUG dbcounter [-] [96965] Writer thread running {{(pid=96965) stat_writer /opt/stack/data/venv/lib/python3.12/site-packages/dbcounter.py:102}}
Jul 27 16:04:42.030446 np0000005924 nova-scheduler[96965]: DEBUG nova.service [None req-0d18fb07-8154-4bdf-8b9e-dacd89aa6120 None None] Creating RPC server for service: nova-scheduler on topic: scheduler {{(pid=96965) start /opt/stack/nova/nova/service.py:196}}
Jul 27 16:04:42.030863 np0000005924 nova-scheduler[96918]: DEBUG nova.service [None req-7182a934-46bc-4975-8eb1-414936521895 None None] Join ServiceGroup membership for this service scheduler {{(pid=96918) start /opt/stack/nova/nova/service.py:222}}
Jul 27 16:04:42.031077 np0000005924 nova-scheduler[96918]: DEBUG nova.servicegroup.drivers.db [None req-7182a934-46bc-4975-8eb1-414936521895 None None] DB_Driver: join new ServiceGroup member np0000005924 to the scheduler group, service = {{(pid=96918) join /opt/stack/nova/nova/servicegroup/drivers/db.py:44}}
Jul 27 16:04:42.043281 np0000005924 nova-scheduler[96927]: DEBUG nova.service [None req-99aa9b5c-f9f2-40c4-a3d6-dbefa8047613 None None] Join ServiceGroup membership for this service scheduler {{(pid=96927) start /opt/stack/nova/nova/service.py:222}}
Jul 27 16:04:42.043403 np0000005924 nova-scheduler[96967]: DEBUG nova.service [None req-b7178743-489f-4bc9-a079-4447d82ce58c None None] Join ServiceGroup membership for this service scheduler {{(pid=96967) start /opt/stack/nova/nova/service.py:222}}
Jul 27 16:04:42.043453 np0000005924 nova-scheduler[96927]: DEBUG nova.servicegroup.drivers.db [None req-99aa9b5c-f9f2-40c4-a3d6-dbefa8047613 None None] DB_Driver: join new ServiceGroup member np0000005924 to the scheduler group, service = {{(pid=96927) join /opt/stack/nova/nova/servicegroup/drivers/db.py:44}}
Jul 27 16:04:42.043842 np0000005924 nova-scheduler[96967]: DEBUG nova.servicegroup.drivers.db [None req-b7178743-489f-4bc9-a079-4447d82ce58c None None] DB_Driver: join new ServiceGroup member np0000005924 to the scheduler group, service = {{(pid=96967) join /opt/stack/nova/nova/servicegroup/drivers/db.py:44}}
Jul 27 16:04:42.047947 np0000005924 nova-scheduler[96965]: DEBUG nova.service [None req-0d18fb07-8154-4bdf-8b9e-dacd89aa6120 None None] Join ServiceGroup membership for this service scheduler {{(pid=96965) start /opt/stack/nova/nova/service.py:222}}
Jul 27 16:04:42.048170 np0000005924 nova-scheduler[96965]: DEBUG nova.servicegroup.drivers.db [None req-0d18fb07-8154-4bdf-8b9e-dacd89aa6120 None None] DB_Driver: join new ServiceGroup member np0000005924 to the scheduler group, service = {{(pid=96965) join /opt/stack/nova/nova/servicegroup/drivers/db.py:44}}
Jul 27 16:04:47.053892 np0000005924 nova-scheduler[96918]: DEBUG oslo.service.backend._threading.loopingcall [-] Fixed interval looping call 'nova.servicegroup.drivers.db.DbDriver._report_state' sleeping for 119.98 seconds {{(pid=96918) _run_loop /opt/stack/data/venv/lib/python3.12/site-packages/oslo_service/backend/_threading/loopingcall.py:125}}
Jul 27 16:04:47.054508 np0000005924 nova-scheduler[96927]: DEBUG oslo.service.backend._threading.loopingcall [-] Fixed interval looping call 'nova.servicegroup.drivers.db.DbDriver._report_state' sleeping for 119.99 seconds {{(pid=96927) _run_loop /opt/stack/data/venv/lib/python3.12/site-packages/oslo_service/backend/_threading/loopingcall.py:125}}
Jul 27 16:04:47.059579 np0000005924 nova-scheduler[96967]: DEBUG oslo.service.backend._threading.loopingcall [-] Fixed interval looping call 'nova.servicegroup.drivers.db.DbDriver._report_state' sleeping for 119.99 seconds {{(pid=96967) _run_loop /opt/stack/data/venv/lib/python3.12/site-packages/oslo_service/backend/_threading/loopingcall.py:125}}
Jul 27 16:04:47.062441 np0000005924 nova-scheduler[96965]: DEBUG oslo.service.backend._threading.loopingcall [-] Fixed interval looping call 'nova.servicegroup.drivers.db.DbDriver._report_state' sleeping for 119.99 seconds {{(pid=96965) _run_loop /opt/stack/data/venv/lib/python3.12/site-packages/oslo_service/backend/_threading/loopingcall.py:125}}
Jul 27 16:04:50.586147 np0000005924 nova-scheduler[95709]: DEBUG dbcounter [-] [95709] Writing DB stats nova_api:SELECT=3 {{(pid=95709) stat_writer /opt/stack/data/venv/lib/python3.12/site-packages/dbcounter.py:115}}
Jul 27 16:04:50.708170 np0000005924 nova-scheduler[95709]: DEBUG dbcounter [-] [95709] Writing DB stats nova_cell0:SELECT=1 {{(pid=95709) stat_writer /opt/stack/data/venv/lib/python3.12/site-packages/dbcounter.py:115}}
Jul 27 16:04:50.715349 np0000005924 nova-scheduler[95709]: DEBUG dbcounter [-] [95709] Writing DB stats nova_cell1:SELECT=1 {{(pid=95709) stat_writer /opt/stack/data/venv/lib/python3.12/site-packages/dbcounter.py:115}}
Jul 27 16:04:55.045710 np0000005924 nova-scheduler[96927]: DEBUG oslo.service.backend._threading.loopingcall [None req-82d07099-2877-4ee7-8ec8-470f1f9f76a5 None None] Dynamic interval looping call 'nova.service.Service.periodic_tasks' sleeping for 60.00 seconds {{(pid=96927) _run_loop /opt/stack/data/venv/lib/python3.12/site-packages/oslo_service/backend/_threading/loopingcall.py:125}}
Jul 27 16:04:57.045768 np0000005924 nova-scheduler[96918]: DEBUG dbcounter [-] [96918] Writing DB stats nova_cell0:SELECT=4,nova_cell0:INSERT=1,nova_cell0:UPDATE=1 {{(pid=96918) stat_writer /opt/stack/data/venv/lib/python3.12/site-packages/dbcounter.py:115}}
Jul 27 16:04:57.054595 np0000005924 nova-scheduler[96927]: DEBUG dbcounter [-] [96927] Writing DB stats nova_cell0:SELECT=5,nova_cell0:INSERT=1,nova_cell0:UPDATE=1 {{(pid=96927) stat_writer /opt/stack/data/venv/lib/python3.12/site-packages/dbcounter.py:115}}
Jul 27 16:04:57.058007 np0000005924 nova-scheduler[96967]: DEBUG dbcounter [-] [96967] Writing DB stats nova_cell0:SELECT=3,nova_cell0:UPDATE=1 {{(pid=96967) stat_writer /opt/stack/data/venv/lib/python3.12/site-packages/dbcounter.py:115}}
Jul 27 16:04:57.062533 np0000005924 nova-scheduler[96965]: DEBUG dbcounter [-] [96965] Writing DB stats nova_cell0:SELECT=3 {{(pid=96965) stat_writer /opt/stack/data/venv/lib/python3.12/site-packages/dbcounter.py:115}}
Jul 27 16:05:02.045742 np0000005924 nova-scheduler[96967]: DEBUG oslo.service.backend._threading.loopingcall [None req-0aa0b401-2006-43f2-a751-5dfc07ab8671 None None] Dynamic interval looping call 'nova.service.Service.periodic_tasks' sleeping for 60.00 seconds {{(pid=96967) _run_loop /opt/stack/data/venv/lib/python3.12/site-packages/oslo_service/backend/_threading/loopingcall.py:125}}
Jul 27 16:05:07.032970 np0000005924 nova-scheduler[96918]: DEBUG oslo.service.backend._threading.loopingcall [None req-835e6d1a-a142-4b85-a104-8531b7851595 None None] Dynamic interval looping call 'nova.service.Service.periodic_tasks' sleeping for 60.00 seconds {{(pid=96918) _run_loop /opt/stack/data/venv/lib/python3.12/site-packages/oslo_service/backend/_threading/loopingcall.py:125}}
Jul 27 16:05:21.050517 np0000005924 nova-scheduler[96965]: DEBUG oslo.service.backend._threading.loopingcall [None req-c585f937-5f14-4bcf-b87d-7edc8546b007 None None] Dynamic interval looping call 'nova.service.Service.periodic_tasks' sleeping for 60.00 seconds {{(pid=96965) _run_loop /opt/stack/data/venv/lib/python3.12/site-packages/oslo_service/backend/_threading/loopingcall.py:125}}
Jul 27 16:05:55.046388 np0000005924 nova-scheduler[96927]: DEBUG oslo.service.backend._threading.loopingcall [None req-82d07099-2877-4ee7-8ec8-470f1f9f76a5 None None] Dynamic interval looping call 'nova.service.Service.periodic_tasks' sleeping for 60.00 seconds {{(pid=96927) _run_loop /opt/stack/data/venv/lib/python3.12/site-packages/oslo_service/backend/_threading/loopingcall.py:125}}
Jul 27 16:06:02.046306 np0000005924 nova-scheduler[96967]: DEBUG oslo.service.backend._threading.loopingcall [None req-0aa0b401-2006-43f2-a751-5dfc07ab8671 None None] Dynamic interval looping call 'nova.service.Service.periodic_tasks' sleeping for 60.00 seconds {{(pid=96967) _run_loop /opt/stack/data/venv/lib/python3.12/site-packages/oslo_service/backend/_threading/loopingcall.py:125}}
Jul 27 16:06:07.033470 np0000005924 nova-scheduler[96918]: DEBUG oslo.service.backend._threading.loopingcall [None req-835e6d1a-a142-4b85-a104-8531b7851595 None None] Dynamic interval looping call 'nova.service.Service.periodic_tasks' sleeping for 60.00 seconds {{(pid=96918) _run_loop /opt/stack/data/venv/lib/python3.12/site-packages/oslo_service/backend/_threading/loopingcall.py:125}}
Jul 27 16:06:21.051032 np0000005924 nova-scheduler[96965]: DEBUG oslo.service.backend._threading.loopingcall [None req-c585f937-5f14-4bcf-b87d-7edc8546b007 None None] Dynamic interval looping call 'nova.service.Service.periodic_tasks' sleeping for 60.00 seconds {{(pid=96965) _run_loop /opt/stack/data/venv/lib/python3.12/site-packages/oslo_service/backend/_threading/loopingcall.py:125}}
Jul 27 16:06:47.047900 np0000005924 nova-scheduler[96918]: DEBUG oslo.service.backend._threading.loopingcall [-] Fixed interval looping call 'nova.servicegroup.drivers.db.DbDriver._report_state' sleeping for 119.99 seconds {{(pid=96918) _run_loop /opt/stack/data/venv/lib/python3.12/site-packages/oslo_service/backend/_threading/loopingcall.py:125}}
Jul 27 16:06:47.048692 np0000005924 nova-scheduler[96927]: DEBUG oslo.service.backend._threading.loopingcall [-] Fixed interval looping call 'nova.servicegroup.drivers.db.DbDriver._report_state' sleeping for 120.00 seconds {{(pid=96927) _run_loop /opt/stack/data/venv/lib/python3.12/site-packages/oslo_service/backend/_threading/loopingcall.py:125}}
Jul 27 16:06:47.053408 np0000005924 nova-scheduler[96967]: DEBUG oslo.service.backend._threading.loopingcall [-] Fixed interval looping call 'nova.servicegroup.drivers.db.DbDriver._report_state' sleeping for 120.00 seconds {{(pid=96967) _run_loop /opt/stack/data/venv/lib/python3.12/site-packages/oslo_service/backend/_threading/loopingcall.py:125}}
Jul 27 16:06:47.055669 np0000005924 nova-scheduler[96965]: DEBUG oslo.service.backend._threading.loopingcall [-] Fixed interval looping call 'nova.servicegroup.drivers.db.DbDriver._report_state' sleeping for 120.00 seconds {{(pid=96965) _run_loop /opt/stack/data/venv/lib/python3.12/site-packages/oslo_service/backend/_threading/loopingcall.py:125}}
Jul 27 16:06:55.047368 np0000005924 nova-scheduler[96927]: DEBUG oslo.service.backend._threading.loopingcall [None req-82d07099-2877-4ee7-8ec8-470f1f9f76a5 None None] Dynamic interval looping call 'nova.service.Service.periodic_tasks' sleeping for 60.00 seconds {{(pid=96927) _run_loop /opt/stack/data/venv/lib/python3.12/site-packages/oslo_service/backend/_threading/loopingcall.py:125}}
Jul 27 16:06:57.037675 np0000005924 nova-scheduler[96918]: DEBUG dbcounter [-] [96918] Writing DB stats nova_cell0:SELECT=1,nova_cell0:UPDATE=1 {{(pid=96918) stat_writer /opt/stack/data/venv/lib/python3.12/site-packages/dbcounter.py:115}}
Jul 27 16:06:57.047947 np0000005924 nova-scheduler[96927]: DEBUG dbcounter [-] [96927] Writing DB stats nova_cell0:SELECT=1,nova_cell0:UPDATE=1 {{(pid=96927) stat_writer /opt/stack/data/venv/lib/python3.12/site-packages/dbcounter.py:115}}
Jul 27 16:06:57.051550 np0000005924 nova-scheduler[96967]: DEBUG dbcounter [-] [96967] Writing DB stats nova_cell0:SELECT=1 {{(pid=96967) stat_writer /opt/stack/data/venv/lib/python3.12/site-packages/dbcounter.py:115}}
Jul 27 16:06:57.054432 np0000005924 nova-scheduler[96965]: DEBUG dbcounter [-] [96965] Writing DB stats nova_cell0:SELECT=1 {{(pid=96965) stat_writer /opt/stack/data/venv/lib/python3.12/site-packages/dbcounter.py:115}}
Jul 27 16:07:02.046784 np0000005924 nova-scheduler[96967]: DEBUG oslo.service.backend._threading.loopingcall [None req-0aa0b401-2006-43f2-a751-5dfc07ab8671 None None] Dynamic interval looping call 'nova.service.Service.periodic_tasks' sleeping for 60.00 seconds {{(pid=96967) _run_loop /opt/stack/data/venv/lib/python3.12/site-packages/oslo_service/backend/_threading/loopingcall.py:125}}
Jul 27 16:07:02.354502 np0000005924 nova-scheduler[96918]: DEBUG nova.scheduler.manager [None req-93b7f412-9a52-412e-bfba-8be7cd707774 tempest-DeleteServersTestJSON-671171284 tempest-DeleteServersTestJSON-671171284-project-member] Starting to schedule for instances: ['e5724a51-d259-4df3-a6dc-9a5f95c3f5eb'] {{(pid=96918) select_destinations /opt/stack/nova/nova/scheduler/manager.py:209}}
Jul 27 16:07:02.354957 np0000005924 nova-scheduler[96918]: DEBUG nova.scheduler.request_filter [None req-93b7f412-9a52-412e-bfba-8be7cd707774 tempest-DeleteServersTestJSON-671171284 tempest-DeleteServersTestJSON-671171284-project-member] compute_status_filter request filter added forbidden trait COMPUTE_STATUS_DISABLED {{(pid=96918) compute_status_filter /opt/stack/nova/nova/scheduler/request_filter.py:253}}
Jul 27 16:07:02.355085 np0000005924 nova-scheduler[96918]: DEBUG nova.scheduler.request_filter [None req-93b7f412-9a52-412e-bfba-8be7cd707774 tempest-DeleteServersTestJSON-671171284 tempest-DeleteServersTestJSON-671171284-project-member] Request filter 'compute_status_filter' took 0.0 seconds {{(pid=96918) wrapper /opt/stack/nova/nova/scheduler/request_filter.py:46}}
Jul 27 16:07:02.355356 np0000005924 nova-scheduler[96918]: DEBUG nova.scheduler.request_filter [None req-93b7f412-9a52-412e-bfba-8be7cd707774 tempest-DeleteServersTestJSON-671171284 tempest-DeleteServersTestJSON-671171284-project-member] Request filter 'accelerators_filter' took 0.0 seconds {{(pid=96918) wrapper /opt/stack/nova/nova/scheduler/request_filter.py:46}}
Jul 27 16:07:02.356895 np0000005924 nova-scheduler[96918]: DEBUG nova.scheduler.request_filter [None req-93b7f412-9a52-412e-bfba-8be7cd707774 tempest-DeleteServersTestJSON-671171284 tempest-DeleteServersTestJSON-671171284-project-member] Request filter 'packed_virtqueue_filter' took 0.0 seconds {{(pid=96918) wrapper /opt/stack/nova/nova/scheduler/request_filter.py:46}}
Jul 27 16:07:02.357759 np0000005924 nova-scheduler[96918]: DEBUG nova.scheduler.request_filter [None req-93b7f412-9a52-412e-bfba-8be7cd707774 tempest-DeleteServersTestJSON-671171284 tempest-DeleteServersTestJSON-671171284-project-member] Request filter 'remote_managed_ports_filter' took 0.0 seconds {{(pid=96918) wrapper /opt/stack/nova/nova/scheduler/request_filter.py:46}}
Jul 27 16:07:02.358025 np0000005924 nova-scheduler[96918]: DEBUG nova.scheduler.request_filter [None req-93b7f412-9a52-412e-bfba-8be7cd707774 tempest-DeleteServersTestJSON-671171284 tempest-DeleteServersTestJSON-671171284-project-member] ephemeral_encryption_filter skipped {{(pid=96918) ephemeral_encryption_filter /opt/stack/nova/nova/scheduler/request_filter.py:426}}
Jul 27 16:07:02.358269 np0000005924 nova-scheduler[96918]: DEBUG nova.scheduler.request_filter [None req-93b7f412-9a52-412e-bfba-8be7cd707774 tempest-DeleteServersTestJSON-671171284 tempest-DeleteServersTestJSON-671171284-project-member] virtio_sound_filter skipped {{(pid=96918) virtio_sound_filter /opt/stack/nova/nova/scheduler/request_filter.py:460}}
Jul 27 16:07:02.358538 np0000005924 nova-scheduler[96918]: DEBUG nova.scheduler.request_filter [None req-93b7f412-9a52-412e-bfba-8be7cd707774 tempest-DeleteServersTestJSON-671171284 tempest-DeleteServersTestJSON-671171284-project-member] tpm_secret_security_filter skipped {{(pid=96918) tpm_secret_security_filter /opt/stack/nova/nova/scheduler/request_filter.py:477}}
Jul 27 16:07:02.877429 np0000005924 nova-scheduler[96918]: INFO nova.utils [None req-93b7f412-9a52-412e-bfba-8be7cd707774 tempest-DeleteServersTestJSON-671171284 tempest-DeleteServersTestJSON-671171284-project-member] The cell worker thread pool ForkProcess-1.cell_worker is initialized
Jul 27 16:07:02.877758 np0000005924 nova-scheduler[96918]: DEBUG oslo_concurrency.lockutils [None req-93b7f412-9a52-412e-bfba-8be7cd707774 tempest-DeleteServersTestJSON-671171284 tempest-DeleteServersTestJSON-671171284-project-member] Acquiring lock "f3f91efe-3b1d-4d34-a5be-4db101e3b6f1" by "nova.context.set_target_cell..get_or_set_cached_cell_and_set_connections" {{(pid=96918) inner /opt/stack/data/venv/lib/python3.12/site-packages/oslo_concurrency/lockutils.py:512}}
Jul 27 16:07:02.877959 np0000005924 nova-scheduler[96918]: DEBUG oslo_concurrency.lockutils [None req-93b7f412-9a52-412e-bfba-8be7cd707774 tempest-DeleteServersTestJSON-671171284 tempest-DeleteServersTestJSON-671171284-project-member] Lock "f3f91efe-3b1d-4d34-a5be-4db101e3b6f1" acquired by "nova.context.set_target_cell..get_or_set_cached_cell_and_set_connections" :: waited 0.000s {{(pid=96918) inner /opt/stack/data/venv/lib/python3.12/site-packages/oslo_concurrency/lockutils.py:525}}
Jul 27 16:07:02.879242 np0000005924 nova-scheduler[96918]: DEBUG oslo_concurrency.lockutils [None req-93b7f412-9a52-412e-bfba-8be7cd707774 tempest-DeleteServersTestJSON-671171284 tempest-DeleteServersTestJSON-671171284-project-member] Lock "f3f91efe-3b1d-4d34-a5be-4db101e3b6f1" "released" by "nova.context.set_target_cell..get_or_set_cached_cell_and_set_connections" :: held 0.001s {{(pid=96918) inner /opt/stack/data/venv/lib/python3.12/site-packages/oslo_concurrency/lockutils.py:544}}
Jul 27 16:07:02.881910 np0000005924 nova-scheduler[96918]: INFO dbcounter [None req-93b7f412-9a52-412e-bfba-8be7cd707774 tempest-DeleteServersTestJSON-671171284 tempest-DeleteServersTestJSON-671171284-project-member] Registered counter for database nova_cell1
Jul 27 16:07:02.925259 np0000005924 nova-scheduler[96918]: DEBUG oslo_db.sqlalchemy.engines [None req-93b7f412-9a52-412e-bfba-8be7cd707774 tempest-DeleteServersTestJSON-671171284 tempest-DeleteServersTestJSON-671171284-project-member] MySQL server mode set to STRICT_TRANS_TABLES,STRICT_ALL_TABLES,NO_ZERO_IN_DATE,NO_ZERO_DATE,ERROR_FOR_DIVISION_BY_ZERO,TRADITIONAL,NO_ENGINE_SUBSTITUTION {{(pid=96918) _check_effective_sql_mode /opt/stack/data/venv/lib/python3.12/site-packages/oslo_db/sqlalchemy/engines.py:325}}
Jul 27 16:07:02.929873 np0000005924 nova-scheduler[96918]: DEBUG dbcounter [-] [96918] Writer thread running {{(pid=96918) stat_writer /opt/stack/data/venv/lib/python3.12/site-packages/dbcounter.py:102}}
Jul 27 16:07:02.939180 np0000005924 nova-scheduler[96918]: DEBUG oslo_db.sqlalchemy.engines [None req-93b7f412-9a52-412e-bfba-8be7cd707774 tempest-DeleteServersTestJSON-671171284 tempest-DeleteServersTestJSON-671171284-project-member] Parent process 95709 forked (96918) with an open database connection, which is being discarded and recreated. {{(pid=96918) checkout /opt/stack/data/venv/lib/python3.12/site-packages/oslo_db/sqlalchemy/engines.py:402}}
Jul 27 16:07:02.980159 np0000005924 nova-scheduler[96918]: DEBUG dbcounter [-] [96918] Writer thread running {{(pid=96918) stat_writer /opt/stack/data/venv/lib/python3.12/site-packages/dbcounter.py:102}}
Jul 27 16:07:02.982848 np0000005924 nova-scheduler[96918]: DEBUG oslo_concurrency.lockutils [None req-93b7f412-9a52-412e-bfba-8be7cd707774 tempest-DeleteServersTestJSON-671171284 tempest-DeleteServersTestJSON-671171284-project-member] Acquiring lock "f3f91efe-3b1d-4d34-a5be-4db101e3b6f1" by "nova.context.set_target_cell..get_or_set_cached_cell_and_set_connections" {{(pid=96918) inner /opt/stack/data/venv/lib/python3.12/site-packages/oslo_concurrency/lockutils.py:512}}
