Jul 27 16:04:17.767830 np0000005924 devstack@neutron-api.service[91060]: DEBUG oslo_concurrency.processutils [None req-06bba3b9-f45e-44b7-9818-c62e624fe92d None None] CMD "ovsdb-client transact ssl:10.4.3.117:6641 --timeout 180 -p /opt/stack/data/CA/int-ca/private/devstack-cert.key -c /opt/stack/data/CA/int-ca/devstack-cert.crt -C /opt/stack/data/CA/int-ca/ca-chain.pem ["OVN_Northbound", {"op": "wait", "timeout": 0, "table": "Port_Group", "where": [["name", "==", "pvlan_pg_drop"]], "until": "==", "rows": []}, {"op": "insert", "table": "ACL", "row": {"action": "drop", "direction": "to-lport", "match": "outport == @pvlan_pg_drop && ip", "priority": 1010}, "uuid-name": "pvlandroptoport"}, {"op": "insert", "table": "ACL", "row": {"action": "drop", "direction": "from-lport", "match": "inport == @pvlan_pg_drop && ip", "priority": 1010}, "uuid-name": "pvlandropfromport"}, {"op": "insert", "table": "Port_Group", "row": {"name": "pvlan_pg_drop", "acls": ["set", [["named-uuid", "pvlandroptoport"], ["named-uuid", "pvlandropfromport"]]]}}]" returned: 0 in 0.026s {{(pid=91060) execute /opt/stack/data/venv/lib/python3.12/site-packages/oslo_concurrency/processutils.py:468}}
Jul 27 16:04:17.769936 np0000005924 devstack@neutron-api.service[91060]: WSGI app 0 (mountpoint='') ready in 6 seconds on interpreter 0x7d311a4a4668 pid: 91060 (default app)
Jul 27 16:04:20.102933 np0000005924 devstack@neutron-api.service[91059]: DEBUG neutron.plugins.ml2.drivers.ovn.mech_driver.ovsdb.ovsdb_monitor [-] Hash Ring: Node aadb7a35c46c5f1fbd31cd962d94c3bd (host: np0000005924) handling event "update" for row ebc21034-8bc2-405e-9a85-452a33f0ee10 (table: Connection) {{(pid=91059) notify /opt/stack/neutron/neutron/plugins/ml2/drivers/ovn/mech_driver/ovsdb/ovsdb_monitor.py:1013}}
Jul 27 16:04:21.380867 np0000005924 devstack@neutron-api.service[91059]: DEBUG neutron.api.wsgi [None req-c1fc502a-76d6-460b-a602-698ec1ec43f0 admin admin] Missing Content-Type {{(pid=91059) get_content_type /opt/stack/neutron/neutron/api/wsgi.py:80}}
Jul 27 16:04:21.381278 np0000005924 devstack@neutron-api.service[91059]: DEBUG neutron.api.wsgi [None req-c1fc502a-76d6-460b-a602-698ec1ec43f0 admin admin] https://10.4.3.117/networking/v2.0/extensions returned with HTTP 200 {{(pid=91059) __call__ /opt/stack/neutron/neutron/api/wsgi.py:540}}
Jul 27 16:04:21.381634 np0000005924 devstack@neutron-api.service[91059]: [pid: 91059|app: 0|req: 2/2] 10.4.3.117 () {64 vars in 1292 bytes} [Mon Jul 27 16:04:20 2026] GET /networking/v2.0/extensions => generated 16171 bytes in 545 msecs (HTTP/1.1 200) 4 headers in 159 bytes (1 switches on core 0)
Jul 27 16:04:21.746139 np0000005924 devstack@neutron-api.service[91061]: DEBUG neutron.api.v2.base [None req-7b988065-1547-4755-a645-4707c8105f35 admin admin] Request body: {'subnetpool': {'is_default': True, 'name': 'shared-default-subnetpool-v4', 'shared': True, 'default_prefixlen': 26, 'prefixes': ['10.1.0.0/20']}} {{(pid=91061) prepare_request_body /opt/stack/neutron/neutron/api/v2/base.py:727}}
Jul 27 16:04:21.919590 np0000005924 devstack@neutron-api.service[91061]: DEBUG neutron.policy [None req-7b988065-1547-4755-a645-4707c8105f35 admin admin] Loaded default policies from ['neutron'] under neutron.policies entry points {{(pid=91061) register_rules /opt/stack/neutron/neutron/policy.py:65}}
Jul 27 16:04:22.041126 np0000005924 devstack@neutron-api.service[91061]: DEBUG neutron_lib.callbacks.manager [None req-7b988065-1547-4755-a645-4707c8105f35 admin admin] Publish callbacks ['neutron.objects.securitygroup.RbacNeutronDbObjectMixin.validate_rbac_policy_change-2483101159628', 'neutron.objects.address_group.RbacNeutronDbObjectMixin.validate_rbac_policy_change-2483101333016', 'neutron.objects.network.RbacNeutronDbObjectMixin.validate_rbac_policy_change-2483101199258', 'neutron.objects.qos.policy.RbacNeutronDbObjectMixin.validate_rbac_policy_change-2483101193938', 'neutron.objects.subnetpool.RbacNeutronDbObjectMixin.validate_rbac_policy_change-2483101234879', 'neutron.objects.address_scope.RbacNeutronDbObjectMixin.validate_rbac_policy_change-2483101229791', 'neutron.plugins.ml2.plugin.External_net_db_mixin._process_ext_policy_create-253066', 'neutron.plugins.ml2.plugin.NeutronDbPluginV2.validate_network_rbac_policy_change-242906'] for rbac-policy (None), before_create {{(pid=91061) _notify_loop /opt/stack/data/venv/lib/python3.12/site-packages/neutron_lib/callbacks/manager.py:184}}
Jul 27 16:04:22.076053 np0000005924 devstack@neutron-api.service[91061]: DEBUG neutron_lib.callbacks.manager [None req-7b988065-1547-4755-a645-4707c8105f35 admin admin] Publish callbacks [] for subnetpool (None), before_response {{(pid=91061) _notify_loop /opt/stack/data/venv/lib/python3.12/site-packages/neutron_lib/callbacks/manager.py:184}}
Jul 27 16:04:22.076744 np0000005924 devstack@neutron-api.service[91061]: [pid: 91061|app: 0|req: 1/3] 10.4.3.117 () {68 vars in 1336 bytes} [Mon Jul 27 16:04:21 2026] POST /networking/v2.0/subnetpools => generated 533 bytes in 425 msecs (HTTP/1.1 201) 4 headers in 162 bytes (1 switches on core 0)
Jul 27 16:04:22.390703 np0000005924 devstack@neutron-api.service[91058]: DEBUG neutron.api.v2.base [None req-b43b5d0e-69fa-474f-9226-970b89d8c6e3 admin admin] Request body: {'subnetpool': {'is_default': True, 'name': 'shared-default-subnetpool-v6', 'shared': True, 'default_prefixlen': 64, 'prefixes': ['fd42:1453:d269::/56']}} {{(pid=91058) prepare_request_body /opt/stack/neutron/neutron/api/v2/base.py:727}}
Jul 27 16:04:22.543388 np0000005924 devstack@neutron-api.service[91058]: DEBUG neutron.policy [None req-b43b5d0e-69fa-474f-9226-970b89d8c6e3 admin admin] Loaded default policies from ['neutron'] under neutron.policies entry points {{(pid=91058) register_rules /opt/stack/neutron/neutron/policy.py:65}}
Jul 27 16:04:22.669150 np0000005924 devstack@neutron-api.service[91058]: DEBUG neutron_lib.callbacks.manager [None req-b43b5d0e-69fa-474f-9226-970b89d8c6e3 admin admin] Publish callbacks ['neutron.objects.securitygroup.RbacNeutronDbObjectMixin.validate_rbac_policy_change-2483101293249', 'neutron.objects.address_group.RbacNeutronDbObjectMixin.validate_rbac_policy_change-2483101334804', 'neutron.objects.network.RbacNeutronDbObjectMixin.validate_rbac_policy_change-2483101200201', 'neutron.objects.qos.policy.RbacNeutronDbObjectMixin.validate_rbac_policy_change-2483101190133', 'neutron.objects.subnetpool.RbacNeutronDbObjectMixin.validate_rbac_policy_change-2483101236100', 'neutron.objects.address_scope.RbacNeutronDbObjectMixin.validate_rbac_policy_change-2483101233559', 'neutron.plugins.ml2.plugin.External_net_db_mixin._process_ext_policy_create-250302', 'neutron.plugins.ml2.plugin.NeutronDbPluginV2.validate_network_rbac_policy_change-254402'] for rbac-policy (None), before_create {{(pid=91058) _notify_loop /opt/stack/data/venv/lib/python3.12/site-packages/neutron_lib/callbacks/manager.py:184}}
Jul 27 16:04:22.703793 np0000005924 devstack@neutron-api.service[91058]: DEBUG neutron_lib.callbacks.manager [None req-b43b5d0e-69fa-474f-9226-970b89d8c6e3 admin admin] Publish callbacks [] for subnetpool (None), before_response {{(pid=91058) _notify_loop /opt/stack/data/venv/lib/python3.12/site-packages/neutron_lib/callbacks/manager.py:184}}
Jul 27 16:04:22.704260 np0000005924 devstack@neutron-api.service[91058]: [pid: 91058|app: 0|req: 1/4] 10.4.3.117 () {68 vars in 1336 bytes} [Mon Jul 27 16:04:22 2026] POST /networking/v2.0/subnetpools => generated 543 bytes in 405 msecs (HTTP/1.1 201) 4 headers in 162 bytes (1 switches on core 0)
Jul 27 16:04:23.003544 np0000005924 devstack@neutron-api.service[91060]: DEBUG neutron.api.v2.base [None req-d88352ea-93be-4e53-8cf7-12e06b0f4e16 admin admin] Request body: {'network': {'name': 'private', 'admin_state_up': True}} {{(pid=91060) prepare_request_body /opt/stack/neutron/neutron/api/v2/base.py:727}}
Jul 27 16:04:23.034109 np0000005924 devstack@neutron-api.service[91060]: DEBUG neutron.pecan_wsgi.hooks.quota_enforcement [None req-d88352ea-93be-4e53-8cf7-12e06b0f4e16 admin admin] Made reservation on behalf of da22524a3c4d4f92b8c89699d7f9316e for: {'network': 1} {{(pid=91060) before /opt/stack/neutron/neutron/pecan_wsgi/hooks/quota_enforcement.py:66}}
Jul 27 16:04:23.184700 np0000005924 devstack@neutron-api.service[91060]: DEBUG neutron.policy [None req-d88352ea-93be-4e53-8cf7-12e06b0f4e16 admin admin] Loaded default policies from ['neutron'] under neutron.policies entry points {{(pid=91060) register_rules /opt/stack/neutron/neutron/policy.py:65}}
Jul 27 16:04:23.274234 np0000005924 devstack@neutron-api.service[91060]: DEBUG neutron_lib.callbacks.manager [None req-d88352ea-93be-4e53-8cf7-12e06b0f4e16 admin admin] Publish callbacks ['neutron.plugins.ml2.plugin.SecurityGroupDbMixin._ensure_default_security_group_handler-7616786'] for network (None), before_create {{(pid=91060) _notify_loop /opt/stack/data/venv/lib/python3.12/site-packages/neutron_lib/callbacks/manager.py:184}}
Jul 27 16:04:23.293129 np0000005924 devstack@neutron-api.service[91060]: DEBUG neutron_lib.callbacks.manager [None req-d88352ea-93be-4e53-8cf7-12e06b0f4e16 admin admin] Publish callbacks [] for security_group (None), before_create {{(pid=91060) _notify_loop /opt/stack/data/venv/lib/python3.12/site-packages/neutron_lib/callbacks/manager.py:184}}
Jul 27 16:04:23.381636 np0000005924 devstack@neutron-api.service[91060]: DEBUG neutron_lib.callbacks.manager [None req-d88352ea-93be-4e53-8cf7-12e06b0f4e16 admin admin] Publish callbacks ['neutron.plugins.ml2.drivers.ovn.mech_driver.mech_driver.OVNMechanismDriver._create_security_group_precommit-385410'] for security_group (4431489e-eea3-4a6d-afd7-119c5716378c), precommit_create {{(pid=91060) _notify_loop /opt/stack/data/venv/lib/python3.12/site-packages/neutron_lib/callbacks/manager.py:184}}
Jul 27 16:04:23.381786 np0000005924 devstack@neutron-api.service[91060]: DEBUG neutron.db.ovn_revision_numbers_db [None req-d88352ea-93be-4e53-8cf7-12e06b0f4e16 admin admin] create_initial_revision uuid=4431489e-eea3-4a6d-afd7-119c5716378c, type=security_groups, rev=-1 {{(pid=91060) create_initial_revision /opt/stack/neutron/neutron/db/ovn_revision_numbers_db.py:98}}
Jul 27 16:04:23.383933 np0000005924 devstack@neutron-api.service[91060]: DEBUG neutron.db.ovn_revision_numbers_db [None req-d88352ea-93be-4e53-8cf7-12e06b0f4e16 admin admin] create_initial_revision uuid=4003bdc7-f7bb-43ff-b996-5af6e243dbec, type=security_group_rules, rev=-1 {{(pid=91060) create_initial_revision /opt/stack/neutron/neutron/db/ovn_revision_numbers_db.py:98}}
Jul 27 16:04:23.384867 np0000005924 devstack@neutron-api.service[91060]: DEBUG neutron.db.ovn_revision_numbers_db [None req-d88352ea-93be-4e53-8cf7-12e06b0f4e16 admin admin] create_initial_revision uuid=46f5d7ba-6c85-4a65-8c25-32a9237f3da0, type=security_group_rules, rev=-1 {{(pid=91060) create_initial_revision /opt/stack/neutron/neutron/db/ovn_revision_numbers_db.py:98}}
Jul 27 16:04:23.385759 np0000005924 devstack@neutron-api.service[91060]: DEBUG neutron.db.ovn_revision_numbers_db [None req-d88352ea-93be-4e53-8cf7-12e06b0f4e16 admin admin] create_initial_revision uuid=92edd4cd-632b-4ff8-b7e7-af845b582ebd, type=security_group_rules, rev=-1 {{(pid=91060) create_initial_revision /opt/stack/neutron/neutron/db/ovn_revision_numbers_db.py:98}}
Jul 27 16:04:23.386760 np0000005924 devstack@neutron-api.service[91060]: DEBUG neutron.db.ovn_revision_numbers_db [None req-d88352ea-93be-4e53-8cf7-12e06b0f4e16 admin admin] create_initial_revision uuid=ce20e544-e6eb-4ed4-b8af-1b6ea5a67a3f, type=security_group_rules, rev=-1 {{(pid=91060) create_initial_revision /opt/stack/neutron/neutron/db/ovn_revision_numbers_db.py:98}}
Jul 27 16:04:23.389772 np0000005924 devstack@neutron-api.service[91060]: DEBUG neutron_lib.callbacks.manager [None req-d88352ea-93be-4e53-8cf7-12e06b0f4e16 admin admin] Publish callbacks ['neutron.plugins.ml2.drivers.ovn.mech_driver.mech_driver.OVNMechanismDriver._create_security_group-385404', 'neutron.plugins.ml2.ovo_rpc._ObjectChangeHandler.handle_event-2740061'] for security_group (4431489e-eea3-4a6d-afd7-119c5716378c), after_create {{(pid=91060) _notify_loop /opt/stack/data/venv/lib/python3.12/site-packages/neutron_lib/callbacks/manager.py:184}}
Jul 27 16:04:23.389931 np0000005924 devstack@neutron-api.service[91060]: INFO neutron.plugins.ml2.drivers.ovn.mech_driver.ovsdb.extensions.qos [None req-d88352ea-93be-4e53-8cf7-12e06b0f4e16 admin admin] Starting OVNClientQosExtension
Jul 27 16:04:23.390098 np0000005924 devstack@neutron-api.service[91060]: INFO neutron.plugins.ml2.drivers.ovn.mech_driver.ovsdb.extensions.placement [None req-d88352ea-93be-4e53-8cf7-12e06b0f4e16 admin admin] Starting OVNClientPlacementExtension
Jul 27 16:04:23.390982 np0000005924 devstack@neutron-api.service[91060]: DEBUG ovsdbapp.backend.ovs_idl.transaction [-] Running txn n=1 command(idx=0): PgAddCommand(_result=None, name=pg_4431489e_eea3_4a6d_afd7_119c5716378c, may_exist=False, columns={'acls': [], 'external_ids': {'neutron:security_group_id': '4431489e-eea3-4a6d-afd7-119c5716378c'}}) {{(pid=91060) do_commit /opt/stack/data/venv/lib/python3.12/site-packages/ovsdbapp/backend/ovs_idl/transaction.py:89}}
Jul 27 16:04:23.392043 np0000005924 devstack@neutron-api.service[91060]: DEBUG ovsdbapp.backend.ovs_idl.transaction [-] Running txn n=1 command(idx=1): PgAclAddCommand(_result=None, entity=pg_4431489e_eea3_4a6d_afd7_119c5716378c, direction=from-lport, priority=1002, match=inport == @pg_4431489e_eea3_4a6d_afd7_119c5716378c && ip4, action=allow-related, log=False, may_exist=True, severity=[], name=[], meter=[], external_ids={'neutron:security_group_rule_id': '4003bdc7-f7bb-43ff-b996-5af6e243dbec'}) {{(pid=91060) do_commit /opt/stack/data/venv/lib/python3.12/site-packages/ovsdbapp/backend/ovs_idl/transaction.py:89}}
Jul 27 16:04:23.392371 np0000005924 devstack@neutron-api.service[91060]: DEBUG ovsdbapp.backend.ovs_idl.transaction [-] Running txn n=1 command(idx=2): PgAclAddCommand(_result=None, entity=pg_4431489e_eea3_4a6d_afd7_119c5716378c, direction=to-lport, priority=1002, match=outport == @pg_4431489e_eea3_4a6d_afd7_119c5716378c && ip6 && ip6.src == $pg_4431489e_eea3_4a6d_afd7_119c5716378c_ip6, action=allow-related, log=False, may_exist=True, severity=[], name=[], meter=[], external_ids={'neutron:security_group_rule_id': '46f5d7ba-6c85-4a65-8c25-32a9237f3da0'}) {{(pid=91060) do_commit /opt/stack/data/venv/lib/python3.12/site-packages/ovsdbapp/backend/ovs_idl/transaction.py:89}}
Jul 27 16:04:23.392597 np0000005924 devstack@neutron-api.service[91060]: DEBUG ovsdbapp.backend.ovs_idl.transaction [-] Running txn n=1 command(idx=3): PgAclAddCommand(_result=None, entity=pg_4431489e_eea3_4a6d_afd7_119c5716378c, direction=to-lport, priority=1002, match=outport == @pg_4431489e_eea3_4a6d_afd7_119c5716378c && ip4 && ip4.src == $pg_4431489e_eea3_4a6d_afd7_119c5716378c_ip4, action=allow-related, log=False, may_exist=True, severity=[], name=[], meter=[], external_ids={'neutron:security_group_rule_id': '92edd4cd-632b-4ff8-b7e7-af845b582ebd'}) {{(pid=91060) do_commit /opt/stack/data/venv/lib/python3.12/site-packages/ovsdbapp/backend/ovs_idl/transaction.py:89}}
Jul 27 16:04:23.392884 np0000005924 devstack@neutron-api.service[91060]: DEBUG ovsdbapp.backend.ovs_idl.transaction [-] Running txn n=1 command(idx=4): PgAclAddCommand(_result=None, entity=pg_4431489e_eea3_4a6d_afd7_119c5716378c, direction=from-lport, priority=1002, match=inport == @pg_4431489e_eea3_4a6d_afd7_119c5716378c && ip6, action=allow-related, log=False, may_exist=True, severity=[], name=[], meter=[], external_ids={'neutron:security_group_rule_id': 'ce20e544-e6eb-4ed4-b8af-1b6ea5a67a3f'}) {{(pid=91060) do_commit /opt/stack/data/venv/lib/python3.12/site-packages/ovsdbapp/backend/ovs_idl/transaction.py:89}}
Jul 27 16:04:23.411845 np0000005924 devstack@neutron-api.service[91059]: DEBUG neutron.plugins.ml2.drivers.ovn.mech_driver.ovsdb.ovsdb_monitor [-] Hash Ring: Node aadb7a35c46c5f1fbd31cd962d94c3bd (host: np0000005924) handling event "create" for row 29aa0052-2702-43e6-9798-25f3995dd840 (table: ACL) {{(pid=91059) notify /opt/stack/neutron/neutron/plugins/ml2/drivers/ovn/mech_driver/ovsdb/ovsdb_monitor.py:1013}}
Jul 27 16:04:23.412155 np0000005924 devstack@neutron-api.service[91060]: DEBUG neutron.plugins.ml2.drivers.ovn.mech_driver.ovsdb.ovsdb_monitor [-] Hash Ring: Node e20ff49e909b5076b806a303a9adb52a (host: np0000005924) handling event "create" for row 59c69f78-bc60-4214-ac04-42a343ff91eb (table: Port_Group) {{(pid=91060) notify /opt/stack/neutron/neutron/plugins/ml2/drivers/ovn/mech_driver/ovsdb/ovsdb_monitor.py:1013}}
Jul 27 16:04:23.412202 np0000005924 devstack@neutron-api.service[91059]: DEBUG neutron.plugins.ml2.drivers.ovn.mech_driver.ovsdb.ovsdb_monitor [-] Hash Ring: Node aadb7a35c46c5f1fbd31cd962d94c3bd (host: np0000005924) handling event "create" for row 747a71aa-4f92-462a-9a84-e2e1d098a4a1 (table: ACL) {{(pid=91059) notify /opt/stack/neutron/neutron/plugins/ml2/drivers/ovn/mech_driver/ovsdb/ovsdb_monitor.py:1013}}
Jul 27 16:04:23.412296 np0000005924 devstack@neutron-api.service[91059]: DEBUG neutron.plugins.ml2.drivers.ovn.mech_driver.ovsdb.ovsdb_monitor [-] Hash Ring: Node aadb7a35c46c5f1fbd31cd962d94c3bd (host: np0000005924) handling event "create" for row a98203cf-afcc-4167-80f6-2eeff9371c08 (table: ACL) {{(pid=91059) notify /opt/stack/neutron/neutron/plugins/ml2/drivers/ovn/mech_driver/ovsdb/ovsdb_monitor.py:1013}}
Jul 27 16:04:23.412496 np0000005924 devstack@neutron-api.service[91059]: DEBUG neutron.plugins.ml2.drivers.ovn.mech_driver.ovsdb.ovsdb_monitor [-] Hash Ring: Node aadb7a35c46c5f1fbd31cd962d94c3bd (host: np0000005924) handling event "create" for row f4b8e76b-375a-486a-91f5-77e0276dd6e9 (table: ACL) {{(pid=91059) notify /opt/stack/neutron/neutron/plugins/ml2/drivers/ovn/mech_driver/ovsdb/ovsdb_monitor.py:1013}}
Jul 27 16:04:23.412645 np0000005924 devstack@neutron-api.service[91059]: DEBUG neutron.plugins.ml2.drivers.ovn.mech_driver.ovsdb.ovsdb_monitor [-] Hash Ring: Node aadb7a35c46c5f1fbd31cd962d94c3bd (host: np0000005924) handling event "create" for row 59c69f78-bc60-4214-ac04-42a343ff91eb (table: Port_Group) {{(pid=91059) notify /opt/stack/neutron/neutron/plugins/ml2/drivers/ovn/mech_driver/ovsdb/ovsdb_monitor.py:1013}}
Jul 27 16:04:23.412910 np0000005924 devstack@neutron-api.service[91061]: DEBUG neutron.plugins.ml2.drivers.ovn.mech_driver.ovsdb.ovsdb_monitor [-] Hash Ring: Node 6c4ef52432f352548aaf6a68cae37d34 (host: np0000005924) handling event "create" for row 29aa0052-2702-43e6-9798-25f3995dd840 (table: ACL) {{(pid=91061) notify /opt/stack/neutron/neutron/plugins/ml2/drivers/ovn/mech_driver/ovsdb/ovsdb_monitor.py:1013}}
Jul 27 16:04:23.413092 np0000005924 devstack@neutron-api.service[91058]: DEBUG neutron.plugins.ml2.drivers.ovn.mech_driver.ovsdb.ovsdb_monitor [-] Hash Ring: Node 8f727be84f14598caf6443194f427709 (host: np0000005924) handling event "create" for row f4b8e76b-375a-486a-91f5-77e0276dd6e9 (table: ACL) {{(pid=91058) notify /opt/stack/neutron/neutron/plugins/ml2/drivers/ovn/mech_driver/ovsdb/ovsdb_monitor.py:1013}}
Jul 27 16:04:23.413267 np0000005924 devstack@neutron-api.service[91061]: DEBUG neutron.plugins.ml2.drivers.ovn.mech_driver.ovsdb.ovsdb_monitor [-] Hash Ring: Node 6c4ef52432f352548aaf6a68cae37d34 (host: np0000005924) handling event "create" for row 747a71aa-4f92-462a-9a84-e2e1d098a4a1 (table: ACL) {{(pid=91061) notify /opt/stack/neutron/neutron/plugins/ml2/drivers/ovn/mech_driver/ovsdb/ovsdb_monitor.py:1013}}
Jul 27 16:04:23.433877 np0000005924 devstack@neutron-api.service[91060]: INFO neutron.db.ovn_revision_numbers_db [None req-d88352ea-93be-4e53-8cf7-12e06b0f4e16 admin admin] Successfully bumped revision number for resource 4431489e-eea3-4a6d-afd7-119c5716378c (type: security_groups) to 1
Jul 27 16:04:23.445238 np0000005924 devstack@neutron-api.service[91060]: INFO neutron.db.ovn_revision_numbers_db [None req-d88352ea-93be-4e53-8cf7-12e06b0f4e16 admin admin] Successfully bumped revision number for resource 4003bdc7-f7bb-43ff-b996-5af6e243dbec (type: security_group_rules) to 0
Jul 27 16:04:23.454363 np0000005924 devstack@neutron-api.service[91060]: INFO neutron.db.ovn_revision_numbers_db [None req-d88352ea-93be-4e53-8cf7-12e06b0f4e16 admin admin] Successfully bumped revision number for resource 46f5d7ba-6c85-4a65-8c25-32a9237f3da0 (type: security_group_rules) to 0
Jul 27 16:04:23.463438 np0000005924 devstack@neutron-api.service[91060]: INFO neutron.db.ovn_revision_numbers_db [None req-d88352ea-93be-4e53-8cf7-12e06b0f4e16 admin admin] Successfully bumped revision number for resource 92edd4cd-632b-4ff8-b7e7-af845b582ebd (type: security_group_rules) to 0
Jul 27 16:04:23.472534 np0000005924 devstack@neutron-api.service[91060]: INFO neutron.db.ovn_revision_numbers_db [None req-d88352ea-93be-4e53-8cf7-12e06b0f4e16 admin admin] Successfully bumped revision number for resource ce20e544-e6eb-4ed4-b8af-1b6ea5a67a3f (type: security_group_rules) to 0
Jul 27 16:04:23.490575 np0000005924 devstack@neutron-api.service[91060]: DEBUG neutron.api.rpc.handlers.resources_rpc [None req-d88352ea-93be-4e53-8cf7-12e06b0f4e16 admin admin] Pushing event updated for resources: {'SecurityGroup': ['ID=4431489e-eea3-4a6d-afd7-119c5716378c,revision_number=1']} {{(pid=91060) push /opt/stack/neutron/neutron/api/rpc/handlers/resources_rpc.py:237}}
Jul 27 16:04:23.496925 np0000005924 devstack@neutron-api.service[91060]: DEBUG ovsdbapp.backend.ovs_idl.transaction [-] Running txn n=1 command(idx=0): CheckLivenessCommand(_result=None) {{(pid=91060) do_commit /opt/stack/data/venv/lib/python3.12/site-packages/ovsdbapp/backend/ovs_idl/transaction.py:89}}
Jul 27 16:04:23.500217 np0000005924 devstack@neutron-api.service[91059]: DEBUG neutron.plugins.ml2.drivers.ovn.mech_driver.ovsdb.ovsdb_monitor [-] Hash Ring: Node aadb7a35c46c5f1fbd31cd962d94c3bd (host: np0000005924) handling event "update" for row a8dc1222-8a40-4b52-9e2b-dd47ec147c12 (table: NB_Global) {{(pid=91059) notify /opt/stack/neutron/neutron/plugins/ml2/drivers/ovn/mech_driver/ovsdb/ovsdb_monitor.py:1013}}
Jul 27 16:04:23.501506 np0000005924 devstack@neutron-api.service[91059]: DEBUG neutron.plugins.ml2.drivers.ovn.mech_driver.ovsdb.ovsdb_monitor [-] Hash Ring: Node aadb7a35c46c5f1fbd31cd962d94c3bd (host: np0000005924) handling event "update" for row a8dc1222-8a40-4b52-9e2b-dd47ec147c12 (table: NB_Global) {{(pid=91059) notify /opt/stack/neutron/neutron/plugins/ml2/drivers/ovn/mech_driver/ovsdb/ovsdb_monitor.py:1013}}
Jul 27 16:04:23.501633 np0000005924 devstack@neutron-api.service[91058]: DEBUG neutron.plugins.ml2.drivers.ovn.mech_driver.ovsdb.ovsdb_monitor [-] Hash Ring: Node 8f727be84f14598caf6443194f427709 (host: np0000005924) handling event "update" for row a8dc1222-8a40-4b52-9e2b-dd47ec147c12 (table: NB_Global) {{(pid=91058) notify /opt/stack/neutron/neutron/plugins/ml2/drivers/ovn/mech_driver/ovsdb/ovsdb_monitor.py:1013}}
Jul 27 16:04:23.501776 np0000005924 devstack@neutron-api.service[91059]: DEBUG neutron.plugins.ml2.drivers.ovn.mech_driver.ovsdb.ovsdb_monitor [-] Hash Ring: Node aadb7a35c46c5f1fbd31cd962d94c3bd (host: np0000005924) handling event "update" for row a8dc1222-8a40-4b52-9e2b-dd47ec147c12 (table: NB_Global) {{(pid=91059) notify /opt/stack/neutron/neutron/plugins/ml2/drivers/ovn/mech_driver/ovsdb/ovsdb_monitor.py:1013}}
Jul 27 16:04:23.501872 np0000005924 devstack@neutron-api.service[91060]: DEBUG neutron.api.rpc.callbacks.version_manager [None req-d88352ea-93be-4e53-8cf7-12e06b0f4e16 admin admin] Tracked resource versions report:
Jul 27 16:04:23.501872 np0000005924 devstack@neutron-api.service[91060]: pushed versions:
Jul 27 16:04:23.501872 np0000005924 devstack@neutron-api.service[91060]: { 'AddressGroup': {'1.2'},
Jul 27 16:04:23.501872 np0000005924 devstack@neutron-api.service[91060]: 'Agent': {'1.1'},
Jul 27 16:04:23.501872 np0000005924 devstack@neutron-api.service[91060]: 'ConntrackHelper': {'1.0'},
Jul 27 16:04:23.501872 np0000005924 devstack@neutron-api.service[91060]: 'LocalIPAssociation': {'1.0'},
Jul 27 16:04:23.501872 np0000005924 devstack@neutron-api.service[91060]: 'Log': {'1.0'},
Jul 27 16:04:23.501872 np0000005924 devstack@neutron-api.service[91060]: 'NDPProxy': {'1.0'},
Jul 27 16:04:23.501872 np0000005924 devstack@neutron-api.service[91060]: 'Network': {'1.3'},
Jul 27 16:04:23.501872 np0000005924 devstack@neutron-api.service[91060]: 'Port': {'1.11'},
Jul 27 16:04:23.501872 np0000005924 devstack@neutron-api.service[91060]: 'PortForwarding': {'1.3'},
Jul 27 16:04:23.501872 np0000005924 devstack@neutron-api.service[91060]: 'QosPolicy': {'1.10'},
Jul 27 16:04:23.501872 np0000005924 devstack@neutron-api.service[91060]: 'SecurityGroup': {'1.6'},
Jul 27 16:04:23.501872 np0000005924 devstack@neutron-api.service[91060]: 'SecurityGroupRule': {'1.3'},
Jul 27 16:04:23.501872 np0000005924 devstack@neutron-api.service[91060]: 'SubPort': {'1.0'},
Jul 27 16:04:23.501872 np0000005924 devstack@neutron-api.service[91060]: 'Subnet': {'1.2'},
Jul 27 16:04:23.501872 np0000005924 devstack@neutron-api.service[91060]: 'Trunk': {'1.1'}}
Jul 27 16:04:23.501872 np0000005924 devstack@neutron-api.service[91060]: consumer versions:
Jul 27 16:04:23.501872 np0000005924 devstack@neutron-api.service[91060]: {}
Jul 27 16:04:23.501872 np0000005924 devstack@neutron-api.service[91060]: {{(pid=91060) report /opt/stack/neutron/neutron/api/rpc/callbacks/version_manager.py:183}}
Jul 27 16:04:23.502571 np0000005924 devstack@neutron-api.service[91058]: DEBUG neutron.plugins.ml2.drivers.ovn.mech_driver.ovsdb.ovsdb_monitor [-] Hash Ring: Node 8f727be84f14598caf6443194f427709 (host: np0000005924) handling event "update" for row a8dc1222-8a40-4b52-9e2b-dd47ec147c12 (table: NB_Global) {{(pid=91058) notify /opt/stack/neutron/neutron/plugins/ml2/drivers/ovn/mech_driver/ovsdb/ovsdb_monitor.py:1013}}
Jul 27 16:04:23.504405 np0000005924 devstack@neutron-api.service[91058]: DEBUG ovsdbapp.backend.ovs_idl.event [-] Matched UPDATE: ChassisAgentWriteEvent(events=('create', 'update'), table='Chassis_Private', conditions=None, old_conditions=None), priority=20 to row=Chassis_Private(uuid=ed27d107-93f0-4273-ab80-5faa20973722, chassis=ccf5feca-d90a-4e05-ae16-258c6d2f8d5f, external_ids={'neutron:ovn-bridge': 'br-int', 'neutron:ovn-neutron-agent-id': '2ec8f228-3f65-5398-bdef-774cbe3eef5e', 'neutron:ovn-neutron-agent-sb-cfg': '0'}, name='762829d0-1244-439e-ab04-617c2b7fa7a4', nb_cfg=1, nb_cfg_timestamp=1785168263499) old=Chassis_Private(uuid=ed27d107-93f0-4273-ab80-5faa20973722, nb_cfg=0, nb_cfg_timestamp=0) {{(pid=91058) matches /opt/stack/data/venv/lib/python3.12/site-packages/ovsdbapp/backend/ovs_idl/event.py:55}}
Jul 27 16:04:23.504549 np0000005924 devstack@neutron-api.service[91059]: DEBUG ovsdbapp.backend.ovs_idl.event [-] Matched UPDATE: ChassisAgentWriteEvent(events=('create', 'update'), table='Chassis_Private', conditions=None, old_conditions=None), priority=20 to row=Chassis_Private(uuid=ed27d107-93f0-4273-ab80-5faa20973722, chassis=ccf5feca-d90a-4e05-ae16-258c6d2f8d5f, external_ids={'neutron:ovn-bridge': 'br-int', 'neutron:ovn-neutron-agent-id': '2ec8f228-3f65-5398-bdef-774cbe3eef5e', 'neutron:ovn-neutron-agent-sb-cfg': '0'}, name='762829d0-1244-439e-ab04-617c2b7fa7a4', nb_cfg=1, nb_cfg_timestamp=1785168263499) old=Chassis_Private(uuid=ed27d107-93f0-4273-ab80-5faa20973722, nb_cfg=0, nb_cfg_timestamp=0) {{(pid=91059) matches /opt/stack/data/venv/lib/python3.12/site-packages/ovsdbapp/backend/ovs_idl/event.py:55}}
Jul 27 16:04:23.504726 np0000005924 devstack@neutron-api.service[91061]: DEBUG ovsdbapp.backend.ovs_idl.event [-] Matched UPDATE: ChassisAgentWriteEvent(events=('create', 'update'), table='Chassis_Private', conditions=None, old_conditions=None), priority=20 to row=Chassis_Private(uuid=ed27d107-93f0-4273-ab80-5faa20973722, chassis=ccf5feca-d90a-4e05-ae16-258c6d2f8d5f, external_ids={'neutron:ovn-bridge': 'br-int', 'neutron:ovn-neutron-agent-id': '2ec8f228-3f65-5398-bdef-774cbe3eef5e', 'neutron:ovn-neutron-agent-sb-cfg': '0'}, name='762829d0-1244-439e-ab04-617c2b7fa7a4', nb_cfg=1, nb_cfg_timestamp=1785168263499) old=Chassis_Private(uuid=ed27d107-93f0-4273-ab80-5faa20973722, nb_cfg=0, nb_cfg_timestamp=0) {{(pid=91061) matches /opt/stack/data/venv/lib/python3.12/site-packages/ovsdbapp/backend/ovs_idl/event.py:55}}
Jul 27 16:04:23.504927 np0000005924 devstack@neutron-api.service[91058]: DEBUG neutron.plugins.ml2.drivers.ovn.mech_driver.ovsdb.ovsdb_monitor [-] Hash Ring: Node 8f727be84f14598caf6443194f427709 (host: np0000005924) handling event "update" for row a8dc1222-8a40-4b52-9e2b-dd47ec147c12 (table: NB_Global) {{(pid=91058) notify /opt/stack/neutron/neutron/plugins/ml2/drivers/ovn/mech_driver/ovsdb/ovsdb_monitor.py:1013}}
Jul 27 16:04:23.507038 np0000005924 devstack@neutron-api.service[91058]: DEBUG neutron.plugins.ml2.drivers.ovn.mech_driver.ovsdb.ovsdb_monitor [-] Hash Ring: Node 8f727be84f14598caf6443194f427709 (host: np0000005924) handling event "update" for row a8dc1222-8a40-4b52-9e2b-dd47ec147c12 (table: NB_Global) {{(pid=91058) notify /opt/stack/neutron/neutron/plugins/ml2/drivers/ovn/mech_driver/ovsdb/ovsdb_monitor.py:1013}}
Jul 27 16:04:23.507880 np0000005924 devstack@neutron-api.service[91058]: DEBUG ovsdbapp.backend.ovs_idl.event [-] Matched UPDATE: ChassisOVNAgentWriteEvent(events=('create', 'update'), table='Chassis_Private', conditions=None, old_conditions=None), priority=20 to row=Chassis_Private(uuid=ed27d107-93f0-4273-ab80-5faa20973722, chassis=ccf5feca-d90a-4e05-ae16-258c6d2f8d5f, external_ids={'neutron:ovn-bridge': 'br-int', 'neutron:ovn-neutron-agent-id': '2ec8f228-3f65-5398-bdef-774cbe3eef5e', 'neutron:ovn-neutron-agent-sb-cfg': '1'}, name='762829d0-1244-439e-ab04-617c2b7fa7a4', nb_cfg=1, nb_cfg_timestamp=1785168263499) old=Chassis_Private(uuid=ed27d107-93f0-4273-ab80-5faa20973722, external_ids={'neutron:ovn-bridge': 'br-int', 'neutron:ovn-neutron-agent-id': '2ec8f228-3f65-5398-bdef-774cbe3eef5e', 'neutron:ovn-neutron-agent-sb-cfg': '0'}) {{(pid=91058) matches /opt/stack/data/venv/lib/python3.12/site-packages/ovsdbapp/backend/ovs_idl/event.py:55}}
Jul 27 16:04:23.508057 np0000005924 devstack@neutron-api.service[91059]: DEBUG neutron.plugins.ml2.drivers.ovn.mech_driver.ovsdb.ovsdb_monitor [-] Hash Ring: Node aadb7a35c46c5f1fbd31cd962d94c3bd (host: np0000005924) handling event "update" for row a8dc1222-8a40-4b52-9e2b-dd47ec147c12 (table: NB_Global) {{(pid=91059) notify /opt/stack/neutron/neutron/plugins/ml2/drivers/ovn/mech_driver/ovsdb/ovsdb_monitor.py:1013}}
Jul 27 16:04:23.508488 np0000005924 devstack@neutron-api.service[91061]: DEBUG ovsdbapp.backend.ovs_idl.event [-] Matched UPDATE: ChassisOVNAgentWriteEvent(events=('create', 'update'), table='Chassis_Private', conditions=None, old_conditions=None), priority=20 to row=Chassis_Private(uuid=ed27d107-93f0-4273-ab80-5faa20973722, chassis=ccf5feca-d90a-4e05-ae16-258c6d2f8d5f, external_ids={'neutron:ovn-bridge': 'br-int', 'neutron:ovn-neutron-agent-id': '2ec8f228-3f65-5398-bdef-774cbe3eef5e', 'neutron:ovn-neutron-agent-sb-cfg': '1'}, name='762829d0-1244-439e-ab04-617c2b7fa7a4', nb_cfg=1, nb_cfg_timestamp=1785168263499) old=Chassis_Private(uuid=ed27d107-93f0-4273-ab80-5faa20973722, external_ids={'neutron:ovn-bridge': 'br-int', 'neutron:ovn-neutron-agent-id': '2ec8f228-3f65-5398-bdef-774cbe3eef5e', 'neutron:ovn-neutron-agent-sb-cfg': '0'}) {{(pid=91061) matches /opt/stack/data/venv/lib/python3.12/site-packages/ovsdbapp/backend/ovs_idl/event.py:55}}
Jul 27 16:04:23.508860 np0000005924 devstack@neutron-api.service[91060]: DEBUG ovsdbapp.backend.ovs_idl.event [-] Matched UPDATE: ChassisAgentWriteEvent(events=('create', 'update'), table='Chassis_Private', conditions=None, old_conditions=None), priority=20 to row=Chassis_Private(uuid=ed27d107-93f0-4273-ab80-5faa20973722, chassis=ccf5feca-d90a-4e05-ae16-258c6d2f8d5f, external_ids={'neutron:ovn-bridge': 'br-int', 'neutron:ovn-neutron-agent-id': '2ec8f228-3f65-5398-bdef-774cbe3eef5e', 'neutron:ovn-neutron-agent-sb-cfg': '0'}, name='762829d0-1244-439e-ab04-617c2b7fa7a4', nb_cfg=1, nb_cfg_timestamp=1785168263499) old=Chassis_Private(uuid=ed27d107-93f0-4273-ab80-5faa20973722, nb_cfg=0, nb_cfg_timestamp=0) {{(pid=91060) matches /opt/stack/data/venv/lib/python3.12/site-packages/ovsdbapp/backend/ovs_idl/event.py:55}}
Jul 27 16:04:23.509495 np0000005924 devstack@neutron-api.service[91059]: DEBUG neutron.common.ovn.hash_ring_manager [-] Allow caching, nodes 4>=4 {{(pid=91059) _wait_startup_before_caching /opt/stack/neutron/neutron/common/ovn/hash_ring_manager.py:71}}
Jul 27 16:04:23.509598 np0000005924 devstack@neutron-api.service[91059]: DEBUG neutron.plugins.ml2.drivers.ovn.mech_driver.ovsdb.ovsdb_monitor [-] Hash Ring: Node aadb7a35c46c5f1fbd31cd962d94c3bd (host: np0000005924) handling event "update" for row ed27d107-93f0-4273-ab80-5faa20973722 (table: Chassis_Private) {{(pid=91059) notify /opt/stack/neutron/neutron/plugins/ml2/drivers/ovn/mech_driver/ovsdb/ovsdb_monitor.py:1013}}
Jul 27 16:04:23.510646 np0000005924 devstack@neutron-api.service[91059]: DEBUG ovsdbapp.backend.ovs_idl.event [-] Matched UPDATE: ChassisOVNAgentWriteEvent(events=('create', 'update'), table='Chassis_Private', conditions=None, old_conditions=None), priority=20 to row=Chassis_Private(uuid=ed27d107-93f0-4273-ab80-5faa20973722, chassis=ccf5feca-d90a-4e05-ae16-258c6d2f8d5f, external_ids={'neutron:ovn-bridge': 'br-int', 'neutron:ovn-neutron-agent-id': '2ec8f228-3f65-5398-bdef-774cbe3eef5e', 'neutron:ovn-neutron-agent-sb-cfg': '1'}, name='762829d0-1244-439e-ab04-617c2b7fa7a4', nb_cfg=1, nb_cfg_timestamp=1785168263499) old=Chassis_Private(uuid=ed27d107-93f0-4273-ab80-5faa20973722, external_ids={'neutron:ovn-bridge': 'br-int', 'neutron:ovn-neutron-agent-id': '2ec8f228-3f65-5398-bdef-774cbe3eef5e', 'neutron:ovn-neutron-agent-sb-cfg': '0'}) {{(pid=91059) matches /opt/stack/data/venv/lib/python3.12/site-packages/ovsdbapp/backend/ovs_idl/event.py:55}}
Jul 27 16:04:23.510949 np0000005924 devstack@neutron-api.service[91059]: DEBUG neutron.plugins.ml2.drivers.ovn.mech_driver.ovsdb.ovsdb_monitor [-] Hash Ring: Node aadb7a35c46c5f1fbd31cd962d94c3bd (host: np0000005924) handling event "update" for row ed27d107-93f0-4273-ab80-5faa20973722 (table: Chassis_Private) {{(pid=91059) notify /opt/stack/neutron/neutron/plugins/ml2/drivers/ovn/mech_driver/ovsdb/ovsdb_monitor.py:1013}}
Jul 27 16:04:23.515455 np0000005924 devstack@neutron-api.service[91060]: DEBUG ovsdbapp.backend.ovs_idl.event [-] Matched UPDATE: ChassisOVNAgentWriteEvent(events=('create', 'update'), table='Chassis_Private', conditions=None, old_conditions=None), priority=20 to row=Chassis_Private(uuid=ed27d107-93f0-4273-ab80-5faa20973722, chassis=ccf5feca-d90a-4e05-ae16-258c6d2f8d5f, external_ids={'neutron:ovn-bridge': 'br-int', 'neutron:ovn-neutron-agent-id': '2ec8f228-3f65-5398-bdef-774cbe3eef5e', 'neutron:ovn-neutron-agent-sb-cfg': '1'}, name='762829d0-1244-439e-ab04-617c2b7fa7a4', nb_cfg=1, nb_cfg_timestamp=1785168263499) old=Chassis_Private(uuid=ed27d107-93f0-4273-ab80-5faa20973722, external_ids={'neutron:ovn-bridge': 'br-int', 'neutron:ovn-neutron-agent-id': '2ec8f228-3f65-5398-bdef-774cbe3eef5e', 'neutron:ovn-neutron-agent-sb-cfg': '0'}) {{(pid=91060) matches /opt/stack/data/venv/lib/python3.12/site-packages/ovsdbapp/backend/ovs_idl/event.py:55}}
Jul 27 16:04:23.548659 np0000005924 devstack@neutron-api.service[91060]: DEBUG neutron.plugins.ml2.drivers.helpers [None req-d88352ea-93be-4e53-8cf7-12e06b0f4e16 admin admin] geneve segment allocate from pool success with {'geneve_vni': 39220} {{(pid=91060) allocate_partially_specified_segment /opt/stack/neutron/neutron/plugins/ml2/drivers/helpers.py:142}}
Jul 27 16:04:23.559584 np0000005924 devstack@neutron-api.service[91060]: DEBUG neutron_lib.callbacks.manager [None req-d88352ea-93be-4e53-8cf7-12e06b0f4e16 admin admin] Publish callbacks ['neutron.services.segments.db._add_segment_host_mapping_for_segment-8603108337878', 'neutron.plugins.ml2.plugin.Ml2Plugin._handle_segment_change-7993086'] for segment (4bd3ae8a-00f8-47e6-b749-146cbe98a764), precommit_create {{(pid=91060) _notify_loop /opt/stack/data/venv/lib/python3.12/site-packages/neutron_lib/callbacks/manager.py:184}}
Jul 27 16:04:23.559759 np0000005924 devstack@neutron-api.service[91060]: INFO neutron.db.segments_db [None req-d88352ea-93be-4e53-8cf7-12e06b0f4e16 admin admin] Added segment 4bd3ae8a-00f8-47e6-b749-146cbe98a764 of type geneve for network bec43a90-69bf-43be-863d-b2c5dd55c0b1
Jul 27 16:04:23.594404 np0000005924 devstack@neutron-api.service[91060]: DEBUG neutron_lib.callbacks.manager [None req-d88352ea-93be-4e53-8cf7-12e06b0f4e16 admin admin] Publish callbacks ['neutron.services.auto_allocate.db._ensure_external_network_default_value_callback-8603106714374'] for network (bec43a90-69bf-43be-863d-b2c5dd55c0b1), precommit_create {{(pid=91060) _notify_loop /opt/stack/data/venv/lib/python3.12/site-packages/neutron_lib/callbacks/manager.py:184}}
Jul 27 16:04:23.609176 np0000005924 devstack@neutron-api.service[91060]: DEBUG neutron.plugins.ml2.drivers.ovn.mech_driver.mech_driver [None req-d88352ea-93be-4e53-8cf7-12e06b0f4e16 admin admin] Validating network segment with type geneve, segmentation ID 39220, physical network None {{(pid=91060) _validate_network_segments /opt/stack/neutron/neutron/plugins/ml2/drivers/ovn/mech_driver/mech_driver.py:646}}
Jul 27 16:04:23.609334 np0000005924 devstack@neutron-api.service[91060]: DEBUG neutron.db.ovn_revision_numbers_db [None req-d88352ea-93be-4e53-8cf7-12e06b0f4e16 admin admin] create_initial_revision uuid=bec43a90-69bf-43be-863d-b2c5dd55c0b1, type=networks, rev=-1 {{(pid=91060) create_initial_revision /opt/stack/neutron/neutron/db/ovn_revision_numbers_db.py:98}}
Jul 27 16:04:23.622838 np0000005924 devstack@neutron-api.service[91060]: DEBUG neutron_lib.callbacks.manager [None req-d88352ea-93be-4e53-8cf7-12e06b0f4e16 admin admin] Publish callbacks ['neutron.plugins.ml2.ovo_rpc._ObjectChangeHandler.handle_event-2739874'] for network (bec43a90-69bf-43be-863d-b2c5dd55c0b1), after_create {{(pid=91060) _notify_loop /opt/stack/data/venv/lib/python3.12/site-packages/neutron_lib/callbacks/manager.py:184}}
Jul 27 16:04:23.669658 np0000005924 devstack@neutron-api.service[91060]: DEBUG neutron.api.rpc.handlers.resources_rpc [None req-d88352ea-93be-4e53-8cf7-12e06b0f4e16 admin admin] Pushing event updated for resources: {'Network': ['ID=bec43a90-69bf-43be-863d-b2c5dd55c0b1,revision_number=1']} {{(pid=91060) push /opt/stack/neutron/neutron/api/rpc/handlers/resources_rpc.py:237}}
Jul 27 16:04:23.676442 np0000005924 devstack@neutron-api.service[91060]: DEBUG ovsdbapp.backend.ovs_idl.transaction [-] Running txn n=1 command(idx=0): AddNetworkCommand(_result=None, network_uuid=bec43a90-69bf-43be-863d-b2c5dd55c0b1, may_exist=True, columns={'external_ids': {'neutron:network_name': 'private', 'neutron:mtu': '1372', 'neutron:revision_number': '1', 'neutron:availability_zone_hints': '', 'neutron:provnet-network-type': 'geneve'}, 'other_config': {'mcast_snoop': 'false', 'mcast_flood_unregistered': 'false', 'vlan-passthru': 'false'}}) {{(pid=91060) do_commit /opt/stack/data/venv/lib/python3.12/site-packages/ovsdbapp/backend/ovs_idl/transaction.py:89}}
Jul 27 16:04:23.676775 np0000005924 devstack@neutron-api.service[91060]: DEBUG neutron.common.ovn.utils [-] OVS persist_uuid supported=True {{(pid=91060) ovs_persist_uuid_supported /opt/stack/neutron/neutron/common/ovn/utils.py:1565}}
Jul 27 16:04:23.679510 np0000005924 devstack@neutron-api.service[91059]: DEBUG neutron.plugins.ml2.drivers.ovn.mech_driver.ovsdb.ovsdb_monitor [-] Hash Ring: Node aadb7a35c46c5f1fbd31cd962d94c3bd (host: np0000005924) handling event "create" for row bec43a90-69bf-43be-863d-b2c5dd55c0b1 (table: Logical_Switch) {{(pid=91059) notify /opt/stack/neutron/neutron/plugins/ml2/drivers/ovn/mech_driver/ovsdb/ovsdb_monitor.py:1013}}
Jul 27 16:04:23.680049 np0000005924 devstack@neutron-api.service[91061]: DEBUG neutron.plugins.ml2.drivers.ovn.mech_driver.ovsdb.ovsdb_monitor [-] Hash Ring: Node 6c4ef52432f352548aaf6a68cae37d34 (host: np0000005924) handling event "create" for row bec43a90-69bf-43be-863d-b2c5dd55c0b1 (table: Logical_Switch) {{(pid=91061) notify /opt/stack/neutron/neutron/plugins/ml2/drivers/ovn/mech_driver/ovsdb/ovsdb_monitor.py:1013}}
Jul 27 16:04:23.682897 np0000005924 devstack@neutron-api.service[91058]: DEBUG neutron.plugins.ml2.drivers.ovn.mech_driver.ovsdb.ovsdb_monitor [-] Hash Ring: Node 8f727be84f14598caf6443194f427709 (host: np0000005924) handling event "create" for row e4103fe8-1018-4964-972c-f207111d8a35 (table: Datapath_Binding) {{(pid=91058) notify /opt/stack/neutron/neutron/plugins/ml2/drivers/ovn/mech_driver/ovsdb/ovsdb_monitor.py:1013}}
Jul 27 16:04:23.683465 np0000005924 devstack@neutron-api.service[91059]: DEBUG neutron.plugins.ml2.drivers.ovn.mech_driver.ovsdb.ovsdb_monitor [-] Hash Ring: Node aadb7a35c46c5f1fbd31cd962d94c3bd (host: np0000005924) handling event "create" for row e4103fe8-1018-4964-972c-f207111d8a35 (table: Datapath_Binding) {{(pid=91059) notify /opt/stack/neutron/neutron/plugins/ml2/drivers/ovn/mech_driver/ovsdb/ovsdb_monitor.py:1013}}
Jul 27 16:04:23.715314 np0000005924 devstack@neutron-api.service[91060]: INFO neutron.db.ovn_revision_numbers_db [None req-d88352ea-93be-4e53-8cf7-12e06b0f4e16 admin admin] Successfully bumped revision number for resource bec43a90-69bf-43be-863d-b2c5dd55c0b1 (type: networks) to 1
Jul 27 16:04:23.770840 np0000005924 devstack@neutron-api.service[91060]: DEBUG neutron_lib.callbacks.manager [None req-d88352ea-93be-4e53-8cf7-12e06b0f4e16 admin admin] Publish callbacks ['neutron.plugins.ml2.plugin.SecurityGroupDbMixin._ensure_default_security_group_handler-7616786'] for port (None), before_create {{(pid=91060) _notify_loop /opt/stack/data/venv/lib/python3.12/site-packages/neutron_lib/callbacks/manager.py:184}}
Jul 27 16:04:24.041776 np0000005924 devstack@neutron-api.service[91060]: DEBUG neutron_lib.callbacks.manager [None req-d88352ea-93be-4e53-8cf7-12e06b0f4e16 admin admin] Publish callbacks ['neutron.plugins.ml2.drivers.ovn.mech_driver.mech_driver.OVNMechanismDriver._validate_allowed_address_pairs-385290'] for allowed_address_pair (093a7afd-e040-419a-87e4-9a39dbaa22db), before_create {{(pid=91060) _notify_loop /opt/stack/data/venv/lib/python3.12/site-packages/neutron_lib/callbacks/manager.py:184}}
Jul 27 16:04:24.042302 np0000005924 devstack@neutron-api.service[91060]: DEBUG neutron_lib.callbacks.manager [None req-d88352ea-93be-4e53-8cf7-12e06b0f4e16 admin admin] Publish callbacks [] for port (093a7afd-e040-419a-87e4-9a39dbaa22db), precommit_create {{(pid=91060) _notify_loop /opt/stack/data/venv/lib/python3.12/site-packages/neutron_lib/callbacks/manager.py:184}}
Jul 27 16:04:24.042302 np0000005924 devstack@neutron-api.service[91060]: DEBUG neutron.plugins.ml2.drivers.ovn.mech_driver.mech_driver [None req-d88352ea-93be-4e53-8cf7-12e06b0f4e16 admin admin] No provisioning block for port 093a7afd-e040-419a-87e4-9a39dbaa22db since it does not have a host {{(pid=91060) _is_port_provisioning_required /opt/stack/neutron/neutron/plugins/ml2/drivers/ovn/mech_driver/mech_driver.py:899}}
Jul 27 16:04:24.042431 np0000005924 devstack@neutron-api.service[91060]: DEBUG neutron.db.ovn_revision_numbers_db [None req-d88352ea-93be-4e53-8cf7-12e06b0f4e16 admin admin] create_initial_revision uuid=093a7afd-e040-419a-87e4-9a39dbaa22db, type=ports, rev=-1 {{(pid=91060) create_initial_revision /opt/stack/neutron/neutron/db/ovn_revision_numbers_db.py:98}}
Jul 27 16:04:24.104316 np0000005924 devstack@neutron-api.service[91060]: DEBUG neutron_lib.callbacks.manager [None req-d88352ea-93be-4e53-8cf7-12e06b0f4e16 admin admin] Publish callbacks ['neutron.plugins.ml2.ovo_rpc._ObjectChangeHandler.handle_event-2740047'] for port (093a7afd-e040-419a-87e4-9a39dbaa22db), after_create {{(pid=91060) _notify_loop /opt/stack/data/venv/lib/python3.12/site-packages/neutron_lib/callbacks/manager.py:184}}
Jul 27 16:04:24.153559 np0000005924 devstack@neutron-api.service[91060]: DEBUG neutron.api.rpc.handlers.resources_rpc [None req-d88352ea-93be-4e53-8cf7-12e06b0f4e16 admin admin] Pushing event updated for resources: {'Port': ['ID=093a7afd-e040-419a-87e4-9a39dbaa22db,revision_number=1']} {{(pid=91060) push /opt/stack/neutron/neutron/api/rpc/handlers/resources_rpc.py:237}}
Jul 27 16:04:24.182386 np0000005924 devstack@neutron-api.service[91060]: DEBUG neutron.plugins.ml2.drivers.ovn.mech_driver.ovsdb.commands [None req-d88352ea-93be-4e53-8cf7-12e06b0f4e16 admin admin] Converting tag [] to a tag_request {{(pid=91060) _tag_column_to_tag_request /opt/stack/neutron/neutron/plugins/ml2/drivers/ovn/mech_driver/ovsdb/commands.py:205}}
Jul 27 16:04:24.183076 np0000005924 devstack@neutron-api.service[91060]: DEBUG ovsdbapp.backend.ovs_idl.transaction [-] Running txn n=1 command(idx=0): AddLSwitchPortCommand(_result=None, lport=093a7afd-e040-419a-87e4-9a39dbaa22db, lswitch=neutron-bec43a90-69bf-43be-863d-b2c5dd55c0b1, may_exist=True, network_uuid=bec43a90-69bf-43be-863d-b2c5dd55c0b1, columns={'addresses': ['fa:16:3e:22:94:61'], 'external_ids': {'neutron:port_name': '', 'neutron:device_id': 'ovnmeta-bec43a90-69bf-43be-863d-b2c5dd55c0b1', 'neutron:project_id': 'da22524a3c4d4f92b8c89699d7f9316e', 'neutron:cidrs': '', 'neutron:device_owner': 'network:distributed', 'neutron:subnet_pool_addr_scope4': '', 'neutron:subnet_pool_addr_scope6': '', 'neutron:network_name': 'neutron-bec43a90-69bf-43be-863d-b2c5dd55c0b1', 'neutron:security_group_ids': '', 'neutron:revision_number': '1', 'neutron:vnic_type': 'normal', 'neutron:port_capabilities': '', 'neutron:mtu': '1372'}, 'parent_name': [], 'enabled': True, 'options': {}, 'type': 'localport', 'port_security': [], 'dhcpv4_options': [], 'dhcpv6_options': [], 'tag_request': []}) {{(pid=91060) do_commit /opt/stack/data/venv/lib/python3.12/site-packages/ovsdbapp/backend/ovs_idl/transaction.py:89}}
Jul 27 16:04:24.183622 np0000005924 devstack@neutron-api.service[91060]: DEBUG ovsdbapp.backend.ovs_idl.transaction [-] Running txn n=1 command(idx=1): QoSDelCommand(_result=None, switch=neutron-bec43a90-69bf-43be-863d-b2c5dd55c0b1, conditions=[('direction', '=', 'to-lport'), ('priority', '=', 2002), ('match', '=', 'outport == "093a7afd-e040-419a-87e4-9a39dbaa22db"')], if_exists=True) {{(pid=91060) do_commit /opt/stack/data/venv/lib/python3.12/site-packages/ovsdbapp/backend/ovs_idl/transaction.py:89}}
Jul 27 16:04:24.183830 np0000005924 devstack@neutron-api.service[91060]: DEBUG ovsdbapp.backend.ovs_idl.transaction [-] Running txn n=1 command(idx=2): QoSDelCommand(_result=None, switch=neutron-bec43a90-69bf-43be-863d-b2c5dd55c0b1, conditions=[('direction', '=', 'from-lport'), ('priority', '=', 2002), ('match', '=', 'inport == "093a7afd-e040-419a-87e4-9a39dbaa22db"')], if_exists=True) {{(pid=91060) do_commit /opt/stack/data/venv/lib/python3.12/site-packages/ovsdbapp/backend/ovs_idl/transaction.py:89}}
Jul 27 16:04:24.186241 np0000005924 devstack@neutron-api.service[91060]: DEBUG neutron.plugins.ml2.drivers.ovn.mech_driver.ovsdb.ovsdb_monitor [-] Hash Ring: Node e20ff49e909b5076b806a303a9adb52a (host: np0000005924) handling event "create" for row c32b915d-1ca0-4f81-b969-2f3036536456 (table: Logical_Switch_Port) {{(pid=91060) notify /opt/stack/neutron/neutron/plugins/ml2/drivers/ovn/mech_driver/ovsdb/ovsdb_monitor.py:1013}}
Jul 27 16:04:24.187682 np0000005924 devstack@neutron-api.service[91060]: DEBUG ovsdbapp.backend.ovs_idl.event [-] Matched CREATE: LogicalSwitchPortCreateEvent(events=('create',), table='Logical_Switch_Port', conditions=[], old_conditions=None), priority=20 to row=Logical_Switch_Port(uuid=c32b915d-1ca0-4f81-b969-2f3036536456, addresses=['fa:16:3e:22:94:61'], dhcpv4_options=[], dhcpv6_options=[], dynamic_addresses=[], enabled=True, external_ids={'neutron:cidrs': '', 'neutron:device_id': 'ovnmeta-bec43a90-69bf-43be-863d-b2c5dd55c0b1', 'neutron:device_owner': 'network:distributed', 'neutron:mtu': '1372', 'neutron:network_name': 'neutron-bec43a90-69bf-43be-863d-b2c5dd55c0b1', 'neutron:port_capabilities': '', 'neutron:port_name': '', 'neutron:project_id': 'da22524a3c4d4f92b8c89699d7f9316e', 'neutron:revision_number': '1', 'neutron:security_group_ids': '', 'neutron:subnet_pool_addr_scope4': '', 'neutron:subnet_pool_addr_scope6': '', 'neutron:vnic_type': 'normal'}, ha_chassis_group=[], mirror_rules=[], name='093a7afd-e040-419a-87e4-9a39dbaa22db', options={}, parent_name=[], port_security=[], tag=[], tag_request=[], type='localport', up=[]) old= {{(pid=91060) matches /opt/stack/data/venv/lib/python3.12/site-packages/ovsdbapp/backend/ovs_idl/event.py:55}}
Jul 27 16:04:24.189450 np0000005924 devstack@neutron-api.service[91059]: DEBUG neutron.plugins.ml2.drivers.ovn.mech_driver.ovsdb.ovsdb_monitor [-] Hash Ring: Node aadb7a35c46c5f1fbd31cd962d94c3bd (host: np0000005924) handling event "update" for row bec43a90-69bf-43be-863d-b2c5dd55c0b1 (table: Logical_Switch) {{(pid=91059) notify /opt/stack/neutron/neutron/plugins/ml2/drivers/ovn/mech_driver/ovsdb/ovsdb_monitor.py:1013}}
Jul 27 16:04:24.189725 np0000005924 devstack@neutron-api.service[91060]: INFO neutron.plugins.ml2.drivers.ovn.mech_driver.mech_driver [-] OVN reports status down for port: 093a7afd-e040-419a-87e4-9a39dbaa22db
Jul 27 16:04:24.189829 np0000005924 devstack@neutron-api.service[91059]: DEBUG neutron.plugins.ml2.drivers.ovn.mech_driver.ovsdb.ovsdb_monitor [-] Hash Ring: Node aadb7a35c46c5f1fbd31cd962d94c3bd (host: np0000005924) handling event "create" for row c32b915d-1ca0-4f81-b969-2f3036536456 (table: Logical_Switch_Port) {{(pid=91059) notify /opt/stack/neutron/neutron/plugins/ml2/drivers/ovn/mech_driver/ovsdb/ovsdb_monitor.py:1013}}
