Jun 11 16:13:36.713270 np0000002642 devstack@c-api.service[96246]: DEBUG cinder.quota [None req-a3ccf9b7-bd44-4c40-bd30-2ca576bf1135 tempest-VolumesImageMetadata-1037754358 tempest-VolumesImageMetadata-1037754358-project-member] Created reservations ['2205df3b-9e27-4d59-a3ff-3f3bab4ab704', 'a8b2576a-c23d-4aa4-883c-c72e00c7ef2c', '454d93a0-45e6-48a3-a6a1-0050e9e3e2d8', '28425c9c-f699-4686-b936-8cbb9a35709d'] {{(pid=96246) reserve /opt/stack/cinder/cinder/quota.py:752}}
Jun 11 16:13:36.713876 np0000002642 devstack@c-api.service[96246]: DEBUG cinder.volume.api [None req-a3ccf9b7-bd44-4c40-bd30-2ca576bf1135 tempest-VolumesImageMetadata-1037754358 tempest-VolumesImageMetadata-1037754358-project-member] Task 'cinder.volume.flows.api.create_volume.QuotaReserveTask;volume:create' (66066c01-6877-4ba0-aa16-59c38ead3bae) transitioned into state 'SUCCESS' from state 'RUNNING' with result '{'reservations': ['2205df3b-9e27-4d59-a3ff-3f3bab4ab704', 'a8b2576a-c23d-4aa4-883c-c72e00c7ef2c', '454d93a0-45e6-48a3-a6a1-0050e9e3e2d8', '28425c9c-f699-4686-b936-8cbb9a35709d']}' {{(pid=96246) _task_receiver /opt/stack/data/venv/lib/python3.12/site-packages/taskflow/listeners/logging.py:218}}
Jun 11 16:13:36.714833 np0000002642 devstack@c-api.service[96246]: DEBUG cinder.volume.api [None req-a3ccf9b7-bd44-4c40-bd30-2ca576bf1135 tempest-VolumesImageMetadata-1037754358 tempest-VolumesImageMetadata-1037754358-project-member] Task 'cinder.volume.flows.api.create_volume.EntryCreateTask;volume:create' (75d3736b-6c06-4917-bdd4-1bbbf3184048) transitioned into state 'RUNNING' from state 'PENDING' {{(pid=96246) _task_receiver /opt/stack/data/venv/lib/python3.12/site-packages/taskflow/listeners/logging.py:242}}
Jun 11 16:13:36.735920 np0000002642 devstack@c-api.service[96246]: DEBUG cinder.volume.api [None req-a3ccf9b7-bd44-4c40-bd30-2ca576bf1135 tempest-VolumesImageMetadata-1037754358 tempest-VolumesImageMetadata-1037754358-project-member] Task 'cinder.volume.flows.api.create_volume.EntryCreateTask;volume:create' (75d3736b-6c06-4917-bdd4-1bbbf3184048) transitioned into state 'SUCCESS' from state 'RUNNING' with result '{'volume_id': 'cf203f25-eaac-426b-bdc0-3308105c8f61', 'volume_properties': VolumeProperties(attach_status='detached',availability_zone='nova',cgsnapshot_id=None,consistencygroup_id=None,display_description=None,display_name='tempest-VolumesImageMetadata-Volume-1443212',encryption_key_id=None,group_id=None,group_type_id=,metadata={},multiattach=False,project_id='0baad0ba5c6944f0b6dc00be986db3ce',qos_specs=None,replication_status=,reservations=['2205df3b-9e27-4d59-a3ff-3f3bab4ab704','a8b2576a-c23d-4aa4-883c-c72e00c7ef2c','454d93a0-45e6-48a3-a6a1-0050e9e3e2d8','28425c9c-f699-4686-b936-8cbb9a35709d'],size=1,snapshot_id=None,source_replicaid=,source_volid=None,status='creating',user_id='98461f1fbe7949e89aea7e3075f09860',volume_type_id=ff6dc5c7-1e28-4117-b11e-5f796b4203b9), 'volume': Volume(_name_id=None,admin_metadata=,attach_status='detached',availability_zone='nova',bootable=False,cluster=,cluster_name=None,consistencygroup=,consistencygroup_id=None,created_at=2026-06-11T16:13:36Z,deleted=False,deleted_at=None,display_description=None,display_name='tempest-VolumesImageMetadata-Volume-1443212',ec2_id=None,encryption_key_id=None,glance_metadata=,group=,group_id=None,host=None,id=cf203f25-eaac-426b-bdc0-3308105c8f61,launched_at=None,metadata={},migration_status=None,multiattach=False,previous_status=None,project_id='0baad0ba5c6944f0b6dc00be986db3ce',provider_auth=None,provider_geometry=None,provider_id=None,provider_location=None,replication_driver_data=None,replication_extended_status=None,replication_status=None,scheduled_at=None,service_uuid=None,shared_targets=True,size=1,snapshot_id=None,snapshots=,source_volid=None,status='creating',terminated_at=None,updated_at=None,use_quota=True,user_id='98461f1fbe7949e89aea7e3075f09860',volume_attachment=VolumeAttachmentList,volume_type=VolumeType(ff6dc5c7-1e28-4117-b11e-5f796b4203b9),volume_type_id=ff6dc5c7-1e28-4117-b11e-5f796b4203b9)}' {{(pid=96246) _task_receiver /opt/stack/data/venv/lib/python3.12/site-packages/taskflow/listeners/logging.py:218}}
Jun 11 16:13:36.736643 np0000002642 devstack@c-api.service[96246]: DEBUG cinder.volume.api [None req-a3ccf9b7-bd44-4c40-bd30-2ca576bf1135 tempest-VolumesImageMetadata-1037754358 tempest-VolumesImageMetadata-1037754358-project-member] Task 'cinder.volume.flows.api.create_volume.QuotaCommitTask;volume:create' (11a48904-cabc-466a-bb93-4f1429fdd3f5) transitioned into state 'RUNNING' from state 'PENDING' {{(pid=96246) _task_receiver /opt/stack/data/venv/lib/python3.12/site-packages/taskflow/listeners/logging.py:242}}
Jun 11 16:13:36.766292 np0000002642 devstack@c-api.service[96246]: DEBUG cinder.volume.api [None req-a3ccf9b7-bd44-4c40-bd30-2ca576bf1135 tempest-VolumesImageMetadata-1037754358 tempest-VolumesImageMetadata-1037754358-project-member] Task 'cinder.volume.flows.api.create_volume.QuotaCommitTask;volume:create' (11a48904-cabc-466a-bb93-4f1429fdd3f5) transitioned into state 'SUCCESS' from state 'RUNNING' with result '{'volume_properties': VolumeProperties(attach_status='detached',availability_zone='nova',cgsnapshot_id=None,consistencygroup_id=None,display_description=None,display_name='tempest-VolumesImageMetadata-Volume-1443212',encryption_key_id=None,group_id=None,group_type_id=,metadata={},multiattach=False,project_id='0baad0ba5c6944f0b6dc00be986db3ce',qos_specs=None,replication_status=,reservations=['2205df3b-9e27-4d59-a3ff-3f3bab4ab704','a8b2576a-c23d-4aa4-883c-c72e00c7ef2c','454d93a0-45e6-48a3-a6a1-0050e9e3e2d8','28425c9c-f699-4686-b936-8cbb9a35709d'],size=1,snapshot_id=None,source_replicaid=,source_volid=None,status='creating',user_id='98461f1fbe7949e89aea7e3075f09860',volume_type_id=ff6dc5c7-1e28-4117-b11e-5f796b4203b9)}' {{(pid=96246) _task_receiver /opt/stack/data/venv/lib/python3.12/site-packages/taskflow/listeners/logging.py:218}}
Jun 11 16:13:36.766944 np0000002642 devstack@c-api.service[96246]: DEBUG cinder.volume.api [None req-a3ccf9b7-bd44-4c40-bd30-2ca576bf1135 tempest-VolumesImageMetadata-1037754358 tempest-VolumesImageMetadata-1037754358-project-member] Task 'cinder.volume.flows.api.create_volume.VolumeCastTask;volume:create' (1968ca84-1ce1-4386-9009-7c6e08cf7d6a) transitioned into state 'RUNNING' from state 'PENDING' {{(pid=96246) _task_receiver /opt/stack/data/venv/lib/python3.12/site-packages/taskflow/listeners/logging.py:242}}
Jun 11 16:13:36.779245 np0000002642 devstack@c-api.service[96246]: DEBUG cinder.volume.api [None req-a3ccf9b7-bd44-4c40-bd30-2ca576bf1135 tempest-VolumesImageMetadata-1037754358 tempest-VolumesImageMetadata-1037754358-project-member] Task 'cinder.volume.flows.api.create_volume.VolumeCastTask;volume:create' (1968ca84-1ce1-4386-9009-7c6e08cf7d6a) transitioned into state 'SUCCESS' from state 'RUNNING' with result 'None' {{(pid=96246) _task_receiver /opt/stack/data/venv/lib/python3.12/site-packages/taskflow/listeners/logging.py:218}}
Jun 11 16:13:36.779245 np0000002642 devstack@c-api.service[96246]: DEBUG cinder.volume.api [None req-a3ccf9b7-bd44-4c40-bd30-2ca576bf1135 tempest-VolumesImageMetadata-1037754358 tempest-VolumesImageMetadata-1037754358-project-member] Flow 'volume_create_api' (38467b95-ddf0-4b68-ad41-7a5b6f04829c) transitioned into state 'SUCCESS' from state 'RUNNING' {{(pid=96246) _flow_receiver /opt/stack/data/venv/lib/python3.12/site-packages/taskflow/listeners/logging.py:160}}
Jun 11 16:13:36.779245 np0000002642 devstack@c-api.service[96246]: INFO cinder.volume.api [None req-a3ccf9b7-bd44-4c40-bd30-2ca576bf1135 tempest-VolumesImageMetadata-1037754358 tempest-VolumesImageMetadata-1037754358-project-member] Create volume request issued successfully.
Jun 11 16:13:36.779245 np0000002642 devstack@c-api.service[96246]: INFO cinder.api.openstack.wsgi [None req-a3ccf9b7-bd44-4c40-bd30-2ca576bf1135 tempest-VolumesImageMetadata-1037754358 tempest-VolumesImageMetadata-1037754358-project-member] https://10.4.3.77/volume/v3/volumes returned with HTTP 202
Jun 11 16:13:36.780216 np0000002642 devstack@c-api.service[96246]: [pid: 96246|app: 0|req: 219/422] 10.4.3.77 () {68 vars in 1252 bytes} [Thu Jun 11 16:13:36 2026] POST /volume/v3/volumes => generated 746 bytes in 361 msecs (HTTP/1.1 202) 7 headers in 291 bytes (1 switches on core 0)
Jun 11 16:13:36.797058 np0000002642 devstack@c-api.service[96245]: DEBUG cinder.api.middleware.request_id [None req-7bb17903-2e18-438d-ab8c-6d7783b280a4 None None] RequestId filter calling following filter/app {{(pid=96245) _context_setter /opt/stack/cinder/cinder/api/middleware/request_id.py:62}}
Jun 11 16:13:36.798553 np0000002642 devstack@c-api.service[96245]: INFO cinder.api.openstack.wsgi [None req-7bb17903-2e18-438d-ab8c-6d7783b280a4 tempest-VolumesImageMetadata-1037754358 tempest-VolumesImageMetadata-1037754358-project-member] GET https://10.4.3.77/volume/v3/volumes/cf203f25-eaac-426b-bdc0-3308105c8f61
Jun 11 16:13:36.798768 np0000002642 devstack@c-api.service[96245]: DEBUG cinder.api.openstack.wsgi [None req-7bb17903-2e18-438d-ab8c-6d7783b280a4 tempest-VolumesImageMetadata-1037754358 tempest-VolumesImageMetadata-1037754358-project-member] Empty body provided in request {{(pid=96245) get_body /opt/stack/cinder/cinder/api/openstack/wsgi.py:725}}
Jun 11 16:13:36.799000 np0000002642 devstack@c-api.service[96245]: DEBUG cinder.api.openstack.wsgi [None req-7bb17903-2e18-438d-ab8c-6d7783b280a4 tempest-VolumesImageMetadata-1037754358 tempest-VolumesImageMetadata-1037754358-project-member] Calling method 'show' {{(pid=96245) _process_stack /opt/stack/cinder/cinder/api/openstack/wsgi.py:878}}
Jun 11 16:13:36.807784 np0000002642 devstack@c-api.service[96245]: /opt/stack/data/venv/lib/python3.12/site-packages/oslo_context/context.py:102: DeprecationWarning: Policy enforcement is depending on the value of is_admin. This key is deprecated. Please update your policy file to use the standard policy values.
Jun 11 16:13:36.807784 np0000002642 devstack@c-api.service[96245]: warnings.warn(
Jun 11 16:13:36.810378 np0000002642 devstack@c-api.service[96246]: DEBUG cinder.api.middleware.request_id [None req-b75255bc-d605-4d23-9039-c6bfb85021cb None None] RequestId filter calling following filter/app {{(pid=96246) _context_setter /opt/stack/cinder/cinder/api/middleware/request_id.py:62}}
Jun 11 16:13:36.820471 np0000002642 devstack@c-api.service[96245]: INFO cinder.volume.api [None req-7bb17903-2e18-438d-ab8c-6d7783b280a4 tempest-VolumesImageMetadata-1037754358 tempest-VolumesImageMetadata-1037754358-project-member] Volume info retrieved successfully.
Jun 11 16:13:36.826647 np0000002642 devstack@c-api.service[96245]: INFO cinder.api.openstack.wsgi [None req-7bb17903-2e18-438d-ab8c-6d7783b280a4 tempest-VolumesImageMetadata-1037754358 tempest-VolumesImageMetadata-1037754358-project-member] https://10.4.3.77/volume/v3/volumes/cf203f25-eaac-426b-bdc0-3308105c8f61 returned with HTTP 200
Jun 11 16:13:36.827219 np0000002642 devstack@c-api.service[96245]: [pid: 96245|app: 0|req: 204/423] 10.4.3.77 () {66 vars in 1341 bytes} [Thu Jun 11 16:13:36 2026] GET /volume/v3/volumes/cf203f25-eaac-426b-bdc0-3308105c8f61 => generated 814 bytes in 31 msecs (HTTP/1.1 200) 7 headers in 285 bytes (1 switches on core 0)
Jun 11 16:13:36.873573 np0000002642 devstack@c-api.service[96246]: INFO cinder.api.openstack.wsgi [None req-b75255bc-d605-4d23-9039-c6bfb85021cb tempest-QosSpecsTestJSON-2005498875 tempest-QosSpecsTestJSON-2005498875-project-admin] POST https://10.4.3.77/volume/v3/qos-specs
Jun 11 16:13:36.874133 np0000002642 devstack@c-api.service[96246]: DEBUG cinder.api.openstack.wsgi [None req-b75255bc-d605-4d23-9039-c6bfb85021cb tempest-QosSpecsTestJSON-2005498875 tempest-QosSpecsTestJSON-2005498875-project-admin] Action: 'create', calling method: create, body: {"qos_specs": {"name": "tempest-QosSpecsTestJSON-QoS-238886103", "consumer": "front-end", "read_iops_sec": "2000"}} {{(pid=96246) _process_stack /opt/stack/cinder/cinder/api/openstack/wsgi.py:876}}
Jun 11 16:13:36.875553 np0000002642 devstack@c-api.service[96246]: /opt/stack/data/venv/lib/python3.12/site-packages/oslo_context/context.py:102: DeprecationWarning: Policy enforcement is depending on the value of is_admin. This key is deprecated. Please update your policy file to use the standard policy values.
Jun 11 16:13:36.875553 np0000002642 devstack@c-api.service[96246]: warnings.warn(
Jun 11 16:13:36.875905 np0000002642 devstack@c-api.service[96246]: DEBUG cinder.volume.qos_specs [None req-b75255bc-d605-4d23-9039-c6bfb85021cb tempest-QosSpecsTestJSON-2005498875 tempest-QosSpecsTestJSON-2005498875-project-admin] Dict for qos_specs: {'name': 'tempest-QosSpecsTestJSON-QoS-238886103', 'consumer': 'front-end', 'specs': {'read_iops_sec': '2000'}} {{(pid=96246) create /opt/stack/cinder/cinder/volume/qos_specs.py:64}}
Jun 11 16:13:36.882418 np0000002642 devstack@c-api.service[96246]: DEBUG cinder.db.sqlalchemy.api [None req-b75255bc-d605-4d23-9039-c6bfb85021cb tempest-QosSpecsTestJSON-2005498875 tempest-QosSpecsTestJSON-2005498875-project-admin] DB qos_specs_create(): root {'id': '825a865b-59b8-4b70-9733-0c760a3caa82', 'key': 'QoS_Specs_Name', 'value': 'tempest-QosSpecsTestJSON-QoS-238886103'} {{(pid=96246) qos_specs_create /opt/stack/cinder/cinder/db/sqlalchemy/api.py:5694}}
Jun 11 16:13:36.893289 np0000002642 devstack@c-api.service[96246]: INFO cinder.api.openstack.wsgi [None req-b75255bc-d605-4d23-9039-c6bfb85021cb tempest-QosSpecsTestJSON-2005498875 tempest-QosSpecsTestJSON-2005498875-project-admin] https://10.4.3.77/volume/v3/qos-specs returned with HTTP 200
Jun 11 16:13:36.893913 np0000002642 devstack@c-api.service[96246]: [pid: 96246|app: 0|req: 220/424] 10.4.3.77 () {68 vars in 1258 bytes} [Thu Jun 11 16:13:36 2026] POST /volume/v3/qos-specs => generated 390 bytes in 84 msecs (HTTP/1.1 200) 7 headers in 285 bytes (1 switches on core 0)
Jun 11 16:13:36.905573 np0000002642 devstack@c-api.service[96245]: DEBUG cinder.api.middleware.request_id [None req-bfcfe965-eefe-4b4e-a7c2-0a7994e75897 None None] RequestId filter calling following filter/app {{(pid=96245) _context_setter /opt/stack/cinder/cinder/api/middleware/request_id.py:62}}
Jun 11 16:13:36.909114 np0000002642 devstack@c-api.service[96245]: INFO cinder.api.openstack.wsgi [None req-bfcfe965-eefe-4b4e-a7c2-0a7994e75897 tempest-QosSpecsTestJSON-2005498875 tempest-QosSpecsTestJSON-2005498875-project-admin] POST https://10.4.3.77/volume/v3/types
Jun 11 16:13:36.910063 np0000002642 devstack@c-api.service[96245]: DEBUG cinder.api.openstack.wsgi [None req-bfcfe965-eefe-4b4e-a7c2-0a7994e75897 tempest-QosSpecsTestJSON-2005498875 tempest-QosSpecsTestJSON-2005498875-project-admin] Action: 'create', calling method: _create, body: {"volume_type": {"name": "tempest-QosSpecsTestJSON-volume-type-92885946"}} {{(pid=96245) _process_stack /opt/stack/cinder/cinder/api/openstack/wsgi.py:876}}
Jun 11 16:13:36.928296 np0000002642 devstack@c-api.service[96245]: INFO cinder.api.openstack.wsgi [None req-bfcfe965-eefe-4b4e-a7c2-0a7994e75897 tempest-QosSpecsTestJSON-2005498875 tempest-QosSpecsTestJSON-2005498875-project-admin] https://10.4.3.77/volume/v3/types returned with HTTP 200
Jun 11 16:13:36.928813 np0000002642 devstack@c-api.service[96245]: [pid: 96245|app: 0|req: 205/425] 10.4.3.77 () {68 vars in 1245 bytes} [Thu Jun 11 16:13:36 2026] POST /volume/v3/types => generated 220 bytes in 24 msecs (HTTP/1.1 200) 7 headers in 285 bytes (1 switches on core 0)
Jun 11 16:13:36.940513 np0000002642 devstack@c-api.service[96246]: DEBUG cinder.api.middleware.request_id [None req-2a10c1ac-c363-4f87-95e1-8b7e3062b788 None None] RequestId filter calling following filter/app {{(pid=96246) _context_setter /opt/stack/cinder/cinder/api/middleware/request_id.py:62}}
Jun 11 16:13:36.942485 np0000002642 devstack@c-api.service[96246]: INFO cinder.api.openstack.wsgi [None req-2a10c1ac-c363-4f87-95e1-8b7e3062b788 tempest-QosSpecsTestJSON-2005498875 tempest-QosSpecsTestJSON-2005498875-project-admin] POST https://10.4.3.77/volume/v3/types
Jun 11 16:13:36.943147 np0000002642 devstack@c-api.service[96246]: DEBUG cinder.api.openstack.wsgi [None req-2a10c1ac-c363-4f87-95e1-8b7e3062b788 tempest-QosSpecsTestJSON-2005498875 tempest-QosSpecsTestJSON-2005498875-project-admin] Action: 'create', calling method: _create, body: {"volume_type": {"name": "tempest-QosSpecsTestJSON-volume-type-1230754696"}} {{(pid=96246) _process_stack /opt/stack/cinder/cinder/api/openstack/wsgi.py:876}}
Jun 11 16:13:36.945810 np0000002642 devstack@c-api.service[96246]: /opt/stack/data/venv/lib/python3.12/site-packages/oslo_context/context.py:102: DeprecationWarning: Policy enforcement is depending on the value of is_admin. This key is deprecated. Please update your policy file to use the standard policy values.
Jun 11 16:13:36.945810 np0000002642 devstack@c-api.service[96246]: warnings.warn(
Jun 11 16:13:36.959642 np0000002642 devstack@c-api.service[96246]: INFO cinder.api.openstack.wsgi [None req-2a10c1ac-c363-4f87-95e1-8b7e3062b788 tempest-QosSpecsTestJSON-2005498875 tempest-QosSpecsTestJSON-2005498875-project-admin] https://10.4.3.77/volume/v3/types returned with HTTP 200
Jun 11 16:13:36.960477 np0000002642 devstack@c-api.service[96246]: [pid: 96246|app: 0|req: 221/426] 10.4.3.77 () {68 vars in 1245 bytes} [Thu Jun 11 16:13:36 2026] POST /volume/v3/types => generated 222 bytes in 21 msecs (HTTP/1.1 200) 7 headers in 285 bytes (1 switches on core 0)
Jun 11 16:13:36.972373 np0000002642 devstack@c-api.service[96245]: DEBUG cinder.api.middleware.request_id [None req-0982df45-3e7c-413f-888c-06f2d9652356 None None] RequestId filter calling following filter/app {{(pid=96245) _context_setter /opt/stack/cinder/cinder/api/middleware/request_id.py:62}}
Jun 11 16:13:36.974789 np0000002642 devstack@c-api.service[96245]: INFO cinder.api.openstack.wsgi [None req-0982df45-3e7c-413f-888c-06f2d9652356 tempest-QosSpecsTestJSON-2005498875 tempest-QosSpecsTestJSON-2005498875-project-admin] POST https://10.4.3.77/volume/v3/types
Jun 11 16:13:36.975362 np0000002642 devstack@c-api.service[96245]: DEBUG cinder.api.openstack.wsgi [None req-0982df45-3e7c-413f-888c-06f2d9652356 tempest-QosSpecsTestJSON-2005498875 tempest-QosSpecsTestJSON-2005498875-project-admin] Action: 'create', calling method: _create, body: {"volume_type": {"name": "tempest-QosSpecsTestJSON-volume-type-1267746458"}} {{(pid=96245) _process_stack /opt/stack/cinder/cinder/api/openstack/wsgi.py:876}}
Jun 11 16:13:36.980229 np0000002642 devstack@c-api.service[96246]: DEBUG cinder.api.middleware.request_id [req-810f23d1-2ab9-4967-b0a3-04453c5a002f req-618e003e-29f7-430b-ab82-0cf97424e86e None None] RequestId filter calling following filter/app {{(pid=96246) _context_setter /opt/stack/cinder/cinder/api/middleware/request_id.py:62}}
Jun 11 16:13:36.983762 np0000002642 devstack@c-api.service[96246]: INFO cinder.api.openstack.wsgi [req-810f23d1-2ab9-4967-b0a3-04453c5a002f req-618e003e-29f7-430b-ab82-0cf97424e86e tempest-VolumesSnapshotsTestJSON-138992341 tempest-VolumesSnapshotsTestJSON-138992341-project-member] GET https://10.4.3.77/volume/v3/snapshots/7ca0409b-2d86-483b-af59-97b1c7235c7b
Jun 11 16:13:36.984316 np0000002642 devstack@c-api.service[96246]: DEBUG cinder.api.openstack.wsgi [req-810f23d1-2ab9-4967-b0a3-04453c5a002f req-618e003e-29f7-430b-ab82-0cf97424e86e tempest-VolumesSnapshotsTestJSON-138992341 tempest-VolumesSnapshotsTestJSON-138992341-project-member] Empty body provided in request {{(pid=96246) get_body /opt/stack/cinder/cinder/api/openstack/wsgi.py:725}}
Jun 11 16:13:36.984790 np0000002642 devstack@c-api.service[96246]: DEBUG cinder.api.openstack.wsgi [req-810f23d1-2ab9-4967-b0a3-04453c5a002f req-618e003e-29f7-430b-ab82-0cf97424e86e tempest-VolumesSnapshotsTestJSON-138992341 tempest-VolumesSnapshotsTestJSON-138992341-project-member] Calling method 'show' {{(pid=96246) _process_stack /opt/stack/cinder/cinder/api/openstack/wsgi.py:878}}
Jun 11 16:13:36.991772 np0000002642 devstack@c-api.service[96246]: INFO cinder.api.openstack.wsgi [req-810f23d1-2ab9-4967-b0a3-04453c5a002f req-618e003e-29f7-430b-ab82-0cf97424e86e tempest-VolumesSnapshotsTestJSON-138992341 tempest-VolumesSnapshotsTestJSON-138992341-project-member] https://10.4.3.77/volume/v3/snapshots/7ca0409b-2d86-483b-af59-97b1c7235c7b returned with HTTP 404
Jun 11 16:13:36.991772 np0000002642 devstack@c-api.service[96246]: [pid: 96246|app: 0|req: 222/427] 10.4.3.77 () {68 vars in 1597 bytes} [Thu Jun 11 16:13:36 2026] GET /volume/v3/snapshots/7ca0409b-2d86-483b-af59-97b1c7235c7b => generated 111 bytes in 12 msecs (HTTP/1.1 404) 7 headers in 292 bytes (1 switches on core 0)
Jun 11 16:13:36.992415 np0000002642 devstack@c-api.service[96245]: INFO cinder.api.openstack.wsgi [None req-0982df45-3e7c-413f-888c-06f2d9652356 tempest-QosSpecsTestJSON-2005498875 tempest-QosSpecsTestJSON-2005498875-project-admin] https://10.4.3.77/volume/v3/types returned with HTTP 200
Jun 11 16:13:36.994708 np0000002642 devstack@c-api.service[96245]: [pid: 96245|app: 0|req: 206/428] 10.4.3.77 () {68 vars in 1245 bytes} [Thu Jun 11 16:13:36 2026] POST /volume/v3/types => generated 222 bytes in 21 msecs (HTTP/1.1 200) 7 headers in 285 bytes (1 switches on core 0)
Jun 11 16:13:37.002988 np0000002642 devstack@c-api.service[96246]: DEBUG cinder.api.middleware.request_id [None req-5424a95b-d11d-4404-97b4-36b8738baa1c None None] RequestId filter calling following filter/app {{(pid=96246) _context_setter /opt/stack/cinder/cinder/api/middleware/request_id.py:62}}
Jun 11 16:13:37.007335 np0000002642 devstack@c-api.service[96246]: INFO cinder.api.openstack.wsgi [None req-5424a95b-d11d-4404-97b4-36b8738baa1c tempest-QosSpecsTestJSON-2005498875 tempest-QosSpecsTestJSON-2005498875-project-admin] GET https://10.4.3.77/volume/v3/qos-specs/825a865b-59b8-4b70-9733-0c760a3caa82/associate?vol_type_id=134c2370-210c-4f15-aa04-caa1fe9ea315
Jun 11 16:13:37.007335 np0000002642 devstack@c-api.service[96246]: DEBUG cinder.api.openstack.wsgi [None req-5424a95b-d11d-4404-97b4-36b8738baa1c tempest-QosSpecsTestJSON-2005498875 tempest-QosSpecsTestJSON-2005498875-project-admin] Empty body provided in request {{(pid=96246) get_body /opt/stack/cinder/cinder/api/openstack/wsgi.py:725}}
Jun 11 16:13:37.007335 np0000002642 devstack@c-api.service[96246]: DEBUG cinder.api.openstack.wsgi [None req-5424a95b-d11d-4404-97b4-36b8738baa1c tempest-QosSpecsTestJSON-2005498875 tempest-QosSpecsTestJSON-2005498875-project-admin] Calling method 'associate' {{(pid=96246) _process_stack /opt/stack/cinder/cinder/api/openstack/wsgi.py:878}}
Jun 11 16:13:37.007335 np0000002642 devstack@c-api.service[96246]: DEBUG cinder.api.contrib.qos_specs_manage [None req-5424a95b-d11d-4404-97b4-36b8738baa1c tempest-QosSpecsTestJSON-2005498875 tempest-QosSpecsTestJSON-2005498875-project-admin] Associate qos_spec: 825a865b-59b8-4b70-9733-0c760a3caa82 with type: 134c2370-210c-4f15-aa04-caa1fe9ea315 {{(pid=96246) associate /opt/stack/cinder/cinder/api/contrib/qos_specs_manage.py:276}}
Jun 11 16:13:37.014324 np0000002642 devstack@c-api.service[96245]: DEBUG cinder.api.middleware.request_id [req-5440c840-b779-4a2e-8cb2-de3c66eda8e8 req-5cc77661-c760-49fa-8259-3b672b21409c None None] RequestId filter calling following filter/app {{(pid=96245) _context_setter /opt/stack/cinder/cinder/api/middleware/request_id.py:62}}
Jun 11 16:13:37.017928 np0000002642 devstack@c-api.service[96245]: INFO cinder.api.openstack.wsgi [req-5440c840-b779-4a2e-8cb2-de3c66eda8e8 req-5cc77661-c760-49fa-8259-3b672b21409c tempest-VolumesSnapshotsTestJSON-138992341 tempest-VolumesSnapshotsTestJSON-138992341-project-member] DELETE https://10.4.3.77/volume/v3/volumes/95ea0b3c-3684-48cc-b77a-afc046d90d7f
Jun 11 16:13:37.018412 np0000002642 devstack@c-api.service[96245]: DEBUG cinder.api.openstack.wsgi [req-5440c840-b779-4a2e-8cb2-de3c66eda8e8 req-5cc77661-c760-49fa-8259-3b672b21409c tempest-VolumesSnapshotsTestJSON-138992341 tempest-VolumesSnapshotsTestJSON-138992341-project-member] Empty body provided in request {{(pid=96245) get_body /opt/stack/cinder/cinder/api/openstack/wsgi.py:725}}
Jun 11 16:13:37.018505 np0000002642 devstack@c-api.service[96245]: DEBUG cinder.api.openstack.wsgi [req-5440c840-b779-4a2e-8cb2-de3c66eda8e8 req-5cc77661-c760-49fa-8259-3b672b21409c tempest-VolumesSnapshotsTestJSON-138992341 tempest-VolumesSnapshotsTestJSON-138992341-project-member] Calling method 'delete' {{(pid=96245) _process_stack /opt/stack/cinder/cinder/api/openstack/wsgi.py:878}}
Jun 11 16:13:37.018651 np0000002642 devstack@c-api.service[96245]: INFO cinder.api.v3.volumes [req-5440c840-b779-4a2e-8cb2-de3c66eda8e8 req-5cc77661-c760-49fa-8259-3b672b21409c tempest-VolumesSnapshotsTestJSON-138992341 tempest-VolumesSnapshotsTestJSON-138992341-project-member] Delete volume with id: 95ea0b3c-3684-48cc-b77a-afc046d90d7f
Jun 11 16:13:37.026604 np0000002642 devstack@c-api.service[96245]: /opt/stack/data/venv/lib/python3.12/site-packages/oslo_context/context.py:102: DeprecationWarning: Policy enforcement is depending on the value of is_admin. This key is deprecated. Please update your policy file to use the standard policy values.
Jun 11 16:13:37.026604 np0000002642 devstack@c-api.service[96245]: warnings.warn(
Jun 11 16:13:37.027079 np0000002642 devstack@c-api.service[96245]: INFO cinder.volume.api [req-5440c840-b779-4a2e-8cb2-de3c66eda8e8 req-5cc77661-c760-49fa-8259-3b672b21409c tempest-VolumesSnapshotsTestJSON-138992341 tempest-VolumesSnapshotsTestJSON-138992341-project-member] Volume info retrieved successfully.
Jun 11 16:13:37.027685 np0000002642 devstack@c-api.service[96246]: INFO cinder.api.openstack.wsgi [None req-5424a95b-d11d-4404-97b4-36b8738baa1c tempest-QosSpecsTestJSON-2005498875 tempest-QosSpecsTestJSON-2005498875-project-admin] https://10.4.3.77/volume/v3/qos-specs/825a865b-59b8-4b70-9733-0c760a3caa82/associate?vol_type_id=134c2370-210c-4f15-aa04-caa1fe9ea315 returned with HTTP 202
Jun 11 16:13:37.028250 np0000002642 devstack@c-api.service[96246]: [pid: 96246|app: 0|req: 223/429] 10.4.3.77 () {66 vars in 1474 bytes} [Thu Jun 11 16:13:37 2026] GET /volume/v3/qos-specs/825a865b-59b8-4b70-9733-0c760a3caa82/associate?vol_type_id=134c2370-210c-4f15-aa04-caa1fe9ea315 => generated 0 bytes in 26 msecs (HTTP/1.1 202) 6 headers in 233 bytes (1 switches on core 0)
Jun 11 16:13:37.028975 np0000002642 devstack@c-api.service[96246]: DEBUG cinder.api.middleware.request_id [None req-72270f48-1215-41db-9a46-20e9226e1ec0 None None] RequestId filter calling following filter/app {{(pid=96246) _context_setter /opt/stack/cinder/cinder/api/middleware/request_id.py:62}}
Jun 11 16:13:37.030661 np0000002642 devstack@c-api.service[96246]: INFO cinder.api.openstack.wsgi [None req-72270f48-1215-41db-9a46-20e9226e1ec0 tempest-DeleteServersTestJSON-783788087 tempest-DeleteServersTestJSON-783788087-project-member] GET https://10.4.3.77/volume/v3/volumes/1165c931-7131-4a7d-b8bd-bd1199945fa5
Jun 11 16:13:37.030968 np0000002642 devstack@c-api.service[96246]: DEBUG cinder.api.openstack.wsgi [None req-72270f48-1215-41db-9a46-20e9226e1ec0 tempest-DeleteServersTestJSON-783788087 tempest-DeleteServersTestJSON-783788087-project-member] Empty body provided in request {{(pid=96246) get_body /opt/stack/cinder/cinder/api/openstack/wsgi.py:725}}
Jun 11 16:13:37.031347 np0000002642 devstack@c-api.service[96246]: DEBUG cinder.api.openstack.wsgi [None req-72270f48-1215-41db-9a46-20e9226e1ec0 tempest-DeleteServersTestJSON-783788087 tempest-DeleteServersTestJSON-783788087-project-member] Calling method 'show' {{(pid=96246) _process_stack /opt/stack/cinder/cinder/api/openstack/wsgi.py:878}}
Jun 11 16:13:37.040276 np0000002642 devstack@c-api.service[96246]: /opt/stack/data/venv/lib/python3.12/site-packages/oslo_context/context.py:102: DeprecationWarning: Policy enforcement is depending on the value of is_admin. This key is deprecated. Please update your policy file to use the standard policy values.
Jun 11 16:13:37.040276 np0000002642 devstack@c-api.service[96246]: warnings.warn(
Jun 11 16:13:37.044842 np0000002642 devstack@c-api.service[96246]: INFO cinder.volume.api [None req-72270f48-1215-41db-9a46-20e9226e1ec0 tempest-DeleteServersTestJSON-783788087 tempest-DeleteServersTestJSON-783788087-project-member] Volume info retrieved successfully.
Jun 11 16:13:37.051821 np0000002642 devstack@c-api.service[96245]: INFO cinder.volume.api [req-5440c840-b779-4a2e-8cb2-de3c66eda8e8 req-5cc77661-c760-49fa-8259-3b672b21409c tempest-VolumesSnapshotsTestJSON-138992341 tempest-VolumesSnapshotsTestJSON-138992341-project-member] Delete volume request issued successfully.
Jun 11 16:13:37.052057 np0000002642 devstack@c-api.service[96245]: INFO cinder.api.openstack.wsgi [req-5440c840-b779-4a2e-8cb2-de3c66eda8e8 req-5cc77661-c760-49fa-8259-3b672b21409c tempest-VolumesSnapshotsTestJSON-138992341 tempest-VolumesSnapshotsTestJSON-138992341-project-member] https://10.4.3.77/volume/v3/volumes/95ea0b3c-3684-48cc-b77a-afc046d90d7f returned with HTTP 202
Jun 11 16:13:37.052175 np0000002642 devstack@c-api.service[96246]: INFO cinder.api.openstack.wsgi [None req-72270f48-1215-41db-9a46-20e9226e1ec0 tempest-DeleteServersTestJSON-783788087 tempest-DeleteServersTestJSON-783788087-project-member] https://10.4.3.77/volume/v3/volumes/1165c931-7131-4a7d-b8bd-bd1199945fa5 returned with HTTP 200
Jun 11 16:13:37.052514 np0000002642 devstack@c-api.service[96245]: [pid: 96245|app: 0|req: 207/430] 10.4.3.77 () {70 vars in 1613 bytes} [Thu Jun 11 16:13:37 2026] DELETE /volume/v3/volumes/95ea0b3c-3684-48cc-b77a-afc046d90d7f => generated 0 bytes in 39 msecs (HTTP/1.1 202) 6 headers in 233 bytes (1 switches on core 0)
Jun 11 16:13:37.052898 np0000002642 devstack@c-api.service[96246]: [pid: 96246|app: 0|req: 224/431] 10.4.3.77 () {66 vars in 1341 bytes} [Thu Jun 11 16:13:37 2026] GET /volume/v3/volumes/1165c931-7131-4a7d-b8bd-bd1199945fa5 => generated 842 bytes in 24 msecs (HTTP/1.1 200) 7 headers in 285 bytes (1 switches on core 0)
Jun 11 16:13:37.053514 np0000002642 devstack@c-api.service[96245]: DEBUG cinder.api.middleware.request_id [None req-8ebef7e1-84a6-4ca5-93db-462f291ca959 None None] RequestId filter calling following filter/app {{(pid=96245) _context_setter /opt/stack/cinder/cinder/api/middleware/request_id.py:62}}
Jun 11 16:13:37.055070 np0000002642 devstack@c-api.service[96245]: INFO cinder.api.openstack.wsgi [None req-8ebef7e1-84a6-4ca5-93db-462f291ca959 tempest-QosSpecsTestJSON-2005498875 tempest-QosSpecsTestJSON-2005498875-project-admin] GET https://10.4.3.77/volume/v3/qos-specs/825a865b-59b8-4b70-9733-0c760a3caa82/associate?vol_type_id=a47f926f-7f19-40da-b792-22ffa27fa275
Jun 11 16:13:37.055285 np0000002642 devstack@c-api.service[96245]: DEBUG cinder.api.openstack.wsgi [None req-8ebef7e1-84a6-4ca5-93db-462f291ca959 tempest-QosSpecsTestJSON-2005498875 tempest-QosSpecsTestJSON-2005498875-project-admin] Empty body provided in request {{(pid=96245) get_body /opt/stack/cinder/cinder/api/openstack/wsgi.py:725}}
Jun 11 16:13:37.055523 np0000002642 devstack@c-api.service[96245]: DEBUG cinder.api.openstack.wsgi [None req-8ebef7e1-84a6-4ca5-93db-462f291ca959 tempest-QosSpecsTestJSON-2005498875 tempest-QosSpecsTestJSON-2005498875-project-admin] Calling method 'associate' {{(pid=96245) _process_stack /opt/stack/cinder/cinder/api/openstack/wsgi.py:878}}
Jun 11 16:13:37.056119 np0000002642 devstack@c-api.service[96245]: DEBUG cinder.api.contrib.qos_specs_manage [None req-8ebef7e1-84a6-4ca5-93db-462f291ca959 tempest-QosSpecsTestJSON-2005498875 tempest-QosSpecsTestJSON-2005498875-project-admin] Associate qos_spec: 825a865b-59b8-4b70-9733-0c760a3caa82 with type: a47f926f-7f19-40da-b792-22ffa27fa275 {{(pid=96245) associate /opt/stack/cinder/cinder/api/contrib/qos_specs_manage.py:276}}
Jun 11 16:13:37.082631 np0000002642 devstack@c-api.service[96245]: INFO cinder.api.openstack.wsgi [None req-8ebef7e1-84a6-4ca5-93db-462f291ca959 tempest-QosSpecsTestJSON-2005498875 tempest-QosSpecsTestJSON-2005498875-project-admin] https://10.4.3.77/volume/v3/qos-specs/825a865b-59b8-4b70-9733-0c760a3caa82/associate?vol_type_id=a47f926f-7f19-40da-b792-22ffa27fa275 returned with HTTP 202
Jun 11 16:13:37.083391 np0000002642 devstack@c-api.service[96245]: [pid: 96245|app: 0|req: 208/432] 10.4.3.77 () {66 vars in 1474 bytes} [Thu Jun 11 16:13:37 2026] GET /volume/v3/qos-specs/825a865b-59b8-4b70-9733-0c760a3caa82/associate?vol_type_id=a47f926f-7f19-40da-b792-22ffa27fa275 => generated 0 bytes in 30 msecs (HTTP/1.1 202) 6 headers in 233 bytes (1 switches on core 0)
Jun 11 16:13:37.086761 np0000002642 devstack@c-api.service[96246]: DEBUG cinder.api.middleware.request_id [req-690989e9-9268-44bd-b9cc-940ffc0bf71a req-c19ca492-ade2-4dc2-aecb-a6ccd9091ddc None None] RequestId filter calling following filter/app {{(pid=96246) _context_setter /opt/stack/cinder/cinder/api/middleware/request_id.py:62}}
Jun 11 16:13:37.089682 np0000002642 devstack@c-api.service[96246]: INFO cinder.api.openstack.wsgi [req-690989e9-9268-44bd-b9cc-940ffc0bf71a req-c19ca492-ade2-4dc2-aecb-a6ccd9091ddc tempest-VolumesSnapshotsTestJSON-138992341 tempest-VolumesSnapshotsTestJSON-138992341-project-member] GET https://10.4.3.77/volume/v3/volumes/95ea0b3c-3684-48cc-b77a-afc046d90d7f
Jun 11 16:13:37.089859 np0000002642 devstack@c-api.service[96245]: DEBUG cinder.api.middleware.request_id [None req-11986a9f-1e9c-4f90-b8d8-144df2cfac39 None None] RequestId filter calling following filter/app {{(pid=96245) _context_setter /opt/stack/cinder/cinder/api/middleware/request_id.py:62}}
Jun 11 16:13:37.090390 np0000002642 devstack@c-api.service[96246]: DEBUG cinder.api.openstack.wsgi [req-690989e9-9268-44bd-b9cc-940ffc0bf71a req-c19ca492-ade2-4dc2-aecb-a6ccd9091ddc tempest-VolumesSnapshotsTestJSON-138992341 tempest-VolumesSnapshotsTestJSON-138992341-project-member] Empty body provided in request {{(pid=96246) get_body /opt/stack/cinder/cinder/api/openstack/wsgi.py:725}}
Jun 11 16:13:37.090748 np0000002642 devstack@c-api.service[96246]: DEBUG cinder.api.openstack.wsgi [req-690989e9-9268-44bd-b9cc-940ffc0bf71a req-c19ca492-ade2-4dc2-aecb-a6ccd9091ddc tempest-VolumesSnapshotsTestJSON-138992341 tempest-VolumesSnapshotsTestJSON-138992341-project-member] Calling method 'show' {{(pid=96246) _process_stack /opt/stack/cinder/cinder/api/openstack/wsgi.py:878}}
Jun 11 16:13:37.091938 np0000002642 devstack@c-api.service[96245]: INFO cinder.api.openstack.wsgi [None req-11986a9f-1e9c-4f90-b8d8-144df2cfac39 tempest-QosSpecsTestJSON-2005498875 tempest-QosSpecsTestJSON-2005498875-project-admin] GET https://10.4.3.77/volume/v3/qos-specs/825a865b-59b8-4b70-9733-0c760a3caa82/associate?vol_type_id=3c56f66c-9f7e-4167-9f71-c7ee3600be43
Jun 11 16:13:37.092666 np0000002642 devstack@c-api.service[96245]: DEBUG cinder.api.openstack.wsgi [None req-11986a9f-1e9c-4f90-b8d8-144df2cfac39 tempest-QosSpecsTestJSON-2005498875 tempest-QosSpecsTestJSON-2005498875-project-admin] Empty body provided in request {{(pid=96245) get_body /opt/stack/cinder/cinder/api/openstack/wsgi.py:725}}
Jun 11 16:13:37.092666 np0000002642 devstack@c-api.service[96245]: DEBUG cinder.api.openstack.wsgi [None req-11986a9f-1e9c-4f90-b8d8-144df2cfac39 tempest-QosSpecsTestJSON-2005498875 tempest-QosSpecsTestJSON-2005498875-project-admin] Calling method 'associate' {{(pid=96245) _process_stack /opt/stack/cinder/cinder/api/openstack/wsgi.py:878}}
Jun 11 16:13:37.092666 np0000002642 devstack@c-api.service[96245]: /opt/stack/data/venv/lib/python3.12/site-packages/oslo_context/context.py:102: DeprecationWarning: Policy enforcement is depending on the value of is_admin. This key is deprecated. Please update your policy file to use the standard policy values.
Jun 11 16:13:37.092666 np0000002642 devstack@c-api.service[96245]: warnings.warn(
Jun 11 16:13:37.092945 np0000002642 devstack@c-api.service[96245]: DEBUG cinder.api.contrib.qos_specs_manage [None req-11986a9f-1e9c-4f90-b8d8-144df2cfac39 tempest-QosSpecsTestJSON-2005498875 tempest-QosSpecsTestJSON-2005498875-project-admin] Associate qos_spec: 825a865b-59b8-4b70-9733-0c760a3caa82 with type: 3c56f66c-9f7e-4167-9f71-c7ee3600be43 {{(pid=96245) associate /opt/stack/cinder/cinder/api/contrib/qos_specs_manage.py:276}}
Jun 11 16:13:37.101392 np0000002642 devstack@c-api.service[96246]: /opt/stack/data/venv/lib/python3.12/site-packages/oslo_context/context.py:102: DeprecationWarning: Policy enforcement is depending on the value of is_admin. This key is deprecated. Please update your policy file to use the standard policy values.
Jun 11 16:13:37.101392 np0000002642 devstack@c-api.service[96246]: warnings.warn(
Jun 11 16:13:37.107833 np0000002642 devstack@c-api.service[96246]: INFO cinder.volume.api [req-690989e9-9268-44bd-b9cc-940ffc0bf71a req-c19ca492-ade2-4dc2-aecb-a6ccd9091ddc tempest-VolumesSnapshotsTestJSON-138992341 tempest-VolumesSnapshotsTestJSON-138992341-project-member] Volume info retrieved successfully.
Jun 11 16:13:37.109920 np0000002642 devstack@c-api.service[96245]: INFO cinder.api.openstack.wsgi [None req-11986a9f-1e9c-4f90-b8d8-144df2cfac39 tempest-QosSpecsTestJSON-2005498875 tempest-QosSpecsTestJSON-2005498875-project-admin] https://10.4.3.77/volume/v3/qos-specs/825a865b-59b8-4b70-9733-0c760a3caa82/associate?vol_type_id=3c56f66c-9f7e-4167-9f71-c7ee3600be43 returned with HTTP 202
Jun 11 16:13:37.110382 np0000002642 devstack@c-api.service[96245]: [pid: 96245|app: 0|req: 209/433] 10.4.3.77 () {66 vars in 1474 bytes} [Thu Jun 11 16:13:37 2026] GET /volume/v3/qos-specs/825a865b-59b8-4b70-9733-0c760a3caa82/associate?vol_type_id=3c56f66c-9f7e-4167-9f71-c7ee3600be43 => generated 0 bytes in 21 msecs (HTTP/1.1 202) 6 headers in 233 bytes (1 switches on core 0)
Jun 11 16:13:37.115792 np0000002642 devstack@c-api.service[96246]: INFO cinder.api.openstack.wsgi [req-690989e9-9268-44bd-b9cc-940ffc0bf71a req-c19ca492-ade2-4dc2-aecb-a6ccd9091ddc tempest-VolumesSnapshotsTestJSON-138992341 tempest-VolumesSnapshotsTestJSON-138992341-project-member] https://10.4.3.77/volume/v3/volumes/95ea0b3c-3684-48cc-b77a-afc046d90d7f returned with HTTP 200
Jun 11 16:13:37.116685 np0000002642 devstack@c-api.service[96246]: [pid: 96246|app: 0|req: 225/434] 10.4.3.77 () {68 vars in 1591 bytes} [Thu Jun 11 16:13:37 2026] GET /volume/v3/volumes/95ea0b3c-3684-48cc-b77a-afc046d90d7f => generated 844 bytes in 31 msecs (HTTP/1.1 200) 7 headers in 285 bytes (1 switches on core 0)
Jun 11 16:13:37.119494 np0000002642 devstack@c-api.service[96245]: DEBUG cinder.api.middleware.request_id [None req-54a480f7-75d4-44f7-879e-6e2e2bd525c8 None None] RequestId filter calling following filter/app {{(pid=96245) _context_setter /opt/stack/cinder/cinder/api/middleware/request_id.py:62}}
Jun 11 16:13:37.120789 np0000002642 devstack@c-api.service[96245]: INFO cinder.api.openstack.wsgi [None req-54a480f7-75d4-44f7-879e-6e2e2bd525c8 tempest-QosSpecsTestJSON-2005498875 tempest-QosSpecsTestJSON-2005498875-project-admin] GET https://10.4.3.77/volume/v3/qos-specs/825a865b-59b8-4b70-9733-0c760a3caa82/associations
Jun 11 16:13:37.120965 np0000002642 devstack@c-api.service[96245]: DEBUG cinder.api.openstack.wsgi [None req-54a480f7-75d4-44f7-879e-6e2e2bd525c8 tempest-QosSpecsTestJSON-2005498875 tempest-QosSpecsTestJSON-2005498875-project-admin] Empty body provided in request {{(pid=96245) get_body /opt/stack/cinder/cinder/api/openstack/wsgi.py:725}}
Jun 11 16:13:37.121178 np0000002642 devstack@c-api.service[96245]: DEBUG cinder.api.openstack.wsgi [None req-54a480f7-75d4-44f7-879e-6e2e2bd525c8 tempest-QosSpecsTestJSON-2005498875 tempest-QosSpecsTestJSON-2005498875-project-admin] Calling method 'associations' {{(pid=96245) _process_stack /opt/stack/cinder/cinder/api/openstack/wsgi.py:878}}
Jun 11 16:13:37.121848 np0000002642 devstack@c-api.service[96245]: /opt/stack/data/venv/lib/python3.12/site-packages/oslo_context/context.py:102: DeprecationWarning: Policy enforcement is depending on the value of is_admin. This key is deprecated. Please update your policy file to use the standard policy values.
Jun 11 16:13:37.121848 np0000002642 devstack@c-api.service[96245]: warnings.warn(
Jun 11 16:13:37.121848 np0000002642 devstack@c-api.service[96245]: DEBUG cinder.api.contrib.qos_specs_manage [None req-54a480f7-75d4-44f7-879e-6e2e2bd525c8 tempest-QosSpecsTestJSON-2005498875 tempest-QosSpecsTestJSON-2005498875-project-admin] Get associations for qos_spec id: 825a865b-59b8-4b70-9733-0c760a3caa82 {{(pid=96245) associations /opt/stack/cinder/cinder/api/contrib/qos_specs_manage.py:234}}
Jun 11 16:13:37.137301 np0000002642 devstack@c-api.service[96245]: INFO cinder.api.openstack.wsgi [None req-54a480f7-75d4-44f7-879e-6e2e2bd525c8 tempest-QosSpecsTestJSON-2005498875 tempest-QosSpecsTestJSON-2005498875-project-admin] https://10.4.3.77/volume/v3/qos-specs/825a865b-59b8-4b70-9733-0c760a3caa82/associations returned with HTTP 200
Jun 11 16:13:37.137689 np0000002642 devstack@c-api.service[96245]: [pid: 96245|app: 0|req: 210/435] 10.4.3.77 () {66 vars in 1386 bytes} [Thu Jun 11 16:13:37 2026] GET /volume/v3/qos-specs/825a865b-59b8-4b70-9733-0c760a3caa82/associations => generated 446 bytes in 20 msecs (HTTP/1.1 200) 7 headers in 285 bytes (1 switches on core 0)
Jun 11 16:13:37.145348 np0000002642 devstack@c-api.service[96246]: DEBUG cinder.api.middleware.request_id [None req-1733c6d0-04d9-4124-ab62-d7de8b86f592 None None] RequestId filter calling following filter/app {{(pid=96246) _context_setter /opt/stack/cinder/cinder/api/middleware/request_id.py:62}}
Jun 11 16:13:37.150185 np0000002642 devstack@c-api.service[96246]: INFO cinder.api.openstack.wsgi [None req-1733c6d0-04d9-4124-ab62-d7de8b86f592 tempest-QosSpecsTestJSON-2005498875 tempest-QosSpecsTestJSON-2005498875-project-admin] GET https://10.4.3.77/volume/v3/qos-specs/825a865b-59b8-4b70-9733-0c760a3caa82/disassociate?vol_type_id=134c2370-210c-4f15-aa04-caa1fe9ea315
Jun 11 16:13:37.150185 np0000002642 devstack@c-api.service[96246]: DEBUG cinder.api.openstack.wsgi [None req-1733c6d0-04d9-4124-ab62-d7de8b86f592 tempest-QosSpecsTestJSON-2005498875 tempest-QosSpecsTestJSON-2005498875-project-admin] Empty body provided in request {{(pid=96246) get_body /opt/stack/cinder/cinder/api/openstack/wsgi.py:725}}
Jun 11 16:13:37.150185 np0000002642 devstack@c-api.service[96246]: DEBUG cinder.api.openstack.wsgi [None req-1733c6d0-04d9-4124-ab62-d7de8b86f592 tempest-QosSpecsTestJSON-2005498875 tempest-QosSpecsTestJSON-2005498875-project-admin] Calling method 'disassociate' {{(pid=96246) _process_stack /opt/stack/cinder/cinder/api/openstack/wsgi.py:878}}
Jun 11 16:13:37.150185 np0000002642 devstack@c-api.service[96246]: DEBUG cinder.api.contrib.qos_specs_manage [None req-1733c6d0-04d9-4124-ab62-d7de8b86f592 tempest-QosSpecsTestJSON-2005498875 tempest-QosSpecsTestJSON-2005498875-project-admin] Disassociate qos_spec: 825a865b-59b8-4b70-9733-0c760a3caa82 from type: 134c2370-210c-4f15-aa04-caa1fe9ea315 {{(pid=96246) disassociate /opt/stack/cinder/cinder/api/contrib/qos_specs_manage.py:328}}
Jun 11 16:13:37.153288 np0000002642 devstack@c-api.service[96245]: DEBUG cinder.api.middleware.request_id [None req-78a81c9c-910e-41d7-b268-89e01ff124bc None None] RequestId filter calling following filter/app {{(pid=96245) _context_setter /opt/stack/cinder/cinder/api/middleware/request_id.py:62}}
Jun 11 16:13:37.154151 np0000002642 devstack@c-api.service[96245]: INFO cinder.api.openstack.wsgi [None req-78a81c9c-910e-41d7-b268-89e01ff124bc None None] GET https://10.4.3.77/volume//
Jun 11 16:13:37.154151 np0000002642 devstack@c-api.service[96245]: DEBUG cinder.api.openstack.wsgi [None req-78a81c9c-910e-41d7-b268-89e01ff124bc None None] Empty body provided in request {{(pid=96245) get_body /opt/stack/cinder/cinder/api/openstack/wsgi.py:725}}
Jun 11 16:13:37.154151 np0000002642 devstack@c-api.service[96245]: DEBUG cinder.api.openstack.wsgi [None req-78a81c9c-910e-41d7-b268-89e01ff124bc None None] Calling method 'all' {{(pid=96245) _process_stack /opt/stack/cinder/cinder/api/openstack/wsgi.py:878}}
Jun 11 16:13:37.154427 np0000002642 devstack@c-api.service[96245]: INFO cinder.api.openstack.wsgi [None req-78a81c9c-910e-41d7-b268-89e01ff124bc None None] https://10.4.3.77/volume// returned with HTTP 300
Jun 11 16:13:37.155558 np0000002642 devstack@c-api.service[96245]: [pid: 96245|app: 0|req: 211/436] 10.4.3.77 () {66 vars in 1419 bytes} [Thu Jun 11 16:13:37 2026] GET /volume/ => generated 385 bytes in 2 msecs (HTTP/1.1 300) 7 headers in 299 bytes (1 switches on core 0)
Jun 11 16:13:37.164641 np0000002642 devstack@c-api.service[96246]: INFO cinder.api.openstack.wsgi [None req-1733c6d0-04d9-4124-ab62-d7de8b86f592 tempest-QosSpecsTestJSON-2005498875 tempest-QosSpecsTestJSON-2005498875-project-admin] https://10.4.3.77/volume/v3/qos-specs/825a865b-59b8-4b70-9733-0c760a3caa82/disassociate?vol_type_id=134c2370-210c-4f15-aa04-caa1fe9ea315 returned with HTTP 202
Jun 11 16:13:37.165418 np0000002642 devstack@c-api.service[96246]: [pid: 96246|app: 0|req: 226/437] 10.4.3.77 () {66 vars in 1483 bytes} [Thu Jun 11 16:13:37 2026] GET /volume/v3/qos-specs/825a865b-59b8-4b70-9733-0c760a3caa82/disassociate?vol_type_id=134c2370-210c-4f15-aa04-caa1fe9ea315 => generated 0 bytes in 20 msecs (HTTP/1.1 202) 6 headers in 233 bytes (1 switches on core 0)
Jun 11 16:13:37.169049 np0000002642 devstack@c-api.service[96245]: DEBUG cinder.api.middleware.request_id [req-8ba07639-cb83-481d-b462-1c1ea2440990 req-b00cc5f3-3fec-41f3-96b4-06f913d74519 None None] RequestId filter calling following filter/app {{(pid=96245) _context_setter /opt/stack/cinder/cinder/api/middleware/request_id.py:62}}
Jun 11 16:13:37.170958 np0000002642 devstack@c-api.service[96245]: INFO cinder.api.openstack.wsgi [req-8ba07639-cb83-481d-b462-1c1ea2440990 req-b00cc5f3-3fec-41f3-96b4-06f913d74519 tempest-DeleteServersTestJSON-783788087 tempest-DeleteServersTestJSON-783788087-project-member] GET https://10.4.3.77/volume/v3/volumes/1165c931-7131-4a7d-b8bd-bd1199945fa5
Jun 11 16:13:37.171333 np0000002642 devstack@c-api.service[96245]: DEBUG cinder.api.openstack.wsgi [req-8ba07639-cb83-481d-b462-1c1ea2440990 req-b00cc5f3-3fec-41f3-96b4-06f913d74519 tempest-DeleteServersTestJSON-783788087 tempest-DeleteServersTestJSON-783788087-project-member] Empty body provided in request {{(pid=96245) get_body /opt/stack/cinder/cinder/api/openstack/wsgi.py:725}}
Jun 11 16:13:37.171333 np0000002642 devstack@c-api.service[96245]: DEBUG cinder.api.openstack.wsgi [req-8ba07639-cb83-481d-b462-1c1ea2440990 req-b00cc5f3-3fec-41f3-96b4-06f913d74519 tempest-DeleteServersTestJSON-783788087 tempest-DeleteServersTestJSON-783788087-project-member] Calling method 'show' {{(pid=96245) _process_stack /opt/stack/cinder/cinder/api/openstack/wsgi.py:878}}
Jun 11 16:13:37.174426 np0000002642 devstack@c-api.service[96246]: DEBUG cinder.api.middleware.request_id [None req-fc0517cd-51c2-43e7-8e27-caf38b47226e None None] RequestId filter calling following filter/app {{(pid=96246) _context_setter /opt/stack/cinder/cinder/api/middleware/request_id.py:62}}
Jun 11 16:13:37.179762 np0000002642 devstack@c-api.service[96246]: INFO cinder.api.openstack.wsgi [None req-fc0517cd-51c2-43e7-8e27-caf38b47226e tempest-QosSpecsTestJSON-2005498875 tempest-QosSpecsTestJSON-2005498875-project-admin] GET https://10.4.3.77/volume/v3/qos-specs/825a865b-59b8-4b70-9733-0c760a3caa82/associations
Jun 11 16:13:37.179762 np0000002642 devstack@c-api.service[96246]: DEBUG cinder.api.openstack.wsgi [None req-fc0517cd-51c2-43e7-8e27-caf38b47226e tempest-QosSpecsTestJSON-2005498875 tempest-QosSpecsTestJSON-2005498875-project-admin] Empty body provided in request {{(pid=96246) get_body /opt/stack/cinder/cinder/api/openstack/wsgi.py:725}}
Jun 11 16:13:37.179762 np0000002642 devstack@c-api.service[96246]: DEBUG cinder.api.openstack.wsgi [None req-fc0517cd-51c2-43e7-8e27-caf38b47226e tempest-QosSpecsTestJSON-2005498875 tempest-QosSpecsTestJSON-2005498875-project-admin] Calling method 'associations' {{(pid=96246) _process_stack /opt/stack/cinder/cinder/api/openstack/wsgi.py:878}}
Jun 11 16:13:37.179762 np0000002642 devstack@c-api.service[96246]: /opt/stack/data/venv/lib/python3.12/site-packages/oslo_context/context.py:102: DeprecationWarning: Policy enforcement is depending on the value of is_admin. This key is deprecated. Please update your policy file to use the standard policy values.
Jun 11 16:13:37.179762 np0000002642 devstack@c-api.service[96246]: warnings.warn(
Jun 11 16:13:37.179762 np0000002642 devstack@c-api.service[96246]: DEBUG cinder.api.contrib.qos_specs_manage [None req-fc0517cd-51c2-43e7-8e27-caf38b47226e tempest-QosSpecsTestJSON-2005498875 tempest-QosSpecsTestJSON-2005498875-project-admin] Get associations for qos_spec id: 825a865b-59b8-4b70-9733-0c760a3caa82 {{(pid=96246) associations /opt/stack/cinder/cinder/api/contrib/qos_specs_manage.py:234}}
Jun 11 16:13:37.180944 np0000002642 devstack@c-api.service[96245]: /opt/stack/data/venv/lib/python3.12/site-packages/oslo_context/context.py:102: DeprecationWarning: Policy enforcement is depending on the value of is_admin. This key is deprecated. Please update your policy file to use the standard policy values.
Jun 11 16:13:37.180944 np0000002642 devstack@c-api.service[96245]: warnings.warn(
Jun 11 16:13:37.185449 np0000002642 devstack@c-api.service[96245]: INFO cinder.volume.api [req-8ba07639-cb83-481d-b462-1c1ea2440990 req-b00cc5f3-3fec-41f3-96b4-06f913d74519 tempest-DeleteServersTestJSON-783788087 tempest-DeleteServersTestJSON-783788087-project-member] Volume info retrieved successfully.
Jun 11 16:13:37.189388 np0000002642 devstack@c-api.service[96245]: INFO cinder.api.openstack.wsgi [req-8ba07639-cb83-481d-b462-1c1ea2440990 req-b00cc5f3-3fec-41f3-96b4-06f913d74519 tempest-DeleteServersTestJSON-783788087 tempest-DeleteServersTestJSON-783788087-project-member] https://10.4.3.77/volume/v3/volumes/1165c931-7131-4a7d-b8bd-bd1199945fa5 returned with HTTP 200
