Jun 12 16:44:13.232367 np0000002729 nova-scheduler[95576]: DEBUG cotyledon.oslo_config_glue [-] oslo_limit.auth_type = None {{(pid=95576) log_opt_values /opt/stack/data/venv/lib/python3.12/site-packages/oslo_config/cfg.py:3253}}
Jun 12 16:44:13.232758 np0000002729 nova-scheduler[95576]: DEBUG cotyledon.oslo_config_glue [-] oslo_limit.cafile = None {{(pid=95576) log_opt_values /opt/stack/data/venv/lib/python3.12/site-packages/oslo_config/cfg.py:3253}}
Jun 12 16:44:13.232758 np0000002729 nova-scheduler[95576]: DEBUG cotyledon.oslo_config_glue [-] oslo_limit.certfile = None {{(pid=95576) log_opt_values /opt/stack/data/venv/lib/python3.12/site-packages/oslo_config/cfg.py:3253}}
Jun 12 16:44:13.232758 np0000002729 nova-scheduler[95576]: DEBUG cotyledon.oslo_config_glue [-] oslo_limit.collect_timing = False {{(pid=95576) log_opt_values /opt/stack/data/venv/lib/python3.12/site-packages/oslo_config/cfg.py:3253}}
Jun 12 16:44:13.232758 np0000002729 nova-scheduler[95576]: DEBUG cotyledon.oslo_config_glue [-] oslo_limit.connect_retries = None {{(pid=95576) log_opt_values /opt/stack/data/venv/lib/python3.12/site-packages/oslo_config/cfg.py:3253}}
Jun 12 16:44:13.232758 np0000002729 nova-scheduler[95576]: DEBUG cotyledon.oslo_config_glue [-] oslo_limit.connect_retry_delay = None {{(pid=95576) log_opt_values /opt/stack/data/venv/lib/python3.12/site-packages/oslo_config/cfg.py:3253}}
Jun 12 16:44:13.232758 np0000002729 nova-scheduler[95576]: DEBUG cotyledon.oslo_config_glue [-] oslo_limit.endpoint_id = None {{(pid=95576) log_opt_values /opt/stack/data/venv/lib/python3.12/site-packages/oslo_config/cfg.py:3253}}
Jun 12 16:44:13.232758 np0000002729 nova-scheduler[95576]: DEBUG cotyledon.oslo_config_glue [-] oslo_limit.endpoint_interface = public {{(pid=95576) log_opt_values /opt/stack/data/venv/lib/python3.12/site-packages/oslo_config/cfg.py:3253}}
Jun 12 16:44:13.232758 np0000002729 nova-scheduler[95576]: DEBUG cotyledon.oslo_config_glue [-] oslo_limit.endpoint_override = None {{(pid=95576) log_opt_values /opt/stack/data/venv/lib/python3.12/site-packages/oslo_config/cfg.py:3253}}
Jun 12 16:44:13.232758 np0000002729 nova-scheduler[95576]: DEBUG cotyledon.oslo_config_glue [-] oslo_limit.endpoint_region_name = None {{(pid=95576) log_opt_values /opt/stack/data/venv/lib/python3.12/site-packages/oslo_config/cfg.py:3253}}
Jun 12 16:44:13.233119 np0000002729 nova-scheduler[95576]: DEBUG cotyledon.oslo_config_glue [-] oslo_limit.endpoint_service_name = None {{(pid=95576) log_opt_values /opt/stack/data/venv/lib/python3.12/site-packages/oslo_config/cfg.py:3253}}
Jun 12 16:44:13.233119 np0000002729 nova-scheduler[95576]: DEBUG cotyledon.oslo_config_glue [-] oslo_limit.endpoint_service_type = None {{(pid=95576) log_opt_values /opt/stack/data/venv/lib/python3.12/site-packages/oslo_config/cfg.py:3253}}
Jun 12 16:44:13.233119 np0000002729 nova-scheduler[95576]: DEBUG cotyledon.oslo_config_glue [-] oslo_limit.insecure = False {{(pid=95576) log_opt_values /opt/stack/data/venv/lib/python3.12/site-packages/oslo_config/cfg.py:3253}}
Jun 12 16:44:13.233119 np0000002729 nova-scheduler[95576]: DEBUG cotyledon.oslo_config_glue [-] oslo_limit.keyfile = None {{(pid=95576) log_opt_values /opt/stack/data/venv/lib/python3.12/site-packages/oslo_config/cfg.py:3253}}
Jun 12 16:44:13.233119 np0000002729 nova-scheduler[95576]: DEBUG cotyledon.oslo_config_glue [-] oslo_limit.max_version = None {{(pid=95576) log_opt_values /opt/stack/data/venv/lib/python3.12/site-packages/oslo_config/cfg.py:3253}}
Jun 12 16:44:13.233119 np0000002729 nova-scheduler[95576]: DEBUG cotyledon.oslo_config_glue [-] oslo_limit.min_version = None {{(pid=95576) log_opt_values /opt/stack/data/venv/lib/python3.12/site-packages/oslo_config/cfg.py:3253}}
Jun 12 16:44:13.233119 np0000002729 nova-scheduler[95576]: DEBUG cotyledon.oslo_config_glue [-] oslo_limit.region_name = None {{(pid=95576) log_opt_values /opt/stack/data/venv/lib/python3.12/site-packages/oslo_config/cfg.py:3253}}
Jun 12 16:44:13.233119 np0000002729 nova-scheduler[95576]: DEBUG cotyledon.oslo_config_glue [-] oslo_limit.retriable_status_codes = None {{(pid=95576) log_opt_values /opt/stack/data/venv/lib/python3.12/site-packages/oslo_config/cfg.py:3253}}
Jun 12 16:44:13.233119 np0000002729 nova-scheduler[95576]: DEBUG cotyledon.oslo_config_glue [-] oslo_limit.service_name = None {{(pid=95576) log_opt_values /opt/stack/data/venv/lib/python3.12/site-packages/oslo_config/cfg.py:3253}}
Jun 12 16:44:13.233445 np0000002729 nova-scheduler[95576]: DEBUG cotyledon.oslo_config_glue [-] oslo_limit.service_type = None {{(pid=95576) log_opt_values /opt/stack/data/venv/lib/python3.12/site-packages/oslo_config/cfg.py:3253}}
Jun 12 16:44:13.233445 np0000002729 nova-scheduler[95576]: DEBUG cotyledon.oslo_config_glue [-] oslo_limit.split_loggers = False {{(pid=95576) log_opt_values /opt/stack/data/venv/lib/python3.12/site-packages/oslo_config/cfg.py:3253}}
Jun 12 16:44:13.233445 np0000002729 nova-scheduler[95576]: DEBUG cotyledon.oslo_config_glue [-] oslo_limit.status_code_retries = None {{(pid=95576) log_opt_values /opt/stack/data/venv/lib/python3.12/site-packages/oslo_config/cfg.py:3253}}
Jun 12 16:44:13.233445 np0000002729 nova-scheduler[95576]: DEBUG cotyledon.oslo_config_glue [-] oslo_limit.status_code_retry_delay = None {{(pid=95576) log_opt_values /opt/stack/data/venv/lib/python3.12/site-packages/oslo_config/cfg.py:3253}}
Jun 12 16:44:13.233445 np0000002729 nova-scheduler[95576]: DEBUG cotyledon.oslo_config_glue [-] oslo_limit.timeout = None {{(pid=95576) log_opt_values /opt/stack/data/venv/lib/python3.12/site-packages/oslo_config/cfg.py:3253}}
Jun 12 16:44:13.233445 np0000002729 nova-scheduler[95576]: DEBUG cotyledon.oslo_config_glue [-] oslo_limit.valid_interfaces = None {{(pid=95576) log_opt_values /opt/stack/data/venv/lib/python3.12/site-packages/oslo_config/cfg.py:3253}}
Jun 12 16:44:13.233445 np0000002729 nova-scheduler[95576]: DEBUG cotyledon.oslo_config_glue [-] oslo_limit.version = None {{(pid=95576) log_opt_values /opt/stack/data/venv/lib/python3.12/site-packages/oslo_config/cfg.py:3253}}
Jun 12 16:44:13.233445 np0000002729 nova-scheduler[95576]: DEBUG cotyledon.oslo_config_glue [-] oslo_reports.file_event_handler = None {{(pid=95576) log_opt_values /opt/stack/data/venv/lib/python3.12/site-packages/oslo_config/cfg.py:3253}}
Jun 12 16:44:13.233445 np0000002729 nova-scheduler[95576]: DEBUG cotyledon.oslo_config_glue [-] oslo_reports.file_event_handler_interval = 1 {{(pid=95576) log_opt_values /opt/stack/data/venv/lib/python3.12/site-packages/oslo_config/cfg.py:3253}}
Jun 12 16:44:13.233760 np0000002729 nova-scheduler[95576]: DEBUG cotyledon.oslo_config_glue [-] oslo_reports.log_dir = None {{(pid=95576) log_opt_values /opt/stack/data/venv/lib/python3.12/site-packages/oslo_config/cfg.py:3253}}
Jun 12 16:44:13.233760 np0000002729 nova-scheduler[95576]: DEBUG cotyledon.oslo_config_glue [-] ******************************************************************************** {{(pid=95576) log_opt_values /opt/stack/data/venv/lib/python3.12/site-packages/oslo_config/cfg.py:3260}}
Jun 12 16:44:13.233760 np0000002729 nova-scheduler[95576]: DEBUG cotyledon._service_worker [-] Run service ServiceWrapper(2) [95576] {{(pid=95576) wait_forever /opt/stack/data/venv/lib/python3.12/site-packages/cotyledon/_service_worker.py:218}}
Jun 12 16:44:13.233894 np0000002729 nova-scheduler[95574]: INFO dbcounter [None req-0cdb5522-f225-4452-9694-eace9cc3db4a None None] Registered counter for database nova_cell0
Jun 12 16:44:13.233943 np0000002729 nova-scheduler[95576]: INFO nova.service [-] Starting scheduler node (version 33.1.0)
Jun 12 16:44:13.233983 np0000002729 nova-scheduler[95572]: DEBUG oslo_db.sqlalchemy.engines [None req-070663e7-21c1-4833-8c46-ae1ae2e4d126 None None] MySQL server mode set to STRICT_TRANS_TABLES,STRICT_ALL_TABLES,NO_ZERO_IN_DATE,NO_ZERO_DATE,ERROR_FOR_DIVISION_BY_ZERO,TRADITIONAL,NO_ENGINE_SUBSTITUTION {{(pid=95572) _check_effective_sql_mode /opt/stack/data/venv/lib/python3.12/site-packages/oslo_db/sqlalchemy/engines.py:325}}
Jun 12 16:44:13.234054 np0000002729 nova-scheduler[95576]: INFO dbcounter [None req-e4a75b0d-18bc-4e82-8efa-3d149b57e092 None None] Registered counter for database nova_cell0
Jun 12 16:44:13.234102 np0000002729 nova-scheduler[95572]: DEBUG dbcounter [-] [95572] Writer thread running {{(pid=95572) stat_writer /opt/stack/data/venv/lib/python3.12/site-packages/dbcounter.py:102}}
Jun 12 16:44:13.250795 np0000002729 nova-scheduler[95572]: DEBUG nova.service [None req-070663e7-21c1-4833-8c46-ae1ae2e4d126 None None] Creating RPC server for service: nova-scheduler on topic: scheduler {{(pid=95572) start /opt/stack/nova/nova/service.py:196}}
Jun 12 16:44:13.275404 np0000002729 nova-scheduler[95574]: DEBUG oslo_db.sqlalchemy.engines [None req-0cdb5522-f225-4452-9694-eace9cc3db4a None None] MySQL server mode set to STRICT_TRANS_TABLES,STRICT_ALL_TABLES,NO_ZERO_IN_DATE,NO_ZERO_DATE,ERROR_FOR_DIVISION_BY_ZERO,TRADITIONAL,NO_ENGINE_SUBSTITUTION {{(pid=95574) _check_effective_sql_mode /opt/stack/data/venv/lib/python3.12/site-packages/oslo_db/sqlalchemy/engines.py:325}}
Jun 12 16:44:13.283850 np0000002729 nova-scheduler[95574]: DEBUG dbcounter [-] [95574] Writer thread running {{(pid=95574) stat_writer /opt/stack/data/venv/lib/python3.12/site-packages/dbcounter.py:102}}
Jun 12 16:44:13.285687 np0000002729 nova-scheduler[95576]: DEBUG oslo_db.sqlalchemy.engines [None req-e4a75b0d-18bc-4e82-8efa-3d149b57e092 None None] MySQL server mode set to STRICT_TRANS_TABLES,STRICT_ALL_TABLES,NO_ZERO_IN_DATE,NO_ZERO_DATE,ERROR_FOR_DIVISION_BY_ZERO,TRADITIONAL,NO_ENGINE_SUBSTITUTION {{(pid=95576) _check_effective_sql_mode /opt/stack/data/venv/lib/python3.12/site-packages/oslo_db/sqlalchemy/engines.py:325}}
Jun 12 16:44:13.286635 np0000002729 nova-scheduler[95574]: DEBUG nova.service [None req-0cdb5522-f225-4452-9694-eace9cc3db4a None None] Creating RPC server for service: nova-scheduler on topic: scheduler {{(pid=95574) start /opt/stack/nova/nova/service.py:196}}
Jun 12 16:44:13.289158 np0000002729 nova-scheduler[95572]: DEBUG nova.service [None req-070663e7-21c1-4833-8c46-ae1ae2e4d126 None None] Join ServiceGroup membership for this service scheduler {{(pid=95572) start /opt/stack/nova/nova/service.py:222}}
Jun 12 16:44:13.289415 np0000002729 nova-scheduler[95572]: DEBUG nova.servicegroup.drivers.db [None req-070663e7-21c1-4833-8c46-ae1ae2e4d126 None None] DB_Driver: join new ServiceGroup member np0000002729 to the scheduler group, service = {{(pid=95572) join /opt/stack/nova/nova/servicegroup/drivers/db.py:44}}
Jun 12 16:44:13.301850 np0000002729 nova-scheduler[95576]: DEBUG dbcounter [-] [95576] Writer thread running {{(pid=95576) stat_writer /opt/stack/data/venv/lib/python3.12/site-packages/dbcounter.py:102}}
Jun 12 16:44:13.304655 np0000002729 nova-scheduler[95574]: DEBUG nova.service [None req-0cdb5522-f225-4452-9694-eace9cc3db4a None None] Join ServiceGroup membership for this service scheduler {{(pid=95574) start /opt/stack/nova/nova/service.py:222}}
Jun 12 16:44:13.304898 np0000002729 nova-scheduler[95574]: DEBUG nova.servicegroup.drivers.db [None req-0cdb5522-f225-4452-9694-eace9cc3db4a None None] DB_Driver: join new ServiceGroup member np0000002729 to the scheduler group, service = {{(pid=95574) join /opt/stack/nova/nova/servicegroup/drivers/db.py:44}}
Jun 12 16:44:13.305674 np0000002729 nova-scheduler[95576]: DEBUG nova.service [None req-e4a75b0d-18bc-4e82-8efa-3d149b57e092 None None] Creating RPC server for service: nova-scheduler on topic: scheduler {{(pid=95576) start /opt/stack/nova/nova/service.py:196}}
Jun 12 16:44:13.326298 np0000002729 nova-scheduler[95576]: DEBUG nova.service [None req-e4a75b0d-18bc-4e82-8efa-3d149b57e092 None None] Join ServiceGroup membership for this service scheduler {{(pid=95576) start /opt/stack/nova/nova/service.py:222}}
Jun 12 16:44:13.327207 np0000002729 nova-scheduler[95576]: DEBUG nova.servicegroup.drivers.db [None req-e4a75b0d-18bc-4e82-8efa-3d149b57e092 None None] DB_Driver: join new ServiceGroup member np0000002729 to the scheduler group, service = {{(pid=95576) join /opt/stack/nova/nova/servicegroup/drivers/db.py:44}}
Jun 12 16:44:18.303984 np0000002729 nova-scheduler[95572]: DEBUG oslo.service.backend._threading.loopingcall [-] Fixed interval looping call 'nova.servicegroup.drivers.db.DbDriver._report_state' sleeping for 119.99 seconds {{(pid=95572) _run_loop /opt/stack/data/venv/lib/python3.12/site-packages/oslo_service/backend/_threading/loopingcall.py:125}}
Jun 12 16:44:18.315514 np0000002729 nova-scheduler[95574]: DEBUG oslo.service.backend._threading.loopingcall [-] Fixed interval looping call 'nova.servicegroup.drivers.db.DbDriver._report_state' sleeping for 119.99 seconds {{(pid=95574) _run_loop /opt/stack/data/venv/lib/python3.12/site-packages/oslo_service/backend/_threading/loopingcall.py:125}}
Jun 12 16:44:18.341142 np0000002729 nova-scheduler[95576]: DEBUG oslo.service.backend._threading.loopingcall [-] Fixed interval looping call 'nova.servicegroup.drivers.db.DbDriver._report_state' sleeping for 119.99 seconds {{(pid=95576) _run_loop /opt/stack/data/venv/lib/python3.12/site-packages/oslo_service/backend/_threading/loopingcall.py:125}}
Jun 12 16:44:19.328530 np0000002729 nova-scheduler[95576]: DEBUG oslo.service.backend._threading.loopingcall [None req-7dc0b515-ca2b-4106-98f3-7a7250a69bac None None] Dynamic interval looping call 'nova.service.Service.periodic_tasks' sleeping for 60.00 seconds {{(pid=95576) _run_loop /opt/stack/data/venv/lib/python3.12/site-packages/oslo_service/backend/_threading/loopingcall.py:125}}
Jun 12 16:44:21.856259 np0000002729 nova-scheduler[94379]: DEBUG dbcounter [-] [94379] Writing DB stats nova_api:SELECT=3 {{(pid=94379) stat_writer /opt/stack/data/venv/lib/python3.12/site-packages/dbcounter.py:115}}
Jun 12 16:44:21.985721 np0000002729 nova-scheduler[94379]: DEBUG dbcounter [-] [94379] Writing DB stats nova_cell0:SELECT=1 {{(pid=94379) stat_writer /opt/stack/data/venv/lib/python3.12/site-packages/dbcounter.py:115}}
Jun 12 16:44:21.990359 np0000002729 nova-scheduler[94379]: DEBUG dbcounter [-] [94379] Writing DB stats nova_cell1:SELECT=1 {{(pid=94379) stat_writer /opt/stack/data/venv/lib/python3.12/site-packages/dbcounter.py:115}}
Jun 12 16:44:28.300174 np0000002729 nova-scheduler[95572]: DEBUG dbcounter [-] [95572] Writing DB stats nova_cell0:SELECT=4,nova_cell0:INSERT=1,nova_cell0:UPDATE=1 {{(pid=95572) stat_writer /opt/stack/data/venv/lib/python3.12/site-packages/dbcounter.py:115}}
Jun 12 16:44:28.312915 np0000002729 nova-scheduler[95574]: DEBUG dbcounter [-] [95574] Writing DB stats nova_cell0:SELECT=3 {{(pid=95574) stat_writer /opt/stack/data/venv/lib/python3.12/site-packages/dbcounter.py:115}}
Jun 12 16:44:28.337738 np0000002729 nova-scheduler[95576]: DEBUG dbcounter [-] [95576] Writing DB stats nova_cell0:SELECT=3 {{(pid=95576) stat_writer /opt/stack/data/venv/lib/python3.12/site-packages/dbcounter.py:115}}
Jun 12 16:44:59.291683 np0000002729 nova-scheduler[95572]: DEBUG oslo.service.backend._threading.loopingcall [None req-2257e639-9e78-4a0f-b52f-fa6a86061aa3 None None] Dynamic interval looping call 'nova.service.Service.periodic_tasks' sleeping for 60.00 seconds {{(pid=95572) _run_loop /opt/stack/data/venv/lib/python3.12/site-packages/oslo_service/backend/_threading/loopingcall.py:125}}
Jun 12 16:45:02.307532 np0000002729 nova-scheduler[95574]: DEBUG oslo.service.backend._threading.loopingcall [None req-14c59dc3-5614-4098-8898-9583607dfb2d None None] Dynamic interval looping call 'nova.service.Service.periodic_tasks' sleeping for 60.00 seconds {{(pid=95574) _run_loop /opt/stack/data/venv/lib/python3.12/site-packages/oslo_service/backend/_threading/loopingcall.py:125}}
Jun 12 16:45:19.329117 np0000002729 nova-scheduler[95576]: DEBUG oslo.service.backend._threading.loopingcall [None req-7dc0b515-ca2b-4106-98f3-7a7250a69bac None None] Dynamic interval looping call 'nova.service.Service.periodic_tasks' sleeping for 60.00 seconds {{(pid=95576) _run_loop /opt/stack/data/venv/lib/python3.12/site-packages/oslo_service/backend/_threading/loopingcall.py:125}}
Jun 12 16:45:59.292184 np0000002729 nova-scheduler[95572]: DEBUG oslo.service.backend._threading.loopingcall [None req-2257e639-9e78-4a0f-b52f-fa6a86061aa3 None None] Dynamic interval looping call 'nova.service.Service.periodic_tasks' sleeping for 60.00 seconds {{(pid=95572) _run_loop /opt/stack/data/venv/lib/python3.12/site-packages/oslo_service/backend/_threading/loopingcall.py:125}}
Jun 12 16:46:02.308340 np0000002729 nova-scheduler[95574]: DEBUG oslo.service.backend._threading.loopingcall [None req-14c59dc3-5614-4098-8898-9583607dfb2d None None] Dynamic interval looping call 'nova.service.Service.periodic_tasks' sleeping for 60.00 seconds {{(pid=95574) _run_loop /opt/stack/data/venv/lib/python3.12/site-packages/oslo_service/backend/_threading/loopingcall.py:125}}
Jun 12 16:46:18.300230 np0000002729 nova-scheduler[95572]: DEBUG oslo.service.backend._threading.loopingcall [-] Fixed interval looping call 'nova.servicegroup.drivers.db.DbDriver._report_state' sleeping for 119.99 seconds {{(pid=95572) _run_loop /opt/stack/data/venv/lib/python3.12/site-packages/oslo_service/backend/_threading/loopingcall.py:125}}
Jun 12 16:46:18.309334 np0000002729 nova-scheduler[95574]: DEBUG oslo.service.backend._threading.loopingcall [-] Fixed interval looping call 'nova.servicegroup.drivers.db.DbDriver._report_state' sleeping for 120.00 seconds {{(pid=95574) _run_loop /opt/stack/data/venv/lib/python3.12/site-packages/oslo_service/backend/_threading/loopingcall.py:125}}
Jun 12 16:46:18.334508 np0000002729 nova-scheduler[95576]: DEBUG oslo.service.backend._threading.loopingcall [-] Fixed interval looping call 'nova.servicegroup.drivers.db.DbDriver._report_state' sleeping for 120.00 seconds {{(pid=95576) _run_loop /opt/stack/data/venv/lib/python3.12/site-packages/oslo_service/backend/_threading/loopingcall.py:125}}
Jun 12 16:46:19.329671 np0000002729 nova-scheduler[95576]: DEBUG oslo.service.backend._threading.loopingcall [None req-7dc0b515-ca2b-4106-98f3-7a7250a69bac None None] Dynamic interval looping call 'nova.service.Service.periodic_tasks' sleeping for 60.00 seconds {{(pid=95576) _run_loop /opt/stack/data/venv/lib/python3.12/site-packages/oslo_service/backend/_threading/loopingcall.py:125}}
Jun 12 16:46:28.296903 np0000002729 nova-scheduler[95572]: DEBUG dbcounter [-] [95572] Writing DB stats nova_cell0:SELECT=1,nova_cell0:UPDATE=1 {{(pid=95572) stat_writer /opt/stack/data/venv/lib/python3.12/site-packages/dbcounter.py:115}}
Jun 12 16:46:28.307405 np0000002729 nova-scheduler[95574]: DEBUG dbcounter [-] [95574] Writing DB stats nova_cell0:SELECT=1 {{(pid=95574) stat_writer /opt/stack/data/venv/lib/python3.12/site-packages/dbcounter.py:115}}
Jun 12 16:46:28.332921 np0000002729 nova-scheduler[95576]: DEBUG dbcounter [-] [95576] Writing DB stats nova_cell0:SELECT=1 {{(pid=95576) stat_writer /opt/stack/data/venv/lib/python3.12/site-packages/dbcounter.py:115}}
Jun 12 16:46:59.292962 np0000002729 nova-scheduler[95572]: DEBUG oslo.service.backend._threading.loopingcall [None req-2257e639-9e78-4a0f-b52f-fa6a86061aa3 None None] Dynamic interval looping call 'nova.service.Service.periodic_tasks' sleeping for 60.00 seconds {{(pid=95572) _run_loop /opt/stack/data/venv/lib/python3.12/site-packages/oslo_service/backend/_threading/loopingcall.py:125}}
Jun 12 16:47:02.308910 np0000002729 nova-scheduler[95574]: DEBUG oslo.service.backend._threading.loopingcall [None req-14c59dc3-5614-4098-8898-9583607dfb2d None None] Dynamic interval looping call 'nova.service.Service.periodic_tasks' sleeping for 60.00 seconds {{(pid=95574) _run_loop /opt/stack/data/venv/lib/python3.12/site-packages/oslo_service/backend/_threading/loopingcall.py:125}}
Jun 12 16:47:10.244498 np0000002729 nova-scheduler[95572]: DEBUG nova.scheduler.manager [None req-93c4a867-667a-467d-be20-20850120129e tempest-AttachSCSIVolumeTestJSON-1660861786 tempest-AttachSCSIVolumeTestJSON-1660861786-project-member] Starting to schedule for instances: ['80a2c606-a877-4b05-81c8-1b9eb62cfea9'] {{(pid=95572) select_destinations /opt/stack/nova/nova/scheduler/manager.py:210}}
Jun 12 16:47:10.245054 np0000002729 nova-scheduler[95572]: DEBUG nova.scheduler.request_filter [None req-93c4a867-667a-467d-be20-20850120129e tempest-AttachSCSIVolumeTestJSON-1660861786 tempest-AttachSCSIVolumeTestJSON-1660861786-project-member] compute_status_filter request filter added forbidden trait COMPUTE_STATUS_DISABLED {{(pid=95572) compute_status_filter /opt/stack/nova/nova/scheduler/request_filter.py:253}}
Jun 12 16:47:10.245235 np0000002729 nova-scheduler[95572]: DEBUG nova.scheduler.request_filter [None req-93c4a867-667a-467d-be20-20850120129e tempest-AttachSCSIVolumeTestJSON-1660861786 tempest-AttachSCSIVolumeTestJSON-1660861786-project-member] Request filter 'compute_status_filter' took 0.0 seconds {{(pid=95572) wrapper /opt/stack/nova/nova/scheduler/request_filter.py:46}}
Jun 12 16:47:10.245440 np0000002729 nova-scheduler[95572]: DEBUG nova.scheduler.request_filter [None req-93c4a867-667a-467d-be20-20850120129e tempest-AttachSCSIVolumeTestJSON-1660861786 tempest-AttachSCSIVolumeTestJSON-1660861786-project-member] Request filter 'accelerators_filter' took 0.0 seconds {{(pid=95572) wrapper /opt/stack/nova/nova/scheduler/request_filter.py:46}}
Jun 12 16:47:10.247753 np0000002729 nova-scheduler[95572]: DEBUG nova.scheduler.request_filter [None req-93c4a867-667a-467d-be20-20850120129e tempest-AttachSCSIVolumeTestJSON-1660861786 tempest-AttachSCSIVolumeTestJSON-1660861786-project-member] Request filter 'packed_virtqueue_filter' took 0.0 seconds {{(pid=95572) wrapper /opt/stack/nova/nova/scheduler/request_filter.py:46}}
Jun 12 16:47:10.247897 np0000002729 nova-scheduler[95572]: DEBUG nova.scheduler.request_filter [None req-93c4a867-667a-467d-be20-20850120129e tempest-AttachSCSIVolumeTestJSON-1660861786 tempest-AttachSCSIVolumeTestJSON-1660861786-project-member] Request filter 'remote_managed_ports_filter' took 0.0 seconds {{(pid=95572) wrapper /opt/stack/nova/nova/scheduler/request_filter.py:46}}
Jun 12 16:47:10.248222 np0000002729 nova-scheduler[95572]: DEBUG nova.scheduler.request_filter [None req-93c4a867-667a-467d-be20-20850120129e tempest-AttachSCSIVolumeTestJSON-1660861786 tempest-AttachSCSIVolumeTestJSON-1660861786-project-member] ephemeral_encryption_filter skipped {{(pid=95572) ephemeral_encryption_filter /opt/stack/nova/nova/scheduler/request_filter.py:426}}
Jun 12 16:47:10.249619 np0000002729 nova-scheduler[95572]: DEBUG nova.scheduler.request_filter [None req-93c4a867-667a-467d-be20-20850120129e tempest-AttachSCSIVolumeTestJSON-1660861786 tempest-AttachSCSIVolumeTestJSON-1660861786-project-member] virtio_sound_filter skipped {{(pid=95572) virtio_sound_filter /opt/stack/nova/nova/scheduler/request_filter.py:460}}
Jun 12 16:47:10.249619 np0000002729 nova-scheduler[95572]: DEBUG nova.scheduler.request_filter [None req-93c4a867-667a-467d-be20-20850120129e tempest-AttachSCSIVolumeTestJSON-1660861786 tempest-AttachSCSIVolumeTestJSON-1660861786-project-member] tpm_secret_security_filter skipped {{(pid=95572) tpm_secret_security_filter /opt/stack/nova/nova/scheduler/request_filter.py:477}}
Jun 12 16:47:10.880945 np0000002729 nova-scheduler[95572]: INFO nova.utils [None req-93c4a867-667a-467d-be20-20850120129e tempest-AttachSCSIVolumeTestJSON-1660861786 tempest-AttachSCSIVolumeTestJSON-1660861786-project-member] The cell worker thread pool ForkProcess-1.cell_worker is initialized
Jun 12 16:47:10.881302 np0000002729 nova-scheduler[95572]: DEBUG oslo_concurrency.lockutils [None req-93c4a867-667a-467d-be20-20850120129e tempest-AttachSCSIVolumeTestJSON-1660861786 tempest-AttachSCSIVolumeTestJSON-1660861786-project-member] Acquiring lock "7aca967d-8b8c-4575-9c32-0006174f5cf1" by "nova.context.set_target_cell..get_or_set_cached_cell_and_set_connections" {{(pid=95572) inner /opt/stack/data/venv/lib/python3.12/site-packages/oslo_concurrency/lockutils.py:511}}
Jun 12 16:47:10.881475 np0000002729 nova-scheduler[95572]: DEBUG oslo_concurrency.lockutils [None req-93c4a867-667a-467d-be20-20850120129e tempest-AttachSCSIVolumeTestJSON-1660861786 tempest-AttachSCSIVolumeTestJSON-1660861786-project-member] Lock "7aca967d-8b8c-4575-9c32-0006174f5cf1" acquired by "nova.context.set_target_cell..get_or_set_cached_cell_and_set_connections" :: waited 0.000s {{(pid=95572) inner /opt/stack/data/venv/lib/python3.12/site-packages/oslo_concurrency/lockutils.py:524}}
Jun 12 16:47:10.882756 np0000002729 nova-scheduler[95572]: DEBUG oslo_concurrency.lockutils [None req-93c4a867-667a-467d-be20-20850120129e tempest-AttachSCSIVolumeTestJSON-1660861786 tempest-AttachSCSIVolumeTestJSON-1660861786-project-member] Lock "7aca967d-8b8c-4575-9c32-0006174f5cf1" "released" by "nova.context.set_target_cell..get_or_set_cached_cell_and_set_connections" :: held 0.001s {{(pid=95572) inner /opt/stack/data/venv/lib/python3.12/site-packages/oslo_concurrency/lockutils.py:543}}
Jun 12 16:47:10.885015 np0000002729 nova-scheduler[95572]: INFO dbcounter [None req-93c4a867-667a-467d-be20-20850120129e tempest-AttachSCSIVolumeTestJSON-1660861786 tempest-AttachSCSIVolumeTestJSON-1660861786-project-member] Registered counter for database nova_cell1
Jun 12 16:47:10.932705 np0000002729 nova-scheduler[95572]: DEBUG oslo_db.sqlalchemy.engines [None req-93c4a867-667a-467d-be20-20850120129e tempest-AttachSCSIVolumeTestJSON-1660861786 tempest-AttachSCSIVolumeTestJSON-1660861786-project-member] MySQL server mode set to STRICT_TRANS_TABLES,STRICT_ALL_TABLES,NO_ZERO_IN_DATE,NO_ZERO_DATE,ERROR_FOR_DIVISION_BY_ZERO,TRADITIONAL,NO_ENGINE_SUBSTITUTION {{(pid=95572) _check_effective_sql_mode /opt/stack/data/venv/lib/python3.12/site-packages/oslo_db/sqlalchemy/engines.py:325}}
Jun 12 16:47:10.938040 np0000002729 nova-scheduler[95572]: DEBUG dbcounter [-] [95572] Writer thread running {{(pid=95572) stat_writer /opt/stack/data/venv/lib/python3.12/site-packages/dbcounter.py:102}}
Jun 12 16:47:10.949564 np0000002729 nova-scheduler[95572]: DEBUG oslo_db.sqlalchemy.engines [None req-93c4a867-667a-467d-be20-20850120129e tempest-AttachSCSIVolumeTestJSON-1660861786 tempest-AttachSCSIVolumeTestJSON-1660861786-project-member] Parent process 94379 forked (95572) with an open database connection, which is being discarded and recreated. {{(pid=95572) checkout /opt/stack/data/venv/lib/python3.12/site-packages/oslo_db/sqlalchemy/engines.py:402}}
Jun 12 16:47:10.992876 np0000002729 nova-scheduler[95572]: DEBUG dbcounter [-] [95572] Writer thread running {{(pid=95572) stat_writer /opt/stack/data/venv/lib/python3.12/site-packages/dbcounter.py:102}}
Jun 12 16:47:11.001508 np0000002729 nova-scheduler[95572]: DEBUG oslo_concurrency.lockutils [None req-93c4a867-667a-467d-be20-20850120129e tempest-AttachSCSIVolumeTestJSON-1660861786 tempest-AttachSCSIVolumeTestJSON-1660861786-project-member] Acquiring lock "7aca967d-8b8c-4575-9c32-0006174f5cf1" by "nova.context.set_target_cell..get_or_set_cached_cell_and_set_connections" {{(pid=95572) inner /opt/stack/data/venv/lib/python3.12/site-packages/oslo_concurrency/lockutils.py:511}}
Jun 12 16:47:11.001666 np0000002729 nova-scheduler[95572]: DEBUG oslo_concurrency.lockutils [None req-93c4a867-667a-467d-be20-20850120129e tempest-AttachSCSIVolumeTestJSON-1660861786 tempest-AttachSCSIVolumeTestJSON-1660861786-project-member] Lock "7aca967d-8b8c-4575-9c32-0006174f5cf1" acquired by "nova.context.set_target_cell..get_or_set_cached_cell_and_set_connections" :: waited 0.000s {{(pid=95572) inner /opt/stack/data/venv/lib/python3.12/site-packages/oslo_concurrency/lockutils.py:524}}
Jun 12 16:47:11.001798 np0000002729 nova-scheduler[95572]: DEBUG oslo_concurrency.lockutils [None req-93c4a867-667a-467d-be20-20850120129e tempest-AttachSCSIVolumeTestJSON-1660861786 tempest-AttachSCSIVolumeTestJSON-1660861786-project-member] Lock "7aca967d-8b8c-4575-9c32-0006174f5cf1" "released" by "nova.context.set_target_cell..get_or_set_cached_cell_and_set_connections" :: held 0.000s {{(pid=95572) inner /opt/stack/data/venv/lib/python3.12/site-packages/oslo_concurrency/lockutils.py:543}}
Jun 12 16:47:11.004908 np0000002729 nova-scheduler[95572]: DEBUG oslo_concurrency.lockutils [None req-93c4a867-667a-467d-be20-20850120129e tempest-AttachSCSIVolumeTestJSON-1660861786 tempest-AttachSCSIVolumeTestJSON-1660861786-project-member] Acquiring lock "('np0000002729', 'np0000002729')" by "nova.scheduler.host_manager.HostState.update.._locked_update" {{(pid=95572) inner /opt/stack/data/venv/lib/python3.12/site-packages/oslo_concurrency/lockutils.py:511}}
Jun 12 16:47:11.005078 np0000002729 nova-scheduler[95572]: DEBUG oslo_concurrency.lockutils [None req-93c4a867-667a-467d-be20-20850120129e tempest-AttachSCSIVolumeTestJSON-1660861786 tempest-AttachSCSIVolumeTestJSON-1660861786-project-member] Lock "('np0000002729', 'np0000002729')" acquired by "nova.scheduler.host_manager.HostState.update.._locked_update" :: waited 0.000s {{(pid=95572) inner /opt/stack/data/venv/lib/python3.12/site-packages/oslo_concurrency/lockutils.py:524}}
Jun 12 16:47:11.006419 np0000002729 nova-scheduler[95572]: DEBUG nova.scheduler.host_manager [None req-93c4a867-667a-467d-be20-20850120129e tempest-AttachSCSIVolumeTestJSON-1660861786 tempest-AttachSCSIVolumeTestJSON-1660861786-project-member] Update host state from compute node: ComputeNode(cpu_allocation_ratio=4.0,cpu_info='{"arch": "x86_64", "model": "EPYC-Milan", "vendor": "AMD", "topology": {"cells": 1, "sockets": 12, "cores": 1, "threads": 1}, "maxphysaddr": {"mode": "emulate", "bits": 40}, "features": ["vaes", "lbrv", "pge", "lm", "3dnowprefetch", "vmcb-clean", "amd-psfd", "bmi1", "bmi2", "popcnt", "fpu", "xsaves", "smep", "stibp", "pfthreshold", "mtrr", "pni", "pse", "movbe", "skip-l1dfl-vmentry", "virt-ssbd", "topoext", "rdrand", "pcid", "invpcid", "syscall", "amd-ssbd", "hypervisor", "svme-addr-chk", "mds-no", "de", "fsrm", "rdpid", "arch-capabilities", "null-sel-clr-base", "clflushopt", "erms", "xsaveerptr", "sse4.1", "gds-no", "flushbyasid", "sse4a", "clwb", "sha-ni", "no-nested-data-bp", "cmov", "fsgsbase", "pdpe1gb", "osvw", "pse36", "sse2", "rdseed", "tsc-deadline", "v-vmsave-vmload", "avx", "rdtscp", "pause-filter", "stibp-always-on", "xsaveopt", "pku", "xsavec", "avx2", "mce", "vme", "lfence-always-serializing", "smap", "sse", "vgif", "rdctl-no", "npt", "nrip-save", "abm", "ssbd", "pat", "pclmuldq", "clflush", "xgetbv1", "apic", "cx8", "xsave", "cmp_legacy", "misalignsse", "clzero", "wbnoinvd", "aes", "spec-ctrl", "msr", "ibpb", "tsc", "pae", "lahf_lm", "tsc_adjust", "x2apic", "svm", "cx16", "fxsr_opt", "tsc-scale", "mca", "fxsr", "sep", "ibrs", "vpclmulqdq", "pschange-mc-no", "ssse3", "mmx", "perfctr_core", "cr8legacy", "amd-stibp", "nx", "arat", "mmxext", "adx", "f16c", "fma", "sse4.2", "umip"]}',created_at=2026-06-12T16:44:38Z,current_workload=0,deleted=False,deleted_at=None,disk_allocation_ratio=1.0,disk_available_least=74,free_disk_gb=95,free_ram_mb=23518,host='np0000002729',host_ip=10.4.3.68,hypervisor_hostname='np0000002729',hypervisor_type='QEMU',hypervisor_version=8002002,id=1,local_gb=95,local_gb_used=0,mapped=1,memory_mb=24030,memory_mb_used=512,metrics='[]',numa_topology='{"nova_object.name": "NUMATopology", "nova_object.namespace": "nova", "nova_object.version": "1.2", "nova_object.data": {"cells": [{"nova_object.name": "NUMACell", "nova_object.namespace": "nova", "nova_object.version": "1.5", "nova_object.data": {"id": 0, "cpuset": [0, 1, 2, 3, 4, 5, 6, 7, 8, 9, 10, 11], "pcpuset": [0, 1, 2, 3, 4, 5, 6, 7, 8, 9, 10, 11], "memory": 24030, "cpu_usage": 0, "memory_usage": 0, "pinned_cpus": [], "siblings": [[6], [2], [5], [11], [8], [4], [1], [7], [10], [0], [3], [9]], "mempages": [{"nova_object.name": "NUMAPagesTopology", "nova_object.namespace": "nova", "nova_object.version": "1.1", "nova_object.data": {"size_kb": 4, "total": 6151799, "used": 0, "reserved": 0}, "nova_object.changes": ["used", "reserved", "size_kb", "total"]}, {"nova_object.name": "NUMAPagesTopology", "nova_object.namespace": "nova", "nova_object.version": "1.1", "nova_object.data": {"size_kb": 2048, "total": 0, "used": 0, "reserved": 0}, "nova_object.changes": ["used", "reserved", "size_kb", "total"]}, {"nova_object.name": "NUMAPagesTopology", "nova_object.namespace": "nova", "nova_object.version": "1.1", "nova_object.data": {"size_kb": 1048576, "total": 0, "used": 0, "reserved": 0}, "nova_object.changes": ["used", "reserved", "size_kb", "total"]}], "network_metadata": {"nova_object.name": "NetworkMetadata", "nova_object.namespace": "nova", "nova_object.version": "1.0", "nova_object.data": {"physnets": [], "tunneled": false}, "nova_object.changes": ["physnets", "tunneled"]}, "socket": null}, "nova_object.changes": ["id", "memory", "cpu_usage", "siblings", "cpuset", "pinned_cpus", "pcpuset", "memory_usage", "mempages", "network_metadata", "socket"]}]}, "nova_object.changes": ["cells"]}',pci_device_pools=PciDevicePoolList,ram_allocation_ratio=1.0,running_vms=0,service_id=2,stats={failed_builds='0',uptime=' 16:46:24 up 25 min, 2 users, load average: 1.04, 1.26, 0.78
Jun 12 16:47:11.006419 np0000002729 nova-scheduler[95572]: '},supported_hv_specs=[HVSpec,HVSpec,HVSpec,HVSpec,HVSpec,HVSpec,HVSpec,HVSpec,HVSpec,HVSpec,HVSpec,HVSpec,HVSpec,HVSpec,HVSpec,HVSpec,HVSpec,HVSpec,HVSpec,HVSpec,HVSpec,HVSpec,HVSpec,HVSpec,HVSpec],updated_at=2026-06-12T16:46:26Z,uuid=a83668fc-c415-4c2d-ae45-1153a6807b01,vcpus=12,vcpus_used=0) {{(pid=95572) _locked_update /opt/stack/nova/nova/scheduler/host_manager.py:168}}
Jun 12 16:47:11.007238 np0000002729 nova-scheduler[95572]: DEBUG nova.scheduler.host_manager [None req-93c4a867-667a-467d-be20-20850120129e tempest-AttachSCSIVolumeTestJSON-1660861786 tempest-AttachSCSIVolumeTestJSON-1660861786-project-member] Update host state with aggregates: [] {{(pid=95572) _locked_update /opt/stack/nova/nova/scheduler/host_manager.py:171}}
Jun 12 16:47:11.007416 np0000002729 nova-scheduler[95572]: DEBUG nova.scheduler.host_manager [None req-93c4a867-667a-467d-be20-20850120129e tempest-AttachSCSIVolumeTestJSON-1660861786 tempest-AttachSCSIVolumeTestJSON-1660861786-project-member] Update host state with service dict: {'id': 2, 'uuid': '779afd1f-2fd1-446e-8a88-d16b5e0bbb46', 'host': 'np0000002729', 'binary': 'nova-compute', 'topic': 'compute', 'report_count': 2, 'disabled': False, 'disabled_reason': None, 'last_seen_up': datetime.datetime(2026, 6, 12, 16, 46, 47, tzinfo=datetime.timezone.utc), 'forced_down': False, 'version': 72, 'created_at': datetime.datetime(2026, 6, 12, 16, 44, 37, tzinfo=datetime.timezone.utc), 'updated_at': datetime.datetime(2026, 6, 12, 16, 46, 47, tzinfo=datetime.timezone.utc), 'deleted_at': None, 'deleted': False} {{(pid=95572) _locked_update /opt/stack/nova/nova/scheduler/host_manager.py:174}}
Jun 12 16:47:11.007527 np0000002729 nova-scheduler[95572]: DEBUG nova.scheduler.host_manager [None req-93c4a867-667a-467d-be20-20850120129e tempest-AttachSCSIVolumeTestJSON-1660861786 tempest-AttachSCSIVolumeTestJSON-1660861786-project-member] Update host state with instances: [] {{(pid=95572) _locked_update /opt/stack/nova/nova/scheduler/host_manager.py:177}}
Jun 12 16:47:11.007668 np0000002729 nova-scheduler[95572]: DEBUG oslo_concurrency.lockutils [None req-93c4a867-667a-467d-be20-20850120129e tempest-AttachSCSIVolumeTestJSON-1660861786 tempest-AttachSCSIVolumeTestJSON-1660861786-project-member] Lock "('np0000002729', 'np0000002729')" "released" by "nova.scheduler.host_manager.HostState.update.._locked_update" :: held 0.003s {{(pid=95572) inner /opt/stack/data/venv/lib/python3.12/site-packages/oslo_concurrency/lockutils.py:543}}
Jun 12 16:47:11.008162 np0000002729 nova-scheduler[95572]: DEBUG nova.filters [None req-93c4a867-667a-467d-be20-20850120129e tempest-AttachSCSIVolumeTestJSON-1660861786 tempest-AttachSCSIVolumeTestJSON-1660861786-project-member] Starting with 1 host(s) {{(pid=95572) get_filtered_objects /opt/stack/nova/nova/filters.py:70}}
Jun 12 16:47:11.008378 np0000002729 nova-scheduler[95572]: DEBUG nova.filters [None req-93c4a867-667a-467d-be20-20850120129e tempest-AttachSCSIVolumeTestJSON-1660861786 tempest-AttachSCSIVolumeTestJSON-1660861786-project-member] Filter ComputeFilter returned 1 host(s) {{(pid=95572) get_filtered_objects /opt/stack/nova/nova/filters.py:102}}
Jun 12 16:47:11.008517 np0000002729 nova-scheduler[95572]: DEBUG nova.filters [None req-93c4a867-667a-467d-be20-20850120129e tempest-AttachSCSIVolumeTestJSON-1660861786 tempest-AttachSCSIVolumeTestJSON-1660861786-project-member] Filter ComputeCapabilitiesFilter returned 1 host(s) {{(pid=95572) get_filtered_objects /opt/stack/nova/nova/filters.py:102}}
Jun 12 16:47:11.008757 np0000002729 nova-scheduler[95572]: DEBUG nova.filters [None req-93c4a867-667a-467d-be20-20850120129e tempest-AttachSCSIVolumeTestJSON-1660861786 tempest-AttachSCSIVolumeTestJSON-1660861786-project-member] Filter ImagePropertiesFilter returned 1 host(s) {{(pid=95572) get_filtered_objects /opt/stack/nova/nova/filters.py:102}}
Jun 12 16:47:11.008972 np0000002729 nova-scheduler[95572]: DEBUG nova.filters [None req-93c4a867-667a-467d-be20-20850120129e tempest-AttachSCSIVolumeTestJSON-1660861786 tempest-AttachSCSIVolumeTestJSON-1660861786-project-member] Filter ServerGroupAntiAffinityFilter returned 1 host(s) {{(pid=95572) get_filtered_objects /opt/stack/nova/nova/filters.py:102}}
Jun 12 16:47:11.009111 np0000002729 nova-scheduler[95572]: DEBUG nova.filters [None req-93c4a867-667a-467d-be20-20850120129e tempest-AttachSCSIVolumeTestJSON-1660861786 tempest-AttachSCSIVolumeTestJSON-1660861786-project-member] Filter ServerGroupAffinityFilter returned 1 host(s) {{(pid=95572) get_filtered_objects /opt/stack/nova/nova/filters.py:102}}
Jun 12 16:47:11.009191 np0000002729 nova-scheduler[95572]: DEBUG nova.filters [None req-93c4a867-667a-467d-be20-20850120129e tempest-AttachSCSIVolumeTestJSON-1660861786 tempest-AttachSCSIVolumeTestJSON-1660861786-project-member] Filter SameHostFilter returned 1 host(s) {{(pid=95572) get_filtered_objects /opt/stack/nova/nova/filters.py:102}}
Jun 12 16:47:11.009336 np0000002729 nova-scheduler[95572]: DEBUG nova.filters [None req-93c4a867-667a-467d-be20-20850120129e tempest-AttachSCSIVolumeTestJSON-1660861786 tempest-AttachSCSIVolumeTestJSON-1660861786-project-member] Filter DifferentHostFilter returned 1 host(s) {{(pid=95572) get_filtered_objects /opt/stack/nova/nova/filters.py:102}}
Jun 12 16:47:11.009485 np0000002729 nova-scheduler[95572]: DEBUG nova.scheduler.manager [None req-93c4a867-667a-467d-be20-20850120129e tempest-AttachSCSIVolumeTestJSON-1660861786 tempest-AttachSCSIVolumeTestJSON-1660861786-project-member] Filtered [(np0000002729, np0000002729) ram: 23518MB disk: 75776MB io_ops: 0 instances: 0, allocation_candidates: 1] {{(pid=95572) _get_sorted_hosts /opt/stack/nova/nova/scheduler/manager.py:743}}
Jun 12 16:47:11.009723 np0000002729 nova-scheduler[95572]: DEBUG nova.scheduler.manager [None req-93c4a867-667a-467d-be20-20850120129e tempest-AttachSCSIVolumeTestJSON-1660861786 tempest-AttachSCSIVolumeTestJSON-1660861786-project-member] Weighed [WeighedHost [host: (np0000002729, np0000002729) ram: 23518MB disk: 75776MB io_ops: 0 instances: 0, allocation_candidates: 1, weight: 0.0]] {{(pid=95572) _get_sorted_hosts /opt/stack/nova/nova/scheduler/manager.py:765}}
Jun 12 16:47:11.009912 np0000002729 nova-scheduler[95572]: DEBUG nova.scheduler.utils [None req-93c4a867-667a-467d-be20-20850120129e tempest-AttachSCSIVolumeTestJSON-1660861786 tempest-AttachSCSIVolumeTestJSON-1660861786-project-member] Attempting to claim resources in the placement API for instance 80a2c606-a877-4b05-81c8-1b9eb62cfea9 {{(pid=95572) claim_resources /opt/stack/nova/nova/scheduler/utils.py:1345}}
Jun 12 16:47:11.192657 np0000002729 nova-scheduler[95572]: DEBUG nova.scheduler.manager [None req-93c4a867-667a-467d-be20-20850120129e tempest-AttachSCSIVolumeTestJSON-1660861786 tempest-AttachSCSIVolumeTestJSON-1660861786-project-member] [instance: 80a2c606-a877-4b05-81c8-1b9eb62cfea9] Selected host: (np0000002729, np0000002729) ram: 23518MB disk: 75776MB io_ops: 0 instances: 0, allocation_candidates: 1 {{(pid=95572) _consume_selected_host /opt/stack/nova/nova/scheduler/manager.py:625}}
Jun 12 16:47:11.192951 np0000002729 nova-scheduler[95572]: DEBUG oslo_concurrency.lockutils [None req-93c4a867-667a-467d-be20-20850120129e tempest-AttachSCSIVolumeTestJSON-1660861786 tempest-AttachSCSIVolumeTestJSON-1660861786-project-member] Acquiring lock "('np0000002729', 'np0000002729')" by "nova.scheduler.host_manager.HostState.consume_from_request.._locked" {{(pid=95572) inner /opt/stack/data/venv/lib/python3.12/site-packages/oslo_concurrency/lockutils.py:511}}
Jun 12 16:47:11.193172 np0000002729 nova-scheduler[95572]: DEBUG oslo_concurrency.lockutils [None req-93c4a867-667a-467d-be20-20850120129e tempest-AttachSCSIVolumeTestJSON-1660861786 tempest-AttachSCSIVolumeTestJSON-1660861786-project-member] Lock "('np0000002729', 'np0000002729')" acquired by "nova.scheduler.host_manager.HostState.consume_from_request.._locked" :: waited 0.000s {{(pid=95572) inner /opt/stack/data/venv/lib/python3.12/site-packages/oslo_concurrency/lockutils.py:524}}
Jun 12 16:47:11.193399 np0000002729 nova-scheduler[95572]: DEBUG oslo_concurrency.lockutils [None req-93c4a867-667a-467d-be20-20850120129e tempest-AttachSCSIVolumeTestJSON-1660861786 tempest-AttachSCSIVolumeTestJSON-1660861786-project-member] Lock "('np0000002729', 'np0000002729')" "released" by "nova.scheduler.host_manager.HostState.consume_from_request.._locked" :: held 0.000s {{(pid=95572) inner /opt/stack/data/venv/lib/python3.12/site-packages/oslo_concurrency/lockutils.py:543}}
Jun 12 16:47:12.225809 np0000002729 nova-scheduler[95574]: DEBUG nova.scheduler.manager [None req-49d0f878-ce39-4851-8cc3-fa5923b0a17c tempest-VolumesAdminNegativeTest-1322471979 tempest-VolumesAdminNegativeTest-1322471979-project-member] Starting to schedule for instances: ['6976859b-dd24-40fe-b233-0d5295c58b42'] {{(pid=95574) select_destinations /opt/stack/nova/nova/scheduler/manager.py:210}}
Jun 12 16:47:12.225809 np0000002729 nova-scheduler[95574]: DEBUG nova.scheduler.request_filter [None req-49d0f878-ce39-4851-8cc3-fa5923b0a17c tempest-VolumesAdminNegativeTest-1322471979 tempest-VolumesAdminNegativeTest-1322471979-project-member] compute_status_filter request filter added forbidden trait COMPUTE_STATUS_DISABLED {{(pid=95574) compute_status_filter /opt/stack/nova/nova/scheduler/request_filter.py:253}}
Jun 12 16:47:12.226173 np0000002729 nova-scheduler[95574]: DEBUG nova.scheduler.request_filter [None req-49d0f878-ce39-4851-8cc3-fa5923b0a17c tempest-VolumesAdminNegativeTest-1322471979 tempest-VolumesAdminNegativeTest-1322471979-project-member] Request filter 'compute_status_filter' took 0.0 seconds {{(pid=95574) wrapper /opt/stack/nova/nova/scheduler/request_filter.py:46}}
Jun 12 16:47:12.226232 np0000002729 nova-scheduler[95574]: DEBUG nova.scheduler.request_filter [None req-49d0f878-ce39-4851-8cc3-fa5923b0a17c tempest-VolumesAdminNegativeTest-1322471979 tempest-VolumesAdminNegativeTest-1322471979-project-member] Request filter 'accelerators_filter' took 0.0 seconds {{(pid=95574) wrapper /opt/stack/nova/nova/scheduler/request_filter.py:46}}
Jun 12 16:47:12.226470 np0000002729 nova-scheduler[95574]: DEBUG nova.scheduler.request_filter [None req-49d0f878-ce39-4851-8cc3-fa5923b0a17c tempest-VolumesAdminNegativeTest-1322471979 tempest-VolumesAdminNegativeTest-1322471979-project-member] Request filter 'packed_virtqueue_filter' took 0.0 seconds {{(pid=95574) wrapper /opt/stack/nova/nova/scheduler/request_filter.py:46}}
Jun 12 16:47:12.226802 np0000002729 nova-scheduler[95574]: DEBUG nova.scheduler.request_filter [None req-49d0f878-ce39-4851-8cc3-fa5923b0a17c tempest-VolumesAdminNegativeTest-1322471979 tempest-VolumesAdminNegativeTest-1322471979-project-member] Request filter 'remote_managed_ports_filter' took 0.0 seconds {{(pid=95574) wrapper /opt/stack/nova/nova/scheduler/request_filter.py:46}}
Jun 12 16:47:12.226977 np0000002729 nova-scheduler[95574]: DEBUG nova.scheduler.request_filter [None req-49d0f878-ce39-4851-8cc3-fa5923b0a17c tempest-VolumesAdminNegativeTest-1322471979 tempest-VolumesAdminNegativeTest-1322471979-project-member] ephemeral_encryption_filter skipped {{(pid=95574) ephemeral_encryption_filter /opt/stack/nova/nova/scheduler/request_filter.py:426}}
Jun 12 16:47:12.227162 np0000002729 nova-scheduler[95574]: DEBUG nova.scheduler.request_filter [None req-49d0f878-ce39-4851-8cc3-fa5923b0a17c tempest-VolumesAdminNegativeTest-1322471979 tempest-VolumesAdminNegativeTest-1322471979-project-member] virtio_sound_filter skipped {{(pid=95574) virtio_sound_filter /opt/stack/nova/nova/scheduler/request_filter.py:460}}
Jun 12 16:47:12.227304 np0000002729 nova-scheduler[95574]: DEBUG nova.scheduler.request_filter [None req-49d0f878-ce39-4851-8cc3-fa5923b0a17c tempest-VolumesAdminNegativeTest-1322471979 tempest-VolumesAdminNegativeTest-1322471979-project-member] tpm_secret_security_filter skipped {{(pid=95574) tpm_secret_security_filter /opt/stack/nova/nova/scheduler/request_filter.py:477}}
Jun 12 16:47:12.321831 np0000002729 nova-scheduler[95576]: DEBUG nova.scheduler.manager [None req-568bbf17-2717-4559-9166-10303532ae60 tempest-VolumesAssistedSnapshotsTest-934598997 tempest-VolumesAssistedSnapshotsTest-934598997-project-member] Starting to schedule for instances: ['795a1957-9ee8-49ac-8476-39c794c1dcb5'] {{(pid=95576) select_destinations /opt/stack/nova/nova/scheduler/manager.py:210}}
Jun 12 16:47:12.321831 np0000002729 nova-scheduler[95576]: DEBUG nova.scheduler.request_filter [None req-568bbf17-2717-4559-9166-10303532ae60 tempest-VolumesAssistedSnapshotsTest-934598997 tempest-VolumesAssistedSnapshotsTest-934598997-project-member] compute_status_filter request filter added forbidden trait COMPUTE_STATUS_DISABLED {{(pid=95576) compute_status_filter /opt/stack/nova/nova/scheduler/request_filter.py:253}}
Jun 12 16:47:12.322739 np0000002729 nova-scheduler[95576]: DEBUG nova.scheduler.request_filter [None req-568bbf17-2717-4559-9166-10303532ae60 tempest-VolumesAssistedSnapshotsTest-934598997 tempest-VolumesAssistedSnapshotsTest-934598997-project-member] Request filter 'compute_status_filter' took 0.0 seconds {{(pid=95576) wrapper /opt/stack/nova/nova/scheduler/request_filter.py:46}}
Jun 12 16:47:12.323832 np0000002729 nova-scheduler[95576]: DEBUG nova.scheduler.request_filter [None req-568bbf17-2717-4559-9166-10303532ae60 tempest-VolumesAssistedSnapshotsTest-934598997 tempest-VolumesAssistedSnapshotsTest-934598997-project-member] Request filter 'accelerators_filter' took 0.0 seconds {{(pid=95576) wrapper /opt/stack/nova/nova/scheduler/request_filter.py:46}}
Jun 12 16:47:12.324168 np0000002729 nova-scheduler[95576]: DEBUG nova.scheduler.request_filter [None req-568bbf17-2717-4559-9166-10303532ae60 tempest-VolumesAssistedSnapshotsTest-934598997 tempest-VolumesAssistedSnapshotsTest-934598997-project-member] Request filter 'packed_virtqueue_filter' took 0.0 seconds {{(pid=95576) wrapper /opt/stack/nova/nova/scheduler/request_filter.py:46}}
Jun 12 16:47:12.324554 np0000002729 nova-scheduler[95576]: DEBUG nova.scheduler.request_filter [None req-568bbf17-2717-4559-9166-10303532ae60 tempest-VolumesAssistedSnapshotsTest-934598997 tempest-VolumesAssistedSnapshotsTest-934598997-project-member] Request filter 'remote_managed_ports_filter' took 0.0 seconds {{(pid=95576) wrapper /opt/stack/nova/nova/scheduler/request_filter.py:46}}
Jun 12 16:47:12.324820 np0000002729 nova-scheduler[95576]: DEBUG nova.scheduler.request_filter [None req-568bbf17-2717-4559-9166-10303532ae60 tempest-VolumesAssistedSnapshotsTest-934598997 tempest-VolumesAssistedSnapshotsTest-934598997-project-member] ephemeral_encryption_filter skipped {{(pid=95576) ephemeral_encryption_filter /opt/stack/nova/nova/scheduler/request_filter.py:426}}
Jun 12 16:47:12.324914 np0000002729 nova-scheduler[95576]: DEBUG nova.scheduler.request_filter [None req-568bbf17-2717-4559-9166-10303532ae60 tempest-VolumesAssistedSnapshotsTest-934598997 tempest-VolumesAssistedSnapshotsTest-934598997-project-member] virtio_sound_filter skipped {{(pid=95576) virtio_sound_filter /opt/stack/nova/nova/scheduler/request_filter.py:460}}
Jun 12 16:47:12.324982 np0000002729 nova-scheduler[95576]: DEBUG nova.scheduler.request_filter [None req-568bbf17-2717-4559-9166-10303532ae60 tempest-VolumesAssistedSnapshotsTest-934598997 tempest-VolumesAssistedSnapshotsTest-934598997-project-member] tpm_secret_security_filter skipped {{(pid=95576) tpm_secret_security_filter /opt/stack/nova/nova/scheduler/request_filter.py:477}}
Jun 12 16:47:12.331844 np0000002729 nova-scheduler[95574]: INFO nova.utils [None req-49d0f878-ce39-4851-8cc3-fa5923b0a17c tempest-VolumesAdminNegativeTest-1322471979 tempest-VolumesAdminNegativeTest-1322471979-project-member] The cell worker thread pool ForkProcess-2.cell_worker is initialized
Jun 12 16:47:12.332220 np0000002729 nova-scheduler[95574]: DEBUG oslo_concurrency.lockutils [None req-49d0f878-ce39-4851-8cc3-fa5923b0a17c tempest-VolumesAdminNegativeTest-1322471979 tempest-VolumesAdminNegativeTest-1322471979-project-member] Acquiring lock "7aca967d-8b8c-4575-9c32-0006174f5cf1" by "nova.context.set_target_cell..get_or_set_cached_cell_and_set_connections" {{(pid=95574) inner /opt/stack/data/venv/lib/python3.12/site-packages/oslo_concurrency/lockutils.py:511}}
Jun 12 16:47:12.332398 np0000002729 nova-scheduler[95574]: DEBUG oslo_concurrency.lockutils [None req-49d0f878-ce39-4851-8cc3-fa5923b0a17c tempest-VolumesAdminNegativeTest-1322471979 tempest-VolumesAdminNegativeTest-1322471979-project-member] Lock "7aca967d-8b8c-4575-9c32-0006174f5cf1" acquired by "nova.context.set_target_cell..get_or_set_cached_cell_and_set_connections" :: waited 0.000s {{(pid=95574) inner /opt/stack/data/venv/lib/python3.12/site-packages/oslo_concurrency/lockutils.py:524}}
