Jun 12 16:44:18.743156 np0000002729 nova-conductor[98052]: DEBUG cotyledon.oslo_config_glue [-] oslo_limit.auth_section = None {{(pid=98052) log_opt_values /opt/stack/data/venv/lib/python3.12/site-packages/oslo_config/cfg.py:3253}}
Jun 12 16:44:18.743227 np0000002729 nova-conductor[98052]: DEBUG cotyledon.oslo_config_glue [-] oslo_limit.auth_type = None {{(pid=98052) log_opt_values /opt/stack/data/venv/lib/python3.12/site-packages/oslo_config/cfg.py:3253}}
Jun 12 16:44:18.743315 np0000002729 nova-conductor[98052]: DEBUG cotyledon.oslo_config_glue [-] oslo_limit.cafile = None {{(pid=98052) log_opt_values /opt/stack/data/venv/lib/python3.12/site-packages/oslo_config/cfg.py:3253}}
Jun 12 16:44:18.743366 np0000002729 nova-conductor[98052]: DEBUG cotyledon.oslo_config_glue [-] oslo_limit.certfile = None {{(pid=98052) log_opt_values /opt/stack/data/venv/lib/python3.12/site-packages/oslo_config/cfg.py:3253}}
Jun 12 16:44:18.743411 np0000002729 nova-conductor[98052]: DEBUG cotyledon.oslo_config_glue [-] oslo_limit.collect_timing = False {{(pid=98052) log_opt_values /opt/stack/data/venv/lib/python3.12/site-packages/oslo_config/cfg.py:3253}}
Jun 12 16:44:18.743446 np0000002729 nova-conductor[98052]: DEBUG cotyledon.oslo_config_glue [-] oslo_limit.connect_retries = None {{(pid=98052) log_opt_values /opt/stack/data/venv/lib/python3.12/site-packages/oslo_config/cfg.py:3253}}
Jun 12 16:44:18.743497 np0000002729 nova-conductor[98052]: DEBUG cotyledon.oslo_config_glue [-] oslo_limit.connect_retry_delay = None {{(pid=98052) log_opt_values /opt/stack/data/venv/lib/python3.12/site-packages/oslo_config/cfg.py:3253}}
Jun 12 16:44:18.743548 np0000002729 nova-conductor[98052]: DEBUG cotyledon.oslo_config_glue [-] oslo_limit.endpoint_id = None {{(pid=98052) log_opt_values /opt/stack/data/venv/lib/python3.12/site-packages/oslo_config/cfg.py:3253}}
Jun 12 16:44:18.743593 np0000002729 nova-conductor[98052]: DEBUG cotyledon.oslo_config_glue [-] oslo_limit.endpoint_interface = public {{(pid=98052) log_opt_values /opt/stack/data/venv/lib/python3.12/site-packages/oslo_config/cfg.py:3253}}
Jun 12 16:44:18.743624 np0000002729 nova-conductor[98052]: DEBUG cotyledon.oslo_config_glue [-] oslo_limit.endpoint_override = None {{(pid=98052) log_opt_values /opt/stack/data/venv/lib/python3.12/site-packages/oslo_config/cfg.py:3253}}
Jun 12 16:44:18.743667 np0000002729 nova-conductor[98052]: DEBUG cotyledon.oslo_config_glue [-] oslo_limit.endpoint_region_name = None {{(pid=98052) log_opt_values /opt/stack/data/venv/lib/python3.12/site-packages/oslo_config/cfg.py:3253}}
Jun 12 16:44:18.743713 np0000002729 nova-conductor[98052]: DEBUG cotyledon.oslo_config_glue [-] oslo_limit.endpoint_service_name = None {{(pid=98052) log_opt_values /opt/stack/data/venv/lib/python3.12/site-packages/oslo_config/cfg.py:3253}}
Jun 12 16:44:18.743742 np0000002729 nova-conductor[98052]: DEBUG cotyledon.oslo_config_glue [-] oslo_limit.endpoint_service_type = None {{(pid=98052) log_opt_values /opt/stack/data/venv/lib/python3.12/site-packages/oslo_config/cfg.py:3253}}
Jun 12 16:44:18.743784 np0000002729 nova-conductor[98052]: DEBUG cotyledon.oslo_config_glue [-] oslo_limit.insecure = False {{(pid=98052) log_opt_values /opt/stack/data/venv/lib/python3.12/site-packages/oslo_config/cfg.py:3253}}
Jun 12 16:44:18.743812 np0000002729 nova-conductor[98052]: DEBUG cotyledon.oslo_config_glue [-] oslo_limit.keyfile = None {{(pid=98052) log_opt_values /opt/stack/data/venv/lib/python3.12/site-packages/oslo_config/cfg.py:3253}}
Jun 12 16:44:18.743846 np0000002729 nova-conductor[98052]: DEBUG cotyledon.oslo_config_glue [-] oslo_limit.max_version = None {{(pid=98052) log_opt_values /opt/stack/data/venv/lib/python3.12/site-packages/oslo_config/cfg.py:3253}}
Jun 12 16:44:18.743877 np0000002729 nova-conductor[98052]: DEBUG cotyledon.oslo_config_glue [-] oslo_limit.min_version = None {{(pid=98052) log_opt_values /opt/stack/data/venv/lib/python3.12/site-packages/oslo_config/cfg.py:3253}}
Jun 12 16:44:18.743907 np0000002729 nova-conductor[98052]: DEBUG cotyledon.oslo_config_glue [-] oslo_limit.region_name = None {{(pid=98052) log_opt_values /opt/stack/data/venv/lib/python3.12/site-packages/oslo_config/cfg.py:3253}}
Jun 12 16:44:18.743964 np0000002729 nova-conductor[98052]: DEBUG cotyledon.oslo_config_glue [-] oslo_limit.retriable_status_codes = None {{(pid=98052) log_opt_values /opt/stack/data/venv/lib/python3.12/site-packages/oslo_config/cfg.py:3253}}
Jun 12 16:44:18.744036 np0000002729 nova-conductor[98052]: DEBUG cotyledon.oslo_config_glue [-] oslo_limit.service_name = None {{(pid=98052) log_opt_values /opt/stack/data/venv/lib/python3.12/site-packages/oslo_config/cfg.py:3253}}
Jun 12 16:44:18.744121 np0000002729 nova-conductor[98052]: DEBUG cotyledon.oslo_config_glue [-] oslo_limit.service_type = None {{(pid=98052) log_opt_values /opt/stack/data/venv/lib/python3.12/site-packages/oslo_config/cfg.py:3253}}
Jun 12 16:44:18.744173 np0000002729 nova-conductor[98052]: DEBUG cotyledon.oslo_config_glue [-] oslo_limit.split_loggers = False {{(pid=98052) log_opt_values /opt/stack/data/venv/lib/python3.12/site-packages/oslo_config/cfg.py:3253}}
Jun 12 16:44:18.744204 np0000002729 nova-conductor[98052]: DEBUG cotyledon.oslo_config_glue [-] oslo_limit.status_code_retries = None {{(pid=98052) log_opt_values /opt/stack/data/venv/lib/python3.12/site-packages/oslo_config/cfg.py:3253}}
Jun 12 16:44:18.744231 np0000002729 nova-conductor[98052]: DEBUG cotyledon.oslo_config_glue [-] oslo_limit.status_code_retry_delay = None {{(pid=98052) log_opt_values /opt/stack/data/venv/lib/python3.12/site-packages/oslo_config/cfg.py:3253}}
Jun 12 16:44:18.744262 np0000002729 nova-conductor[98052]: DEBUG cotyledon.oslo_config_glue [-] oslo_limit.timeout = None {{(pid=98052) log_opt_values /opt/stack/data/venv/lib/python3.12/site-packages/oslo_config/cfg.py:3253}}
Jun 12 16:44:18.744311 np0000002729 nova-conductor[98052]: DEBUG cotyledon.oslo_config_glue [-] oslo_limit.valid_interfaces = None {{(pid=98052) log_opt_values /opt/stack/data/venv/lib/python3.12/site-packages/oslo_config/cfg.py:3253}}
Jun 12 16:44:18.744352 np0000002729 nova-conductor[98052]: DEBUG cotyledon.oslo_config_glue [-] oslo_limit.version = None {{(pid=98052) log_opt_values /opt/stack/data/venv/lib/python3.12/site-packages/oslo_config/cfg.py:3253}}
Jun 12 16:44:18.744413 np0000002729 nova-conductor[98052]: DEBUG cotyledon.oslo_config_glue [-] oslo_reports.file_event_handler = None {{(pid=98052) log_opt_values /opt/stack/data/venv/lib/python3.12/site-packages/oslo_config/cfg.py:3253}}
Jun 12 16:44:18.744460 np0000002729 nova-conductor[98052]: DEBUG cotyledon.oslo_config_glue [-] oslo_reports.file_event_handler_interval = 1 {{(pid=98052) log_opt_values /opt/stack/data/venv/lib/python3.12/site-packages/oslo_config/cfg.py:3253}}
Jun 12 16:44:18.744492 np0000002729 nova-conductor[98052]: DEBUG cotyledon.oslo_config_glue [-] oslo_reports.log_dir = None {{(pid=98052) log_opt_values /opt/stack/data/venv/lib/python3.12/site-packages/oslo_config/cfg.py:3253}}
Jun 12 16:44:18.744559 np0000002729 nova-conductor[98052]: DEBUG cotyledon.oslo_config_glue [-] ******************************************************************************** {{(pid=98052) log_opt_values /opt/stack/data/venv/lib/python3.12/site-packages/oslo_config/cfg.py:3260}}
Jun 12 16:44:18.744705 np0000002729 nova-conductor[98052]: DEBUG cotyledon._service_worker [-] Run service ServiceWrapper(2) [98052] {{(pid=98052) wait_forever /opt/stack/data/venv/lib/python3.12/site-packages/cotyledon/_service_worker.py:218}}
Jun 12 16:44:18.745756 np0000002729 nova-conductor[98033]: DEBUG dbcounter [-] [98033] Writer thread running {{(pid=98033) stat_writer /opt/stack/data/venv/lib/python3.12/site-packages/dbcounter.py:102}}
Jun 12 16:44:18.746130 np0000002729 nova-conductor[98052]: INFO nova.service [-] Starting conductor node (version 33.1.0)
Jun 12 16:44:18.750487 np0000002729 nova-conductor[98052]: INFO dbcounter [None req-fb58e244-f5d9-406b-908c-e758c0ad2182 None None] Registered counter for database nova_cell0
Jun 12 16:44:18.757798 np0000002729 nova-conductor[98046]: DEBUG oslo_db.sqlalchemy.engines [None req-dd21e786-a64b-488b-a0e1-22db31c5a4eb None None] MySQL server mode set to STRICT_TRANS_TABLES,STRICT_ALL_TABLES,NO_ZERO_IN_DATE,NO_ZERO_DATE,ERROR_FOR_DIVISION_BY_ZERO,TRADITIONAL,NO_ENGINE_SUBSTITUTION {{(pid=98046) _check_effective_sql_mode /opt/stack/data/venv/lib/python3.12/site-packages/oslo_db/sqlalchemy/engines.py:325}}
Jun 12 16:44:18.765221 np0000002729 nova-conductor[98033]: DEBUG nova.service [None req-a37d9e29-675a-4da5-95ef-f92e6aa3b336 None None] Creating RPC server for service: nova-conductor on topic: conductor {{(pid=98033) start /opt/stack/nova/nova/service.py:196}}
Jun 12 16:44:18.767517 np0000002729 nova-conductor[98046]: DEBUG dbcounter [-] [98046] Writer thread running {{(pid=98046) stat_writer /opt/stack/data/venv/lib/python3.12/site-packages/dbcounter.py:102}}
Jun 12 16:44:18.769960 np0000002729 nova-conductor[98046]: DEBUG nova.service [None req-dd21e786-a64b-488b-a0e1-22db31c5a4eb None None] Creating RPC server for service: nova-conductor on topic: conductor {{(pid=98046) start /opt/stack/nova/nova/service.py:196}}
Jun 12 16:44:18.793617 np0000002729 nova-conductor[98046]: DEBUG nova.service [None req-dd21e786-a64b-488b-a0e1-22db31c5a4eb None None] Join ServiceGroup membership for this service conductor {{(pid=98046) start /opt/stack/nova/nova/service.py:222}}
Jun 12 16:44:18.793864 np0000002729 nova-conductor[98046]: DEBUG nova.servicegroup.drivers.db [None req-dd21e786-a64b-488b-a0e1-22db31c5a4eb None None] DB_Driver: join new ServiceGroup member np0000002729 to the conductor group, service = {{(pid=98046) join /opt/stack/nova/nova/servicegroup/drivers/db.py:44}}
Jun 12 16:44:18.795559 np0000002729 nova-conductor[98052]: DEBUG oslo_db.sqlalchemy.engines [None req-fb58e244-f5d9-406b-908c-e758c0ad2182 None None] MySQL server mode set to STRICT_TRANS_TABLES,STRICT_ALL_TABLES,NO_ZERO_IN_DATE,NO_ZERO_DATE,ERROR_FOR_DIVISION_BY_ZERO,TRADITIONAL,NO_ENGINE_SUBSTITUTION {{(pid=98052) _check_effective_sql_mode /opt/stack/data/venv/lib/python3.12/site-packages/oslo_db/sqlalchemy/engines.py:325}}
Jun 12 16:44:18.806407 np0000002729 nova-conductor[98033]: DEBUG nova.service [None req-a37d9e29-675a-4da5-95ef-f92e6aa3b336 None None] Join ServiceGroup membership for this service conductor {{(pid=98033) start /opt/stack/nova/nova/service.py:222}}
Jun 12 16:44:18.806685 np0000002729 nova-conductor[98033]: DEBUG nova.servicegroup.drivers.db [None req-a37d9e29-675a-4da5-95ef-f92e6aa3b336 None None] DB_Driver: join new ServiceGroup member np0000002729 to the conductor group, service = {{(pid=98033) join /opt/stack/nova/nova/servicegroup/drivers/db.py:44}}
Jun 12 16:44:18.807517 np0000002729 nova-conductor[98052]: DEBUG dbcounter [-] [98052] Writer thread running {{(pid=98052) stat_writer /opt/stack/data/venv/lib/python3.12/site-packages/dbcounter.py:102}}
Jun 12 16:44:18.810989 np0000002729 nova-conductor[98052]: DEBUG nova.service [None req-fb58e244-f5d9-406b-908c-e758c0ad2182 None None] Creating RPC server for service: nova-conductor on topic: conductor {{(pid=98052) start /opt/stack/nova/nova/service.py:196}}
Jun 12 16:44:18.826402 np0000002729 nova-conductor[98052]: DEBUG nova.service [None req-fb58e244-f5d9-406b-908c-e758c0ad2182 None None] Join ServiceGroup membership for this service conductor {{(pid=98052) start /opt/stack/nova/nova/service.py:222}}
Jun 12 16:44:18.826633 np0000002729 nova-conductor[98052]: DEBUG nova.servicegroup.drivers.db [None req-fb58e244-f5d9-406b-908c-e758c0ad2182 None None] DB_Driver: join new ServiceGroup member np0000002729 to the conductor group, service = {{(pid=98052) join /opt/stack/nova/nova/servicegroup/drivers/db.py:44}}
Jun 12 16:44:21.828675 np0000002729 nova-conductor[98052]: DEBUG oslo.service.backend._threading.loopingcall [None req-8e5cb829-e185-4ce4-a890-95abafbb0d2f None None] Dynamic interval looping call 'nova.service.Service.periodic_tasks' sleeping for 60.00 seconds {{(pid=98052) _run_loop /opt/stack/data/venv/lib/python3.12/site-packages/oslo_service/backend/_threading/loopingcall.py:125}}
Jun 12 16:44:23.809065 np0000002729 nova-conductor[98046]: DEBUG oslo.service.backend._threading.loopingcall [-] Fixed interval looping call 'nova.servicegroup.drivers.db.DbDriver._report_state' sleeping for 119.99 seconds {{(pid=98046) _run_loop /opt/stack/data/venv/lib/python3.12/site-packages/oslo_service/backend/_threading/loopingcall.py:125}}
Jun 12 16:44:23.814847 np0000002729 nova-conductor[98033]: DEBUG oslo.service.backend._threading.loopingcall [-] Fixed interval looping call 'nova.servicegroup.drivers.db.DbDriver._report_state' sleeping for 119.99 seconds {{(pid=98033) _run_loop /opt/stack/data/venv/lib/python3.12/site-packages/oslo_service/backend/_threading/loopingcall.py:125}}
Jun 12 16:44:23.836052 np0000002729 nova-conductor[98052]: DEBUG oslo.service.backend._threading.loopingcall [-] Fixed interval looping call 'nova.servicegroup.drivers.db.DbDriver._report_state' sleeping for 119.99 seconds {{(pid=98052) _run_loop /opt/stack/data/venv/lib/python3.12/site-packages/oslo_service/backend/_threading/loopingcall.py:125}}
Jun 12 16:44:27.353200 np0000002729 nova-conductor[96550]: DEBUG dbcounter [-] [96550] Writing DB stats nova_api:SELECT=1 {{(pid=96550) stat_writer /opt/stack/data/venv/lib/python3.12/site-packages/dbcounter.py:115}}
Jun 12 16:44:27.510044 np0000002729 nova-conductor[96550]: DEBUG dbcounter [-] [96550] Writing DB stats nova_cell1:SELECT=1 {{(pid=96550) stat_writer /opt/stack/data/venv/lib/python3.12/site-packages/dbcounter.py:115}}
Jun 12 16:44:27.516594 np0000002729 nova-conductor[96550]: DEBUG dbcounter [-] [96550] Writing DB stats nova_cell0:SELECT=1 {{(pid=96550) stat_writer /opt/stack/data/venv/lib/python3.12/site-packages/dbcounter.py:115}}
Jun 12 16:44:29.797483 np0000002729 nova-conductor[98046]: DEBUG oslo.service.backend._threading.loopingcall [None req-9ac5dcb3-303b-45ee-a439-7c71450ffe9d None None] Dynamic interval looping call 'nova.service.Service.periodic_tasks' sleeping for 60.00 seconds {{(pid=98046) _run_loop /opt/stack/data/venv/lib/python3.12/site-packages/oslo_service/backend/_threading/loopingcall.py:125}}
Jun 12 16:44:33.804595 np0000002729 nova-conductor[98046]: DEBUG dbcounter [-] [98046] Writing DB stats nova_cell0:SELECT=3,nova_cell0:UPDATE=1 {{(pid=98046) stat_writer /opt/stack/data/venv/lib/python3.12/site-packages/dbcounter.py:115}}
Jun 12 16:44:33.813310 np0000002729 nova-conductor[98033]: DEBUG dbcounter [-] [98033] Writing DB stats nova_cell0:SELECT=4,nova_cell0:INSERT=1 {{(pid=98033) stat_writer /opt/stack/data/venv/lib/python3.12/site-packages/dbcounter.py:115}}
Jun 12 16:44:33.833662 np0000002729 nova-conductor[98052]: DEBUG dbcounter [-] [98052] Writing DB stats nova_cell0:SELECT=3 {{(pid=98052) stat_writer /opt/stack/data/venv/lib/python3.12/site-packages/dbcounter.py:115}}
Jun 12 16:45:04.808458 np0000002729 nova-conductor[98033]: DEBUG oslo.service.backend._threading.loopingcall [None req-176cdcda-014f-418d-8b99-4dbb66991b1a None None] Dynamic interval looping call 'nova.service.Service.periodic_tasks' sleeping for 60.00 seconds {{(pid=98033) _run_loop /opt/stack/data/venv/lib/python3.12/site-packages/oslo_service/backend/_threading/loopingcall.py:125}}
Jun 12 16:45:21.829129 np0000002729 nova-conductor[98052]: DEBUG oslo.service.backend._threading.loopingcall [None req-8e5cb829-e185-4ce4-a890-95abafbb0d2f None None] Dynamic interval looping call 'nova.service.Service.periodic_tasks' sleeping for 60.00 seconds {{(pid=98052) _run_loop /opt/stack/data/venv/lib/python3.12/site-packages/oslo_service/backend/_threading/loopingcall.py:125}}
Jun 12 16:45:29.798002 np0000002729 nova-conductor[98046]: DEBUG oslo.service.backend._threading.loopingcall [None req-9ac5dcb3-303b-45ee-a439-7c71450ffe9d None None] Dynamic interval looping call 'nova.service.Service.periodic_tasks' sleeping for 60.00 seconds {{(pid=98046) _run_loop /opt/stack/data/venv/lib/python3.12/site-packages/oslo_service/backend/_threading/loopingcall.py:125}}
Jun 12 16:46:04.808930 np0000002729 nova-conductor[98033]: DEBUG oslo.service.backend._threading.loopingcall [None req-176cdcda-014f-418d-8b99-4dbb66991b1a None None] Dynamic interval looping call 'nova.service.Service.periodic_tasks' sleeping for 60.00 seconds {{(pid=98033) _run_loop /opt/stack/data/venv/lib/python3.12/site-packages/oslo_service/backend/_threading/loopingcall.py:125}}
Jun 12 16:46:21.829666 np0000002729 nova-conductor[98052]: DEBUG oslo.service.backend._threading.loopingcall [None req-8e5cb829-e185-4ce4-a890-95abafbb0d2f None None] Dynamic interval looping call 'nova.service.Service.periodic_tasks' sleeping for 60.00 seconds {{(pid=98052) _run_loop /opt/stack/data/venv/lib/python3.12/site-packages/oslo_service/backend/_threading/loopingcall.py:125}}
Jun 12 16:46:23.805426 np0000002729 nova-conductor[98046]: DEBUG oslo.service.backend._threading.loopingcall [-] Fixed interval looping call 'nova.servicegroup.drivers.db.DbDriver._report_state' sleeping for 119.99 seconds {{(pid=98046) _run_loop /opt/stack/data/venv/lib/python3.12/site-packages/oslo_service/backend/_threading/loopingcall.py:125}}
Jun 12 16:46:23.809906 np0000002729 nova-conductor[98033]: DEBUG oslo.service.backend._threading.loopingcall [-] Fixed interval looping call 'nova.servicegroup.drivers.db.DbDriver._report_state' sleeping for 120.00 seconds {{(pid=98033) _run_loop /opt/stack/data/venv/lib/python3.12/site-packages/oslo_service/backend/_threading/loopingcall.py:125}}
Jun 12 16:46:23.829924 np0000002729 nova-conductor[98052]: DEBUG oslo.service.backend._threading.loopingcall [-] Fixed interval looping call 'nova.servicegroup.drivers.db.DbDriver._report_state' sleeping for 120.00 seconds {{(pid=98052) _run_loop /opt/stack/data/venv/lib/python3.12/site-packages/oslo_service/backend/_threading/loopingcall.py:125}}
Jun 12 16:46:29.798551 np0000002729 nova-conductor[98046]: DEBUG oslo.service.backend._threading.loopingcall [None req-9ac5dcb3-303b-45ee-a439-7c71450ffe9d None None] Dynamic interval looping call 'nova.service.Service.periodic_tasks' sleeping for 60.00 seconds {{(pid=98046) _run_loop /opt/stack/data/venv/lib/python3.12/site-packages/oslo_service/backend/_threading/loopingcall.py:125}}
Jun 12 16:46:33.802155 np0000002729 nova-conductor[98046]: DEBUG dbcounter [-] [98046] Writing DB stats nova_cell0:SELECT=1,nova_cell0:UPDATE=1 {{(pid=98046) stat_writer /opt/stack/data/venv/lib/python3.12/site-packages/dbcounter.py:115}}
Jun 12 16:46:33.807938 np0000002729 nova-conductor[98033]: DEBUG dbcounter [-] [98033] Writing DB stats nova_cell0:SELECT=1 {{(pid=98033) stat_writer /opt/stack/data/venv/lib/python3.12/site-packages/dbcounter.py:115}}
Jun 12 16:46:33.828680 np0000002729 nova-conductor[98052]: DEBUG dbcounter [-] [98052] Writing DB stats nova_cell0:SELECT=1 {{(pid=98052) stat_writer /opt/stack/data/venv/lib/python3.12/site-packages/dbcounter.py:115}}
Jun 12 16:47:04.809738 np0000002729 nova-conductor[98033]: DEBUG oslo.service.backend._threading.loopingcall [None req-176cdcda-014f-418d-8b99-4dbb66991b1a None None] Dynamic interval looping call 'nova.service.Service.periodic_tasks' sleeping for 60.00 seconds {{(pid=98033) _run_loop /opt/stack/data/venv/lib/python3.12/site-packages/oslo_service/backend/_threading/loopingcall.py:125}}
Jun 12 16:47:10.175393 np0000002729 nova-conductor[98046]: DEBUG oslo_db.sqlalchemy.engines [None req-93c4a867-667a-467d-be20-20850120129e tempest-AttachSCSIVolumeTestJSON-1660861786 tempest-AttachSCSIVolumeTestJSON-1660861786-project-member] Parent process 96550 forked (98046) with an open database connection, which is being discarded and recreated. {{(pid=98046) checkout /opt/stack/data/venv/lib/python3.12/site-packages/oslo_db/sqlalchemy/engines.py:402}}
Jun 12 16:47:10.217436 np0000002729 nova-conductor[98046]: DEBUG dbcounter [-] [98046] Writer thread running {{(pid=98046) stat_writer /opt/stack/data/venv/lib/python3.12/site-packages/dbcounter.py:102}}
Jun 12 16:47:11.241845 np0000002729 nova-conductor[98046]: DEBUG nova.conductor.manager [None req-93c4a867-667a-467d-be20-20850120129e tempest-AttachSCSIVolumeTestJSON-1660861786 tempest-AttachSCSIVolumeTestJSON-1660861786-project-member] Took 1.02 seconds to select destinations for 1 instance(s). {{(pid=98046) _schedule_instances /opt/stack/nova/nova/conductor/manager.py:968}}
Jun 12 16:47:11.272614 np0000002729 nova-conductor[98046]: DEBUG oslo_concurrency.lockutils [None req-93c4a867-667a-467d-be20-20850120129e tempest-AttachSCSIVolumeTestJSON-1660861786 tempest-AttachSCSIVolumeTestJSON-1660861786-project-member] Acquiring lock "7aca967d-8b8c-4575-9c32-0006174f5cf1" by "nova.context.set_target_cell..get_or_set_cached_cell_and_set_connections" {{(pid=98046) inner /opt/stack/data/venv/lib/python3.12/site-packages/oslo_concurrency/lockutils.py:511}}
Jun 12 16:47:11.272862 np0000002729 nova-conductor[98046]: DEBUG oslo_concurrency.lockutils [None req-93c4a867-667a-467d-be20-20850120129e tempest-AttachSCSIVolumeTestJSON-1660861786 tempest-AttachSCSIVolumeTestJSON-1660861786-project-member] Lock "7aca967d-8b8c-4575-9c32-0006174f5cf1" acquired by "nova.context.set_target_cell..get_or_set_cached_cell_and_set_connections" :: waited 0.000s {{(pid=98046) inner /opt/stack/data/venv/lib/python3.12/site-packages/oslo_concurrency/lockutils.py:524}}
Jun 12 16:47:11.274272 np0000002729 nova-conductor[98046]: DEBUG oslo_concurrency.lockutils [None req-93c4a867-667a-467d-be20-20850120129e tempest-AttachSCSIVolumeTestJSON-1660861786 tempest-AttachSCSIVolumeTestJSON-1660861786-project-member] Lock "7aca967d-8b8c-4575-9c32-0006174f5cf1" "released" by "nova.context.set_target_cell..get_or_set_cached_cell_and_set_connections" :: held 0.001s {{(pid=98046) inner /opt/stack/data/venv/lib/python3.12/site-packages/oslo_concurrency/lockutils.py:543}}
Jun 12 16:47:11.276054 np0000002729 nova-conductor[98046]: INFO dbcounter [None req-93c4a867-667a-467d-be20-20850120129e tempest-AttachSCSIVolumeTestJSON-1660861786 tempest-AttachSCSIVolumeTestJSON-1660861786-project-member] Registered counter for database nova_cell1
Jun 12 16:47:11.323234 np0000002729 nova-conductor[98046]: DEBUG oslo_db.sqlalchemy.engines [None req-93c4a867-667a-467d-be20-20850120129e tempest-AttachSCSIVolumeTestJSON-1660861786 tempest-AttachSCSIVolumeTestJSON-1660861786-project-member] MySQL server mode set to STRICT_TRANS_TABLES,STRICT_ALL_TABLES,NO_ZERO_IN_DATE,NO_ZERO_DATE,ERROR_FOR_DIVISION_BY_ZERO,TRADITIONAL,NO_ENGINE_SUBSTITUTION {{(pid=98046) _check_effective_sql_mode /opt/stack/data/venv/lib/python3.12/site-packages/oslo_db/sqlalchemy/engines.py:325}}
Jun 12 16:47:11.331214 np0000002729 nova-conductor[98046]: DEBUG dbcounter [-] [98046] Writer thread running {{(pid=98046) stat_writer /opt/stack/data/venv/lib/python3.12/site-packages/dbcounter.py:102}}
Jun 12 16:47:11.434181 np0000002729 nova-conductor[98046]: INFO nova.utils [None req-93c4a867-667a-467d-be20-20850120129e tempest-AttachSCSIVolumeTestJSON-1660861786 tempest-AttachSCSIVolumeTestJSON-1660861786-project-member] The cell worker thread pool ForkProcess-2.cell_worker is initialized
Jun 12 16:47:11.434181 np0000002729 nova-conductor[98046]: DEBUG oslo_concurrency.lockutils [None req-93c4a867-667a-467d-be20-20850120129e tempest-AttachSCSIVolumeTestJSON-1660861786 tempest-AttachSCSIVolumeTestJSON-1660861786-project-member] Acquiring lock "00000000-0000-0000-0000-000000000000" by "nova.context.set_target_cell..get_or_set_cached_cell_and_set_connections" {{(pid=98046) inner /opt/stack/data/venv/lib/python3.12/site-packages/oslo_concurrency/lockutils.py:511}}
Jun 12 16:47:11.434321 np0000002729 nova-conductor[98046]: DEBUG oslo_concurrency.lockutils [None req-93c4a867-667a-467d-be20-20850120129e tempest-AttachSCSIVolumeTestJSON-1660861786 tempest-AttachSCSIVolumeTestJSON-1660861786-project-member] Lock "00000000-0000-0000-0000-000000000000" acquired by "nova.context.set_target_cell..get_or_set_cached_cell_and_set_connections" :: waited 0.000s {{(pid=98046) inner /opt/stack/data/venv/lib/python3.12/site-packages/oslo_concurrency/lockutils.py:524}}
Jun 12 16:47:11.434649 np0000002729 nova-conductor[98046]: DEBUG oslo_concurrency.lockutils [None req-93c4a867-667a-467d-be20-20850120129e tempest-AttachSCSIVolumeTestJSON-1660861786 tempest-AttachSCSIVolumeTestJSON-1660861786-project-member] Lock "00000000-0000-0000-0000-000000000000" "released" by "nova.context.set_target_cell..get_or_set_cached_cell_and_set_connections" :: held 0.000s {{(pid=98046) inner /opt/stack/data/venv/lib/python3.12/site-packages/oslo_concurrency/lockutils.py:543}}
Jun 12 16:47:11.435311 np0000002729 nova-conductor[98046]: DEBUG oslo_concurrency.lockutils [None req-93c4a867-667a-467d-be20-20850120129e tempest-AttachSCSIVolumeTestJSON-1660861786 tempest-AttachSCSIVolumeTestJSON-1660861786-project-member] Acquiring lock "7aca967d-8b8c-4575-9c32-0006174f5cf1" by "nova.context.set_target_cell..get_or_set_cached_cell_and_set_connections" {{(pid=98046) inner /opt/stack/data/venv/lib/python3.12/site-packages/oslo_concurrency/lockutils.py:511}}
Jun 12 16:47:11.436744 np0000002729 nova-conductor[98046]: INFO dbcounter [None req-93c4a867-667a-467d-be20-20850120129e tempest-AttachSCSIVolumeTestJSON-1660861786 tempest-AttachSCSIVolumeTestJSON-1660861786-project-member] Registered counter for database nova_cell0
Jun 12 16:47:11.437976 np0000002729 nova-conductor[98046]: DEBUG oslo_concurrency.lockutils [None req-93c4a867-667a-467d-be20-20850120129e tempest-AttachSCSIVolumeTestJSON-1660861786 tempest-AttachSCSIVolumeTestJSON-1660861786-project-member] Lock "7aca967d-8b8c-4575-9c32-0006174f5cf1" acquired by "nova.context.set_target_cell..get_or_set_cached_cell_and_set_connections" :: waited 0.001s {{(pid=98046) inner /opt/stack/data/venv/lib/python3.12/site-packages/oslo_concurrency/lockutils.py:524}}
Jun 12 16:47:11.439075 np0000002729 nova-conductor[98046]: DEBUG oslo_concurrency.lockutils [None req-93c4a867-667a-467d-be20-20850120129e tempest-AttachSCSIVolumeTestJSON-1660861786 tempest-AttachSCSIVolumeTestJSON-1660861786-project-member] Lock "7aca967d-8b8c-4575-9c32-0006174f5cf1" "released" by "nova.context.set_target_cell..get_or_set_cached_cell_and_set_connections" :: held 0.002s {{(pid=98046) inner /opt/stack/data/venv/lib/python3.12/site-packages/oslo_concurrency/lockutils.py:543}}
Jun 12 16:47:11.486595 np0000002729 nova-conductor[98046]: DEBUG oslo_db.sqlalchemy.engines [None req-93c4a867-667a-467d-be20-20850120129e tempest-AttachSCSIVolumeTestJSON-1660861786 tempest-AttachSCSIVolumeTestJSON-1660861786-project-member] MySQL server mode set to STRICT_TRANS_TABLES,STRICT_ALL_TABLES,NO_ZERO_IN_DATE,NO_ZERO_DATE,ERROR_FOR_DIVISION_BY_ZERO,TRADITIONAL,NO_ENGINE_SUBSTITUTION {{(pid=98046) _check_effective_sql_mode /opt/stack/data/venv/lib/python3.12/site-packages/oslo_db/sqlalchemy/engines.py:325}}
Jun 12 16:47:11.493589 np0000002729 nova-conductor[98046]: DEBUG dbcounter [-] [98046] Writer thread running {{(pid=98046) stat_writer /opt/stack/data/venv/lib/python3.12/site-packages/dbcounter.py:102}}
Jun 12 16:47:11.514771 np0000002729 nova-conductor[98046]: DEBUG nova.quota [None req-93c4a867-667a-467d-be20-20850120129e tempest-AttachSCSIVolumeTestJSON-1660861786 tempest-AttachSCSIVolumeTestJSON-1660861786-project-member] Getting quotas for project a579da7e4aaf47378c1d597a4ec7dbb6. Resources: {'instances', 'ram', 'cores'} {{(pid=98046) _get_quotas /opt/stack/nova/nova/quota.py:392}}
Jun 12 16:47:11.521112 np0000002729 nova-conductor[98046]: DEBUG nova.quota [None req-93c4a867-667a-467d-be20-20850120129e tempest-AttachSCSIVolumeTestJSON-1660861786 tempest-AttachSCSIVolumeTestJSON-1660861786-project-member] Getting quotas for user 346b71e18b444434baefd54f52a8c0e6 and project a579da7e4aaf47378c1d597a4ec7dbb6. Resources: {'instances', 'ram', 'cores'} {{(pid=98046) _get_quotas /opt/stack/nova/nova/quota.py:382}}
Jun 12 16:47:11.531112 np0000002729 nova-conductor[98046]: DEBUG nova.conductor.manager [None req-93c4a867-667a-467d-be20-20850120129e tempest-AttachSCSIVolumeTestJSON-1660861786 tempest-AttachSCSIVolumeTestJSON-1660861786-project-member] [instance: 80a2c606-a877-4b05-81c8-1b9eb62cfea9] Selected host: np0000002729; Selected node: np0000002729; Alternates: [] {{(pid=98046) schedule_and_build_instances /opt/stack/nova/nova/conductor/manager.py:1784}}
Jun 12 16:47:11.531592 np0000002729 nova-conductor[98046]: DEBUG oslo_concurrency.lockutils [None req-93c4a867-667a-467d-be20-20850120129e tempest-AttachSCSIVolumeTestJSON-1660861786 tempest-AttachSCSIVolumeTestJSON-1660861786-project-member] Acquiring lock "7aca967d-8b8c-4575-9c32-0006174f5cf1" by "nova.context.set_target_cell..get_or_set_cached_cell_and_set_connections" {{(pid=98046) inner /opt/stack/data/venv/lib/python3.12/site-packages/oslo_concurrency/lockutils.py:511}}
Jun 12 16:47:11.531743 np0000002729 nova-conductor[98046]: DEBUG oslo_concurrency.lockutils [None req-93c4a867-667a-467d-be20-20850120129e tempest-AttachSCSIVolumeTestJSON-1660861786 tempest-AttachSCSIVolumeTestJSON-1660861786-project-member] Lock "7aca967d-8b8c-4575-9c32-0006174f5cf1" acquired by "nova.context.set_target_cell..get_or_set_cached_cell_and_set_connections" :: waited 0.000s {{(pid=98046) inner /opt/stack/data/venv/lib/python3.12/site-packages/oslo_concurrency/lockutils.py:524}}
Jun 12 16:47:11.531862 np0000002729 nova-conductor[98046]: DEBUG oslo_concurrency.lockutils [None req-93c4a867-667a-467d-be20-20850120129e tempest-AttachSCSIVolumeTestJSON-1660861786 tempest-AttachSCSIVolumeTestJSON-1660861786-project-member] Lock "7aca967d-8b8c-4575-9c32-0006174f5cf1" "released" by "nova.context.set_target_cell..get_or_set_cached_cell_and_set_connections" :: held 0.000s {{(pid=98046) inner /opt/stack/data/venv/lib/python3.12/site-packages/oslo_concurrency/lockutils.py:543}}
Jun 12 16:47:11.543377 np0000002729 nova-conductor[98046]: DEBUG nova.conductor.manager [None req-93c4a867-667a-467d-be20-20850120129e tempest-AttachSCSIVolumeTestJSON-1660861786 tempest-AttachSCSIVolumeTestJSON-1660861786-project-member] [instance: 80a2c606-a877-4b05-81c8-1b9eb62cfea9] block_device_mapping [BlockDeviceMapping(attachment_id=,boot_index=0,connection_info=None,created_at=,delete_on_termination=True,deleted=,deleted_at=,destination_type='local',device_name=None,device_type='disk',disk_bus=None,encrypted=False,encryption_format=None,encryption_options=None,encryption_secret_uuid=None,guest_format=None,id=,image_id='9f4eae3a-d0d1-4c6a-b780-2fe7106a223f',instance=,instance_uuid=,no_device=False,snapshot_id=None,source_type='image',tag=None,updated_at=,uuid=,volume_id=None,volume_size=None,volume_type=None)] {{(pid=98046) _create_block_device_mapping /opt/stack/nova/nova/conductor/manager.py:1529}}
Jun 12 16:47:11.544851 np0000002729 nova-conductor[98046]: DEBUG oslo_concurrency.lockutils [None req-93c4a867-667a-467d-be20-20850120129e tempest-AttachSCSIVolumeTestJSON-1660861786 tempest-AttachSCSIVolumeTestJSON-1660861786-project-member] Acquiring lock "7aca967d-8b8c-4575-9c32-0006174f5cf1" by "nova.context.set_target_cell..get_or_set_cached_cell_and_set_connections" {{(pid=98046) inner /opt/stack/data/venv/lib/python3.12/site-packages/oslo_concurrency/lockutils.py:511}}
Jun 12 16:47:11.545086 np0000002729 nova-conductor[98046]: DEBUG oslo_concurrency.lockutils [None req-93c4a867-667a-467d-be20-20850120129e tempest-AttachSCSIVolumeTestJSON-1660861786 tempest-AttachSCSIVolumeTestJSON-1660861786-project-member] Lock "7aca967d-8b8c-4575-9c32-0006174f5cf1" acquired by "nova.context.set_target_cell..get_or_set_cached_cell_and_set_connections" :: waited 0.000s {{(pid=98046) inner /opt/stack/data/venv/lib/python3.12/site-packages/oslo_concurrency/lockutils.py:524}}
Jun 12 16:47:11.545356 np0000002729 nova-conductor[98046]: DEBUG oslo_concurrency.lockutils [None req-93c4a867-667a-467d-be20-20850120129e tempest-AttachSCSIVolumeTestJSON-1660861786 tempest-AttachSCSIVolumeTestJSON-1660861786-project-member] Lock "7aca967d-8b8c-4575-9c32-0006174f5cf1" "released" by "nova.context.set_target_cell..get_or_set_cached_cell_and_set_connections" :: held 0.000s {{(pid=98046) inner /opt/stack/data/venv/lib/python3.12/site-packages/oslo_concurrency/lockutils.py:543}}
Jun 12 16:47:11.600188 np0000002729 nova-conductor[98046]: DEBUG oslo_concurrency.lockutils [None req-93c4a867-667a-467d-be20-20850120129e tempest-AttachSCSIVolumeTestJSON-1660861786 tempest-AttachSCSIVolumeTestJSON-1660861786-project-member] Acquiring lock "7aca967d-8b8c-4575-9c32-0006174f5cf1" by "nova.context.set_target_cell..get_or_set_cached_cell_and_set_connections" {{(pid=98046) inner /opt/stack/data/venv/lib/python3.12/site-packages/oslo_concurrency/lockutils.py:511}}
Jun 12 16:47:11.600458 np0000002729 nova-conductor[98046]: DEBUG oslo_concurrency.lockutils [None req-93c4a867-667a-467d-be20-20850120129e tempest-AttachSCSIVolumeTestJSON-1660861786 tempest-AttachSCSIVolumeTestJSON-1660861786-project-member] Lock "7aca967d-8b8c-4575-9c32-0006174f5cf1" acquired by "nova.context.set_target_cell..get_or_set_cached_cell_and_set_connections" :: waited 0.000s {{(pid=98046) inner /opt/stack/data/venv/lib/python3.12/site-packages/oslo_concurrency/lockutils.py:524}}
Jun 12 16:47:11.600636 np0000002729 nova-conductor[98046]: DEBUG oslo_concurrency.lockutils [None req-93c4a867-667a-467d-be20-20850120129e tempest-AttachSCSIVolumeTestJSON-1660861786 tempest-AttachSCSIVolumeTestJSON-1660861786-project-member] Lock "7aca967d-8b8c-4575-9c32-0006174f5cf1" "released" by "nova.context.set_target_cell..get_or_set_cached_cell_and_set_connections" :: held 0.000s {{(pid=98046) inner /opt/stack/data/venv/lib/python3.12/site-packages/oslo_concurrency/lockutils.py:543}}
Jun 12 16:47:11.601184 np0000002729 nova-conductor[98046]: DEBUG oslo_concurrency.lockutils [None req-93c4a867-667a-467d-be20-20850120129e tempest-AttachSCSIVolumeTestJSON-1660861786 tempest-AttachSCSIVolumeTestJSON-1660861786-project-member] Acquiring lock "compute-rpcapi-router" {{(pid=98046) lock /opt/stack/data/venv/lib/python3.12/site-packages/oslo_concurrency/lockutils.py:395}}
Jun 12 16:47:11.601184 np0000002729 nova-conductor[98046]: DEBUG oslo_concurrency.lockutils [None req-93c4a867-667a-467d-be20-20850120129e tempest-AttachSCSIVolumeTestJSON-1660861786 tempest-AttachSCSIVolumeTestJSON-1660861786-project-member] Acquired lock "compute-rpcapi-router" {{(pid=98046) lock /opt/stack/data/venv/lib/python3.12/site-packages/oslo_concurrency/lockutils.py:398}}
Jun 12 16:47:11.601428 np0000002729 nova-conductor[98046]: DEBUG oslo_concurrency.lockutils [None req-07f3357a-f122-4500-9eb7-9255b4588b1f None None] Acquiring lock "00000000-0000-0000-0000-000000000000" by "nova.context.set_target_cell..get_or_set_cached_cell_and_set_connections" {{(pid=98046) inner /opt/stack/data/venv/lib/python3.12/site-packages/oslo_concurrency/lockutils.py:511}}
Jun 12 16:47:11.601504 np0000002729 nova-conductor[98046]: DEBUG oslo_concurrency.lockutils [None req-07f3357a-f122-4500-9eb7-9255b4588b1f None None] Lock "00000000-0000-0000-0000-000000000000" acquired by "nova.context.set_target_cell..get_or_set_cached_cell_and_set_connections" :: waited 0.000s {{(pid=98046) inner /opt/stack/data/venv/lib/python3.12/site-packages/oslo_concurrency/lockutils.py:524}}
Jun 12 16:47:11.601587 np0000002729 nova-conductor[98046]: DEBUG oslo_concurrency.lockutils [None req-07f3357a-f122-4500-9eb7-9255b4588b1f None None] Lock "00000000-0000-0000-0000-000000000000" "released" by "nova.context.set_target_cell..get_or_set_cached_cell_and_set_connections" :: held 0.000s {{(pid=98046) inner /opt/stack/data/venv/lib/python3.12/site-packages/oslo_concurrency/lockutils.py:543}}
Jun 12 16:47:11.602300 np0000002729 nova-conductor[98046]: DEBUG oslo_concurrency.lockutils [None req-07f3357a-f122-4500-9eb7-9255b4588b1f None None] Acquiring lock "7aca967d-8b8c-4575-9c32-0006174f5cf1" by "nova.context.set_target_cell..get_or_set_cached_cell_and_set_connections" {{(pid=98046) inner /opt/stack/data/venv/lib/python3.12/site-packages/oslo_concurrency/lockutils.py:511}}
Jun 12 16:47:11.602413 np0000002729 nova-conductor[98046]: DEBUG oslo_concurrency.lockutils [None req-07f3357a-f122-4500-9eb7-9255b4588b1f None None] Lock "7aca967d-8b8c-4575-9c32-0006174f5cf1" acquired by "nova.context.set_target_cell..get_or_set_cached_cell_and_set_connections" :: waited 0.000s {{(pid=98046) inner /opt/stack/data/venv/lib/python3.12/site-packages/oslo_concurrency/lockutils.py:524}}
Jun 12 16:47:11.602530 np0000002729 nova-conductor[98046]: DEBUG oslo_concurrency.lockutils [None req-07f3357a-f122-4500-9eb7-9255b4588b1f None None] Lock "7aca967d-8b8c-4575-9c32-0006174f5cf1" "released" by "nova.context.set_target_cell..get_or_set_cached_cell_and_set_connections" :: held 0.000s {{(pid=98046) inner /opt/stack/data/venv/lib/python3.12/site-packages/oslo_concurrency/lockutils.py:543}}
Jun 12 16:47:11.611825 np0000002729 nova-conductor[98046]: INFO nova.compute.rpcapi [None req-07f3357a-f122-4500-9eb7-9255b4588b1f None None] Automatically selected compute RPC version 6.5 from minimum service version 72
Jun 12 16:47:11.612475 np0000002729 nova-conductor[98046]: DEBUG oslo_concurrency.lockutils [None req-07f3357a-f122-4500-9eb7-9255b4588b1f None None] Releasing lock "compute-rpcapi-router" {{(pid=98046) lock /opt/stack/data/venv/lib/python3.12/site-packages/oslo_concurrency/lockutils.py:418}}
Jun 12 16:47:12.177864 np0000002729 nova-conductor[98033]: DEBUG dbcounter [-] [98033] Writer thread running {{(pid=98033) stat_writer /opt/stack/data/venv/lib/python3.12/site-packages/dbcounter.py:102}}
Jun 12 16:47:12.284659 np0000002729 nova-conductor[98052]: DEBUG dbcounter [-] [98052] Writer thread running {{(pid=98052) stat_writer /opt/stack/data/venv/lib/python3.12/site-packages/dbcounter.py:102}}
Jun 12 16:47:12.720735 np0000002729 nova-conductor[98033]: DEBUG nova.conductor.manager [None req-49d0f878-ce39-4851-8cc3-fa5923b0a17c tempest-VolumesAdminNegativeTest-1322471979 tempest-VolumesAdminNegativeTest-1322471979-project-member] Took 0.54 seconds to select destinations for 1 instance(s). {{(pid=98033) _schedule_instances /opt/stack/nova/nova/conductor/manager.py:968}}
Jun 12 16:47:12.761691 np0000002729 nova-conductor[98033]: DEBUG oslo_concurrency.lockutils [None req-49d0f878-ce39-4851-8cc3-fa5923b0a17c tempest-VolumesAdminNegativeTest-1322471979 tempest-VolumesAdminNegativeTest-1322471979-project-member] Acquiring lock "7aca967d-8b8c-4575-9c32-0006174f5cf1" by "nova.context.set_target_cell..get_or_set_cached_cell_and_set_connections" {{(pid=98033) inner /opt/stack/data/venv/lib/python3.12/site-packages/oslo_concurrency/lockutils.py:511}}
Jun 12 16:47:12.762261 np0000002729 nova-conductor[98033]: DEBUG oslo_concurrency.lockutils [None req-49d0f878-ce39-4851-8cc3-fa5923b0a17c tempest-VolumesAdminNegativeTest-1322471979 tempest-VolumesAdminNegativeTest-1322471979-project-member] Lock "7aca967d-8b8c-4575-9c32-0006174f5cf1" acquired by "nova.context.set_target_cell..get_or_set_cached_cell_and_set_connections" :: waited 0.001s {{(pid=98033) inner /opt/stack/data/venv/lib/python3.12/site-packages/oslo_concurrency/lockutils.py:524}}
Jun 12 16:47:12.764633 np0000002729 nova-conductor[98033]: DEBUG oslo_concurrency.lockutils [None req-49d0f878-ce39-4851-8cc3-fa5923b0a17c tempest-VolumesAdminNegativeTest-1322471979 tempest-VolumesAdminNegativeTest-1322471979-project-member] Lock "7aca967d-8b8c-4575-9c32-0006174f5cf1" "released" by "nova.context.set_target_cell..get_or_set_cached_cell_and_set_connections" :: held 0.002s {{(pid=98033) inner /opt/stack/data/venv/lib/python3.12/site-packages/oslo_concurrency/lockutils.py:543}}
Jun 12 16:47:12.768283 np0000002729 nova-conductor[98033]: INFO dbcounter [None req-49d0f878-ce39-4851-8cc3-fa5923b0a17c tempest-VolumesAdminNegativeTest-1322471979 tempest-VolumesAdminNegativeTest-1322471979-project-member] Registered counter for database nova_cell1
Jun 12 16:47:12.817577 np0000002729 nova-conductor[98052]: DEBUG nova.conductor.manager [None req-568bbf17-2717-4559-9166-10303532ae60 tempest-VolumesAssistedSnapshotsTest-934598997 tempest-VolumesAssistedSnapshotsTest-934598997-project-member] Took 0.53 seconds to select destinations for 1 instance(s). {{(pid=98052) _schedule_instances /opt/stack/nova/nova/conductor/manager.py:968}}
Jun 12 16:47:12.827722 np0000002729 nova-conductor[98033]: DEBUG oslo_db.sqlalchemy.engines [None req-49d0f878-ce39-4851-8cc3-fa5923b0a17c tempest-VolumesAdminNegativeTest-1322471979 tempest-VolumesAdminNegativeTest-1322471979-project-member] MySQL server mode set to STRICT_TRANS_TABLES,STRICT_ALL_TABLES,NO_ZERO_IN_DATE,NO_ZERO_DATE,ERROR_FOR_DIVISION_BY_ZERO,TRADITIONAL,NO_ENGINE_SUBSTITUTION {{(pid=98033) _check_effective_sql_mode /opt/stack/data/venv/lib/python3.12/site-packages/oslo_db/sqlalchemy/engines.py:325}}
Jun 12 16:47:12.834975 np0000002729 nova-conductor[98033]: DEBUG dbcounter [-] [98033] Writer thread running {{(pid=98033) stat_writer /opt/stack/data/venv/lib/python3.12/site-packages/dbcounter.py:102}}
Jun 12 16:47:12.846837 np0000002729 nova-conductor[98052]: DEBUG oslo_concurrency.lockutils [None req-568bbf17-2717-4559-9166-10303532ae60 tempest-VolumesAssistedSnapshotsTest-934598997 tempest-VolumesAssistedSnapshotsTest-934598997-project-member] Acquiring lock "7aca967d-8b8c-4575-9c32-0006174f5cf1" by "nova.context.set_target_cell..get_or_set_cached_cell_and_set_connections" {{(pid=98052) inner /opt/stack/data/venv/lib/python3.12/site-packages/oslo_concurrency/lockutils.py:511}}
Jun 12 16:47:12.847127 np0000002729 nova-conductor[98052]: DEBUG oslo_concurrency.lockutils [None req-568bbf17-2717-4559-9166-10303532ae60 tempest-VolumesAssistedSnapshotsTest-934598997 tempest-VolumesAssistedSnapshotsTest-934598997-project-member] Lock "7aca967d-8b8c-4575-9c32-0006174f5cf1" acquired by "nova.context.set_target_cell..get_or_set_cached_cell_and_set_connections" :: waited 0.000s {{(pid=98052) inner /opt/stack/data/venv/lib/python3.12/site-packages/oslo_concurrency/lockutils.py:524}}
Jun 12 16:47:12.848926 np0000002729 nova-conductor[98052]: DEBUG oslo_concurrency.lockutils [None req-568bbf17-2717-4559-9166-10303532ae60 tempest-VolumesAssistedSnapshotsTest-934598997 tempest-VolumesAssistedSnapshotsTest-934598997-project-member] Lock "7aca967d-8b8c-4575-9c32-0006174f5cf1" "released" by "nova.context.set_target_cell..get_or_set_cached_cell_and_set_connections" :: held 0.002s {{(pid=98052) inner /opt/stack/data/venv/lib/python3.12/site-packages/oslo_concurrency/lockutils.py:543}}
Jun 12 16:47:12.851613 np0000002729 nova-conductor[98052]: INFO dbcounter [None req-568bbf17-2717-4559-9166-10303532ae60 tempest-VolumesAssistedSnapshotsTest-934598997 tempest-VolumesAssistedSnapshotsTest-934598997-project-member] Registered counter for database nova_cell1
Jun 12 16:47:12.902043 np0000002729 nova-conductor[98052]: DEBUG oslo_db.sqlalchemy.engines [None req-568bbf17-2717-4559-9166-10303532ae60 tempest-VolumesAssistedSnapshotsTest-934598997 tempest-VolumesAssistedSnapshotsTest-934598997-project-member] MySQL server mode set to STRICT_TRANS_TABLES,STRICT_ALL_TABLES,NO_ZERO_IN_DATE,NO_ZERO_DATE,ERROR_FOR_DIVISION_BY_ZERO,TRADITIONAL,NO_ENGINE_SUBSTITUTION {{(pid=98052) _check_effective_sql_mode /opt/stack/data/venv/lib/python3.12/site-packages/oslo_db/sqlalchemy/engines.py:325}}
Jun 12 16:47:12.912804 np0000002729 nova-conductor[98052]: DEBUG dbcounter [-] [98052] Writer thread running {{(pid=98052) stat_writer /opt/stack/data/venv/lib/python3.12/site-packages/dbcounter.py:102}}
Jun 12 16:47:12.914108 np0000002729 nova-conductor[98033]: INFO nova.utils [None req-49d0f878-ce39-4851-8cc3-fa5923b0a17c tempest-VolumesAdminNegativeTest-1322471979 tempest-VolumesAdminNegativeTest-1322471979-project-member] The cell worker thread pool ForkProcess-1.cell_worker is initialized
Jun 12 16:47:12.914431 np0000002729 nova-conductor[98033]: DEBUG oslo_concurrency.lockutils [None req-49d0f878-ce39-4851-8cc3-fa5923b0a17c tempest-VolumesAdminNegativeTest-1322471979 tempest-VolumesAdminNegativeTest-1322471979-project-member] Acquiring lock "00000000-0000-0000-0000-000000000000" by "nova.context.set_target_cell..get_or_set_cached_cell_and_set_connections" {{(pid=98033) inner /opt/stack/data/venv/lib/python3.12/site-packages/oslo_concurrency/lockutils.py:511}}
Jun 12 16:47:12.915076 np0000002729 nova-conductor[98033]: DEBUG oslo_concurrency.lockutils [None req-49d0f878-ce39-4851-8cc3-fa5923b0a17c tempest-VolumesAdminNegativeTest-1322471979 tempest-VolumesAdminNegativeTest-1322471979-project-member] Lock "00000000-0000-0000-0000-000000000000" acquired by "nova.context.set_target_cell..get_or_set_cached_cell_and_set_connections" :: waited 0.000s {{(pid=98033) inner /opt/stack/data/venv/lib/python3.12/site-packages/oslo_concurrency/lockutils.py:524}}
Jun 12 16:47:12.915076 np0000002729 nova-conductor[98033]: DEBUG oslo_concurrency.lockutils [None req-49d0f878-ce39-4851-8cc3-fa5923b0a17c tempest-VolumesAdminNegativeTest-1322471979 tempest-VolumesAdminNegativeTest-1322471979-project-member] Lock "00000000-0000-0000-0000-000000000000" "released" by "nova.context.set_target_cell..get_or_set_cached_cell_and_set_connections" :: held 0.000s {{(pid=98033) inner /opt/stack/data/venv/lib/python3.12/site-packages/oslo_concurrency/lockutils.py:543}}
Jun 12 16:47:12.915827 np0000002729 nova-conductor[98033]: DEBUG oslo_concurrency.lockutils [None req-49d0f878-ce39-4851-8cc3-fa5923b0a17c tempest-VolumesAdminNegativeTest-1322471979 tempest-VolumesAdminNegativeTest-1322471979-project-member] Acquiring lock "7aca967d-8b8c-4575-9c32-0006174f5cf1" by "nova.context.set_target_cell..get_or_set_cached_cell_and_set_connections" {{(pid=98033) inner /opt/stack/data/venv/lib/python3.12/site-packages/oslo_concurrency/lockutils.py:511}}
Jun 12 16:47:12.915827 np0000002729 nova-conductor[98033]: DEBUG oslo_concurrency.lockutils [None req-49d0f878-ce39-4851-8cc3-fa5923b0a17c tempest-VolumesAdminNegativeTest-1322471979 tempest-VolumesAdminNegativeTest-1322471979-project-member] Lock "7aca967d-8b8c-4575-9c32-0006174f5cf1" acquired by "nova.context.set_target_cell..get_or_set_cached_cell_and_set_connections" :: waited 0.000s {{(pid=98033) inner /opt/stack/data/venv/lib/python3.12/site-packages/oslo_concurrency/lockutils.py:524}}
Jun 12 16:47:12.915827 np0000002729 nova-conductor[98033]: DEBUG oslo_concurrency.lockutils [None req-49d0f878-ce39-4851-8cc3-fa5923b0a17c tempest-VolumesAdminNegativeTest-1322471979 tempest-VolumesAdminNegativeTest-1322471979-project-member] Lock "7aca967d-8b8c-4575-9c32-0006174f5cf1" "released" by "nova.context.set_target_cell..get_or_set_cached_cell_and_set_connections" :: held 0.000s {{(pid=98033) inner /opt/stack/data/venv/lib/python3.12/site-packages/oslo_concurrency/lockutils.py:543}}
Jun 12 16:47:12.917223 np0000002729 nova-conductor[98033]: INFO dbcounter [None req-49d0f878-ce39-4851-8cc3-fa5923b0a17c tempest-VolumesAdminNegativeTest-1322471979 tempest-VolumesAdminNegativeTest-1322471979-project-member] Registered counter for database nova_cell0
Jun 12 16:47:12.960614 np0000002729 nova-conductor[98033]: DEBUG oslo_db.sqlalchemy.engines [None req-49d0f878-ce39-4851-8cc3-fa5923b0a17c tempest-VolumesAdminNegativeTest-1322471979 tempest-VolumesAdminNegativeTest-1322471979-project-member] MySQL server mode set to STRICT_TRANS_TABLES,STRICT_ALL_TABLES,NO_ZERO_IN_DATE,NO_ZERO_DATE,ERROR_FOR_DIVISION_BY_ZERO,TRADITIONAL,NO_ENGINE_SUBSTITUTION {{(pid=98033) _check_effective_sql_mode /opt/stack/data/venv/lib/python3.12/site-packages/oslo_db/sqlalchemy/engines.py:325}}
Jun 12 16:47:12.964803 np0000002729 nova-conductor[98052]: INFO nova.utils [None req-568bbf17-2717-4559-9166-10303532ae60 tempest-VolumesAssistedSnapshotsTest-934598997 tempest-VolumesAssistedSnapshotsTest-934598997-project-member] The cell worker thread pool ForkProcess-3.cell_worker is initialized
Jun 12 16:47:12.966432 np0000002729 nova-conductor[98052]: DEBUG oslo_concurrency.lockutils [None req-568bbf17-2717-4559-9166-10303532ae60 tempest-VolumesAssistedSnapshotsTest-934598997 tempest-VolumesAssistedSnapshotsTest-934598997-project-member] Acquiring lock "00000000-0000-0000-0000-000000000000" by "nova.context.set_target_cell..get_or_set_cached_cell_and_set_connections" {{(pid=98052) inner /opt/stack/data/venv/lib/python3.12/site-packages/oslo_concurrency/lockutils.py:511}}
Jun 12 16:47:12.966432 np0000002729 nova-conductor[98052]: DEBUG oslo_concurrency.lockutils [None req-568bbf17-2717-4559-9166-10303532ae60 tempest-VolumesAssistedSnapshotsTest-934598997 tempest-VolumesAssistedSnapshotsTest-934598997-project-member] Lock "00000000-0000-0000-0000-000000000000" acquired by "nova.context.set_target_cell..get_or_set_cached_cell_and_set_connections" :: waited 0.000s {{(pid=98052) inner /opt/stack/data/venv/lib/python3.12/site-packages/oslo_concurrency/lockutils.py:524}}
Jun 12 16:47:12.966541 np0000002729 nova-conductor[98033]: DEBUG dbcounter [-] [98033] Writer thread running {{(pid=98033) stat_writer /opt/stack/data/venv/lib/python3.12/site-packages/dbcounter.py:102}}
Jun 12 16:47:12.966573 np0000002729 nova-conductor[98052]: DEBUG oslo_concurrency.lockutils [None req-568bbf17-2717-4559-9166-10303532ae60 tempest-VolumesAssistedSnapshotsTest-934598997 tempest-VolumesAssistedSnapshotsTest-934598997-project-member] Lock "00000000-0000-0000-0000-000000000000" "released" by "nova.context.set_target_cell..get_or_set_cached_cell_and_set_connections" :: held 0.000s {{(pid=98052) inner /opt/stack/data/venv/lib/python3.12/site-packages/oslo_concurrency/lockutils.py:543}}
