Jun 02 17:08:13.114198 np0000001952 devstack@c-api.service[99237]: DEBUG cinder.api.middleware.request_id [None req-eb608312-0224-4dcf-b002-2d09bca1f848 None None] RequestId filter calling following filter/app {{(pid=99237) _context_setter /opt/stack/cinder/cinder/api/middleware/request_id.py:62}}
Jun 02 17:08:13.119467 np0000001952 devstack@c-api.service[99237]: INFO cinder.api.openstack.wsgi [None req-eb608312-0224-4dcf-b002-2d09bca1f848 tempest-VolumesListTestJSON-166491349 tempest-VolumesListTestJSON-166491349-project-member] POST https://10.4.3.104/volume/v3/volumes
Jun 02 17:08:13.120024 np0000001952 devstack@c-api.service[99237]: DEBUG cinder.api.openstack.wsgi [None req-eb608312-0224-4dcf-b002-2d09bca1f848 tempest-VolumesListTestJSON-166491349 tempest-VolumesListTestJSON-166491349-project-member] Action: 'create', calling method: create, body: {"volume": {"metadata": {"Type": "work"}, "size": 1, "name": "tempest-VolumesListTestJSON-Volume-821144807"}} {{(pid=99237) _process_stack /opt/stack/cinder/cinder/api/openstack/wsgi.py:876}}
Jun 02 17:08:13.122616 np0000001952 devstack@c-api.service[99237]: DEBUG cinder.api.v3.volumes [None req-eb608312-0224-4dcf-b002-2d09bca1f848 tempest-VolumesListTestJSON-166491349 tempest-VolumesListTestJSON-166491349-project-member] Create volume request body: {'volume': {'metadata': {'Type': 'work'}, 'size': 1, 'name': 'tempest-VolumesListTestJSON-Volume-821144807'}} {{(pid=99237) create /opt/stack/cinder/cinder/api/v3/volumes.py:368}}
Jun 02 17:08:13.122823 np0000001952 devstack@c-api.service[99237]: INFO cinder.api.v3.volumes [None req-eb608312-0224-4dcf-b002-2d09bca1f848 tempest-VolumesListTestJSON-166491349 tempest-VolumesListTestJSON-166491349-project-member] Create volume of 1 GB
Jun 02 17:08:13.129487 np0000001952 devstack@c-api.service[99237]: INFO cinder.volume.api [None req-eb608312-0224-4dcf-b002-2d09bca1f848 tempest-VolumesListTestJSON-166491349 tempest-VolumesListTestJSON-166491349-project-member] Availability Zones retrieved successfully.
Jun 02 17:08:13.140693 np0000001952 devstack@c-api.service[99237]: DEBUG cinder.volume.api [None req-eb608312-0224-4dcf-b002-2d09bca1f848 tempest-VolumesListTestJSON-166491349 tempest-VolumesListTestJSON-166491349-project-member] Flow 'volume_create_api' (2cc2ce60-11b4-458b-be0b-9e8fa98eff80) transitioned into state 'RUNNING' from state 'PENDING' {{(pid=99237) _flow_receiver /opt/stack/data/venv/lib/python3.12/site-packages/taskflow/listeners/logging.py:160}}
Jun 02 17:08:13.141028 np0000001952 devstack@c-api.service[99237]: DEBUG cinder.volume.api [None req-eb608312-0224-4dcf-b002-2d09bca1f848 tempest-VolumesListTestJSON-166491349 tempest-VolumesListTestJSON-166491349-project-member] Task 'cinder.volume.flows.api.create_volume.ExtractVolumeRequestTask;volume:create' (7e186afd-c926-44c1-9063-a7640b409e40) transitioned into state 'RUNNING' from state 'PENDING' {{(pid=99237) _task_receiver /opt/stack/data/venv/lib/python3.12/site-packages/taskflow/listeners/logging.py:242}}
Jun 02 17:08:13.142679 np0000001952 devstack@c-api.service[99237]: DEBUG cinder.volume.flows.api.create_volume [None req-eb608312-0224-4dcf-b002-2d09bca1f848 tempest-VolumesListTestJSON-166491349 tempest-VolumesListTestJSON-166491349-project-member] Validating volume size '1' using validate_int {{(pid=99237) _extract_size /opt/stack/cinder/cinder/volume/flows/api/create_volume.py:226}}
Jun 02 17:08:13.177086 np0000001952 devstack@c-api.service[99237]: DEBUG cinder.volume.api [None req-eb608312-0224-4dcf-b002-2d09bca1f848 tempest-VolumesListTestJSON-166491349 tempest-VolumesListTestJSON-166491349-project-member] Task 'cinder.volume.flows.api.create_volume.ExtractVolumeRequestTask;volume:create' (7e186afd-c926-44c1-9063-a7640b409e40) transitioned into state 'SUCCESS' from state 'RUNNING' with result '{'size': 1, 'snapshot_id': None, 'source_volid': None, 'volume_type': VolumeType(created_at=2026-06-02T17:04:42Z,deleted=False,deleted_at=None,description=None,extra_specs={volume_backend_name='storpool'},id=9f248dc9-059a-450b-8627-aa54f1ff7327,is_public=True,name='storpool',projects=[],qos_specs=,qos_specs_id=None,updated_at=None), 'volume_type_id': '9f248dc9-059a-450b-8627-aa54f1ff7327', 'encryption_key_id': None, 'qos_specs': None, 'consistencygroup_id': None, 'cgsnapshot_id': None, 'group_id': None, 'replication_status': 'disabled', 'refresh_az': False, 'backup_id': None, 'multiattach': False, 'availability_zones': ['nova']}' {{(pid=99237) _task_receiver /opt/stack/data/venv/lib/python3.12/site-packages/taskflow/listeners/logging.py:218}}
Jun 02 17:08:13.180801 np0000001952 devstack@c-api.service[99237]: DEBUG cinder.volume.api [None req-eb608312-0224-4dcf-b002-2d09bca1f848 tempest-VolumesListTestJSON-166491349 tempest-VolumesListTestJSON-166491349-project-member] Task 'cinder.volume.flows.api.create_volume.QuotaReserveTask;volume:create' (6bfef2af-e23a-4f21-98d8-c861057cd109) transitioned into state 'RUNNING' from state 'PENDING' {{(pid=99237) _task_receiver /opt/stack/data/venv/lib/python3.12/site-packages/taskflow/listeners/logging.py:242}}
Jun 02 17:08:13.191509 np0000001952 devstack@c-api.service[99238]: INFO cinder.volume.api [None req-f4c51360-bd6a-4eaf-8154-248a23999031 tempest-VolumeQuotasAdminTestJSON-1969741373 tempest-VolumeQuotasAdminTestJSON-1969741373-project-member] Transfer volume completed successfully.
Jun 02 17:08:13.240466 np0000001952 devstack@c-api.service[99237]: DEBUG cinder.quota [None req-eb608312-0224-4dcf-b002-2d09bca1f848 tempest-VolumesListTestJSON-166491349 tempest-VolumesListTestJSON-166491349-project-member] Created reservations ['56cac27f-f280-4b7c-8ce2-fdb592688007', '19a24deb-063a-4368-a808-cc31d8ef2604', 'b924cbc1-3b86-467a-8ab2-4c9c472cf88c', 'e1155047-4929-49a8-a478-ebe6752eeede'] {{(pid=99237) reserve /opt/stack/cinder/cinder/quota.py:752}}
Jun 02 17:08:13.241664 np0000001952 devstack@c-api.service[99237]: DEBUG cinder.volume.api [None req-eb608312-0224-4dcf-b002-2d09bca1f848 tempest-VolumesListTestJSON-166491349 tempest-VolumesListTestJSON-166491349-project-member] Task 'cinder.volume.flows.api.create_volume.QuotaReserveTask;volume:create' (6bfef2af-e23a-4f21-98d8-c861057cd109) transitioned into state 'SUCCESS' from state 'RUNNING' with result '{'reservations': ['56cac27f-f280-4b7c-8ce2-fdb592688007', '19a24deb-063a-4368-a808-cc31d8ef2604', 'b924cbc1-3b86-467a-8ab2-4c9c472cf88c', 'e1155047-4929-49a8-a478-ebe6752eeede']}' {{(pid=99237) _task_receiver /opt/stack/data/venv/lib/python3.12/site-packages/taskflow/listeners/logging.py:218}}
Jun 02 17:08:13.242655 np0000001952 devstack@c-api.service[99237]: DEBUG cinder.volume.api [None req-eb608312-0224-4dcf-b002-2d09bca1f848 tempest-VolumesListTestJSON-166491349 tempest-VolumesListTestJSON-166491349-project-member] Task 'cinder.volume.flows.api.create_volume.EntryCreateTask;volume:create' (83ddfd45-3fec-40cb-9843-9902b06074cf) transitioned into state 'RUNNING' from state 'PENDING' {{(pid=99237) _task_receiver /opt/stack/data/venv/lib/python3.12/site-packages/taskflow/listeners/logging.py:242}}
Jun 02 17:08:13.273493 np0000001952 devstack@c-api.service[99237]: DEBUG cinder.volume.api [None req-eb608312-0224-4dcf-b002-2d09bca1f848 tempest-VolumesListTestJSON-166491349 tempest-VolumesListTestJSON-166491349-project-member] Task 'cinder.volume.flows.api.create_volume.EntryCreateTask;volume:create' (83ddfd45-3fec-40cb-9843-9902b06074cf) transitioned into state 'SUCCESS' from state 'RUNNING' with result '{'volume_id': 'd0d0ba1a-f0dd-4f9f-99ac-30bd86342459', 'volume_properties': VolumeProperties(attach_status='detached',availability_zone='nova',cgsnapshot_id=None,consistencygroup_id=None,display_description=None,display_name='tempest-VolumesListTestJSON-Volume-821144807',encryption_key_id=None,group_id=None,group_type_id=,metadata={Type='work'},multiattach=False,project_id='5fe7f882020d47f5a4627073b1835360',qos_specs=None,replication_status=,reservations=['56cac27f-f280-4b7c-8ce2-fdb592688007','19a24deb-063a-4368-a808-cc31d8ef2604','b924cbc1-3b86-467a-8ab2-4c9c472cf88c','e1155047-4929-49a8-a478-ebe6752eeede'],size=1,snapshot_id=None,source_replicaid=,source_volid=None,status='creating',user_id='70eefbb91c4f4963b755cd8c69dcc88e',volume_type_id=9f248dc9-059a-450b-8627-aa54f1ff7327), 'volume': Volume(_name_id=None,admin_metadata=,attach_status='detached',availability_zone='nova',bootable=False,cluster=,cluster_name=None,consistencygroup=,consistencygroup_id=None,created_at=2026-06-02T17:08:13Z,deleted=False,deleted_at=None,display_description=None,display_name='tempest-VolumesListTestJSON-Volume-821144807',ec2_id=None,encryption_key_id=None,glance_metadata=,group=,group_id=None,host=None,id=d0d0ba1a-f0dd-4f9f-99ac-30bd86342459,launched_at=None,metadata={Type='work'},migration_status=None,multiattach=False,previous_status=None,project_id='5fe7f882020d47f5a4627073b1835360',provider_auth=None,provider_geometry=None,provider_id=None,provider_location=None,replication_driver_data=None,replication_extended_status=None,replication_status=None,scheduled_at=None,service_uuid=None,shared_targets=True,size=1,snapshot_id=None,snapshots=,source_volid=None,status='creating',terminated_at=None,updated_at=None,use_quota=True,user_id='70eefbb91c4f4963b755cd8c69dcc88e',volume_attachment=VolumeAttachmentList,volume_type=VolumeType(9f248dc9-059a-450b-8627-aa54f1ff7327),volume_type_id=9f248dc9-059a-450b-8627-aa54f1ff7327)}' {{(pid=99237) _task_receiver /opt/stack/data/venv/lib/python3.12/site-packages/taskflow/listeners/logging.py:218}}
Jun 02 17:08:13.275067 np0000001952 devstack@c-api.service[99237]: DEBUG cinder.volume.api [None req-eb608312-0224-4dcf-b002-2d09bca1f848 tempest-VolumesListTestJSON-166491349 tempest-VolumesListTestJSON-166491349-project-member] Task 'cinder.volume.flows.api.create_volume.QuotaCommitTask;volume:create' (9a54d578-ee8b-4206-b4fa-e8e213f6ff94) transitioned into state 'RUNNING' from state 'PENDING' {{(pid=99237) _task_receiver /opt/stack/data/venv/lib/python3.12/site-packages/taskflow/listeners/logging.py:242}}
Jun 02 17:08:13.310486 np0000001952 devstack@c-api.service[99237]: DEBUG cinder.volume.api [None req-eb608312-0224-4dcf-b002-2d09bca1f848 tempest-VolumesListTestJSON-166491349 tempest-VolumesListTestJSON-166491349-project-member] Task 'cinder.volume.flows.api.create_volume.QuotaCommitTask;volume:create' (9a54d578-ee8b-4206-b4fa-e8e213f6ff94) transitioned into state 'SUCCESS' from state 'RUNNING' with result '{'volume_properties': VolumeProperties(attach_status='detached',availability_zone='nova',cgsnapshot_id=None,consistencygroup_id=None,display_description=None,display_name='tempest-VolumesListTestJSON-Volume-821144807',encryption_key_id=None,group_id=None,group_type_id=,metadata={Type='work'},multiattach=False,project_id='5fe7f882020d47f5a4627073b1835360',qos_specs=None,replication_status=,reservations=['56cac27f-f280-4b7c-8ce2-fdb592688007','19a24deb-063a-4368-a808-cc31d8ef2604','b924cbc1-3b86-467a-8ab2-4c9c472cf88c','e1155047-4929-49a8-a478-ebe6752eeede'],size=1,snapshot_id=None,source_replicaid=,source_volid=None,status='creating',user_id='70eefbb91c4f4963b755cd8c69dcc88e',volume_type_id=9f248dc9-059a-450b-8627-aa54f1ff7327)}' {{(pid=99237) _task_receiver /opt/stack/data/venv/lib/python3.12/site-packages/taskflow/listeners/logging.py:218}}
Jun 02 17:08:13.311661 np0000001952 devstack@c-api.service[99237]: DEBUG cinder.volume.api [None req-eb608312-0224-4dcf-b002-2d09bca1f848 tempest-VolumesListTestJSON-166491349 tempest-VolumesListTestJSON-166491349-project-member] Task 'cinder.volume.flows.api.create_volume.VolumeCastTask;volume:create' (519ca382-bd4e-4f77-9306-9965ddee1b8c) transitioned into state 'RUNNING' from state 'PENDING' {{(pid=99237) _task_receiver /opt/stack/data/venv/lib/python3.12/site-packages/taskflow/listeners/logging.py:242}}
Jun 02 17:08:13.329130 np0000001952 devstack@c-api.service[99237]: DEBUG cinder.volume.api [None req-eb608312-0224-4dcf-b002-2d09bca1f848 tempest-VolumesListTestJSON-166491349 tempest-VolumesListTestJSON-166491349-project-member] Task 'cinder.volume.flows.api.create_volume.VolumeCastTask;volume:create' (519ca382-bd4e-4f77-9306-9965ddee1b8c) transitioned into state 'SUCCESS' from state 'RUNNING' with result 'None' {{(pid=99237) _task_receiver /opt/stack/data/venv/lib/python3.12/site-packages/taskflow/listeners/logging.py:218}}
Jun 02 17:08:13.330153 np0000001952 devstack@c-api.service[99238]: INFO cinder.transfer.api [None req-f4c51360-bd6a-4eaf-8154-248a23999031 tempest-VolumeQuotasAdminTestJSON-1969741373 tempest-VolumeQuotasAdminTestJSON-1969741373-project-member] Volume b5dfc3e3-aa00-4776-a5df-051b33e98b6f has been transferred.
Jun 02 17:08:13.333532 np0000001952 devstack@c-api.service[99237]: DEBUG cinder.volume.api [None req-eb608312-0224-4dcf-b002-2d09bca1f848 tempest-VolumesListTestJSON-166491349 tempest-VolumesListTestJSON-166491349-project-member] Flow 'volume_create_api' (2cc2ce60-11b4-458b-be0b-9e8fa98eff80) transitioned into state 'SUCCESS' from state 'RUNNING' {{(pid=99237) _flow_receiver /opt/stack/data/venv/lib/python3.12/site-packages/taskflow/listeners/logging.py:160}}
Jun 02 17:08:13.334189 np0000001952 devstack@c-api.service[99237]: INFO cinder.volume.api [None req-eb608312-0224-4dcf-b002-2d09bca1f848 tempest-VolumesListTestJSON-166491349 tempest-VolumesListTestJSON-166491349-project-member] Create volume request issued successfully.
Jun 02 17:08:13.334955 np0000001952 devstack@c-api.service[99237]: INFO cinder.api.openstack.wsgi [None req-eb608312-0224-4dcf-b002-2d09bca1f848 tempest-VolumesListTestJSON-166491349 tempest-VolumesListTestJSON-166491349-project-member] https://10.4.3.104/volume/v3/volumes returned with HTTP 202
Jun 02 17:08:13.336235 np0000001952 devstack@c-api.service[99237]: [pid: 99237|app: 0|req: 74/216] 10.4.3.104 () {68 vars in 1259 bytes} [Tue Jun 2 17:08:13 2026] POST /volume/v3/volumes => generated 763 bytes in 222 msecs (HTTP/1.1 202) 7 headers in 291 bytes (1 switches on core 0)
Jun 02 17:08:13.342950 np0000001952 devstack@c-api.service[99238]: INFO cinder.api.openstack.wsgi [None req-f4c51360-bd6a-4eaf-8154-248a23999031 tempest-VolumeQuotasAdminTestJSON-1969741373 tempest-VolumeQuotasAdminTestJSON-1969741373-project-member] https://10.4.3.104/volume/v3/os-volume-transfer/345c9f4f-4775-4d88-960a-572b93f4f8c8/accept returned with HTTP 202
Jun 02 17:08:13.342950 np0000001952 devstack@c-api.service[99238]: [pid: 99238|app: 0|req: 71/217] 10.4.3.104 () {68 vars in 1423 bytes} [Tue Jun 2 17:08:12 2026] POST /volume/v3/os-volume-transfer/345c9f4f-4775-4d88-960a-572b93f4f8c8/accept => generated 365 bytes in 1101 msecs (HTTP/1.1 202) 7 headers in 291 bytes (1 switches on core 0)
Jun 02 17:08:13.355671 np0000001952 devstack@c-api.service[99239]: DEBUG cinder.api.middleware.request_id [None req-5bc2daec-24d8-43f8-9fc2-64a97985cd7a None None] RequestId filter calling following filter/app {{(pid=99239) _context_setter /opt/stack/cinder/cinder/api/middleware/request_id.py:62}}
Jun 02 17:08:13.358258 np0000001952 devstack@c-api.service[99237]: DEBUG cinder.api.middleware.request_id [None req-843d0432-afdb-4560-baab-50c11e18e9df None None] RequestId filter calling following filter/app {{(pid=99237) _context_setter /opt/stack/cinder/cinder/api/middleware/request_id.py:62}}
Jun 02 17:08:13.358647 np0000001952 devstack@c-api.service[99239]: INFO cinder.api.openstack.wsgi [None req-5bc2daec-24d8-43f8-9fc2-64a97985cd7a tempest-VolumesListTestJSON-166491349 tempest-VolumesListTestJSON-166491349-project-member] GET https://10.4.3.104/volume/v3/volumes/d0d0ba1a-f0dd-4f9f-99ac-30bd86342459
Jun 02 17:08:13.358925 np0000001952 devstack@c-api.service[99239]: DEBUG cinder.api.openstack.wsgi [None req-5bc2daec-24d8-43f8-9fc2-64a97985cd7a tempest-VolumesListTestJSON-166491349 tempest-VolumesListTestJSON-166491349-project-member] Empty body provided in request {{(pid=99239) get_body /opt/stack/cinder/cinder/api/openstack/wsgi.py:725}}
Jun 02 17:08:13.359107 np0000001952 devstack@c-api.service[99239]: DEBUG cinder.api.openstack.wsgi [None req-5bc2daec-24d8-43f8-9fc2-64a97985cd7a tempest-VolumesListTestJSON-166491349 tempest-VolumesListTestJSON-166491349-project-member] Calling method 'show' {{(pid=99239) _process_stack /opt/stack/cinder/cinder/api/openstack/wsgi.py:878}}
Jun 02 17:08:13.362233 np0000001952 devstack@c-api.service[99237]: INFO cinder.api.openstack.wsgi [None req-843d0432-afdb-4560-baab-50c11e18e9df tempest-VolumeQuotasAdminTestJSON-1969741373 tempest-VolumeQuotasAdminTestJSON-1969741373-project-member] GET https://10.4.3.104/volume/v3/volumes/b5dfc3e3-aa00-4776-a5df-051b33e98b6f
Jun 02 17:08:13.362233 np0000001952 devstack@c-api.service[99237]: DEBUG cinder.api.openstack.wsgi [None req-843d0432-afdb-4560-baab-50c11e18e9df tempest-VolumeQuotasAdminTestJSON-1969741373 tempest-VolumeQuotasAdminTestJSON-1969741373-project-member] Empty body provided in request {{(pid=99237) get_body /opt/stack/cinder/cinder/api/openstack/wsgi.py:725}}
Jun 02 17:08:13.362233 np0000001952 devstack@c-api.service[99237]: DEBUG cinder.api.openstack.wsgi [None req-843d0432-afdb-4560-baab-50c11e18e9df tempest-VolumeQuotasAdminTestJSON-1969741373 tempest-VolumeQuotasAdminTestJSON-1969741373-project-member] Calling method 'show' {{(pid=99237) _process_stack /opt/stack/cinder/cinder/api/openstack/wsgi.py:878}}
Jun 02 17:08:13.368105 np0000001952 devstack@c-api.service[99239]: /opt/stack/data/venv/lib/python3.12/site-packages/oslo_context/context.py:102: DeprecationWarning: Policy enforcement is depending on the value of is_admin. This key is deprecated. Please update your policy file to use the standard policy values.
Jun 02 17:08:13.368105 np0000001952 devstack@c-api.service[99239]: warnings.warn(
Jun 02 17:08:13.373943 np0000001952 devstack@c-api.service[99237]: /opt/stack/data/venv/lib/python3.12/site-packages/oslo_context/context.py:102: DeprecationWarning: Policy enforcement is depending on the value of is_admin. This key is deprecated. Please update your policy file to use the standard policy values.
Jun 02 17:08:13.373943 np0000001952 devstack@c-api.service[99237]: warnings.warn(
Jun 02 17:08:13.374844 np0000001952 devstack@c-api.service[99239]: INFO cinder.volume.api [None req-5bc2daec-24d8-43f8-9fc2-64a97985cd7a tempest-VolumesListTestJSON-166491349 tempest-VolumesListTestJSON-166491349-project-member] Volume info retrieved successfully.
Jun 02 17:08:13.381271 np0000001952 devstack@c-api.service[99237]: INFO cinder.volume.api [None req-843d0432-afdb-4560-baab-50c11e18e9df tempest-VolumeQuotasAdminTestJSON-1969741373 tempest-VolumeQuotasAdminTestJSON-1969741373-project-member] Volume info retrieved successfully.
Jun 02 17:08:13.381457 np0000001952 devstack@c-api.service[99239]: INFO cinder.api.openstack.wsgi [None req-5bc2daec-24d8-43f8-9fc2-64a97985cd7a tempest-VolumesListTestJSON-166491349 tempest-VolumesListTestJSON-166491349-project-member] https://10.4.3.104/volume/v3/volumes/d0d0ba1a-f0dd-4f9f-99ac-30bd86342459 returned with HTTP 200
Jun 02 17:08:13.381820 np0000001952 devstack@c-api.service[99239]: [pid: 99239|app: 0|req: 73/218] 10.4.3.104 () {66 vars in 1348 bytes} [Tue Jun 2 17:08:13 2026] GET /volume/v3/volumes/d0d0ba1a-f0dd-4f9f-99ac-30bd86342459 => generated 831 bytes in 27 msecs (HTTP/1.1 200) 7 headers in 285 bytes (1 switches on core 0)
Jun 02 17:08:13.391304 np0000001952 devstack@c-api.service[99237]: INFO cinder.api.openstack.wsgi [None req-843d0432-afdb-4560-baab-50c11e18e9df tempest-VolumeQuotasAdminTestJSON-1969741373 tempest-VolumeQuotasAdminTestJSON-1969741373-project-member] https://10.4.3.104/volume/v3/volumes/b5dfc3e3-aa00-4776-a5df-051b33e98b6f returned with HTTP 200
Jun 02 17:08:13.392394 np0000001952 devstack@c-api.service[99237]: [pid: 99237|app: 0|req: 75/219] 10.4.3.104 () {66 vars in 1348 bytes} [Tue Jun 2 17:08:13 2026] GET /volume/v3/volumes/b5dfc3e3-aa00-4776-a5df-051b33e98b6f => generated 849 bytes in 35 msecs (HTTP/1.1 200) 7 headers in 285 bytes (2 switches on core 0)
Jun 02 17:08:13.413036 np0000001952 devstack@c-api.service[99238]: DEBUG cinder.api.middleware.request_id [None req-d81a422f-89c9-4252-9319-fbaea90d2a69 None None] RequestId filter calling following filter/app {{(pid=99238) _context_setter /opt/stack/cinder/cinder/api/middleware/request_id.py:62}}
Jun 02 17:08:13.415074 np0000001952 devstack@c-api.service[99238]: INFO cinder.api.openstack.wsgi [None req-d81a422f-89c9-4252-9319-fbaea90d2a69 tempest-VolumeQuotasAdminTestJSON-37378491 tempest-VolumeQuotasAdminTestJSON-37378491-project-admin] GET https://10.4.3.104/volume/v3/os-quota-sets/a1bc0d0e4f1d4faaa322b92129a7bf5a?usage=True
Jun 02 17:08:13.415445 np0000001952 devstack@c-api.service[99238]: DEBUG cinder.api.openstack.wsgi [None req-d81a422f-89c9-4252-9319-fbaea90d2a69 tempest-VolumeQuotasAdminTestJSON-37378491 tempest-VolumeQuotasAdminTestJSON-37378491-project-admin] Empty body provided in request {{(pid=99238) get_body /opt/stack/cinder/cinder/api/openstack/wsgi.py:725}}
Jun 02 17:08:13.415949 np0000001952 devstack@c-api.service[99238]: DEBUG cinder.api.openstack.wsgi [None req-d81a422f-89c9-4252-9319-fbaea90d2a69 tempest-VolumeQuotasAdminTestJSON-37378491 tempest-VolumeQuotasAdminTestJSON-37378491-project-admin] Calling method 'show' {{(pid=99238) _process_stack /opt/stack/cinder/cinder/api/openstack/wsgi.py:878}}
Jun 02 17:08:13.416930 np0000001952 devstack@c-api.service[99238]: /opt/stack/data/venv/lib/python3.12/site-packages/oslo_context/context.py:102: DeprecationWarning: Policy enforcement is depending on the value of is_admin. This key is deprecated. Please update your policy file to use the standard policy values.
Jun 02 17:08:13.416930 np0000001952 devstack@c-api.service[99238]: warnings.warn(
Jun 02 17:08:13.447257 np0000001952 devstack@c-api.service[99238]: INFO cinder.api.openstack.wsgi [None req-d81a422f-89c9-4252-9319-fbaea90d2a69 tempest-VolumeQuotasAdminTestJSON-37378491 tempest-VolumeQuotasAdminTestJSON-37378491-project-admin] https://10.4.3.104/volume/v3/os-quota-sets/a1bc0d0e4f1d4faaa322b92129a7bf5a?usage=True returned with HTTP 200
Jun 02 17:08:13.448370 np0000001952 devstack@c-api.service[99238]: [pid: 99238|app: 0|req: 72/220] 10.4.3.104 () {66 vars in 1375 bytes} [Tue Jun 2 17:08:13 2026] GET /volume/v3/os-quota-sets/a1bc0d0e4f1d4faaa322b92129a7bf5a?usage=True => generated 1061 bytes in 37 msecs (HTTP/1.1 200) 7 headers in 286 bytes (1 switches on core 0)
Jun 02 17:08:13.463675 np0000001952 devstack@c-api.service[99239]: DEBUG cinder.api.middleware.request_id [None req-fe923a6c-38e7-49eb-8d33-01afbe588e0e None None] RequestId filter calling following filter/app {{(pid=99239) _context_setter /opt/stack/cinder/cinder/api/middleware/request_id.py:62}}
Jun 02 17:08:13.466563 np0000001952 devstack@c-api.service[99239]: INFO cinder.api.openstack.wsgi [None req-fe923a6c-38e7-49eb-8d33-01afbe588e0e tempest-VolumeQuotasAdminTestJSON-37378491 tempest-VolumeQuotasAdminTestJSON-37378491-project-admin] GET https://10.4.3.104/volume/v3/os-quota-sets/70ad44babf7c40bf98618b91b168a3a7?usage=True
Jun 02 17:08:13.466750 np0000001952 devstack@c-api.service[99239]: DEBUG cinder.api.openstack.wsgi [None req-fe923a6c-38e7-49eb-8d33-01afbe588e0e tempest-VolumeQuotasAdminTestJSON-37378491 tempest-VolumeQuotasAdminTestJSON-37378491-project-admin] Empty body provided in request {{(pid=99239) get_body /opt/stack/cinder/cinder/api/openstack/wsgi.py:725}}
Jun 02 17:08:13.467220 np0000001952 devstack@c-api.service[99239]: DEBUG cinder.api.openstack.wsgi [None req-fe923a6c-38e7-49eb-8d33-01afbe588e0e tempest-VolumeQuotasAdminTestJSON-37378491 tempest-VolumeQuotasAdminTestJSON-37378491-project-admin] Calling method 'show' {{(pid=99239) _process_stack /opt/stack/cinder/cinder/api/openstack/wsgi.py:878}}
Jun 02 17:08:13.502538 np0000001952 devstack@c-api.service[99239]: INFO cinder.api.openstack.wsgi [None req-fe923a6c-38e7-49eb-8d33-01afbe588e0e tempest-VolumeQuotasAdminTestJSON-37378491 tempest-VolumeQuotasAdminTestJSON-37378491-project-admin] https://10.4.3.104/volume/v3/os-quota-sets/70ad44babf7c40bf98618b91b168a3a7?usage=True returned with HTTP 200
Jun 02 17:08:13.503045 np0000001952 devstack@c-api.service[99239]: [pid: 99239|app: 0|req: 74/221] 10.4.3.104 () {66 vars in 1375 bytes} [Tue Jun 2 17:08:13 2026] GET /volume/v3/os-quota-sets/70ad44babf7c40bf98618b91b168a3a7?usage=True => generated 1061 bytes in 41 msecs (HTTP/1.1 200) 7 headers in 286 bytes (1 switches on core 0)
Jun 02 17:08:13.518445 np0000001952 devstack@c-api.service[99237]: DEBUG cinder.api.middleware.request_id [None req-5f9e242a-796f-40bd-801b-1eca67097190 None None] RequestId filter calling following filter/app {{(pid=99237) _context_setter /opt/stack/cinder/cinder/api/middleware/request_id.py:62}}
Jun 02 17:08:13.520311 np0000001952 devstack@c-api.service[99237]: INFO cinder.api.openstack.wsgi [None req-5f9e242a-796f-40bd-801b-1eca67097190 tempest-VolumeQuotasAdminTestJSON-37378491 tempest-VolumeQuotasAdminTestJSON-37378491-project-admin] DELETE https://10.4.3.104/volume/v3/volumes/b5dfc3e3-aa00-4776-a5df-051b33e98b6f
Jun 02 17:08:13.520514 np0000001952 devstack@c-api.service[99237]: DEBUG cinder.api.openstack.wsgi [None req-5f9e242a-796f-40bd-801b-1eca67097190 tempest-VolumeQuotasAdminTestJSON-37378491 tempest-VolumeQuotasAdminTestJSON-37378491-project-admin] Empty body provided in request {{(pid=99237) get_body /opt/stack/cinder/cinder/api/openstack/wsgi.py:725}}
Jun 02 17:08:13.520752 np0000001952 devstack@c-api.service[99237]: DEBUG cinder.api.openstack.wsgi [None req-5f9e242a-796f-40bd-801b-1eca67097190 tempest-VolumeQuotasAdminTestJSON-37378491 tempest-VolumeQuotasAdminTestJSON-37378491-project-admin] Calling method 'delete' {{(pid=99237) _process_stack /opt/stack/cinder/cinder/api/openstack/wsgi.py:878}}
Jun 02 17:08:13.520993 np0000001952 devstack@c-api.service[99237]: INFO cinder.api.v3.volumes [None req-5f9e242a-796f-40bd-801b-1eca67097190 tempest-VolumeQuotasAdminTestJSON-37378491 tempest-VolumeQuotasAdminTestJSON-37378491-project-admin] Delete volume with id: b5dfc3e3-aa00-4776-a5df-051b33e98b6f
Jun 02 17:08:13.534109 np0000001952 devstack@c-api.service[99237]: /opt/stack/data/venv/lib/python3.12/site-packages/oslo_context/context.py:102: DeprecationWarning: Policy enforcement is depending on the value of is_admin. This key is deprecated. Please update your policy file to use the standard policy values.
Jun 02 17:08:13.534109 np0000001952 devstack@c-api.service[99237]: warnings.warn(
Jun 02 17:08:13.535015 np0000001952 devstack@c-api.service[99237]: INFO cinder.volume.api [None req-5f9e242a-796f-40bd-801b-1eca67097190 tempest-VolumeQuotasAdminTestJSON-37378491 tempest-VolumeQuotasAdminTestJSON-37378491-project-admin] Volume info retrieved successfully.
Jun 02 17:08:13.561453 np0000001952 devstack@c-api.service[99237]: INFO cinder.volume.api [None req-5f9e242a-796f-40bd-801b-1eca67097190 tempest-VolumeQuotasAdminTestJSON-37378491 tempest-VolumeQuotasAdminTestJSON-37378491-project-admin] Delete volume request issued successfully.
Jun 02 17:08:13.561681 np0000001952 devstack@c-api.service[99237]: INFO cinder.api.openstack.wsgi [None req-5f9e242a-796f-40bd-801b-1eca67097190 tempest-VolumeQuotasAdminTestJSON-37378491 tempest-VolumeQuotasAdminTestJSON-37378491-project-admin] https://10.4.3.104/volume/v3/volumes/b5dfc3e3-aa00-4776-a5df-051b33e98b6f returned with HTTP 202
Jun 02 17:08:13.562194 np0000001952 devstack@c-api.service[99237]: [pid: 99237|app: 0|req: 76/222] 10.4.3.104 () {66 vars in 1351 bytes} [Tue Jun 2 17:08:13 2026] DELETE /volume/v3/volumes/b5dfc3e3-aa00-4776-a5df-051b33e98b6f => generated 0 bytes in 44 msecs (HTTP/1.1 202) 6 headers in 233 bytes (1 switches on core 0)
Jun 02 17:08:13.584686 np0000001952 devstack@c-api.service[99238]: DEBUG cinder.api.middleware.request_id [None req-314421d6-9c2b-475b-a1a1-d81835d4713a None None] RequestId filter calling following filter/app {{(pid=99238) _context_setter /opt/stack/cinder/cinder/api/middleware/request_id.py:62}}
Jun 02 17:08:13.588818 np0000001952 devstack@c-api.service[99238]: INFO cinder.api.openstack.wsgi [None req-314421d6-9c2b-475b-a1a1-d81835d4713a tempest-VolumeQuotasAdminTestJSON-37378491 tempest-VolumeQuotasAdminTestJSON-37378491-project-admin] GET https://10.4.3.104/volume/v3/volumes/b5dfc3e3-aa00-4776-a5df-051b33e98b6f
Jun 02 17:08:13.588818 np0000001952 devstack@c-api.service[99238]: DEBUG cinder.api.openstack.wsgi [None req-314421d6-9c2b-475b-a1a1-d81835d4713a tempest-VolumeQuotasAdminTestJSON-37378491 tempest-VolumeQuotasAdminTestJSON-37378491-project-admin] Empty body provided in request {{(pid=99238) get_body /opt/stack/cinder/cinder/api/openstack/wsgi.py:725}}
Jun 02 17:08:13.588818 np0000001952 devstack@c-api.service[99238]: DEBUG cinder.api.openstack.wsgi [None req-314421d6-9c2b-475b-a1a1-d81835d4713a tempest-VolumeQuotasAdminTestJSON-37378491 tempest-VolumeQuotasAdminTestJSON-37378491-project-admin] Calling method 'show' {{(pid=99238) _process_stack /opt/stack/cinder/cinder/api/openstack/wsgi.py:878}}
Jun 02 17:08:13.613445 np0000001952 devstack@c-api.service[99238]: /opt/stack/data/venv/lib/python3.12/site-packages/oslo_context/context.py:102: DeprecationWarning: Policy enforcement is depending on the value of is_admin. This key is deprecated. Please update your policy file to use the standard policy values.
Jun 02 17:08:13.613445 np0000001952 devstack@c-api.service[99238]: warnings.warn(
Jun 02 17:08:13.633704 np0000001952 devstack@c-api.service[99238]: INFO cinder.volume.api [None req-314421d6-9c2b-475b-a1a1-d81835d4713a tempest-VolumeQuotasAdminTestJSON-37378491 tempest-VolumeQuotasAdminTestJSON-37378491-project-admin] Volume info retrieved successfully.
Jun 02 17:08:13.648422 np0000001952 devstack@c-api.service[99238]: INFO cinder.api.openstack.wsgi [None req-314421d6-9c2b-475b-a1a1-d81835d4713a tempest-VolumeQuotasAdminTestJSON-37378491 tempest-VolumeQuotasAdminTestJSON-37378491-project-admin] https://10.4.3.104/volume/v3/volumes/b5dfc3e3-aa00-4776-a5df-051b33e98b6f returned with HTTP 200
Jun 02 17:08:13.650054 np0000001952 devstack@c-api.service[99238]: [pid: 99238|app: 0|req: 73/223] 10.4.3.104 () {66 vars in 1348 bytes} [Tue Jun 2 17:08:13 2026] GET /volume/v3/volumes/b5dfc3e3-aa00-4776-a5df-051b33e98b6f => generated 1012 bytes in 71 msecs (HTTP/1.1 200) 7 headers in 286 bytes (1 switches on core 0)
Jun 02 17:08:14.399854 np0000001952 devstack@c-api.service[99239]: DEBUG cinder.api.middleware.request_id [None req-604687f2-6714-40b9-9d8f-7b360f3ddb1b None None] RequestId filter calling following filter/app {{(pid=99239) _context_setter /opt/stack/cinder/cinder/api/middleware/request_id.py:62}}
Jun 02 17:08:14.402416 np0000001952 devstack@c-api.service[99239]: INFO cinder.api.openstack.wsgi [None req-604687f2-6714-40b9-9d8f-7b360f3ddb1b tempest-VolumesListTestJSON-166491349 tempest-VolumesListTestJSON-166491349-project-member] GET https://10.4.3.104/volume/v3/volumes/d0d0ba1a-f0dd-4f9f-99ac-30bd86342459
Jun 02 17:08:14.402831 np0000001952 devstack@c-api.service[99239]: DEBUG cinder.api.openstack.wsgi [None req-604687f2-6714-40b9-9d8f-7b360f3ddb1b tempest-VolumesListTestJSON-166491349 tempest-VolumesListTestJSON-166491349-project-member] Empty body provided in request {{(pid=99239) get_body /opt/stack/cinder/cinder/api/openstack/wsgi.py:725}}
Jun 02 17:08:14.403014 np0000001952 devstack@c-api.service[99239]: DEBUG cinder.api.openstack.wsgi [None req-604687f2-6714-40b9-9d8f-7b360f3ddb1b tempest-VolumesListTestJSON-166491349 tempest-VolumesListTestJSON-166491349-project-member] Calling method 'show' {{(pid=99239) _process_stack /opt/stack/cinder/cinder/api/openstack/wsgi.py:878}}
Jun 02 17:08:14.418521 np0000001952 devstack@c-api.service[99239]: /opt/stack/data/venv/lib/python3.12/site-packages/oslo_context/context.py:102: DeprecationWarning: Policy enforcement is depending on the value of is_admin. This key is deprecated. Please update your policy file to use the standard policy values.
Jun 02 17:08:14.418521 np0000001952 devstack@c-api.service[99239]: warnings.warn(
Jun 02 17:08:14.427983 np0000001952 devstack@c-api.service[99239]: INFO cinder.volume.api [None req-604687f2-6714-40b9-9d8f-7b360f3ddb1b tempest-VolumesListTestJSON-166491349 tempest-VolumesListTestJSON-166491349-project-member] Volume info retrieved successfully.
Jun 02 17:08:14.439863 np0000001952 devstack@c-api.service[99239]: INFO cinder.api.openstack.wsgi [None req-604687f2-6714-40b9-9d8f-7b360f3ddb1b tempest-VolumesListTestJSON-166491349 tempest-VolumesListTestJSON-166491349-project-member] https://10.4.3.104/volume/v3/volumes/d0d0ba1a-f0dd-4f9f-99ac-30bd86342459 returned with HTTP 200
Jun 02 17:08:14.440444 np0000001952 devstack@c-api.service[99239]: [pid: 99239|app: 0|req: 75/224] 10.4.3.104 () {66 vars in 1348 bytes} [Tue Jun 2 17:08:14 2026] GET /volume/v3/volumes/d0d0ba1a-f0dd-4f9f-99ac-30bd86342459 => generated 856 bytes in 41 msecs (HTTP/1.1 200) 7 headers in 285 bytes (2 switches on core 0)
Jun 02 17:08:14.457232 np0000001952 devstack@c-api.service[99237]: DEBUG cinder.api.middleware.request_id [None req-d61b59b7-88f4-4115-bf22-d9b216555c2e None None] RequestId filter calling following filter/app {{(pid=99237) _context_setter /opt/stack/cinder/cinder/api/middleware/request_id.py:62}}
Jun 02 17:08:14.458710 np0000001952 devstack@c-api.service[99237]: INFO cinder.api.openstack.wsgi [None req-d61b59b7-88f4-4115-bf22-d9b216555c2e tempest-VolumesListTestJSON-166491349 tempest-VolumesListTestJSON-166491349-project-member] GET https://10.4.3.104/volume/v3/volumes/d0d0ba1a-f0dd-4f9f-99ac-30bd86342459
Jun 02 17:08:14.459045 np0000001952 devstack@c-api.service[99237]: DEBUG cinder.api.openstack.wsgi [None req-d61b59b7-88f4-4115-bf22-d9b216555c2e tempest-VolumesListTestJSON-166491349 tempest-VolumesListTestJSON-166491349-project-member] Empty body provided in request {{(pid=99237) get_body /opt/stack/cinder/cinder/api/openstack/wsgi.py:725}}
Jun 02 17:08:14.459349 np0000001952 devstack@c-api.service[99237]: DEBUG cinder.api.openstack.wsgi [None req-d61b59b7-88f4-4115-bf22-d9b216555c2e tempest-VolumesListTestJSON-166491349 tempest-VolumesListTestJSON-166491349-project-member] Calling method 'show' {{(pid=99237) _process_stack /opt/stack/cinder/cinder/api/openstack/wsgi.py:878}}
Jun 02 17:08:14.472645 np0000001952 devstack@c-api.service[99237]: /opt/stack/data/venv/lib/python3.12/site-packages/oslo_context/context.py:102: DeprecationWarning: Policy enforcement is depending on the value of is_admin. This key is deprecated. Please update your policy file to use the standard policy values.
Jun 02 17:08:14.472645 np0000001952 devstack@c-api.service[99237]: warnings.warn(
Jun 02 17:08:14.482770 np0000001952 devstack@c-api.service[99237]: INFO cinder.volume.api [None req-d61b59b7-88f4-4115-bf22-d9b216555c2e tempest-VolumesListTestJSON-166491349 tempest-VolumesListTestJSON-166491349-project-member] Volume info retrieved successfully.
Jun 02 17:08:14.491523 np0000001952 devstack@c-api.service[99237]: INFO cinder.api.openstack.wsgi [None req-d61b59b7-88f4-4115-bf22-d9b216555c2e tempest-VolumesListTestJSON-166491349 tempest-VolumesListTestJSON-166491349-project-member] https://10.4.3.104/volume/v3/volumes/d0d0ba1a-f0dd-4f9f-99ac-30bd86342459 returned with HTTP 200
Jun 02 17:08:14.492217 np0000001952 devstack@c-api.service[99237]: [pid: 99237|app: 0|req: 77/225] 10.4.3.104 () {66 vars in 1348 bytes} [Tue Jun 2 17:08:14 2026] GET /volume/v3/volumes/d0d0ba1a-f0dd-4f9f-99ac-30bd86342459 => generated 856 bytes in 36 msecs (HTTP/1.1 200) 7 headers in 285 bytes (1 switches on core 0)
Jun 02 17:08:14.510168 np0000001952 devstack@c-api.service[99238]: DEBUG cinder.api.middleware.request_id [None req-f2028a38-818f-48f3-be0b-4c0ceeb8a287 None None] RequestId filter calling following filter/app {{(pid=99238) _context_setter /opt/stack/cinder/cinder/api/middleware/request_id.py:62}}
Jun 02 17:08:14.512452 np0000001952 devstack@c-api.service[99238]: INFO cinder.api.openstack.wsgi [None req-f2028a38-818f-48f3-be0b-4c0ceeb8a287 tempest-VolumesListTestJSON-166491349 tempest-VolumesListTestJSON-166491349-project-member] GET https://10.4.3.104/volume/v3/volumes
Jun 02 17:08:14.512644 np0000001952 devstack@c-api.service[99238]: DEBUG cinder.api.openstack.wsgi [None req-f2028a38-818f-48f3-be0b-4c0ceeb8a287 tempest-VolumesListTestJSON-166491349 tempest-VolumesListTestJSON-166491349-project-member] Empty body provided in request {{(pid=99238) get_body /opt/stack/cinder/cinder/api/openstack/wsgi.py:725}}
Jun 02 17:08:14.512859 np0000001952 devstack@c-api.service[99238]: DEBUG cinder.api.openstack.wsgi [None req-f2028a38-818f-48f3-be0b-4c0ceeb8a287 tempest-VolumesListTestJSON-166491349 tempest-VolumesListTestJSON-166491349-project-member] Calling method 'index' {{(pid=99238) _process_stack /opt/stack/cinder/cinder/api/openstack/wsgi.py:878}}
Jun 02 17:08:14.513216 np0000001952 devstack@c-api.service[99238]: DEBUG cinder.api.api_utils [None req-f2028a38-818f-48f3-be0b-4c0ceeb8a287 tempest-VolumesListTestJSON-166491349 tempest-VolumesListTestJSON-166491349-project-member] Removing options '' from query. {{(pid=99238) remove_invalid_filter_options /opt/stack/cinder/cinder/api/api_utils.py:82}}
Jun 02 17:08:14.514029 np0000001952 devstack@c-api.service[99238]: DEBUG cinder.volume.api [None req-f2028a38-818f-48f3-be0b-4c0ceeb8a287 tempest-VolumesListTestJSON-166491349 tempest-VolumesListTestJSON-166491349-project-member] Searching by: MultiDict([('no_migration_targets', True)]). {{(pid=99238) get_all /opt/stack/cinder/cinder/volume/api.py:663}}
Jun 02 17:08:14.552438 np0000001952 devstack@c-api.service[99238]: INFO cinder.volume.api [None req-f2028a38-818f-48f3-be0b-4c0ceeb8a287 tempest-VolumesListTestJSON-166491349 tempest-VolumesListTestJSON-166491349-project-member] Get all volumes completed successfully.
Jun 02 17:08:14.553255 np0000001952 devstack@c-api.service[99238]: INFO cinder.api.openstack.wsgi [None req-f2028a38-818f-48f3-be0b-4c0ceeb8a287 tempest-VolumesListTestJSON-166491349 tempest-VolumesListTestJSON-166491349-project-member] https://10.4.3.104/volume/v3/volumes returned with HTTP 200
Jun 02 17:08:14.553765 np0000001952 devstack@c-api.service[99238]: [pid: 99238|app: 0|req: 74/226] 10.4.3.104 () {66 vars in 1237 bytes} [Tue Jun 2 17:08:14 2026] GET /volume/v3/volumes => generated 973 bytes in 45 msecs (HTTP/1.1 200) 7 headers in 285 bytes (1 switches on core 0)
Jun 02 17:08:14.571560 np0000001952 devstack@c-api.service[99239]: DEBUG cinder.api.middleware.request_id [None req-b56268bd-31e5-4fd4-a3ae-2c5b6fe850d0 None None] RequestId filter calling following filter/app {{(pid=99239) _context_setter /opt/stack/cinder/cinder/api/middleware/request_id.py:62}}
Jun 02 17:08:14.575212 np0000001952 devstack@c-api.service[99239]: INFO cinder.api.openstack.wsgi [None req-b56268bd-31e5-4fd4-a3ae-2c5b6fe850d0 tempest-VolumesListTestJSON-166491349 tempest-VolumesListTestJSON-166491349-project-member] GET https://10.4.3.104/volume/v3/volumes?name=tempest-VolumesListTestJSON-Volume-821144807
Jun 02 17:08:14.575593 np0000001952 devstack@c-api.service[99239]: DEBUG cinder.api.openstack.wsgi [None req-b56268bd-31e5-4fd4-a3ae-2c5b6fe850d0 tempest-VolumesListTestJSON-166491349 tempest-VolumesListTestJSON-166491349-project-member] Empty body provided in request {{(pid=99239) get_body /opt/stack/cinder/cinder/api/openstack/wsgi.py:725}}
Jun 02 17:08:14.575976 np0000001952 devstack@c-api.service[99239]: DEBUG cinder.api.openstack.wsgi [None req-b56268bd-31e5-4fd4-a3ae-2c5b6fe850d0 tempest-VolumesListTestJSON-166491349 tempest-VolumesListTestJSON-166491349-project-member] Calling method 'index' {{(pid=99239) _process_stack /opt/stack/cinder/cinder/api/openstack/wsgi.py:878}}
Jun 02 17:08:14.576466 np0000001952 devstack@c-api.service[99239]: DEBUG cinder.api.api_utils [None req-b56268bd-31e5-4fd4-a3ae-2c5b6fe850d0 tempest-VolumesListTestJSON-166491349 tempest-VolumesListTestJSON-166491349-project-member] Removing options '' from query. {{(pid=99239) remove_invalid_filter_options /opt/stack/cinder/cinder/api/api_utils.py:82}}
Jun 02 17:08:14.578127 np0000001952 devstack@c-api.service[99239]: DEBUG cinder.volume.api [None req-b56268bd-31e5-4fd4-a3ae-2c5b6fe850d0 tempest-VolumesListTestJSON-166491349 tempest-VolumesListTestJSON-166491349-project-member] Searching by: MultiDict([('display_name', 'tempest-VolumesListTestJSON-Volume-821144807'), ('no_migration_targets', True)]). {{(pid=99239) get_all /opt/stack/cinder/cinder/volume/api.py:663}}
Jun 02 17:08:14.618251 np0000001952 devstack@c-api.service[99239]: INFO cinder.volume.api [None req-b56268bd-31e5-4fd4-a3ae-2c5b6fe850d0 tempest-VolumesListTestJSON-166491349 tempest-VolumesListTestJSON-166491349-project-member] Get all volumes completed successfully.
Jun 02 17:08:14.618931 np0000001952 devstack@c-api.service[99239]: INFO cinder.api.openstack.wsgi [None req-b56268bd-31e5-4fd4-a3ae-2c5b6fe850d0 tempest-VolumesListTestJSON-166491349 tempest-VolumesListTestJSON-166491349-project-member] https://10.4.3.104/volume/v3/volumes?name=tempest-VolumesListTestJSON-Volume-821144807 returned with HTTP 200
Jun 02 17:08:14.619337 np0000001952 devstack@c-api.service[99239]: [pid: 99239|app: 0|req: 76/227] 10.4.3.104 () {66 vars in 1336 bytes} [Tue Jun 2 17:08:14 2026] GET /volume/v3/volumes?name=tempest-VolumesListTestJSON-Volume-821144807 => generated 333 bytes in 48 msecs (HTTP/1.1 200) 7 headers in 285 bytes (1 switches on core 0)
Jun 02 17:08:14.634392 np0000001952 devstack@c-api.service[99237]: DEBUG cinder.api.middleware.request_id [None req-f2919d1f-861b-4794-a46e-b567e51cddc2 None None] RequestId filter calling following filter/app {{(pid=99237) _context_setter /opt/stack/cinder/cinder/api/middleware/request_id.py:62}}
Jun 02 17:08:14.636506 np0000001952 devstack@c-api.service[99237]: INFO cinder.api.openstack.wsgi [None req-f2919d1f-861b-4794-a46e-b567e51cddc2 tempest-VolumesListTestJSON-166491349 tempest-VolumesListTestJSON-166491349-project-member] GET https://10.4.3.104/volume/v3/volumes/detail?name=tempest-VolumesListTestJSON-Volume-840422083
Jun 02 17:08:14.636506 np0000001952 devstack@c-api.service[99237]: DEBUG cinder.api.openstack.wsgi [None req-f2919d1f-861b-4794-a46e-b567e51cddc2 tempest-VolumesListTestJSON-166491349 tempest-VolumesListTestJSON-166491349-project-member] Empty body provided in request {{(pid=99237) get_body /opt/stack/cinder/cinder/api/openstack/wsgi.py:725}}
Jun 02 17:08:14.636655 np0000001952 devstack@c-api.service[99237]: DEBUG cinder.api.openstack.wsgi [None req-f2919d1f-861b-4794-a46e-b567e51cddc2 tempest-VolumesListTestJSON-166491349 tempest-VolumesListTestJSON-166491349-project-member] Calling method 'detail' {{(pid=99237) _process_stack /opt/stack/cinder/cinder/api/openstack/wsgi.py:878}}
Jun 02 17:08:14.637068 np0000001952 devstack@c-api.service[99237]: DEBUG cinder.api.api_utils [None req-f2919d1f-861b-4794-a46e-b567e51cddc2 tempest-VolumesListTestJSON-166491349 tempest-VolumesListTestJSON-166491349-project-member] Removing options '' from query. {{(pid=99237) remove_invalid_filter_options /opt/stack/cinder/cinder/api/api_utils.py:82}}
Jun 02 17:08:14.638313 np0000001952 devstack@c-api.service[99237]: DEBUG cinder.volume.api [None req-f2919d1f-861b-4794-a46e-b567e51cddc2 tempest-VolumesListTestJSON-166491349 tempest-VolumesListTestJSON-166491349-project-member] Searching by: MultiDict([('display_name', 'tempest-VolumesListTestJSON-Volume-840422083'), ('no_migration_targets', True)]). {{(pid=99237) get_all /opt/stack/cinder/cinder/volume/api.py:663}}
Jun 02 17:08:14.669231 np0000001952 devstack@c-api.service[99238]: DEBUG cinder.api.middleware.request_id [None req-9c9cc521-9613-4fb6-93c2-2aab5e203b71 None None] RequestId filter calling following filter/app {{(pid=99238) _context_setter /opt/stack/cinder/cinder/api/middleware/request_id.py:62}}
Jun 02 17:08:14.676376 np0000001952 devstack@c-api.service[99238]: INFO cinder.api.openstack.wsgi [None req-9c9cc521-9613-4fb6-93c2-2aab5e203b71 tempest-VolumeQuotasAdminTestJSON-37378491 tempest-VolumeQuotasAdminTestJSON-37378491-project-admin] GET https://10.4.3.104/volume/v3/volumes/b5dfc3e3-aa00-4776-a5df-051b33e98b6f
Jun 02 17:08:14.676376 np0000001952 devstack@c-api.service[99238]: DEBUG cinder.api.openstack.wsgi [None req-9c9cc521-9613-4fb6-93c2-2aab5e203b71 tempest-VolumeQuotasAdminTestJSON-37378491 tempest-VolumeQuotasAdminTestJSON-37378491-project-admin] Empty body provided in request {{(pid=99238) get_body /opt/stack/cinder/cinder/api/openstack/wsgi.py:725}}
Jun 02 17:08:14.676376 np0000001952 devstack@c-api.service[99238]: DEBUG cinder.api.openstack.wsgi [None req-9c9cc521-9613-4fb6-93c2-2aab5e203b71 tempest-VolumeQuotasAdminTestJSON-37378491 tempest-VolumeQuotasAdminTestJSON-37378491-project-admin] Calling method 'show' {{(pid=99238) _process_stack /opt/stack/cinder/cinder/api/openstack/wsgi.py:878}}
Jun 02 17:08:14.680124 np0000001952 devstack@c-api.service[99237]: INFO cinder.volume.api [None req-f2919d1f-861b-4794-a46e-b567e51cddc2 tempest-VolumesListTestJSON-166491349 tempest-VolumesListTestJSON-166491349-project-member] Get all volumes completed successfully.
Jun 02 17:08:14.681010 np0000001952 devstack@c-api.service[99237]: /opt/stack/data/venv/lib/python3.12/site-packages/oslo_context/context.py:102: DeprecationWarning: Policy enforcement is depending on the value of is_admin. This key is deprecated. Please update your policy file to use the standard policy values.
Jun 02 17:08:14.681010 np0000001952 devstack@c-api.service[99237]: warnings.warn(
Jun 02 17:08:14.685644 np0000001952 devstack@c-api.service[99238]: INFO cinder.api.openstack.wsgi [None req-9c9cc521-9613-4fb6-93c2-2aab5e203b71 tempest-VolumeQuotasAdminTestJSON-37378491 tempest-VolumeQuotasAdminTestJSON-37378491-project-admin] https://10.4.3.104/volume/v3/volumes/b5dfc3e3-aa00-4776-a5df-051b33e98b6f returned with HTTP 404
Jun 02 17:08:14.686340 np0000001952 devstack@c-api.service[99238]: [pid: 99238|app: 0|req: 75/228] 10.4.3.104 () {66 vars in 1348 bytes} [Tue Jun 2 17:08:14 2026] GET /volume/v3/volumes/b5dfc3e3-aa00-4776-a5df-051b33e98b6f => generated 109 bytes in 18 msecs (HTTP/1.1 404) 7 headers in 292 bytes (1 switches on core 0)
Jun 02 17:08:14.689232 np0000001952 devstack@c-api.service[99237]: INFO cinder.api.openstack.wsgi [None req-f2919d1f-861b-4794-a46e-b567e51cddc2 tempest-VolumesListTestJSON-166491349 tempest-VolumesListTestJSON-166491349-project-member] https://10.4.3.104/volume/v3/volumes/detail?name=tempest-VolumesListTestJSON-Volume-840422083 returned with HTTP 200
Jun 02 17:08:14.689769 np0000001952 devstack@c-api.service[99237]: [pid: 99237|app: 0|req: 78/229] 10.4.3.104 () {66 vars in 1357 bytes} [Tue Jun 2 17:08:14 2026] GET /volume/v3/volumes/detail?name=tempest-VolumesListTestJSON-Volume-840422083 => generated 859 bytes in 56 msecs (HTTP/1.1 200) 7 headers in 285 bytes (2 switches on core 0)
Jun 02 17:08:14.698351 np0000001952 devstack@c-api.service[99239]: DEBUG cinder.api.middleware.request_id [None req-88f06852-fbea-45fe-93b1-9fc0c091369c None None] RequestId filter calling following filter/app {{(pid=99239) _context_setter /opt/stack/cinder/cinder/api/middleware/request_id.py:62}}
Jun 02 17:08:14.702098 np0000001952 devstack@c-api.service[99239]: INFO cinder.api.openstack.wsgi [None req-88f06852-fbea-45fe-93b1-9fc0c091369c tempest-VolumeQuotasAdminTestJSON-1808444233 tempest-VolumeQuotasAdminTestJSON-1808444233-project-member] GET https://10.4.3.104/volume/v3/volumes/b5dfc3e3-aa00-4776-a5df-051b33e98b6f
Jun 02 17:08:14.702419 np0000001952 devstack@c-api.service[99239]: DEBUG cinder.api.openstack.wsgi [None req-88f06852-fbea-45fe-93b1-9fc0c091369c tempest-VolumeQuotasAdminTestJSON-1808444233 tempest-VolumeQuotasAdminTestJSON-1808444233-project-member] Empty body provided in request {{(pid=99239) get_body /opt/stack/cinder/cinder/api/openstack/wsgi.py:725}}
Jun 02 17:08:14.702724 np0000001952 devstack@c-api.service[99239]: DEBUG cinder.api.openstack.wsgi [None req-88f06852-fbea-45fe-93b1-9fc0c091369c tempest-VolumeQuotasAdminTestJSON-1808444233 tempest-VolumeQuotasAdminTestJSON-1808444233-project-member] Calling method 'show' {{(pid=99239) _process_stack /opt/stack/cinder/cinder/api/openstack/wsgi.py:878}}
Jun 02 17:08:14.713625 np0000001952 devstack@c-api.service[99238]: DEBUG cinder.api.middleware.request_id [None req-b390f4dc-3859-44d7-acee-cc23580eca8e None None] RequestId filter calling following filter/app {{(pid=99238) _context_setter /opt/stack/cinder/cinder/api/middleware/request_id.py:62}}
Jun 02 17:08:14.714513 np0000001952 devstack@c-api.service[99239]: INFO cinder.api.openstack.wsgi [None req-88f06852-fbea-45fe-93b1-9fc0c091369c tempest-VolumeQuotasAdminTestJSON-1808444233 tempest-VolumeQuotasAdminTestJSON-1808444233-project-member] https://10.4.3.104/volume/v3/volumes/b5dfc3e3-aa00-4776-a5df-051b33e98b6f returned with HTTP 404
Jun 02 17:08:14.715491 np0000001952 devstack@c-api.service[99239]: [pid: 99239|app: 0|req: 77/230] 10.4.3.104 () {66 vars in 1348 bytes} [Tue Jun 2 17:08:14 2026] GET /volume/v3/volumes/b5dfc3e3-aa00-4776-a5df-051b33e98b6f => generated 109 bytes in 18 msecs (HTTP/1.1 404) 7 headers in 292 bytes (1 switches on core 0)
Jun 02 17:08:14.717400 np0000001952 devstack@c-api.service[99238]: INFO cinder.api.openstack.wsgi [None req-b390f4dc-3859-44d7-acee-cc23580eca8e tempest-VolumesListTestJSON-166491349 tempest-VolumesListTestJSON-166491349-project-member] GET https://10.4.3.104/volume/v3/volumes/detail?limit=1
Jun 02 17:08:14.718693 np0000001952 devstack@c-api.service[99238]: DEBUG cinder.api.openstack.wsgi [None req-b390f4dc-3859-44d7-acee-cc23580eca8e tempest-VolumesListTestJSON-166491349 tempest-VolumesListTestJSON-166491349-project-member] Empty body provided in request {{(pid=99238) get_body /opt/stack/cinder/cinder/api/openstack/wsgi.py:725}}
