Jun 02 17:04:22.708174 np0000001952 nova-scheduler[95668]: DEBUG cotyledon.oslo_config_glue [-] oslo_limit.connect_retry_delay = None {{(pid=95668) log_opt_values /opt/stack/data/venv/lib/python3.12/site-packages/oslo_config/cfg.py:3256}}
Jun 02 17:04:22.708174 np0000001952 nova-scheduler[95668]: DEBUG cotyledon.oslo_config_glue [-] oslo_limit.endpoint_id = None {{(pid=95668) log_opt_values /opt/stack/data/venv/lib/python3.12/site-packages/oslo_config/cfg.py:3256}}
Jun 02 17:04:22.708174 np0000001952 nova-scheduler[95668]: DEBUG cotyledon.oslo_config_glue [-] oslo_limit.endpoint_interface = public {{(pid=95668) log_opt_values /opt/stack/data/venv/lib/python3.12/site-packages/oslo_config/cfg.py:3256}}
Jun 02 17:04:22.708174 np0000001952 nova-scheduler[95668]: DEBUG cotyledon.oslo_config_glue [-] oslo_limit.endpoint_override = None {{(pid=95668) log_opt_values /opt/stack/data/venv/lib/python3.12/site-packages/oslo_config/cfg.py:3256}}
Jun 02 17:04:22.708174 np0000001952 nova-scheduler[95668]: DEBUG cotyledon.oslo_config_glue [-] oslo_limit.endpoint_region_name = None {{(pid=95668) log_opt_values /opt/stack/data/venv/lib/python3.12/site-packages/oslo_config/cfg.py:3256}}
Jun 02 17:04:22.708174 np0000001952 nova-scheduler[95668]: DEBUG cotyledon.oslo_config_glue [-] oslo_limit.endpoint_service_name = None {{(pid=95668) log_opt_values /opt/stack/data/venv/lib/python3.12/site-packages/oslo_config/cfg.py:3256}}
Jun 02 17:04:22.708539 np0000001952 nova-scheduler[95668]: DEBUG cotyledon.oslo_config_glue [-] oslo_limit.endpoint_service_type = None {{(pid=95668) log_opt_values /opt/stack/data/venv/lib/python3.12/site-packages/oslo_config/cfg.py:3256}}
Jun 02 17:04:22.708539 np0000001952 nova-scheduler[95668]: DEBUG cotyledon.oslo_config_glue [-] oslo_limit.insecure = False {{(pid=95668) log_opt_values /opt/stack/data/venv/lib/python3.12/site-packages/oslo_config/cfg.py:3256}}
Jun 02 17:04:22.708539 np0000001952 nova-scheduler[95668]: DEBUG cotyledon.oslo_config_glue [-] oslo_limit.keyfile = None {{(pid=95668) log_opt_values /opt/stack/data/venv/lib/python3.12/site-packages/oslo_config/cfg.py:3256}}
Jun 02 17:04:22.708539 np0000001952 nova-scheduler[95668]: DEBUG cotyledon.oslo_config_glue [-] oslo_limit.max_version = None {{(pid=95668) log_opt_values /opt/stack/data/venv/lib/python3.12/site-packages/oslo_config/cfg.py:3256}}
Jun 02 17:04:22.708539 np0000001952 nova-scheduler[95668]: DEBUG cotyledon.oslo_config_glue [-] oslo_limit.min_version = None {{(pid=95668) log_opt_values /opt/stack/data/venv/lib/python3.12/site-packages/oslo_config/cfg.py:3256}}
Jun 02 17:04:22.708539 np0000001952 nova-scheduler[95668]: DEBUG cotyledon.oslo_config_glue [-] oslo_limit.region_name = None {{(pid=95668) log_opt_values /opt/stack/data/venv/lib/python3.12/site-packages/oslo_config/cfg.py:3256}}
Jun 02 17:04:22.708539 np0000001952 nova-scheduler[95668]: DEBUG cotyledon.oslo_config_glue [-] oslo_limit.retriable_status_codes = None {{(pid=95668) log_opt_values /opt/stack/data/venv/lib/python3.12/site-packages/oslo_config/cfg.py:3256}}
Jun 02 17:04:22.708539 np0000001952 nova-scheduler[95668]: DEBUG cotyledon.oslo_config_glue [-] oslo_limit.service_name = None {{(pid=95668) log_opt_values /opt/stack/data/venv/lib/python3.12/site-packages/oslo_config/cfg.py:3256}}
Jun 02 17:04:22.708539 np0000001952 nova-scheduler[95668]: DEBUG cotyledon.oslo_config_glue [-] oslo_limit.service_type = None {{(pid=95668) log_opt_values /opt/stack/data/venv/lib/python3.12/site-packages/oslo_config/cfg.py:3256}}
Jun 02 17:04:22.708861 np0000001952 nova-scheduler[95668]: DEBUG cotyledon.oslo_config_glue [-] oslo_limit.split_loggers = False {{(pid=95668) log_opt_values /opt/stack/data/venv/lib/python3.12/site-packages/oslo_config/cfg.py:3256}}
Jun 02 17:04:22.708861 np0000001952 nova-scheduler[95668]: DEBUG cotyledon.oslo_config_glue [-] oslo_limit.status_code_retries = None {{(pid=95668) log_opt_values /opt/stack/data/venv/lib/python3.12/site-packages/oslo_config/cfg.py:3256}}
Jun 02 17:04:22.708861 np0000001952 nova-scheduler[95668]: DEBUG cotyledon.oslo_config_glue [-] oslo_limit.status_code_retry_delay = None {{(pid=95668) log_opt_values /opt/stack/data/venv/lib/python3.12/site-packages/oslo_config/cfg.py:3256}}
Jun 02 17:04:22.708861 np0000001952 nova-scheduler[95668]: DEBUG cotyledon.oslo_config_glue [-] oslo_limit.timeout = None {{(pid=95668) log_opt_values /opt/stack/data/venv/lib/python3.12/site-packages/oslo_config/cfg.py:3256}}
Jun 02 17:04:22.708861 np0000001952 nova-scheduler[95668]: DEBUG cotyledon.oslo_config_glue [-] oslo_limit.valid_interfaces = None {{(pid=95668) log_opt_values /opt/stack/data/venv/lib/python3.12/site-packages/oslo_config/cfg.py:3256}}
Jun 02 17:04:22.708861 np0000001952 nova-scheduler[95668]: DEBUG cotyledon.oslo_config_glue [-] oslo_limit.version = None {{(pid=95668) log_opt_values /opt/stack/data/venv/lib/python3.12/site-packages/oslo_config/cfg.py:3256}}
Jun 02 17:04:22.708861 np0000001952 nova-scheduler[95668]: DEBUG cotyledon.oslo_config_glue [-] oslo_reports.file_event_handler = None {{(pid=95668) log_opt_values /opt/stack/data/venv/lib/python3.12/site-packages/oslo_config/cfg.py:3256}}
Jun 02 17:04:22.708861 np0000001952 nova-scheduler[95668]: DEBUG cotyledon.oslo_config_glue [-] oslo_reports.file_event_handler_interval = 1 {{(pid=95668) log_opt_values /opt/stack/data/venv/lib/python3.12/site-packages/oslo_config/cfg.py:3256}}
Jun 02 17:04:22.708861 np0000001952 nova-scheduler[95668]: DEBUG cotyledon.oslo_config_glue [-] oslo_reports.log_dir = None {{(pid=95668) log_opt_values /opt/stack/data/venv/lib/python3.12/site-packages/oslo_config/cfg.py:3256}}
Jun 02 17:04:22.709164 np0000001952 nova-scheduler[95668]: DEBUG cotyledon.oslo_config_glue [-] ******************************************************************************** {{(pid=95668) log_opt_values /opt/stack/data/venv/lib/python3.12/site-packages/oslo_config/cfg.py:3263}}
Jun 02 17:04:22.709164 np0000001952 nova-scheduler[95668]: DEBUG cotyledon._service_worker [-] Run service ServiceWrapper(2) [95668] {{(pid=95668) wait_forever /opt/stack/data/venv/lib/python3.12/site-packages/cotyledon/_service_worker.py:218}}
Jun 02 17:04:22.709164 np0000001952 nova-scheduler[95668]: INFO nova.service [-] Starting scheduler node (version 33.1.0)
Jun 02 17:04:22.712838 np0000001952 nova-scheduler[95668]: INFO dbcounter [None req-86fa79d8-85b2-42e1-8616-1c201c8c2ec7 None None] Registered counter for database nova_cell0
Jun 02 17:04:22.723861 np0000001952 nova-scheduler[95664]: DEBUG oslo_db.sqlalchemy.engines [None req-d4334416-78a2-4b44-af76-620609a83ee6 None None] MySQL server mode set to STRICT_TRANS_TABLES,STRICT_ALL_TABLES,NO_ZERO_IN_DATE,NO_ZERO_DATE,ERROR_FOR_DIVISION_BY_ZERO,TRADITIONAL,NO_ENGINE_SUBSTITUTION {{(pid=95664) _check_effective_sql_mode /opt/stack/data/venv/lib/python3.12/site-packages/oslo_db/sqlalchemy/engines.py:325}}
Jun 02 17:04:22.735099 np0000001952 nova-scheduler[95664]: DEBUG dbcounter [-] [95664] Writer thread running {{(pid=95664) stat_writer /opt/stack/data/venv/lib/python3.12/site-packages/dbcounter.py:102}}
Jun 02 17:04:22.744313 np0000001952 nova-scheduler[95666]: DEBUG oslo_db.sqlalchemy.engines [None req-96a59a87-17d3-4ae9-991f-d024b326d9c9 None None] MySQL server mode set to STRICT_TRANS_TABLES,STRICT_ALL_TABLES,NO_ZERO_IN_DATE,NO_ZERO_DATE,ERROR_FOR_DIVISION_BY_ZERO,TRADITIONAL,NO_ENGINE_SUBSTITUTION {{(pid=95666) _check_effective_sql_mode /opt/stack/data/venv/lib/python3.12/site-packages/oslo_db/sqlalchemy/engines.py:325}}
Jun 02 17:04:22.751212 np0000001952 nova-scheduler[95664]: DEBUG nova.service [None req-d4334416-78a2-4b44-af76-620609a83ee6 None None] Creating RPC server for service: nova-scheduler on topic: scheduler {{(pid=95664) start /opt/stack/nova/nova/service.py:195}}
Jun 02 17:04:22.758610 np0000001952 nova-scheduler[95666]: DEBUG dbcounter [-] [95666] Writer thread running {{(pid=95666) stat_writer /opt/stack/data/venv/lib/python3.12/site-packages/dbcounter.py:102}}
Jun 02 17:04:22.764567 np0000001952 nova-scheduler[95666]: DEBUG nova.service [None req-96a59a87-17d3-4ae9-991f-d024b326d9c9 None None] Creating RPC server for service: nova-scheduler on topic: scheduler {{(pid=95666) start /opt/stack/nova/nova/service.py:195}}
Jun 02 17:04:22.769838 np0000001952 nova-scheduler[95668]: DEBUG oslo_db.sqlalchemy.engines [None req-86fa79d8-85b2-42e1-8616-1c201c8c2ec7 None None] MySQL server mode set to STRICT_TRANS_TABLES,STRICT_ALL_TABLES,NO_ZERO_IN_DATE,NO_ZERO_DATE,ERROR_FOR_DIVISION_BY_ZERO,TRADITIONAL,NO_ENGINE_SUBSTITUTION {{(pid=95668) _check_effective_sql_mode /opt/stack/data/venv/lib/python3.12/site-packages/oslo_db/sqlalchemy/engines.py:325}}
Jun 02 17:04:22.780434 np0000001952 nova-scheduler[95664]: DEBUG nova.service [None req-d4334416-78a2-4b44-af76-620609a83ee6 None None] Join ServiceGroup membership for this service scheduler {{(pid=95664) start /opt/stack/nova/nova/service.py:221}}
Jun 02 17:04:22.780582 np0000001952 nova-scheduler[95668]: DEBUG dbcounter [-] [95668] Writer thread running {{(pid=95668) stat_writer /opt/stack/data/venv/lib/python3.12/site-packages/dbcounter.py:102}}
Jun 02 17:04:22.780936 np0000001952 nova-scheduler[95664]: DEBUG nova.servicegroup.drivers.db [None req-d4334416-78a2-4b44-af76-620609a83ee6 None None] DB_Driver: join new ServiceGroup member np0000001952 to the scheduler group, service = {{(pid=95664) join /opt/stack/nova/nova/servicegroup/drivers/db.py:44}}
Jun 02 17:04:22.785129 np0000001952 nova-scheduler[95668]: DEBUG nova.service [None req-86fa79d8-85b2-42e1-8616-1c201c8c2ec7 None None] Creating RPC server for service: nova-scheduler on topic: scheduler {{(pid=95668) start /opt/stack/nova/nova/service.py:195}}
Jun 02 17:04:22.789034 np0000001952 nova-scheduler[95666]: DEBUG nova.service [None req-96a59a87-17d3-4ae9-991f-d024b326d9c9 None None] Join ServiceGroup membership for this service scheduler {{(pid=95666) start /opt/stack/nova/nova/service.py:221}}
Jun 02 17:04:22.789034 np0000001952 nova-scheduler[95666]: DEBUG nova.servicegroup.drivers.db [None req-96a59a87-17d3-4ae9-991f-d024b326d9c9 None None] DB_Driver: join new ServiceGroup member np0000001952 to the scheduler group, service = {{(pid=95666) join /opt/stack/nova/nova/servicegroup/drivers/db.py:44}}
Jun 02 17:04:22.807466 np0000001952 nova-scheduler[95668]: DEBUG nova.service [None req-86fa79d8-85b2-42e1-8616-1c201c8c2ec7 None None] Join ServiceGroup membership for this service scheduler {{(pid=95668) start /opt/stack/nova/nova/service.py:221}}
Jun 02 17:04:22.807965 np0000001952 nova-scheduler[95668]: DEBUG nova.servicegroup.drivers.db [None req-86fa79d8-85b2-42e1-8616-1c201c8c2ec7 None None] DB_Driver: join new ServiceGroup member np0000001952 to the scheduler group, service = {{(pid=95668) join /opt/stack/nova/nova/servicegroup/drivers/db.py:44}}
Jun 02 17:04:23.810627 np0000001952 nova-scheduler[95668]: DEBUG oslo.service.backend._threading.loopingcall [None req-9b0274df-14fb-42e2-8397-6c1ea41e8526 None None] Dynamic interval looping call 'nova.service.Service.periodic_tasks' sleeping for 60.00 seconds {{(pid=95668) _run_loop /opt/stack/data/venv/lib/python3.12/site-packages/oslo_service/backend/_threading/loopingcall.py:125}}
Jun 02 17:04:27.795495 np0000001952 nova-scheduler[95664]: DEBUG oslo.service.backend._threading.loopingcall [-] Fixed interval looping call 'nova.servicegroup.drivers.db.DbDriver._report_state' sleeping for 119.99 seconds {{(pid=95664) _run_loop /opt/stack/data/venv/lib/python3.12/site-packages/oslo_service/backend/_threading/loopingcall.py:125}}
Jun 02 17:04:27.801177 np0000001952 nova-scheduler[95666]: DEBUG oslo.service.backend._threading.loopingcall [-] Fixed interval looping call 'nova.servicegroup.drivers.db.DbDriver._report_state' sleeping for 119.99 seconds {{(pid=95666) _run_loop /opt/stack/data/venv/lib/python3.12/site-packages/oslo_service/backend/_threading/loopingcall.py:125}}
Jun 02 17:04:27.824432 np0000001952 nova-scheduler[95668]: DEBUG oslo.service.backend._threading.loopingcall [-] Fixed interval looping call 'nova.servicegroup.drivers.db.DbDriver._report_state' sleeping for 119.99 seconds {{(pid=95668) _run_loop /opt/stack/data/venv/lib/python3.12/site-packages/oslo_service/backend/_threading/loopingcall.py:125}}
Jun 02 17:04:31.244717 np0000001952 nova-scheduler[94469]: DEBUG dbcounter [-] [94469] Writing DB stats nova_api:SELECT=3 {{(pid=94469) stat_writer /opt/stack/data/venv/lib/python3.12/site-packages/dbcounter.py:115}}
Jun 02 17:04:31.398815 np0000001952 nova-scheduler[94469]: DEBUG dbcounter [-] [94469] Writing DB stats nova_cell0:SELECT=1 {{(pid=94469) stat_writer /opt/stack/data/venv/lib/python3.12/site-packages/dbcounter.py:115}}
Jun 02 17:04:31.405892 np0000001952 nova-scheduler[94469]: DEBUG dbcounter [-] [94469] Writing DB stats nova_cell1:SELECT=1 {{(pid=94469) stat_writer /opt/stack/data/venv/lib/python3.12/site-packages/dbcounter.py:115}}
Jun 02 17:04:37.790604 np0000001952 nova-scheduler[95664]: DEBUG dbcounter [-] [95664] Writing DB stats nova_cell0:SELECT=4,nova_cell0:INSERT=1,nova_cell0:UPDATE=1 {{(pid=95664) stat_writer /opt/stack/data/venv/lib/python3.12/site-packages/dbcounter.py:115}}
Jun 02 17:04:37.798216 np0000001952 nova-scheduler[95666]: DEBUG dbcounter [-] [95666] Writing DB stats nova_cell0:SELECT=3 {{(pid=95666) stat_writer /opt/stack/data/venv/lib/python3.12/site-packages/dbcounter.py:115}}
Jun 02 17:04:37.820811 np0000001952 nova-scheduler[95668]: DEBUG dbcounter [-] [95668] Writing DB stats nova_cell0:SELECT=3 {{(pid=95668) stat_writer /opt/stack/data/venv/lib/python3.12/site-packages/dbcounter.py:115}}
Jun 02 17:04:50.783265 np0000001952 nova-scheduler[95664]: DEBUG oslo.service.backend._threading.loopingcall [None req-08e6e7b7-46b9-4b8f-af91-aea56b7853fc None None] Dynamic interval looping call 'nova.service.Service.periodic_tasks' sleeping for 60.00 seconds {{(pid=95664) _run_loop /opt/stack/data/venv/lib/python3.12/site-packages/oslo_service/backend/_threading/loopingcall.py:125}}
Jun 02 17:05:01.792347 np0000001952 nova-scheduler[95666]: DEBUG oslo.service.backend._threading.loopingcall [None req-3f9dab1a-2797-4b00-8259-67111194a748 None None] Dynamic interval looping call 'nova.service.Service.periodic_tasks' sleeping for 60.00 seconds {{(pid=95666) _run_loop /opt/stack/data/venv/lib/python3.12/site-packages/oslo_service/backend/_threading/loopingcall.py:125}}
Jun 02 17:05:23.811240 np0000001952 nova-scheduler[95668]: DEBUG oslo.service.backend._threading.loopingcall [None req-9b0274df-14fb-42e2-8397-6c1ea41e8526 None None] Dynamic interval looping call 'nova.service.Service.periodic_tasks' sleeping for 60.00 seconds {{(pid=95668) _run_loop /opt/stack/data/venv/lib/python3.12/site-packages/oslo_service/backend/_threading/loopingcall.py:125}}
Jun 02 17:05:50.784005 np0000001952 nova-scheduler[95664]: DEBUG oslo.service.backend._threading.loopingcall [None req-08e6e7b7-46b9-4b8f-af91-aea56b7853fc None None] Dynamic interval looping call 'nova.service.Service.periodic_tasks' sleeping for 60.00 seconds {{(pid=95664) _run_loop /opt/stack/data/venv/lib/python3.12/site-packages/oslo_service/backend/_threading/loopingcall.py:125}}
Jun 02 17:06:01.793033 np0000001952 nova-scheduler[95666]: DEBUG oslo.service.backend._threading.loopingcall [None req-3f9dab1a-2797-4b00-8259-67111194a748 None None] Dynamic interval looping call 'nova.service.Service.periodic_tasks' sleeping for 60.00 seconds {{(pid=95666) _run_loop /opt/stack/data/venv/lib/python3.12/site-packages/oslo_service/backend/_threading/loopingcall.py:125}}
Jun 02 17:06:23.811766 np0000001952 nova-scheduler[95668]: DEBUG oslo.service.backend._threading.loopingcall [None req-9b0274df-14fb-42e2-8397-6c1ea41e8526 None None] Dynamic interval looping call 'nova.service.Service.periodic_tasks' sleeping for 60.00 seconds {{(pid=95668) _run_loop /opt/stack/data/venv/lib/python3.12/site-packages/oslo_service/backend/_threading/loopingcall.py:125}}
Jun 02 17:06:27.792320 np0000001952 nova-scheduler[95664]: DEBUG oslo.service.backend._threading.loopingcall [-] Fixed interval looping call 'nova.servicegroup.drivers.db.DbDriver._report_state' sleeping for 119.99 seconds {{(pid=95664) _run_loop /opt/stack/data/venv/lib/python3.12/site-packages/oslo_service/backend/_threading/loopingcall.py:125}}
Jun 02 17:06:27.795251 np0000001952 nova-scheduler[95666]: DEBUG oslo.service.backend._threading.loopingcall [-] Fixed interval looping call 'nova.servicegroup.drivers.db.DbDriver._report_state' sleeping for 120.00 seconds {{(pid=95666) _run_loop /opt/stack/data/venv/lib/python3.12/site-packages/oslo_service/backend/_threading/loopingcall.py:125}}
Jun 02 17:06:27.819811 np0000001952 nova-scheduler[95668]: DEBUG oslo.service.backend._threading.loopingcall [-] Fixed interval looping call 'nova.servicegroup.drivers.db.DbDriver._report_state' sleeping for 119.99 seconds {{(pid=95668) _run_loop /opt/stack/data/venv/lib/python3.12/site-packages/oslo_service/backend/_threading/loopingcall.py:125}}
Jun 02 17:06:37.789282 np0000001952 nova-scheduler[95664]: DEBUG dbcounter [-] [95664] Writing DB stats nova_cell0:SELECT=1,nova_cell0:UPDATE=1 {{(pid=95664) stat_writer /opt/stack/data/venv/lib/python3.12/site-packages/dbcounter.py:115}}
Jun 02 17:06:37.794499 np0000001952 nova-scheduler[95666]: DEBUG dbcounter [-] [95666] Writing DB stats nova_cell0:SELECT=1 {{(pid=95666) stat_writer /opt/stack/data/venv/lib/python3.12/site-packages/dbcounter.py:115}}
Jun 02 17:06:37.817209 np0000001952 nova-scheduler[95668]: DEBUG dbcounter [-] [95668] Writing DB stats nova_cell0:SELECT=1 {{(pid=95668) stat_writer /opt/stack/data/venv/lib/python3.12/site-packages/dbcounter.py:115}}
Jun 02 17:06:50.784487 np0000001952 nova-scheduler[95664]: DEBUG oslo.service.backend._threading.loopingcall [None req-08e6e7b7-46b9-4b8f-af91-aea56b7853fc None None] Dynamic interval looping call 'nova.service.Service.periodic_tasks' sleeping for 60.00 seconds {{(pid=95664) _run_loop /opt/stack/data/venv/lib/python3.12/site-packages/oslo_service/backend/_threading/loopingcall.py:125}}
Jun 02 17:07:01.794093 np0000001952 nova-scheduler[95666]: DEBUG oslo.service.backend._threading.loopingcall [None req-3f9dab1a-2797-4b00-8259-67111194a748 None None] Dynamic interval looping call 'nova.service.Service.periodic_tasks' sleeping for 60.00 seconds {{(pid=95666) _run_loop /opt/stack/data/venv/lib/python3.12/site-packages/oslo_service/backend/_threading/loopingcall.py:125}}
Jun 02 17:07:04.334834 np0000001952 nova-scheduler[95664]: DEBUG nova.scheduler.manager [None req-78ffc9e5-3dd7-4718-98dc-dd68efbf498e tempest-DeleteServersTestJSON-1341568307 tempest-DeleteServersTestJSON-1341568307-project-member] Starting to schedule for instances: ['01623d2c-84c5-4fbf-823b-0a9cfc95645b'] {{(pid=95664) select_destinations /opt/stack/nova/nova/scheduler/manager.py:210}}
Jun 02 17:07:04.334834 np0000001952 nova-scheduler[95664]: DEBUG nova.scheduler.request_filter [None req-78ffc9e5-3dd7-4718-98dc-dd68efbf498e tempest-DeleteServersTestJSON-1341568307 tempest-DeleteServersTestJSON-1341568307-project-member] compute_status_filter request filter added forbidden trait COMPUTE_STATUS_DISABLED {{(pid=95664) compute_status_filter /opt/stack/nova/nova/scheduler/request_filter.py:253}}
Jun 02 17:07:04.334834 np0000001952 nova-scheduler[95664]: DEBUG nova.scheduler.request_filter [None req-78ffc9e5-3dd7-4718-98dc-dd68efbf498e tempest-DeleteServersTestJSON-1341568307 tempest-DeleteServersTestJSON-1341568307-project-member] Request filter 'compute_status_filter' took 0.0 seconds {{(pid=95664) wrapper /opt/stack/nova/nova/scheduler/request_filter.py:46}}
Jun 02 17:07:04.334834 np0000001952 nova-scheduler[95664]: DEBUG nova.scheduler.request_filter [None req-78ffc9e5-3dd7-4718-98dc-dd68efbf498e tempest-DeleteServersTestJSON-1341568307 tempest-DeleteServersTestJSON-1341568307-project-member] Request filter 'accelerators_filter' took 0.0 seconds {{(pid=95664) wrapper /opt/stack/nova/nova/scheduler/request_filter.py:46}}
Jun 02 17:07:04.334834 np0000001952 nova-scheduler[95664]: DEBUG nova.scheduler.request_filter [None req-78ffc9e5-3dd7-4718-98dc-dd68efbf498e tempest-DeleteServersTestJSON-1341568307 tempest-DeleteServersTestJSON-1341568307-project-member] Request filter 'packed_virtqueue_filter' took 0.0 seconds {{(pid=95664) wrapper /opt/stack/nova/nova/scheduler/request_filter.py:46}}
Jun 02 17:07:04.335692 np0000001952 nova-scheduler[95664]: DEBUG nova.scheduler.request_filter [None req-78ffc9e5-3dd7-4718-98dc-dd68efbf498e tempest-DeleteServersTestJSON-1341568307 tempest-DeleteServersTestJSON-1341568307-project-member] Request filter 'remote_managed_ports_filter' took 0.0 seconds {{(pid=95664) wrapper /opt/stack/nova/nova/scheduler/request_filter.py:46}}
Jun 02 17:07:04.336136 np0000001952 nova-scheduler[95664]: DEBUG nova.scheduler.request_filter [None req-78ffc9e5-3dd7-4718-98dc-dd68efbf498e tempest-DeleteServersTestJSON-1341568307 tempest-DeleteServersTestJSON-1341568307-project-member] ephemeral_encryption_filter skipped {{(pid=95664) ephemeral_encryption_filter /opt/stack/nova/nova/scheduler/request_filter.py:426}}
Jun 02 17:07:04.336424 np0000001952 nova-scheduler[95664]: DEBUG nova.scheduler.request_filter [None req-78ffc9e5-3dd7-4718-98dc-dd68efbf498e tempest-DeleteServersTestJSON-1341568307 tempest-DeleteServersTestJSON-1341568307-project-member] virtio_sound_filter skipped {{(pid=95664) virtio_sound_filter /opt/stack/nova/nova/scheduler/request_filter.py:460}}
Jun 02 17:07:04.336835 np0000001952 nova-scheduler[95664]: DEBUG nova.scheduler.request_filter [None req-78ffc9e5-3dd7-4718-98dc-dd68efbf498e tempest-DeleteServersTestJSON-1341568307 tempest-DeleteServersTestJSON-1341568307-project-member] tpm_secret_security_filter skipped {{(pid=95664) tpm_secret_security_filter /opt/stack/nova/nova/scheduler/request_filter.py:477}}
Jun 02 17:07:05.009466 np0000001952 nova-scheduler[95664]: INFO nova.utils [None req-78ffc9e5-3dd7-4718-98dc-dd68efbf498e tempest-DeleteServersTestJSON-1341568307 tempest-DeleteServersTestJSON-1341568307-project-member] The cell worker thread pool ForkProcess-1.cell_worker is initialized
Jun 02 17:07:05.010326 np0000001952 nova-scheduler[95664]: DEBUG oslo_concurrency.lockutils [None req-78ffc9e5-3dd7-4718-98dc-dd68efbf498e tempest-DeleteServersTestJSON-1341568307 tempest-DeleteServersTestJSON-1341568307-project-member] Acquiring lock "4f0ae6b8-7bda-4ab0-bca4-242130335991" by "nova.context.set_target_cell..get_or_set_cached_cell_and_set_connections" {{(pid=95664) inner /opt/stack/data/venv/lib/python3.12/site-packages/oslo_concurrency/lockutils.py:511}}
Jun 02 17:07:05.010326 np0000001952 nova-scheduler[95664]: DEBUG oslo_concurrency.lockutils [None req-78ffc9e5-3dd7-4718-98dc-dd68efbf498e tempest-DeleteServersTestJSON-1341568307 tempest-DeleteServersTestJSON-1341568307-project-member] Lock "4f0ae6b8-7bda-4ab0-bca4-242130335991" acquired by "nova.context.set_target_cell..get_or_set_cached_cell_and_set_connections" :: waited 0.000s {{(pid=95664) inner /opt/stack/data/venv/lib/python3.12/site-packages/oslo_concurrency/lockutils.py:524}}
Jun 02 17:07:05.012688 np0000001952 nova-scheduler[95664]: DEBUG oslo_concurrency.lockutils [None req-78ffc9e5-3dd7-4718-98dc-dd68efbf498e tempest-DeleteServersTestJSON-1341568307 tempest-DeleteServersTestJSON-1341568307-project-member] Lock "4f0ae6b8-7bda-4ab0-bca4-242130335991" "released" by "nova.context.set_target_cell..get_or_set_cached_cell_and_set_connections" :: held 0.002s {{(pid=95664) inner /opt/stack/data/venv/lib/python3.12/site-packages/oslo_concurrency/lockutils.py:543}}
Jun 02 17:07:05.014424 np0000001952 nova-scheduler[95664]: INFO dbcounter [None req-78ffc9e5-3dd7-4718-98dc-dd68efbf498e tempest-DeleteServersTestJSON-1341568307 tempest-DeleteServersTestJSON-1341568307-project-member] Registered counter for database nova_cell1
Jun 02 17:07:05.060125 np0000001952 nova-scheduler[95664]: DEBUG oslo_db.sqlalchemy.engines [None req-78ffc9e5-3dd7-4718-98dc-dd68efbf498e tempest-DeleteServersTestJSON-1341568307 tempest-DeleteServersTestJSON-1341568307-project-member] MySQL server mode set to STRICT_TRANS_TABLES,STRICT_ALL_TABLES,NO_ZERO_IN_DATE,NO_ZERO_DATE,ERROR_FOR_DIVISION_BY_ZERO,TRADITIONAL,NO_ENGINE_SUBSTITUTION {{(pid=95664) _check_effective_sql_mode /opt/stack/data/venv/lib/python3.12/site-packages/oslo_db/sqlalchemy/engines.py:325}}
Jun 02 17:07:05.065955 np0000001952 nova-scheduler[95664]: DEBUG dbcounter [-] [95664] Writer thread running {{(pid=95664) stat_writer /opt/stack/data/venv/lib/python3.12/site-packages/dbcounter.py:102}}
Jun 02 17:07:05.078235 np0000001952 nova-scheduler[95664]: DEBUG oslo_db.sqlalchemy.engines [None req-78ffc9e5-3dd7-4718-98dc-dd68efbf498e tempest-DeleteServersTestJSON-1341568307 tempest-DeleteServersTestJSON-1341568307-project-member] Parent process 94469 forked (95664) with an open database connection, which is being discarded and recreated. {{(pid=95664) checkout /opt/stack/data/venv/lib/python3.12/site-packages/oslo_db/sqlalchemy/engines.py:402}}
Jun 02 17:07:05.129736 np0000001952 nova-scheduler[95664]: DEBUG dbcounter [-] [95664] Writer thread running {{(pid=95664) stat_writer /opt/stack/data/venv/lib/python3.12/site-packages/dbcounter.py:102}}
Jun 02 17:07:05.134197 np0000001952 nova-scheduler[95664]: DEBUG oslo_concurrency.lockutils [None req-78ffc9e5-3dd7-4718-98dc-dd68efbf498e tempest-DeleteServersTestJSON-1341568307 tempest-DeleteServersTestJSON-1341568307-project-member] Acquiring lock "4f0ae6b8-7bda-4ab0-bca4-242130335991" by "nova.context.set_target_cell..get_or_set_cached_cell_and_set_connections" {{(pid=95664) inner /opt/stack/data/venv/lib/python3.12/site-packages/oslo_concurrency/lockutils.py:511}}
Jun 02 17:07:05.134197 np0000001952 nova-scheduler[95664]: DEBUG oslo_concurrency.lockutils [None req-78ffc9e5-3dd7-4718-98dc-dd68efbf498e tempest-DeleteServersTestJSON-1341568307 tempest-DeleteServersTestJSON-1341568307-project-member] Lock "4f0ae6b8-7bda-4ab0-bca4-242130335991" acquired by "nova.context.set_target_cell..get_or_set_cached_cell_and_set_connections" :: waited 0.000s {{(pid=95664) inner /opt/stack/data/venv/lib/python3.12/site-packages/oslo_concurrency/lockutils.py:524}}
Jun 02 17:07:05.134197 np0000001952 nova-scheduler[95664]: DEBUG oslo_concurrency.lockutils [None req-78ffc9e5-3dd7-4718-98dc-dd68efbf498e tempest-DeleteServersTestJSON-1341568307 tempest-DeleteServersTestJSON-1341568307-project-member] Lock "4f0ae6b8-7bda-4ab0-bca4-242130335991" "released" by "nova.context.set_target_cell..get_or_set_cached_cell_and_set_connections" :: held 0.000s {{(pid=95664) inner /opt/stack/data/venv/lib/python3.12/site-packages/oslo_concurrency/lockutils.py:543}}
Jun 02 17:07:05.137108 np0000001952 nova-scheduler[95664]: DEBUG oslo_concurrency.lockutils [None req-78ffc9e5-3dd7-4718-98dc-dd68efbf498e tempest-DeleteServersTestJSON-1341568307 tempest-DeleteServersTestJSON-1341568307-project-member] Acquiring lock "('np0000001952', 'np0000001952')" by "nova.scheduler.host_manager.HostState.update.._locked_update" {{(pid=95664) inner /opt/stack/data/venv/lib/python3.12/site-packages/oslo_concurrency/lockutils.py:511}}
Jun 02 17:07:05.137310 np0000001952 nova-scheduler[95664]: DEBUG oslo_concurrency.lockutils [None req-78ffc9e5-3dd7-4718-98dc-dd68efbf498e tempest-DeleteServersTestJSON-1341568307 tempest-DeleteServersTestJSON-1341568307-project-member] Lock "('np0000001952', 'np0000001952')" acquired by "nova.scheduler.host_manager.HostState.update.._locked_update" :: waited 0.000s {{(pid=95664) inner /opt/stack/data/venv/lib/python3.12/site-packages/oslo_concurrency/lockutils.py:524}}
Jun 02 17:07:05.138365 np0000001952 nova-scheduler[95664]: DEBUG nova.scheduler.host_manager [None req-78ffc9e5-3dd7-4718-98dc-dd68efbf498e tempest-DeleteServersTestJSON-1341568307 tempest-DeleteServersTestJSON-1341568307-project-member] Update host state from compute node: ComputeNode(cpu_allocation_ratio=4.0,cpu_info='{"arch": "x86_64", "model": "EPYC-Milan", "vendor": "AMD", "topology": {"cells": 1, "sockets": 12, "cores": 1, "threads": 1}, "maxphysaddr": {"mode": "emulate", "bits": 40}, "features": ["mmxext", "tsc", "invpcid", "fxsr", "popcnt", "pfthreshold", "wbnoinvd", "perfctr_core", "pdpe1gb", "sse4.2", "osvw", "ssse3", "pni", "aes", "mtrr", "clwb", "xsave", "xsaves", "mce", "svm", "cmp_legacy", "abm", "lbrv", "3dnowprefetch", "f16c", "amd-stibp", "xsaveerptr", "sep", "rdseed", "null-sel-clr-base", "v-vmsave-vmload", "cr8legacy", "svme-addr-chk", "mmx", "pse36", "avx2", "xgetbv1", "npt", "x2apic", "cmov", "smap", "pse", "fsrm", "clflushopt", "tsc-scale", "umip", "mds-no", "vgif", "rdpid", "pae", "amd-psfd", "stibp-always-on", "fma", "adx", "movbe", "lm", "pat", "stibp", "mca", "tsc_adjust", "sse", "cx16", "de", "lahf_lm", "arch-capabilities", "apic", "bmi1", "pause-filter", "rdrand", "clflush", "pge", "amd-ssbd", "skip-l1dfl-vmentry", "vaes", "arat", "avx", "flushbyasid", "gds-no", "sse4.1", "ibpb", "no-nested-data-bp", "sse2", "clzero", "ssbd", "bmi2", "msr", "hypervisor", "pschange-mc-no", "virt-ssbd", "nx", "fpu", "vpclmulqdq", "syscall", "pclmuldq", "rdctl-no", "nrip-save", "rdtscp", "vme", "fxsr_opt", "pku", "pcid", "lfence-always-serializing", "sha-ni", "spec-ctrl", "xsaveopt", "erms", "misalignsse", "smep", "vmcb-clean", "xsavec", "topoext", "tsc-deadline", "ibrs", "fsgsbase", "sse4a", "cx8"]}',created_at=2026-06-02T17:04:48Z,current_workload=0,deleted=False,deleted_at=None,disk_allocation_ratio=1.0,disk_available_least=74,free_disk_gb=95,free_ram_mb=23518,host='np0000001952',host_ip=10.4.3.104,hypervisor_hostname='np0000001952',hypervisor_type='QEMU',hypervisor_version=8002002,id=1,local_gb=95,local_gb_used=0,mapped=1,memory_mb=24030,memory_mb_used=512,metrics='[]',numa_topology='{"nova_object.name": "NUMATopology", "nova_object.namespace": "nova", "nova_object.version": "1.2", "nova_object.data": {"cells": [{"nova_object.name": "NUMACell", "nova_object.namespace": "nova", "nova_object.version": "1.5", "nova_object.data": {"id": 0, "cpuset": [0, 1, 2, 3, 4, 5, 6, 7, 8, 9, 10, 11], "pcpuset": [0, 1, 2, 3, 4, 5, 6, 7, 8, 9, 10, 11], "memory": 24030, "cpu_usage": 0, "memory_usage": 0, "pinned_cpus": [], "siblings": [[6], [2], [5], [11], [8], [4], [1], [7], [10], [0], [3], [9]], "mempages": [{"nova_object.name": "NUMAPagesTopology", "nova_object.namespace": "nova", "nova_object.version": "1.1", "nova_object.data": {"size_kb": 4, "total": 6151798, "used": 0, "reserved": 0}, "nova_object.changes": ["reserved", "used", "size_kb", "total"]}, {"nova_object.name": "NUMAPagesTopology", "nova_object.namespace": "nova", "nova_object.version": "1.1", "nova_object.data": {"size_kb": 2048, "total": 0, "used": 0, "reserved": 0}, "nova_object.changes": ["reserved", "used", "size_kb", "total"]}, {"nova_object.name": "NUMAPagesTopology", "nova_object.namespace": "nova", "nova_object.version": "1.1", "nova_object.data": {"size_kb": 1048576, "total": 0, "used": 0, "reserved": 0}, "nova_object.changes": ["reserved", "used", "size_kb", "total"]}], "network_metadata": {"nova_object.name": "NetworkMetadata", "nova_object.namespace": "nova", "nova_object.version": "1.0", "nova_object.data": {"physnets": [], "tunneled": false}, "nova_object.changes": ["physnets", "tunneled"]}, "socket": null}, "nova_object.changes": ["cpuset", "mempages", "memory", "memory_usage", "network_metadata", "id", "siblings", "socket", "pcpuset", "pinned_cpus", "cpu_usage"]}]}, "nova_object.changes": ["cells"]}',pci_device_pools=PciDevicePoolList,ram_allocation_ratio=1.0,running_vms=0,service_id=2,stats={failed_builds='0',uptime=' 17:06:34 up 27 min, 2 users, load average: 1.49, 1.43, 0.81
Jun 02 17:07:05.138365 np0000001952 nova-scheduler[95664]: '},supported_hv_specs=[HVSpec,HVSpec,HVSpec,HVSpec,HVSpec,HVSpec,HVSpec,HVSpec,HVSpec,HVSpec,HVSpec,HVSpec,HVSpec,HVSpec,HVSpec,HVSpec,HVSpec,HVSpec,HVSpec,HVSpec,HVSpec,HVSpec,HVSpec,HVSpec,HVSpec],updated_at=2026-06-02T17:06:36Z,uuid=cdb2ea80-44e3-4d08-bda6-7214f08ffe4e,vcpus=12,vcpus_used=0) {{(pid=95664) _locked_update /opt/stack/nova/nova/scheduler/host_manager.py:168}}
Jun 02 17:07:05.140744 np0000001952 nova-scheduler[95664]: DEBUG nova.scheduler.host_manager [None req-78ffc9e5-3dd7-4718-98dc-dd68efbf498e tempest-DeleteServersTestJSON-1341568307 tempest-DeleteServersTestJSON-1341568307-project-member] Update host state with aggregates: [] {{(pid=95664) _locked_update /opt/stack/nova/nova/scheduler/host_manager.py:171}}
Jun 02 17:07:05.140744 np0000001952 nova-scheduler[95664]: DEBUG nova.scheduler.host_manager [None req-78ffc9e5-3dd7-4718-98dc-dd68efbf498e tempest-DeleteServersTestJSON-1341568307 tempest-DeleteServersTestJSON-1341568307-project-member] Update host state with service dict: {'id': 2, 'uuid': 'bf42cf0f-bfce-4bc0-bf18-358e99240834', 'host': 'np0000001952', 'binary': 'nova-compute', 'topic': 'compute', 'report_count': 2, 'disabled': False, 'disabled_reason': None, 'last_seen_up': datetime.datetime(2026, 6, 2, 17, 6, 57, tzinfo=datetime.timezone.utc), 'forced_down': False, 'version': 72, 'created_at': datetime.datetime(2026, 6, 2, 17, 4, 46, tzinfo=datetime.timezone.utc), 'updated_at': datetime.datetime(2026, 6, 2, 17, 6, 57, tzinfo=datetime.timezone.utc), 'deleted_at': None, 'deleted': False} {{(pid=95664) _locked_update /opt/stack/nova/nova/scheduler/host_manager.py:174}}
Jun 02 17:07:05.140744 np0000001952 nova-scheduler[95664]: DEBUG nova.scheduler.host_manager [None req-78ffc9e5-3dd7-4718-98dc-dd68efbf498e tempest-DeleteServersTestJSON-1341568307 tempest-DeleteServersTestJSON-1341568307-project-member] Update host state with instances: [] {{(pid=95664) _locked_update /opt/stack/nova/nova/scheduler/host_manager.py:177}}
Jun 02 17:07:05.140744 np0000001952 nova-scheduler[95664]: DEBUG oslo_concurrency.lockutils [None req-78ffc9e5-3dd7-4718-98dc-dd68efbf498e tempest-DeleteServersTestJSON-1341568307 tempest-DeleteServersTestJSON-1341568307-project-member] Lock "('np0000001952', 'np0000001952')" "released" by "nova.scheduler.host_manager.HostState.update.._locked_update" :: held 0.002s {{(pid=95664) inner /opt/stack/data/venv/lib/python3.12/site-packages/oslo_concurrency/lockutils.py:543}}
Jun 02 17:07:05.140744 np0000001952 nova-scheduler[95664]: DEBUG nova.filters [None req-78ffc9e5-3dd7-4718-98dc-dd68efbf498e tempest-DeleteServersTestJSON-1341568307 tempest-DeleteServersTestJSON-1341568307-project-member] Starting with 1 host(s) {{(pid=95664) get_filtered_objects /opt/stack/nova/nova/filters.py:70}}
Jun 02 17:07:05.140744 np0000001952 nova-scheduler[95664]: DEBUG nova.filters [None req-78ffc9e5-3dd7-4718-98dc-dd68efbf498e tempest-DeleteServersTestJSON-1341568307 tempest-DeleteServersTestJSON-1341568307-project-member] Filter ComputeFilter returned 1 host(s) {{(pid=95664) get_filtered_objects /opt/stack/nova/nova/filters.py:102}}
Jun 02 17:07:05.140744 np0000001952 nova-scheduler[95664]: DEBUG nova.filters [None req-78ffc9e5-3dd7-4718-98dc-dd68efbf498e tempest-DeleteServersTestJSON-1341568307 tempest-DeleteServersTestJSON-1341568307-project-member] Filter ComputeCapabilitiesFilter returned 1 host(s) {{(pid=95664) get_filtered_objects /opt/stack/nova/nova/filters.py:102}}
Jun 02 17:07:05.140744 np0000001952 nova-scheduler[95664]: DEBUG nova.filters [None req-78ffc9e5-3dd7-4718-98dc-dd68efbf498e tempest-DeleteServersTestJSON-1341568307 tempest-DeleteServersTestJSON-1341568307-project-member] Filter ImagePropertiesFilter returned 1 host(s) {{(pid=95664) get_filtered_objects /opt/stack/nova/nova/filters.py:102}}
Jun 02 17:07:05.141289 np0000001952 nova-scheduler[95664]: DEBUG nova.filters [None req-78ffc9e5-3dd7-4718-98dc-dd68efbf498e tempest-DeleteServersTestJSON-1341568307 tempest-DeleteServersTestJSON-1341568307-project-member] Filter ServerGroupAntiAffinityFilter returned 1 host(s) {{(pid=95664) get_filtered_objects /opt/stack/nova/nova/filters.py:102}}
Jun 02 17:07:05.141289 np0000001952 nova-scheduler[95664]: DEBUG nova.filters [None req-78ffc9e5-3dd7-4718-98dc-dd68efbf498e tempest-DeleteServersTestJSON-1341568307 tempest-DeleteServersTestJSON-1341568307-project-member] Filter ServerGroupAffinityFilter returned 1 host(s) {{(pid=95664) get_filtered_objects /opt/stack/nova/nova/filters.py:102}}
Jun 02 17:07:05.141289 np0000001952 nova-scheduler[95664]: DEBUG nova.filters [None req-78ffc9e5-3dd7-4718-98dc-dd68efbf498e tempest-DeleteServersTestJSON-1341568307 tempest-DeleteServersTestJSON-1341568307-project-member] Filter SameHostFilter returned 1 host(s) {{(pid=95664) get_filtered_objects /opt/stack/nova/nova/filters.py:102}}
Jun 02 17:07:05.141289 np0000001952 nova-scheduler[95664]: DEBUG nova.filters [None req-78ffc9e5-3dd7-4718-98dc-dd68efbf498e tempest-DeleteServersTestJSON-1341568307 tempest-DeleteServersTestJSON-1341568307-project-member] Filter DifferentHostFilter returned 1 host(s) {{(pid=95664) get_filtered_objects /opt/stack/nova/nova/filters.py:102}}
Jun 02 17:07:05.141436 np0000001952 nova-scheduler[95664]: DEBUG nova.scheduler.manager [None req-78ffc9e5-3dd7-4718-98dc-dd68efbf498e tempest-DeleteServersTestJSON-1341568307 tempest-DeleteServersTestJSON-1341568307-project-member] Filtered [(np0000001952, np0000001952) ram: 23518MB disk: 75776MB io_ops: 0 instances: 0, allocation_candidates: 1] {{(pid=95664) _get_sorted_hosts /opt/stack/nova/nova/scheduler/manager.py:743}}
Jun 02 17:07:05.141660 np0000001952 nova-scheduler[95664]: DEBUG nova.scheduler.manager [None req-78ffc9e5-3dd7-4718-98dc-dd68efbf498e tempest-DeleteServersTestJSON-1341568307 tempest-DeleteServersTestJSON-1341568307-project-member] Weighed [WeighedHost [host: (np0000001952, np0000001952) ram: 23518MB disk: 75776MB io_ops: 0 instances: 0, allocation_candidates: 1, weight: 0.0]] {{(pid=95664) _get_sorted_hosts /opt/stack/nova/nova/scheduler/manager.py:765}}
Jun 02 17:07:05.141777 np0000001952 nova-scheduler[95664]: DEBUG nova.scheduler.utils [None req-78ffc9e5-3dd7-4718-98dc-dd68efbf498e tempest-DeleteServersTestJSON-1341568307 tempest-DeleteServersTestJSON-1341568307-project-member] Attempting to claim resources in the placement API for instance 01623d2c-84c5-4fbf-823b-0a9cfc95645b {{(pid=95664) claim_resources /opt/stack/nova/nova/scheduler/utils.py:1304}}
Jun 02 17:07:05.478833 np0000001952 nova-scheduler[95664]: DEBUG nova.scheduler.manager [None req-78ffc9e5-3dd7-4718-98dc-dd68efbf498e tempest-DeleteServersTestJSON-1341568307 tempest-DeleteServersTestJSON-1341568307-project-member] [instance: 01623d2c-84c5-4fbf-823b-0a9cfc95645b] Selected host: (np0000001952, np0000001952) ram: 23518MB disk: 75776MB io_ops: 0 instances: 0, allocation_candidates: 1 {{(pid=95664) _consume_selected_host /opt/stack/nova/nova/scheduler/manager.py:625}}
Jun 02 17:07:05.479238 np0000001952 nova-scheduler[95664]: DEBUG oslo_concurrency.lockutils [None req-78ffc9e5-3dd7-4718-98dc-dd68efbf498e tempest-DeleteServersTestJSON-1341568307 tempest-DeleteServersTestJSON-1341568307-project-member] Acquiring lock "('np0000001952', 'np0000001952')" by "nova.scheduler.host_manager.HostState.consume_from_request.._locked" {{(pid=95664) inner /opt/stack/data/venv/lib/python3.12/site-packages/oslo_concurrency/lockutils.py:511}}
Jun 02 17:07:05.480880 np0000001952 nova-scheduler[95664]: DEBUG oslo_concurrency.lockutils [None req-78ffc9e5-3dd7-4718-98dc-dd68efbf498e tempest-DeleteServersTestJSON-1341568307 tempest-DeleteServersTestJSON-1341568307-project-member] Lock "('np0000001952', 'np0000001952')" acquired by "nova.scheduler.host_manager.HostState.consume_from_request.._locked" :: waited 0.000s {{(pid=95664) inner /opt/stack/data/venv/lib/python3.12/site-packages/oslo_concurrency/lockutils.py:524}}
Jun 02 17:07:05.480880 np0000001952 nova-scheduler[95664]: DEBUG oslo_concurrency.lockutils [None req-78ffc9e5-3dd7-4718-98dc-dd68efbf498e tempest-DeleteServersTestJSON-1341568307 tempest-DeleteServersTestJSON-1341568307-project-member] Lock "('np0000001952', 'np0000001952')" "released" by "nova.scheduler.host_manager.HostState.consume_from_request.._locked" :: held 0.000s {{(pid=95664) inner /opt/stack/data/venv/lib/python3.12/site-packages/oslo_concurrency/lockutils.py:543}}
Jun 02 17:07:07.172895 np0000001952 nova-scheduler[95666]: DEBUG nova.scheduler.manager [None req-0c780e84-ead0-4563-b6f0-764b528739c7 tempest-ServerStableDeviceRescueTest-708713420 tempest-ServerStableDeviceRescueTest-708713420-project-member] Starting to schedule for instances: ['cc4204be-a56a-4210-9e40-aa740a3899ec'] {{(pid=95666) select_destinations /opt/stack/nova/nova/scheduler/manager.py:210}}
Jun 02 17:07:07.173907 np0000001952 nova-scheduler[95666]: DEBUG nova.scheduler.request_filter [None req-0c780e84-ead0-4563-b6f0-764b528739c7 tempest-ServerStableDeviceRescueTest-708713420 tempest-ServerStableDeviceRescueTest-708713420-project-member] compute_status_filter request filter added forbidden trait COMPUTE_STATUS_DISABLED {{(pid=95666) compute_status_filter /opt/stack/nova/nova/scheduler/request_filter.py:253}}
Jun 02 17:07:07.175851 np0000001952 nova-scheduler[95666]: DEBUG nova.scheduler.request_filter [None req-0c780e84-ead0-4563-b6f0-764b528739c7 tempest-ServerStableDeviceRescueTest-708713420 tempest-ServerStableDeviceRescueTest-708713420-project-member] Request filter 'compute_status_filter' took 0.0 seconds {{(pid=95666) wrapper /opt/stack/nova/nova/scheduler/request_filter.py:46}}
Jun 02 17:07:07.175851 np0000001952 nova-scheduler[95666]: DEBUG nova.scheduler.request_filter [None req-0c780e84-ead0-4563-b6f0-764b528739c7 tempest-ServerStableDeviceRescueTest-708713420 tempest-ServerStableDeviceRescueTest-708713420-project-member] Request filter 'accelerators_filter' took 0.0 seconds {{(pid=95666) wrapper /opt/stack/nova/nova/scheduler/request_filter.py:46}}
Jun 02 17:07:07.175851 np0000001952 nova-scheduler[95666]: DEBUG nova.scheduler.request_filter [None req-0c780e84-ead0-4563-b6f0-764b528739c7 tempest-ServerStableDeviceRescueTest-708713420 tempest-ServerStableDeviceRescueTest-708713420-project-member] Request filter 'packed_virtqueue_filter' took 0.0 seconds {{(pid=95666) wrapper /opt/stack/nova/nova/scheduler/request_filter.py:46}}
Jun 02 17:07:07.175851 np0000001952 nova-scheduler[95666]: DEBUG nova.scheduler.request_filter [None req-0c780e84-ead0-4563-b6f0-764b528739c7 tempest-ServerStableDeviceRescueTest-708713420 tempest-ServerStableDeviceRescueTest-708713420-project-member] Request filter 'remote_managed_ports_filter' took 0.0 seconds {{(pid=95666) wrapper /opt/stack/nova/nova/scheduler/request_filter.py:46}}
Jun 02 17:07:07.175851 np0000001952 nova-scheduler[95666]: DEBUG nova.scheduler.request_filter [None req-0c780e84-ead0-4563-b6f0-764b528739c7 tempest-ServerStableDeviceRescueTest-708713420 tempest-ServerStableDeviceRescueTest-708713420-project-member] ephemeral_encryption_filter skipped {{(pid=95666) ephemeral_encryption_filter /opt/stack/nova/nova/scheduler/request_filter.py:426}}
Jun 02 17:07:07.176139 np0000001952 nova-scheduler[95666]: DEBUG nova.scheduler.request_filter [None req-0c780e84-ead0-4563-b6f0-764b528739c7 tempest-ServerStableDeviceRescueTest-708713420 tempest-ServerStableDeviceRescueTest-708713420-project-member] virtio_sound_filter skipped {{(pid=95666) virtio_sound_filter /opt/stack/nova/nova/scheduler/request_filter.py:460}}
Jun 02 17:07:07.176268 np0000001952 nova-scheduler[95666]: DEBUG nova.scheduler.request_filter [None req-0c780e84-ead0-4563-b6f0-764b528739c7 tempest-ServerStableDeviceRescueTest-708713420 tempest-ServerStableDeviceRescueTest-708713420-project-member] tpm_secret_security_filter skipped {{(pid=95666) tpm_secret_security_filter /opt/stack/nova/nova/scheduler/request_filter.py:477}}
Jun 02 17:07:07.302882 np0000001952 nova-scheduler[95666]: INFO nova.utils [None req-0c780e84-ead0-4563-b6f0-764b528739c7 tempest-ServerStableDeviceRescueTest-708713420 tempest-ServerStableDeviceRescueTest-708713420-project-member] The cell worker thread pool ForkProcess-2.cell_worker is initialized
Jun 02 17:07:07.303060 np0000001952 nova-scheduler[95666]: DEBUG oslo_concurrency.lockutils [None req-0c780e84-ead0-4563-b6f0-764b528739c7 tempest-ServerStableDeviceRescueTest-708713420 tempest-ServerStableDeviceRescueTest-708713420-project-member] Acquiring lock "4f0ae6b8-7bda-4ab0-bca4-242130335991" by "nova.context.set_target_cell..get_or_set_cached_cell_and_set_connections" {{(pid=95666) inner /opt/stack/data/venv/lib/python3.12/site-packages/oslo_concurrency/lockutils.py:511}}
Jun 02 17:07:07.303366 np0000001952 nova-scheduler[95666]: DEBUG oslo_concurrency.lockutils [None req-0c780e84-ead0-4563-b6f0-764b528739c7 tempest-ServerStableDeviceRescueTest-708713420 tempest-ServerStableDeviceRescueTest-708713420-project-member] Lock "4f0ae6b8-7bda-4ab0-bca4-242130335991" acquired by "nova.context.set_target_cell..get_or_set_cached_cell_and_set_connections" :: waited 0.000s {{(pid=95666) inner /opt/stack/data/venv/lib/python3.12/site-packages/oslo_concurrency/lockutils.py:524}}
Jun 02 17:07:07.304699 np0000001952 nova-scheduler[95666]: DEBUG oslo_concurrency.lockutils [None req-0c780e84-ead0-4563-b6f0-764b528739c7 tempest-ServerStableDeviceRescueTest-708713420 tempest-ServerStableDeviceRescueTest-708713420-project-member] Lock "4f0ae6b8-7bda-4ab0-bca4-242130335991" "released" by "nova.context.set_target_cell..get_or_set_cached_cell_and_set_connections" :: held 0.001s {{(pid=95666) inner /opt/stack/data/venv/lib/python3.12/site-packages/oslo_concurrency/lockutils.py:543}}
Jun 02 17:07:07.307804 np0000001952 nova-scheduler[95666]: INFO dbcounter [None req-0c780e84-ead0-4563-b6f0-764b528739c7 tempest-ServerStableDeviceRescueTest-708713420 tempest-ServerStableDeviceRescueTest-708713420-project-member] Registered counter for database nova_cell1
Jun 02 17:07:07.371734 np0000001952 nova-scheduler[95666]: DEBUG oslo_db.sqlalchemy.engines [None req-0c780e84-ead0-4563-b6f0-764b528739c7 tempest-ServerStableDeviceRescueTest-708713420 tempest-ServerStableDeviceRescueTest-708713420-project-member] MySQL server mode set to STRICT_TRANS_TABLES,STRICT_ALL_TABLES,NO_ZERO_IN_DATE,NO_ZERO_DATE,ERROR_FOR_DIVISION_BY_ZERO,TRADITIONAL,NO_ENGINE_SUBSTITUTION {{(pid=95666) _check_effective_sql_mode /opt/stack/data/venv/lib/python3.12/site-packages/oslo_db/sqlalchemy/engines.py:325}}
Jun 02 17:07:07.381983 np0000001952 nova-scheduler[95666]: DEBUG dbcounter [-] [95666] Writer thread running {{(pid=95666) stat_writer /opt/stack/data/venv/lib/python3.12/site-packages/dbcounter.py:102}}
Jun 02 17:07:07.455066 np0000001952 nova-scheduler[95666]: DEBUG dbcounter [-] [95666] Writer thread running {{(pid=95666) stat_writer /opt/stack/data/venv/lib/python3.12/site-packages/dbcounter.py:102}}
Jun 02 17:07:07.460399 np0000001952 nova-scheduler[95666]: DEBUG oslo_concurrency.lockutils [None req-0c780e84-ead0-4563-b6f0-764b528739c7 tempest-ServerStableDeviceRescueTest-708713420 tempest-ServerStableDeviceRescueTest-708713420-project-member] Acquiring lock "4f0ae6b8-7bda-4ab0-bca4-242130335991" by "nova.context.set_target_cell..get_or_set_cached_cell_and_set_connections" {{(pid=95666) inner /opt/stack/data/venv/lib/python3.12/site-packages/oslo_concurrency/lockutils.py:511}}
Jun 02 17:07:07.461223 np0000001952 nova-scheduler[95666]: DEBUG oslo_concurrency.lockutils [None req-0c780e84-ead0-4563-b6f0-764b528739c7 tempest-ServerStableDeviceRescueTest-708713420 tempest-ServerStableDeviceRescueTest-708713420-project-member] Lock "4f0ae6b8-7bda-4ab0-bca4-242130335991" acquired by "nova.context.set_target_cell..get_or_set_cached_cell_and_set_connections" :: waited 0.000s {{(pid=95666) inner /opt/stack/data/venv/lib/python3.12/site-packages/oslo_concurrency/lockutils.py:524}}
Jun 02 17:07:07.461480 np0000001952 nova-scheduler[95666]: DEBUG oslo_concurrency.lockutils [None req-0c780e84-ead0-4563-b6f0-764b528739c7 tempest-ServerStableDeviceRescueTest-708713420 tempest-ServerStableDeviceRescueTest-708713420-project-member] Lock "4f0ae6b8-7bda-4ab0-bca4-242130335991" "released" by "nova.context.set_target_cell..get_or_set_cached_cell_and_set_connections" :: held 0.001s {{(pid=95666) inner /opt/stack/data/venv/lib/python3.12/site-packages/oslo_concurrency/lockutils.py:543}}
Jun 02 17:07:07.468698 np0000001952 nova-scheduler[95666]: DEBUG oslo_concurrency.lockutils [None req-0c780e84-ead0-4563-b6f0-764b528739c7 tempest-ServerStableDeviceRescueTest-708713420 tempest-ServerStableDeviceRescueTest-708713420-project-member] Acquiring lock "('np0000001952', 'np0000001952')" by "nova.scheduler.host_manager.HostState.update.._locked_update" {{(pid=95666) inner /opt/stack/data/venv/lib/python3.12/site-packages/oslo_concurrency/lockutils.py:511}}
Jun 02 17:07:07.468879 np0000001952 nova-scheduler[95666]: DEBUG oslo_concurrency.lockutils [None req-0c780e84-ead0-4563-b6f0-764b528739c7 tempest-ServerStableDeviceRescueTest-708713420 tempest-ServerStableDeviceRescueTest-708713420-project-member] Lock "('np0000001952', 'np0000001952')" acquired by "nova.scheduler.host_manager.HostState.update.._locked_update" :: waited 0.000s {{(pid=95666) inner /opt/stack/data/venv/lib/python3.12/site-packages/oslo_concurrency/lockutils.py:524}}
