Jun 29 09:18:54.296888 np0000003902 devstack@neutron-api.service[90505]: INFO neutron.quota.resource_registry [None req-aa1ffd16-3ebf-4667-ab8b-96914668dd66 None None] Creating instance of TrackedResource for resource:security_group
Jun 29 09:18:54.297146 np0000003902 devstack@neutron-api.service[90508]: DEBUG neutron.api.extensions [None req-4d23983c-2adb-4824-aec0-29eb541af1a2 None None] Ext name="Details of QoS rule types" alias="qos-rule-type-details" description="Expose details about QoS rule types supported by loaded backend drivers" updated="2017-06-22T10:00:00-00:00" {{(pid=90508) _check_extension /opt/stack/neutron/neutron/api/extensions.py:415}}
Jun 29 09:18:54.297146 np0000003902 devstack@neutron-api.service[90508]: INFO neutron.api.extensions [None req-4d23983c-2adb-4824-aec0-29eb541af1a2 None None] Extension qos-rule-type-details not supported by any of loaded plugins
Jun 29 09:18:54.297146 np0000003902 devstack@neutron-api.service[90508]: DEBUG neutron.api.extensions [None req-4d23983c-2adb-4824-aec0-29eb541af1a2 None None] Loading extension file: qos_rule_type_filter.py {{(pid=90508) _load_all_extensions_from_path /opt/stack/neutron/neutron/api/extensions.py:449}}
Jun 29 09:18:54.297471 np0000003902 devstack@neutron-api.service[90505]: INFO neutron.quota.resource_registry [None req-aa1ffd16-3ebf-4667-ab8b-96914668dd66 None None] Creating instance of TrackedResource for resource:security_group_rule
Jun 29 09:18:54.297682 np0000003902 devstack@neutron-api.service[90508]: DEBUG neutron.api.extensions [None req-4d23983c-2adb-4824-aec0-29eb541af1a2 None None] Ext name="Allow to filter the list of QoS rule types" alias="qos-rule-type-filter" description="Allows to filter the QoS rule type list adding two new flags. "all_rules" prints all implemented QoS rule types."all_supported" prints all supported QoS rule types by the loaded mechanism drivers" updated="2022-02-02T10:00:00-00:00" {{(pid=90508) _check_extension /opt/stack/neutron/neutron/api/extensions.py:415}}
Jun 29 09:18:54.297682 np0000003902 devstack@neutron-api.service[90508]: INFO neutron.api.extensions [None req-4d23983c-2adb-4824-aec0-29eb541af1a2 None None] Extension qos-rule-type-filter not supported by any of loaded plugins
Jun 29 09:18:54.297682 np0000003902 devstack@neutron-api.service[90508]: DEBUG neutron.api.extensions [None req-4d23983c-2adb-4824-aec0-29eb541af1a2 None None] Loading extension file: qos_rules_alias.py {{(pid=90508) _load_all_extensions_from_path /opt/stack/neutron/neutron/api/extensions.py:449}}
Jun 29 09:18:54.297682 np0000003902 devstack@neutron-api.service[90508]: DEBUG neutron.api.extensions [None req-4d23983c-2adb-4824-aec0-29eb541af1a2 None None] Ext name="Quality of Service rules alias API" alias="qos-rules-alias" description="API to enable GET, PUT and DELETE operations on QoS policy rules without specifying policy ID" updated="2018-10-07T10:00:00-00:00" {{(pid=90508) _check_extension /opt/stack/neutron/neutron/api/extensions.py:415}}
Jun 29 09:18:54.298234 np0000003902 devstack@neutron-api.service[90505]: DEBUG neutron.api.v2.resource_helper [None req-aa1ffd16-3ebf-4667-ab8b-96914668dd66 None None] Service CORE assigned prefix: {{(pid=90505) build_resource_info /opt/stack/neutron/neutron/api/v2/resource_helper.py:77}}
Jun 29 09:18:54.298530 np0000003902 devstack@neutron-api.service[90508]: INFO neutron.api.extensions [None req-4d23983c-2adb-4824-aec0-29eb541af1a2 None None] Extension qos-rules-alias not supported by any of loaded plugins
Jun 29 09:18:54.298839 np0000003902 devstack@neutron-api.service[90505]: INFO neutron.quota.resource_registry [None req-aa1ffd16-3ebf-4667-ab8b-96914668dd66 None None] Creating instance of TrackedResource for resource:subnetpool
Jun 29 09:18:54.299260 np0000003902 devstack@neutron-api.service[90508]: DEBUG neutron.api.extensions [None req-4d23983c-2adb-4824-aec0-29eb541af1a2 None None] Loading extension file: quota_check_limit.py {{(pid=90508) _load_all_extensions_from_path /opt/stack/neutron/neutron/api/extensions.py:449}}
Jun 29 09:18:54.299597 np0000003902 devstack@neutron-api.service[90505]: WARNING neutron.quota.resource_registry [None req-aa1ffd16-3ebf-4667-ab8b-96914668dd66 None None] subnetpool is already registered
Jun 29 09:18:54.300023 np0000003902 devstack@neutron-api.service[90508]: DEBUG neutron.api.extensions [None req-4d23983c-2adb-4824-aec0-29eb541af1a2 None None] Ext name="Quota engine limit check" alias="quota-check-limit" description="Support for checking the resource usage before applying a new quota limit" updated="2021-09-08T16:00:00-00:00" {{(pid=90508) _check_extension /opt/stack/neutron/neutron/api/extensions.py:415}}
Jun 29 09:18:54.300023 np0000003902 devstack@neutron-api.service[90508]: INFO neutron.api.extensions [None req-4d23983c-2adb-4824-aec0-29eb541af1a2 None None] Loaded extension: quota-check-limit
Jun 29 09:18:54.300495 np0000003902 devstack@neutron-api.service[90505]: DEBUG neutron.api.v2.resource_helper [None req-aa1ffd16-3ebf-4667-ab8b-96914668dd66 None None] Service CORE assigned prefix: {{(pid=90505) build_resource_info /opt/stack/neutron/neutron/api/v2/resource_helper.py:77}}
Jun 29 09:18:54.300982 np0000003902 devstack@neutron-api.service[90508]: DEBUG neutron.api.extensions [None req-4d23983c-2adb-4824-aec0-29eb541af1a2 None None] Loading extension file: quota_check_limit_default.py {{(pid=90508) _load_all_extensions_from_path /opt/stack/neutron/neutron/api/extensions.py:449}}
Jun 29 09:18:54.301450 np0000003902 devstack@neutron-api.service[90505]: INFO neutron.quota.resource_registry [None req-aa1ffd16-3ebf-4667-ab8b-96914668dd66 None None] Creating instance of TrackedResource for resource:subnetpool
Jun 29 09:18:54.301450 np0000003902 devstack@neutron-api.service[90505]: WARNING neutron.quota.resource_registry [None req-aa1ffd16-3ebf-4667-ab8b-96914668dd66 None None] subnetpool is already registered
Jun 29 09:18:54.301874 np0000003902 devstack@neutron-api.service[90508]: DEBUG neutron.api.extensions [None req-4d23983c-2adb-4824-aec0-29eb541af1a2 None None] Ext name="Quota engine limit check by default" alias="quota-check-limit-default" description="By default, the Neutron quota engine checks the resource usage before applying a new quota limit" updated="2024-08-21T16:00:00-00:00" {{(pid=90508) _check_extension /opt/stack/neutron/neutron/api/extensions.py:415}}
Jun 29 09:18:54.301874 np0000003902 devstack@neutron-api.service[90508]: INFO neutron.api.extensions [None req-4d23983c-2adb-4824-aec0-29eb541af1a2 None None] Loaded extension: quota-check-limit-default
Jun 29 09:18:54.301874 np0000003902 devstack@neutron-api.service[90508]: DEBUG neutron.api.extensions [None req-4d23983c-2adb-4824-aec0-29eb541af1a2 None None] Loading extension file: quotasv2.py {{(pid=90508) _load_all_extensions_from_path /opt/stack/neutron/neutron/api/extensions.py:449}}
Jun 29 09:18:54.301874 np0000003902 devstack@neutron-api.service[90508]: DEBUG neutron.api.extensions [None req-4d23983c-2adb-4824-aec0-29eb541af1a2 None None] Ext name="Quota management support" alias="quotas" description="Expose functions for quotas management per project" updated="2012-07-29T10:00:00-00:00" {{(pid=90508) _check_extension /opt/stack/neutron/neutron/api/extensions.py:415}}
Jun 29 09:18:54.301874 np0000003902 devstack@neutron-api.service[90508]: INFO neutron.api.extensions [None req-4d23983c-2adb-4824-aec0-29eb541af1a2 None None] Loaded extension: quotas
Jun 29 09:18:54.301874 np0000003902 devstack@neutron-api.service[90508]: DEBUG neutron.api.extensions [None req-4d23983c-2adb-4824-aec0-29eb541af1a2 None None] Loading extension file: quotasv2_detail.py {{(pid=90508) _load_all_extensions_from_path /opt/stack/neutron/neutron/api/extensions.py:449}}
Jun 29 09:18:54.301874 np0000003902 devstack@neutron-api.service[90508]: DEBUG neutron.api.extensions [None req-4d23983c-2adb-4824-aec0-29eb541af1a2 None None] Ext name="Quota details management support" alias="quota_details" description="Expose functions for quotas usage statistics per project" updated="2017-02-10T10:00:00-00:00" {{(pid=90508) _check_extension /opt/stack/neutron/neutron/api/extensions.py:415}}
Jun 29 09:18:54.302548 np0000003902 devstack@neutron-api.service[90508]: INFO neutron.api.extensions [None req-4d23983c-2adb-4824-aec0-29eb541af1a2 None None] Loaded extension: quota_details
Jun 29 09:18:54.302548 np0000003902 devstack@neutron-api.service[90508]: DEBUG neutron.api.extensions [None req-4d23983c-2adb-4824-aec0-29eb541af1a2 None None] Loading extension file: rbac.py {{(pid=90508) _load_all_extensions_from_path /opt/stack/neutron/neutron/api/extensions.py:449}}
Jun 29 09:18:54.302548 np0000003902 devstack@neutron-api.service[90508]: DEBUG neutron.api.extensions [None req-4d23983c-2adb-4824-aec0-29eb541af1a2 None None] Ext name="RBAC Policies" alias="rbac-policies" description="Allows creation and modification of policies that control project access to resources." updated="2015-06-17T12:15:12-00:00" {{(pid=90508) _check_extension /opt/stack/neutron/neutron/api/extensions.py:415}}
Jun 29 09:18:54.302548 np0000003902 devstack@neutron-api.service[90508]: INFO neutron.api.extensions [None req-4d23983c-2adb-4824-aec0-29eb541af1a2 None None] Loaded extension: rbac-policies
Jun 29 09:18:54.302817 np0000003902 devstack@neutron-api.service[90505]: INFO neutron.quota.resource_registry [None req-aa1ffd16-3ebf-4667-ab8b-96914668dd66 None None] Creating instance of CountableResource for resource:router_route
Jun 29 09:18:54.302977 np0000003902 devstack@neutron-api.service[90508]: DEBUG neutron.api.extensions [None req-4d23983c-2adb-4824-aec0-29eb541af1a2 None None] Loading extension file: rbac_address_group.py {{(pid=90508) _load_all_extensions_from_path /opt/stack/neutron/neutron/api/extensions.py:449}}
Jun 29 09:18:54.303256 np0000003902 devstack@neutron-api.service[90505]: WARNING neutron.quota.resource_registry [None req-aa1ffd16-3ebf-4667-ab8b-96914668dd66 None None] router_route is already registered
Jun 29 09:18:54.303256 np0000003902 devstack@neutron-api.service[90505]: DEBUG neutron.api.v2.resource_helper [None req-aa1ffd16-3ebf-4667-ab8b-96914668dd66 None None] Service L3_ROUTER_NAT assigned prefix: {{(pid=90505) build_resource_info /opt/stack/neutron/neutron/api/v2/resource_helper.py:77}}
Jun 29 09:18:54.303634 np0000003902 devstack@neutron-api.service[90508]: DEBUG neutron.api.extensions [None req-4d23983c-2adb-4824-aec0-29eb541af1a2 None None] Ext name="Add address_group type to RBAC" alias="rbac-address-group" description="Add address_group type to network RBAC" updated="2021-01-20T00:00:00-00:00" {{(pid=90508) _check_extension /opt/stack/neutron/neutron/api/extensions.py:415}}
Jun 29 09:18:54.303634 np0000003902 devstack@neutron-api.service[90508]: INFO neutron.api.extensions [None req-4d23983c-2adb-4824-aec0-29eb541af1a2 None None] Extension rbac-address-group not supported by any of loaded plugins
Jun 29 09:18:54.303634 np0000003902 devstack@neutron-api.service[90508]: DEBUG neutron.api.extensions [None req-4d23983c-2adb-4824-aec0-29eb541af1a2 None None] Loading extension file: rbac_address_scope.py {{(pid=90508) _load_all_extensions_from_path /opt/stack/neutron/neutron/api/extensions.py:449}}
Jun 29 09:18:54.304081 np0000003902 devstack@neutron-api.service[90505]: DEBUG neutron.api.v2.resource_helper [None req-aa1ffd16-3ebf-4667-ab8b-96914668dd66 None None] Service FLAVORS assigned prefix: {{(pid=90505) build_resource_info /opt/stack/neutron/neutron/api/v2/resource_helper.py:77}}
Jun 29 09:18:54.304395 np0000003902 devstack@neutron-api.service[90508]: DEBUG neutron.api.extensions [None req-4d23983c-2adb-4824-aec0-29eb541af1a2 None None] Ext name="Add address_scope type to RBAC" alias="rbac-address-scope" description="Add address_scope type to RBAC" updated="2020-02-12T00:00:00-00:00" {{(pid=90508) _check_extension /opt/stack/neutron/neutron/api/extensions.py:415}}
Jun 29 09:18:54.304395 np0000003902 devstack@neutron-api.service[90508]: INFO neutron.api.extensions [None req-4d23983c-2adb-4824-aec0-29eb541af1a2 None None] Loaded extension: rbac-address-scope
Jun 29 09:18:54.304395 np0000003902 devstack@neutron-api.service[90508]: DEBUG neutron.api.extensions [None req-4d23983c-2adb-4824-aec0-29eb541af1a2 None None] Loading extension file: rbac_security_groups.py {{(pid=90508) _load_all_extensions_from_path /opt/stack/neutron/neutron/api/extensions.py:449}}
Jun 29 09:18:54.304395 np0000003902 devstack@neutron-api.service[90508]: DEBUG neutron.api.extensions [None req-4d23983c-2adb-4824-aec0-29eb541af1a2 None None] Ext name="Add security_group type to network RBAC" alias="rbac-security-groups" description="Add security_group type to network RBAC" updated="2019-02-14T00:00:00-00:00" {{(pid=90508) _check_extension /opt/stack/neutron/neutron/api/extensions.py:415}}
Jun 29 09:18:54.304395 np0000003902 devstack@neutron-api.service[90508]: INFO neutron.api.extensions [None req-4d23983c-2adb-4824-aec0-29eb541af1a2 None None] Loaded extension: rbac-security-groups
Jun 29 09:18:54.304395 np0000003902 devstack@neutron-api.service[90508]: DEBUG neutron.api.extensions [None req-4d23983c-2adb-4824-aec0-29eb541af1a2 None None] Loading extension file: rbac_subnetpool.py {{(pid=90508) _load_all_extensions_from_path /opt/stack/neutron/neutron/api/extensions.py:449}}
Jun 29 09:18:54.304911 np0000003902 devstack@neutron-api.service[90505]: DEBUG neutron.api.v2.resource_helper [None req-aa1ffd16-3ebf-4667-ab8b-96914668dd66 None None] Service L3_ROUTER_NAT assigned prefix: {{(pid=90505) build_resource_info /opt/stack/neutron/neutron/api/v2/resource_helper.py:77}}
Jun 29 09:18:54.305261 np0000003902 devstack@neutron-api.service[90508]: DEBUG neutron.api.extensions [None req-4d23983c-2adb-4824-aec0-29eb541af1a2 None None] Ext name="Add subnetpool type to RBAC" alias="rbac-subnetpool" description="Add subnetpool type to RBAC" updated="2020-02-05T00:00:00-00:00" {{(pid=90508) _check_extension /opt/stack/neutron/neutron/api/extensions.py:415}}
Jun 29 09:18:54.305563 np0000003902 devstack@neutron-api.service[90505]: DEBUG neutron.api.v2.resource_helper [None req-aa1ffd16-3ebf-4667-ab8b-96914668dd66 None None] Service L3_ROUTER_NAT assigned prefix: {{(pid=90505) build_resource_info /opt/stack/neutron/neutron/api/v2/resource_helper.py:77}}
Jun 29 09:18:54.305835 np0000003902 devstack@neutron-api.service[90508]: INFO neutron.api.extensions [None req-4d23983c-2adb-4824-aec0-29eb541af1a2 None None] Extension rbac-subnetpool not supported by any of loaded plugins
Jun 29 09:18:54.305835 np0000003902 devstack@neutron-api.service[90508]: DEBUG neutron.api.extensions [None req-4d23983c-2adb-4824-aec0-29eb541af1a2 None None] Loading extension file: revisionifmatch.py {{(pid=90508) _load_all_extensions_from_path /opt/stack/neutron/neutron/api/extensions.py:449}}
Jun 29 09:18:54.306166 np0000003902 devstack@neutron-api.service[90505]: INFO neutron.quota.resource_registry [None req-aa1ffd16-3ebf-4667-ab8b-96914668dd66 None None] Creating instance of TrackedResource for resource:router
Jun 29 09:18:54.306166 np0000003902 devstack@neutron-api.service[90505]: WARNING neutron.quota.resource_registry [None req-aa1ffd16-3ebf-4667-ab8b-96914668dd66 None None] router is already registered
Jun 29 09:18:54.306564 np0000003902 devstack@neutron-api.service[90508]: DEBUG neutron.api.extensions [None req-4d23983c-2adb-4824-aec0-29eb541af1a2 None None] Ext name="If-Match constraints based on revision_number" alias="revision-if-match" description="Extension indicating that If-Match based on revision_number is supported." updated="2016-12-11T00:00:00-00:00" {{(pid=90508) _check_extension /opt/stack/neutron/neutron/api/extensions.py:415}}
Jun 29 09:18:54.306564 np0000003902 devstack@neutron-api.service[90508]: INFO neutron.api.extensions [None req-4d23983c-2adb-4824-aec0-29eb541af1a2 None None] Loaded extension: revision-if-match
Jun 29 09:18:54.306564 np0000003902 devstack@neutron-api.service[90508]: DEBUG neutron.api.extensions [None req-4d23983c-2adb-4824-aec0-29eb541af1a2 None None] Loading extension file: revisions.py {{(pid=90508) _load_all_extensions_from_path /opt/stack/neutron/neutron/api/extensions.py:449}}
Jun 29 09:18:54.306949 np0000003902 devstack@neutron-api.service[90505]: INFO neutron.quota.resource_registry [None req-aa1ffd16-3ebf-4667-ab8b-96914668dd66 None None] Creating instance of TrackedResource for resource:floatingip
Jun 29 09:18:54.306949 np0000003902 devstack@neutron-api.service[90505]: WARNING neutron.quota.resource_registry [None req-aa1ffd16-3ebf-4667-ab8b-96914668dd66 None None] floatingip is already registered
Jun 29 09:18:54.307339 np0000003902 devstack@neutron-api.service[90508]: DEBUG neutron.api.extensions [None req-4d23983c-2adb-4824-aec0-29eb541af1a2 None None] Ext name="Resource revision numbers" alias="standard-attr-revisions" description="This extension will display the revision number of neutron resources." updated="2016-04-11T10:00:00-00:00" {{(pid=90508) _check_extension /opt/stack/neutron/neutron/api/extensions.py:415}}
Jun 29 09:18:54.307339 np0000003902 devstack@neutron-api.service[90508]: INFO neutron.api.extensions [None req-4d23983c-2adb-4824-aec0-29eb541af1a2 None None] Loaded extension: standard-attr-revisions
Jun 29 09:18:54.307339 np0000003902 devstack@neutron-api.service[90508]: DEBUG neutron.api.extensions [None req-4d23983c-2adb-4824-aec0-29eb541af1a2 None None] Loading extension file: router_availability_zone.py {{(pid=90508) _load_all_extensions_from_path /opt/stack/neutron/neutron/api/extensions.py:449}}
Jun 29 09:18:54.307339 np0000003902 devstack@neutron-api.service[90508]: DEBUG neutron.api.extensions [None req-4d23983c-2adb-4824-aec0-29eb541af1a2 None None] Ext name="Router Availability Zone" alias="router_availability_zone" description="Availability zone support for router." updated="2015-01-01T10:00:00-00:00" {{(pid=90508) _check_extension /opt/stack/neutron/neutron/api/extensions.py:415}}
Jun 29 09:18:54.307339 np0000003902 devstack@neutron-api.service[90508]: INFO neutron.api.extensions [None req-4d23983c-2adb-4824-aec0-29eb541af1a2 None None] Loaded extension: router_availability_zone
Jun 29 09:18:54.307339 np0000003902 devstack@neutron-api.service[90508]: DEBUG neutron.api.extensions [None req-4d23983c-2adb-4824-aec0-29eb541af1a2 None None] Loading extension file: router_enable_snat.py {{(pid=90508) _load_all_extensions_from_path /opt/stack/neutron/neutron/api/extensions.py:449}}
Jun 29 09:18:54.307339 np0000003902 devstack@neutron-api.service[90508]: DEBUG neutron.api.extensions [None req-4d23983c-2adb-4824-aec0-29eb541af1a2 None None] Ext name="Exposes the router "enable_snat" read-only configuration flag" alias="router-enable-snat" description="Exposes the router "enable_snat" read-only configuration flag" updated="2025-09-18T18:00:00-00:00" {{(pid=90508) _check_extension /opt/stack/neutron/neutron/api/extensions.py:415}}
Jun 29 09:18:54.307911 np0000003902 devstack@neutron-api.service[90505]: INFO neutron.quota.resource_registry [None req-aa1ffd16-3ebf-4667-ab8b-96914668dd66 None None] Creating instance of CountableResource for resource:rbac_policy
Jun 29 09:18:54.307911 np0000003902 devstack@neutron-api.service[90505]: WARNING neutron.quota.resource_registry [None req-aa1ffd16-3ebf-4667-ab8b-96914668dd66 None None] rbac_policy is already registered
Jun 29 09:18:54.308370 np0000003902 devstack@neutron-api.service[90508]: INFO neutron.api.extensions [None req-4d23983c-2adb-4824-aec0-29eb541af1a2 None None] Loaded extension: router-enable-snat
Jun 29 09:18:54.308370 np0000003902 devstack@neutron-api.service[90508]: DEBUG neutron.api.extensions [None req-4d23983c-2adb-4824-aec0-29eb541af1a2 None None] Loading extension file: routerservicetype.py {{(pid=90508) _load_all_extensions_from_path /opt/stack/neutron/neutron/api/extensions.py:449}}
Jun 29 09:18:54.308671 np0000003902 devstack@neutron-api.service[90507]: DEBUG oslo_concurrency.processutils [None req-f5421414-3597-4b85-81f6-3102955d3659 None None] CMD "ovsdb-client transact ssl:10.4.3.82:6641 --timeout 180 -p /opt/stack/data/CA/int-ca/private/devstack-cert.key -c /opt/stack/data/CA/int-ca/devstack-cert.crt -C /opt/stack/data/CA/int-ca/ca-chain.pem ["OVN_Northbound", {"op": "wait", "timeout": 0, "table": "Port_Group", "where": [["name", "==", "neutron_pg_drop"]], "until": "==", "rows": []}, {"op": "insert", "table": "ACL", "row": {"action": "drop", "direction": "to-lport", "match": "outport == @neutron_pg_drop && ip", "priority": 1001}, "uuid-name": "droptoport"}, {"op": "insert", "table": "ACL", "row": {"action": "drop", "direction": "from-lport", "match": "inport == @neutron_pg_drop && ip", "priority": 1001}, "uuid-name": "dropfromport"}, {"op": "insert", "table": "Port_Group", "row": {"name": "neutron_pg_drop", "acls": ["set", [["named-uuid", "droptoport"], ["named-uuid", "dropfromport"]]]}}]" returned: 0 in 0.037s {{(pid=90507) execute /opt/stack/data/venv/lib/python3.12/site-packages/oslo_concurrency/processutils.py:468}}
Jun 29 09:18:54.309063 np0000003902 devstack@neutron-api.service[90508]: DEBUG neutron.api.extensions [None req-4d23983c-2adb-4824-aec0-29eb541af1a2 None None] Ext name="Router Service Type" alias="router-service-type" description="Provides router service type" updated="2013-01-29T00:00:00-00:00" {{(pid=90508) _check_extension /opt/stack/neutron/neutron/api/extensions.py:415}}
Jun 29 09:18:54.309063 np0000003902 devstack@neutron-api.service[90508]: INFO neutron.api.extensions [None req-4d23983c-2adb-4824-aec0-29eb541af1a2 None None] Extension router-service-type not supported by any of loaded plugins
Jun 29 09:18:54.309063 np0000003902 devstack@neutron-api.service[90508]: DEBUG neutron.api.extensions [None req-4d23983c-2adb-4824-aec0-29eb541af1a2 None None] Loading extension file: security_groups_default_rules.py {{(pid=90508) _load_all_extensions_from_path /opt/stack/neutron/neutron/api/extensions.py:449}}
Jun 29 09:18:54.309425 np0000003902 devstack@neutron-api.service[90505]: INFO neutron.quota.resource_registry [None req-aa1ffd16-3ebf-4667-ab8b-96914668dd66 None None] Creating instance of TrackedResource for resource:security_group
Jun 29 09:18:54.309425 np0000003902 devstack@neutron-api.service[90505]: WARNING neutron.quota.resource_registry [None req-aa1ffd16-3ebf-4667-ab8b-96914668dd66 None None] security_group is already registered
Jun 29 09:18:54.309644 np0000003902 devstack@neutron-api.service[90508]: DEBUG neutron.api.extensions [None req-4d23983c-2adb-4824-aec0-29eb541af1a2 None None] Ext name="Default rules for security groups" alias="security-groups-default-rules" description="Configure set of security group rules used as default rules for every new security group" updated="2022-12-19T10:00:00-00:00" {{(pid=90508) _check_extension /opt/stack/neutron/neutron/api/extensions.py:415}}
Jun 29 09:18:54.309783 np0000003902 devstack@neutron-api.service[90505]: INFO neutron.quota.resource_registry [None req-aa1ffd16-3ebf-4667-ab8b-96914668dd66 None None] Creating instance of TrackedResource for resource:security_group_rule
Jun 29 09:18:54.309921 np0000003902 devstack@neutron-api.service[90508]: INFO neutron.api.extensions [None req-4d23983c-2adb-4824-aec0-29eb541af1a2 None None] Loaded extension: security-groups-default-rules
Jun 29 09:18:54.309921 np0000003902 devstack@neutron-api.service[90508]: DEBUG neutron.api.extensions [None req-4d23983c-2adb-4824-aec0-29eb541af1a2 None None] Loading extension file: security_groups_default_statefulness.py {{(pid=90508) _load_all_extensions_from_path /opt/stack/neutron/neutron/api/extensions.py:449}}
Jun 29 09:18:54.310140 np0000003902 devstack@neutron-api.service[90505]: WARNING neutron.quota.resource_registry [None req-aa1ffd16-3ebf-4667-ab8b-96914668dd66 None None] security_group_rule is already registered
Jun 29 09:18:54.310425 np0000003902 devstack@neutron-api.service[90507]: DEBUG neutron_lib.callbacks.manager [None req-f5421414-3597-4b85-81f6-3102955d3659 None None] Publish callbacks ['neutron.plugins.ml2.drivers.ovn.mech_driver.mech_driver.OVNMechanismDriver.post_fork_initialize-16753795', 'neutron.services.pvlan.drivers.ovn.driver._initialize_pvlan_pg_drop-8120533096068', 'neutron.services.ovn_l3.plugin.OVNL3RouterPlugin._post_fork_initialize-1813489'] for process (None), after_init {{(pid=90507) _notify_loop /opt/stack/data/venv/lib/python3.12/site-packages/neutron_lib/callbacks/manager.py:184}}
Jun 29 09:18:54.310813 np0000003902 devstack@neutron-api.service[90508]: DEBUG neutron.api.extensions [None req-4d23983c-2adb-4824-aec0-29eb541af1a2 None None] Ext name="Security Groups Default Statefulness" alias="security-groups-default-statefulness" description="Allows configuring the default value of the 'stateful' attribute for new security groups, on a per-project or system-wide basis" updated="2026-04-13T00:00:00-00:00" {{(pid=90508) _check_extension /opt/stack/neutron/neutron/api/extensions.py:415}}
Jun 29 09:18:54.311152 np0000003902 devstack@neutron-api.service[90507]: DEBUG oslo_concurrency.lockutils [None req-f5421414-3597-4b85-81f6-3102955d3659 None None] Acquiring lock "singleton_lock" {{(pid=90507) lock /opt/stack/data/venv/lib/python3.12/site-packages/oslo_concurrency/lockutils.py:395}}
Jun 29 09:18:54.311552 np0000003902 devstack@neutron-api.service[90508]: INFO neutron.api.extensions [None req-4d23983c-2adb-4824-aec0-29eb541af1a2 None None] Loaded extension: security-groups-default-statefulness
Jun 29 09:18:54.311942 np0000003902 devstack@neutron-api.service[90507]: DEBUG oslo_concurrency.lockutils [None req-f5421414-3597-4b85-81f6-3102955d3659 None None] Acquired lock "singleton_lock" {{(pid=90507) lock /opt/stack/data/venv/lib/python3.12/site-packages/oslo_concurrency/lockutils.py:398}}
Jun 29 09:18:54.312344 np0000003902 devstack@neutron-api.service[90508]: DEBUG neutron.api.extensions [None req-4d23983c-2adb-4824-aec0-29eb541af1a2 None None] Loading extension file: security_groups_normalized_cidr.py {{(pid=90508) _load_all_extensions_from_path /opt/stack/neutron/neutron/api/extensions.py:449}}
Jun 29 09:18:54.312704 np0000003902 devstack@neutron-api.service[90505]: DEBUG neutron.api.v2.resource_helper [None req-aa1ffd16-3ebf-4667-ab8b-96914668dd66 None None] Service CORE assigned prefix: {{(pid=90505) build_resource_info /opt/stack/neutron/neutron/api/v2/resource_helper.py:77}}
Jun 29 09:18:54.313032 np0000003902 devstack@neutron-api.service[90507]: DEBUG oslo_concurrency.lockutils [None req-f5421414-3597-4b85-81f6-3102955d3659 None None] Releasing lock "singleton_lock" {{(pid=90507) lock /opt/stack/data/venv/lib/python3.12/site-packages/oslo_concurrency/lockutils.py:418}}
Jun 29 09:18:54.313462 np0000003902 devstack@neutron-api.service[90505]: INFO neutron.quota.resource_registry [None req-aa1ffd16-3ebf-4667-ab8b-96914668dd66 None None] Creating instance of TrackedResource for resource:subnetpool
Jun 29 09:18:54.313814 np0000003902 devstack@neutron-api.service[90508]: DEBUG neutron.api.extensions [None req-4d23983c-2adb-4824-aec0-29eb541af1a2 None None] Ext name="Normalized CIDR field for security group rules" alias="security-groups-normalized-cidr" description="Add new field with normalized remote_ip_prefix cidr in SG rule" updated="2020-07-28T10:00:00-00:00" {{(pid=90508) _check_extension /opt/stack/neutron/neutron/api/extensions.py:415}}
Jun 29 09:18:54.313975 np0000003902 devstack@neutron-api.service[90505]: WARNING neutron.quota.resource_registry [None req-aa1ffd16-3ebf-4667-ab8b-96914668dd66 None None] subnetpool is already registered
Jun 29 09:18:54.314151 np0000003902 devstack@neutron-api.service[90508]: INFO neutron.api.extensions [None req-4d23983c-2adb-4824-aec0-29eb541af1a2 None None] Loaded extension: security-groups-normalized-cidr
Jun 29 09:18:54.314151 np0000003902 devstack@neutron-api.service[90508]: DEBUG neutron.api.extensions [None req-4d23983c-2adb-4824-aec0-29eb541af1a2 None None] Loading extension file: security_groups_port_filtering.py {{(pid=90508) _load_all_extensions_from_path /opt/stack/neutron/neutron/api/extensions.py:449}}
Jun 29 09:18:54.314151 np0000003902 devstack@neutron-api.service[90508]: DEBUG neutron.api.extensions [None req-4d23983c-2adb-4824-aec0-29eb541af1a2 None None] Ext name="Port filtering on security groups" alias="port-security-groups-filtering" description="Provides security groups filtering when listing ports" updated="2018-01-09T09:00:00-00:00" {{(pid=90508) _check_extension /opt/stack/neutron/neutron/api/extensions.py:415}}
Jun 29 09:18:54.314388 np0000003902 devstack@neutron-api.service[90505]: DEBUG neutron.api.v2.resource_helper [None req-aa1ffd16-3ebf-4667-ab8b-96914668dd66 None None] Service CORE assigned prefix: {{(pid=90505) build_resource_info /opt/stack/neutron/neutron/api/v2/resource_helper.py:77}}
Jun 29 09:18:54.314388 np0000003902 devstack@neutron-api.service[90505]: INFO neutron.quota.resource_registry [None req-aa1ffd16-3ebf-4667-ab8b-96914668dd66 None None] Creating instance of TrackedResource for resource:subnetpool
Jun 29 09:18:54.314665 np0000003902 devstack@neutron-api.service[90508]: INFO neutron.api.extensions [None req-4d23983c-2adb-4824-aec0-29eb541af1a2 None None] Extension port-security-groups-filtering not supported by any of loaded plugins
Jun 29 09:18:54.314665 np0000003902 devstack@neutron-api.service[90508]: DEBUG neutron.api.extensions [None req-4d23983c-2adb-4824-aec0-29eb541af1a2 None None] Loading extension file: security_groups_remote_address_group.py {{(pid=90508) _load_all_extensions_from_path /opt/stack/neutron/neutron/api/extensions.py:449}}
Jun 29 09:18:54.315160 np0000003902 devstack@neutron-api.service[90505]: WARNING neutron.quota.resource_registry [None req-aa1ffd16-3ebf-4667-ab8b-96914668dd66 None None] subnetpool is already registered
Jun 29 09:18:54.315476 np0000003902 devstack@neutron-api.service[90508]: DEBUG neutron.api.extensions [None req-4d23983c-2adb-4824-aec0-29eb541af1a2 None None] Ext name="Remote address group id field for security group rules" alias="security-groups-remote-address-group" description="Add new field of remote address group id in SG rules" updated="2020-08-25T10:00:00-00:00" {{(pid=90508) _check_extension /opt/stack/neutron/neutron/api/extensions.py:415}}
Jun 29 09:18:54.315476 np0000003902 devstack@neutron-api.service[90508]: INFO neutron.api.extensions [None req-4d23983c-2adb-4824-aec0-29eb541af1a2 None None] Loaded extension: security-groups-remote-address-group
Jun 29 09:18:54.315893 np0000003902 devstack@neutron-api.service[90505]: DEBUG neutron.api.extensions [None req-aa1ffd16-3ebf-4667-ab8b-96914668dd66 None None] Extended resource: extensions {{(pid=90505) __init__ /opt/stack/neutron/neutron/api/extensions.py:156}}
Jun 29 09:18:54.316260 np0000003902 devstack@neutron-api.service[90508]: DEBUG neutron.api.extensions [None req-4d23983c-2adb-4824-aec0-29eb541af1a2 None None] Loading extension file: security_groups_rules_belongs_to_default_sg.py {{(pid=90508) _load_all_extensions_from_path /opt/stack/neutron/neutron/api/extensions.py:449}}
Jun 29 09:18:54.316643 np0000003902 devstack@neutron-api.service[90507]: DEBUG neutron.plugins.ml2.drivers.ovn.mech_driver.mech_driver [None req-f5421414-3597-4b85-81f6-3102955d3659 None None] Hash Ring setup using WSGI start time 2026-06-29 09:18:47+00:00 {{(pid=90507) _init_hash_ring /opt/stack/neutron/neutron/plugins/ml2/drivers/ovn/mech_driver/mech_driver.py:404}}
Jun 29 09:18:54.317018 np0000003902 devstack@neutron-api.service[90508]: DEBUG neutron.api.extensions [None req-4d23983c-2adb-4824-aec0-29eb541af1a2 None None] Ext name="Security group rule belongs to the project's default security group" alias="security-groups-rules-belongs-to-default-sg" description="Flag to determine if the security group rule belongs to the project's default security group" updated="2023-05-23T10:00:00-00:00" {{(pid=90508) _check_extension /opt/stack/neutron/neutron/api/extensions.py:415}}
Jun 29 09:18:54.317018 np0000003902 devstack@neutron-api.service[90508]: INFO neutron.api.extensions [None req-4d23983c-2adb-4824-aec0-29eb541af1a2 None None] Loaded extension: security-groups-rules-belongs-to-default-sg
Jun 29 09:18:54.317018 np0000003902 devstack@neutron-api.service[90508]: DEBUG neutron.api.extensions [None req-4d23983c-2adb-4824-aec0-29eb541af1a2 None None] Loading extension file: security_groups_shared_filtering.py {{(pid=90508) _load_all_extensions_from_path /opt/stack/neutron/neutron/api/extensions.py:449}}
Jun 29 09:18:54.317547 np0000003902 devstack@neutron-api.service[90505]: DEBUG neutron.api.extensions [None req-aa1ffd16-3ebf-4667-ab8b-96914668dd66 None None] Extended resource: address-groups {{(pid=90505) __init__ /opt/stack/neutron/neutron/api/extensions.py:156}}
Jun 29 09:18:54.318066 np0000003902 devstack@neutron-api.service[90508]: DEBUG neutron.api.extensions [None req-4d23983c-2adb-4824-aec0-29eb541af1a2 None None] Ext name="Security group filtering on the shared field" alias="security-groups-shared-filtering" description="Support filtering security groups on the shared field" updated="2021-10-05T09:00:00-00:00" {{(pid=90508) _check_extension /opt/stack/neutron/neutron/api/extensions.py:415}}
Jun 29 09:18:54.318066 np0000003902 devstack@neutron-api.service[90508]: INFO neutron.api.extensions [None req-4d23983c-2adb-4824-aec0-29eb541af1a2 None None] Loaded extension: security-groups-shared-filtering
Jun 29 09:18:54.318066 np0000003902 devstack@neutron-api.service[90508]: DEBUG neutron.api.extensions [None req-4d23983c-2adb-4824-aec0-29eb541af1a2 None None] Loading extension file: securitygroup.py {{(pid=90508) _load_all_extensions_from_path /opt/stack/neutron/neutron/api/extensions.py:449}}
Jun 29 09:18:54.318559 np0000003902 devstack@neutron-api.service[90505]: DEBUG neutron.api.extensions [None req-aa1ffd16-3ebf-4667-ab8b-96914668dd66 None None] Extended resource: address-scopes {{(pid=90505) __init__ /opt/stack/neutron/neutron/api/extensions.py:156}}
Jun 29 09:18:54.318559 np0000003902 devstack@neutron-api.service[90505]: DEBUG neutron.api.extensions [None req-aa1ffd16-3ebf-4667-ab8b-96914668dd66 None None] Extended resource: agents {{(pid=90505) __init__ /opt/stack/neutron/neutron/api/extensions.py:156}}
Jun 29 09:18:54.318559 np0000003902 devstack@neutron-api.service[90505]: DEBUG neutron.api.extensions [None req-aa1ffd16-3ebf-4667-ab8b-96914668dd66 None None] Extended resource: auto-allocated-topology {{(pid=90505) __init__ /opt/stack/neutron/neutron/api/extensions.py:156}}
Jun 29 09:18:54.319194 np0000003902 devstack@neutron-api.service[90508]: DEBUG neutron.api.extensions [None req-4d23983c-2adb-4824-aec0-29eb541af1a2 None None] Ext name="security-group" alias="security-group" description="The security groups extension." updated="2012-10-05T10:00:00-00:00" {{(pid=90508) _check_extension /opt/stack/neutron/neutron/api/extensions.py:415}}
Jun 29 09:18:54.319194 np0000003902 devstack@neutron-api.service[90508]: INFO neutron.api.extensions [None req-4d23983c-2adb-4824-aec0-29eb541af1a2 None None] Loaded extension: security-group
Jun 29 09:18:54.319194 np0000003902 devstack@neutron-api.service[90508]: DEBUG neutron.api.extensions [None req-4d23983c-2adb-4824-aec0-29eb541af1a2 None None] Loading extension file: segment.py {{(pid=90508) _load_all_extensions_from_path /opt/stack/neutron/neutron/api/extensions.py:449}}
Jun 29 09:18:54.319774 np0000003902 devstack@neutron-api.service[90505]: DEBUG neutron.api.extensions [None req-aa1ffd16-3ebf-4667-ab8b-96914668dd66 None None] Extended resource: availability_zones {{(pid=90505) __init__ /opt/stack/neutron/neutron/api/extensions.py:156}}
Jun 29 09:18:54.320116 np0000003902 devstack@neutron-api.service[90508]: DEBUG neutron.api.extensions [None req-4d23983c-2adb-4824-aec0-29eb541af1a2 None None] Ext name="Segment" alias="segment" description="Segments extension." updated="2016-02-24T17:00:00-00:00" {{(pid=90508) _check_extension /opt/stack/neutron/neutron/api/extensions.py:415}}
Jun 29 09:18:54.320116 np0000003902 devstack@neutron-api.service[90508]: INFO neutron.api.extensions [None req-4d23983c-2adb-4824-aec0-29eb541af1a2 None None] Extension segment not supported by any of loaded plugins
Jun 29 09:18:54.320116 np0000003902 devstack@neutron-api.service[90508]: DEBUG neutron.api.extensions [None req-4d23983c-2adb-4824-aec0-29eb541af1a2 None None] Loading extension file: segments_peer_subnet_host_routes.py {{(pid=90508) _load_all_extensions_from_path /opt/stack/neutron/neutron/api/extensions.py:449}}
Jun 29 09:18:54.320116 np0000003902 devstack@neutron-api.service[90508]: DEBUG neutron.api.extensions [None req-4d23983c-2adb-4824-aec0-29eb541af1a2 None None] Ext name="Segments peer-subnet host routes" alias="segments-peer-subnet-host-routes" description="Add host routes to subnets on a routed network (segments)" updated="2018-06-12T10:00:00-00:00" {{(pid=90508) _check_extension /opt/stack/neutron/neutron/api/extensions.py:415}}
Jun 29 09:18:54.320406 np0000003902 devstack@neutron-api.service[90505]: DEBUG neutron.api.extensions [None req-aa1ffd16-3ebf-4667-ab8b-96914668dd66 None None] Extended resource: dhcp-networks {{(pid=90505) __init__ /opt/stack/neutron/neutron/api/extensions.py:156}}
Jun 29 09:18:54.320591 np0000003902 devstack@neutron-api.service[90508]: INFO neutron.api.extensions [None req-4d23983c-2adb-4824-aec0-29eb541af1a2 None None] Extension segments-peer-subnet-host-routes not supported by any of loaded plugins
Jun 29 09:18:54.320591 np0000003902 devstack@neutron-api.service[90508]: DEBUG neutron.api.extensions [None req-4d23983c-2adb-4824-aec0-29eb541af1a2 None None] Loading extension file: servicetype.py {{(pid=90508) _load_all_extensions_from_path /opt/stack/neutron/neutron/api/extensions.py:449}}
Jun 29 09:18:54.320591 np0000003902 devstack@neutron-api.service[90508]: DEBUG neutron.api.extensions [None req-4d23983c-2adb-4824-aec0-29eb541af1a2 None None] Ext name="Neutron Service Type Management" alias="service-type" description="API for retrieving service providers for Neutron advanced services" updated="2013-01-20T00:00:00-00:00" {{(pid=90508) _check_extension /opt/stack/neutron/neutron/api/extensions.py:415}}
Jun 29 09:18:54.320591 np0000003902 devstack@neutron-api.service[90508]: INFO neutron.api.extensions [None req-4d23983c-2adb-4824-aec0-29eb541af1a2 None None] Loaded extension: service-type
Jun 29 09:18:54.320591 np0000003902 devstack@neutron-api.service[90508]: DEBUG neutron.api.extensions [None req-4d23983c-2adb-4824-aec0-29eb541af1a2 None None] Loading extension file: sorting.py {{(pid=90508) _load_all_extensions_from_path /opt/stack/neutron/neutron/api/extensions.py:449}}
Jun 29 09:18:54.320973 np0000003902 devstack@neutron-api.service[90505]: DEBUG neutron.api.extensions [None req-aa1ffd16-3ebf-4667-ab8b-96914668dd66 None None] Extended resource: dhcp-agents {{(pid=90505) __init__ /opt/stack/neutron/neutron/api/extensions.py:156}}
Jun 29 09:18:54.321195 np0000003902 devstack@neutron-api.service[90508]: DEBUG neutron.api.extensions [None req-4d23983c-2adb-4824-aec0-29eb541af1a2 None None] Ext name="Sorting support" alias="sorting" description="Extension that indicates that sorting is enabled." updated="2016-06-12T00:00:00-00:00" {{(pid=90508) _check_extension /opt/stack/neutron/neutron/api/extensions.py:415}}
Jun 29 09:18:54.321195 np0000003902 devstack@neutron-api.service[90508]: INFO neutron.api.extensions [None req-4d23983c-2adb-4824-aec0-29eb541af1a2 None None] Loaded extension: sorting
Jun 29 09:18:54.321195 np0000003902 devstack@neutron-api.service[90508]: DEBUG neutron.api.extensions [None req-4d23983c-2adb-4824-aec0-29eb541af1a2 None None] Loading extension file: standard_attr_segment.py {{(pid=90508) _load_all_extensions_from_path /opt/stack/neutron/neutron/api/extensions.py:449}}
Jun 29 09:18:54.321195 np0000003902 devstack@neutron-api.service[90508]: DEBUG neutron.api.extensions [None req-4d23983c-2adb-4824-aec0-29eb541af1a2 None None] Ext name="Standard Attribute Segment Extension" alias="standard-attr-segment" description="Add standard attributes to Segment resource" updated="2018-04-09T10:00:00-00:00" {{(pid=90508) _check_extension /opt/stack/neutron/neutron/api/extensions.py:415}}
Jun 29 09:18:54.321195 np0000003902 devstack@neutron-api.service[90508]: INFO neutron.api.extensions [None req-4d23983c-2adb-4824-aec0-29eb541af1a2 None None] Extension standard-attr-segment not supported by any of loaded plugins
Jun 29 09:18:54.321195 np0000003902 devstack@neutron-api.service[90508]: DEBUG neutron.api.extensions [None req-4d23983c-2adb-4824-aec0-29eb541af1a2 None None] Loading extension file: standardattrdescription.py {{(pid=90508) _load_all_extensions_from_path /opt/stack/neutron/neutron/api/extensions.py:449}}
Jun 29 09:18:54.321544 np0000003902 devstack@neutron-api.service[90505]: DEBUG neutron.api.extensions [None req-aa1ffd16-3ebf-4667-ab8b-96914668dd66 None None] Extended resource: routers {{(pid=90505) __init__ /opt/stack/neutron/neutron/api/extensions.py:156}}
Jun 29 09:18:54.321740 np0000003902 devstack@neutron-api.service[90508]: DEBUG neutron.api.extensions [None req-4d23983c-2adb-4824-aec0-29eb541af1a2 None None] Ext name="standard-attr-description" alias="standard-attr-description" description="Extension to add descriptions to standard attributes" updated="2016-02-10T10:00:00-00:00" {{(pid=90508) _check_extension /opt/stack/neutron/neutron/api/extensions.py:415}}
Jun 29 09:18:54.321740 np0000003902 devstack@neutron-api.service[90508]: INFO neutron.api.extensions [None req-4d23983c-2adb-4824-aec0-29eb541af1a2 None None] Loaded extension: standard-attr-description
Jun 29 09:18:54.321740 np0000003902 devstack@neutron-api.service[90508]: DEBUG neutron.api.extensions [None req-4d23983c-2adb-4824-aec0-29eb541af1a2 None None] Loading extension file: stateful_security_group.py {{(pid=90508) _load_all_extensions_from_path /opt/stack/neutron/neutron/api/extensions.py:449}}
Jun 29 09:18:54.321740 np0000003902 devstack@neutron-api.service[90508]: DEBUG neutron.api.extensions [None req-4d23983c-2adb-4824-aec0-29eb541af1a2 None None] Ext name="Stateful security group" alias="stateful-security-group" description="Indicates if the security group is stateful or not" updated="2019-11-26T09:00:00-00:00" {{(pid=90508) _check_extension /opt/stack/neutron/neutron/api/extensions.py:415}}
Jun 29 09:18:54.321740 np0000003902 devstack@neutron-api.service[90508]: INFO neutron.api.extensions [None req-4d23983c-2adb-4824-aec0-29eb541af1a2 None None] Loaded extension: stateful-security-group
Jun 29 09:18:54.321740 np0000003902 devstack@neutron-api.service[90508]: DEBUG neutron.api.extensions [None req-4d23983c-2adb-4824-aec0-29eb541af1a2 None None] Loading extension file: stdattrs_common.py {{(pid=90508) _load_all_extensions_from_path /opt/stack/neutron/neutron/api/extensions.py:449}}
Jun 29 09:18:54.322199 np0000003902 devstack@neutron-api.service[90505]: DEBUG neutron.api.extensions [None req-aa1ffd16-3ebf-4667-ab8b-96914668dd66 None None] Extended resource: flavors {{(pid=90505) __init__ /opt/stack/neutron/neutron/api/extensions.py:156}}
Jun 29 09:18:54.322332 np0000003902 devstack@neutron-api.service[90508]: WARNING neutron.api.extensions [None req-4d23983c-2adb-4824-aec0-29eb541af1a2 None None] Did not find expected name "Stdattrs_common" in /opt/stack/neutron/neutron/extensions/stdattrs_common.py
Jun 29 09:18:54.322332 np0000003902 devstack@neutron-api.service[90508]: DEBUG neutron.api.extensions [None req-4d23983c-2adb-4824-aec0-29eb541af1a2 None None] Loading extension file: subnet_dns_publish_fixed_ip.py {{(pid=90508) _load_all_extensions_from_path /opt/stack/neutron/neutron/api/extensions.py:449}}
Jun 29 09:18:54.322332 np0000003902 devstack@neutron-api.service[90508]: DEBUG neutron.api.extensions [None req-4d23983c-2adb-4824-aec0-29eb541af1a2 None None] Ext name="Subnet DNS publish fixed IP" alias="subnet-dns-publish-fixed-ip" description="Support choosing to publish DNS records for IPs from a subnet" updated="2019-05-24T10:00:00-00:00" {{(pid=90508) _check_extension /opt/stack/neutron/neutron/api/extensions.py:415}}
Jun 29 09:18:54.322332 np0000003902 devstack@neutron-api.service[90508]: INFO neutron.api.extensions [None req-4d23983c-2adb-4824-aec0-29eb541af1a2 None None] Loaded extension: subnet-dns-publish-fixed-ip
Jun 29 09:18:54.322332 np0000003902 devstack@neutron-api.service[90508]: DEBUG neutron.api.extensions [None req-4d23983c-2adb-4824-aec0-29eb541af1a2 None None] Loading extension file: subnet_external_network.py {{(pid=90508) _load_all_extensions_from_path /opt/stack/neutron/neutron/api/extensions.py:449}}
Jun 29 09:18:54.322643 np0000003902 devstack@neutron-api.service[90505]: DEBUG neutron.api.extensions [None req-aa1ffd16-3ebf-4667-ab8b-96914668dd66 None None] Extended resource: service_profiles {{(pid=90505) __init__ /opt/stack/neutron/neutron/api/extensions.py:156}}
Jun 29 09:18:54.322798 np0000003902 devstack@neutron-api.service[90508]: DEBUG neutron.api.extensions [None req-4d23983c-2adb-4824-aec0-29eb541af1a2 None None] Ext name="Subnet belongs to an external network" alias="subnet-external-network" description="Informs if the subnet belongs to an external network" updated="2024-02-05T18:00:00-00:00" {{(pid=90508) _check_extension /opt/stack/neutron/neutron/api/extensions.py:415}}
Jun 29 09:18:54.322798 np0000003902 devstack@neutron-api.service[90508]: INFO neutron.api.extensions [None req-4d23983c-2adb-4824-aec0-29eb541af1a2 None None] Loaded extension: subnet-external-network
Jun 29 09:18:54.322798 np0000003902 devstack@neutron-api.service[90508]: DEBUG neutron.api.extensions [None req-4d23983c-2adb-4824-aec0-29eb541af1a2 None None] Loading extension file: subnet_onboard.py {{(pid=90508) _load_all_extensions_from_path /opt/stack/neutron/neutron/api/extensions.py:449}}
Jun 29 09:18:54.322798 np0000003902 devstack@neutron-api.service[90508]: DEBUG neutron.api.extensions [None req-4d23983c-2adb-4824-aec0-29eb541af1a2 None None] Ext name="Subnet Onboard" alias="subnet_onboard" description="Provides support for onboarding subnets into subnet pools" updated="2018-12-18T09:00:00-00:00" {{(pid=90508) _check_extension /opt/stack/neutron/neutron/api/extensions.py:415}}
Jun 29 09:18:54.322798 np0000003902 devstack@neutron-api.service[90508]: INFO neutron.api.extensions [None req-4d23983c-2adb-4824-aec0-29eb541af1a2 None None] Loaded extension: subnet_onboard
Jun 29 09:18:54.323145 np0000003902 devstack@neutron-api.service[90505]: DEBUG neutron.api.extensions [None req-aa1ffd16-3ebf-4667-ab8b-96914668dd66 None None] Extended resource: next_providers {{(pid=90505) __init__ /opt/stack/neutron/neutron/api/extensions.py:156}}
Jun 29 09:18:54.323299 np0000003902 devstack@neutron-api.service[90508]: DEBUG neutron.api.extensions [None req-4d23983c-2adb-4824-aec0-29eb541af1a2 None None] Loading extension file: subnet_segmentid_writable.py {{(pid=90508) _load_all_extensions_from_path /opt/stack/neutron/neutron/api/extensions.py:449}}
Jun 29 09:18:54.323299 np0000003902 devstack@neutron-api.service[90508]: DEBUG neutron.api.extensions [None req-4d23983c-2adb-4824-aec0-29eb541af1a2 None None] Ext name="Subnet SegmentID (writable)" alias="subnet-segmentid-writable" description="Provides a writable segment_id attribute for a subnet resource." updated="2018-03-12T00:00:00-00:00" {{(pid=90508) _check_extension /opt/stack/neutron/neutron/api/extensions.py:415}}
Jun 29 09:18:54.323299 np0000003902 devstack@neutron-api.service[90508]: INFO neutron.api.extensions [None req-4d23983c-2adb-4824-aec0-29eb541af1a2 None None] Extension subnet-segmentid-writable not supported by any of loaded plugins
Jun 29 09:18:54.323299 np0000003902 devstack@neutron-api.service[90508]: DEBUG neutron.api.extensions [None req-4d23983c-2adb-4824-aec0-29eb541af1a2 None None] Loading extension file: subnet_service_types.py {{(pid=90508) _load_all_extensions_from_path /opt/stack/neutron/neutron/api/extensions.py:449}}
Jun 29 09:18:54.323569 np0000003902 devstack@neutron-api.service[90507]: INFO neutron.db.ovn_hash_ring_db [None req-f5421414-3597-4b85-81f6-3102955d3659 None None] Nodes from host "np0000003902" and group "mechanism_driver" removed from the Hash Ring created at 2026-06-29 09:18:47+00:00
Jun 29 09:18:54.323719 np0000003902 devstack@neutron-api.service[90508]: DEBUG neutron.api.extensions [None req-4d23983c-2adb-4824-aec0-29eb541af1a2 None None] Ext name="Subnet service types" alias="subnet-service-types" description="Provides ability to set the subnet service_types field" updated="2016-03-15T18:00:00-00:00" {{(pid=90508) _check_extension /opt/stack/neutron/neutron/api/extensions.py:415}}
Jun 29 09:18:54.323719 np0000003902 devstack@neutron-api.service[90508]: INFO neutron.api.extensions [None req-4d23983c-2adb-4824-aec0-29eb541af1a2 None None] Loaded extension: subnet-service-types
Jun 29 09:18:54.323903 np0000003902 devstack@neutron-api.service[90505]: DEBUG neutron.api.extensions [None req-aa1ffd16-3ebf-4667-ab8b-96914668dd66 None None] Extended resource: service_profiles {{(pid=90505) __init__ /opt/stack/neutron/neutron/api/extensions.py:156}}
Jun 29 09:18:54.324089 np0000003902 devstack@neutron-api.service[90508]: DEBUG neutron.api.extensions [None req-4d23983c-2adb-4824-aec0-29eb541af1a2 None None] Loading extension file: subnetallocation.py {{(pid=90508) _load_all_extensions_from_path /opt/stack/neutron/neutron/api/extensions.py:449}}
Jun 29 09:18:54.324089 np0000003902 devstack@neutron-api.service[90508]: DEBUG neutron.api.extensions [None req-4d23983c-2adb-4824-aec0-29eb541af1a2 None None] Ext name="Subnet Allocation" alias="subnet_allocation" description="Enables allocation of subnets from a subnet pool" updated="2015-03-30T10:00:00-00:00" {{(pid=90508) _check_extension /opt/stack/neutron/neutron/api/extensions.py:415}}
Jun 29 09:18:54.324089 np0000003902 devstack@neutron-api.service[90508]: INFO neutron.api.extensions [None req-4d23983c-2adb-4824-aec0-29eb541af1a2 None None] Loaded extension: subnet_allocation
