Jun 28 07:04:24.043055 np0000003872 devstack@neutron-api.service[90487]: INFO neutron.db.ovn_hash_ring_db [None req-5ff01766-2012-42eb-9c16-e5929058a881 None None] Node 93e9ac6e10e95fd6b22da0e1a64332f1 from host "np0000003872" and group "mechanism_driver" added to the Hash Ring
Jun 28 07:04:24.050959 np0000003872 devstack@neutron-api.service[90487]: DEBUG neutron.plugins.ml2.drivers.ovn.mech_driver.mech_driver [None req-5ff01766-2012-42eb-9c16-e5929058a881 None None] Hash Ring setup, this worker has detected 3 OVN hash ring registers in the database {{(pid=90487) _init_hash_ring /opt/stack/neutron/neutron/plugins/ml2/drivers/ovn/mech_driver/mech_driver.py:414}}
Jun 28 07:04:24.060288 np0000003872 devstack@neutron-api.service[90487]: DEBUG neutron.plugins.ml2.drivers.ovn.mech_driver.ovsdb.maintenance [None req-5ff01766-2012-42eb-9c16-e5929058a881 None None] Periodic task found: HashRingHealthCheckPeriodics.touch_hash_ring_node {{(pid=90487) add_periodics /opt/stack/neutron/neutron/plugins/ml2/drivers/ovn/mech_driver/ovsdb/maintenance.py:146}}
Jun 28 07:04:24.061384 np0000003872 devstack@neutron-api.service[90487]: INFO neutron.plugins.ml2.drivers.ovn.mech_driver.mech_driver [None req-5ff01766-2012-42eb-9c16-e5929058a881 None None] Hash Ring probing thread for node 93e9ac6e10e95fd6b22da0e1a64332f1 has started
Jun 28 07:04:24.062258 np0000003872 devstack@neutron-api.service[90487]: INFO neutron.plugins.ml2.drivers.ovn.mech_driver.ovsdb.impl_idl_ovn [None req-5ff01766-2012-42eb-9c16-e5929058a881 None None] Getting OvsdbNbOvnIdl for WorkerService with retry
Jun 28 07:04:24.083834 np0000003872 devstack@neutron-api.service[90488]: DEBUG ovsdbapp.backend.ovs_idl [None req-c55bff0d-b8a0-491f-9f7c-28c2e85eb27e None None] Created lookup_table index Logical_Switch.name {{(pid=90488) autocreate_indices /opt/stack/data/venv/lib/python3.12/site-packages/ovsdbapp/backend/ovs_idl/__init__.py:87}}
Jun 28 07:04:24.084014 np0000003872 devstack@neutron-api.service[90488]: DEBUG ovsdbapp.backend.ovs_idl [None req-c55bff0d-b8a0-491f-9f7c-28c2e85eb27e None None] Created lookup_table index Logical_Router.name {{(pid=90488) autocreate_indices /opt/stack/data/venv/lib/python3.12/site-packages/ovsdbapp/backend/ovs_idl/__init__.py:87}}
Jun 28 07:04:24.084181 np0000003872 devstack@neutron-api.service[90488]: DEBUG ovsdbapp.backend.ovs_idl [None req-c55bff0d-b8a0-491f-9f7c-28c2e85eb27e None None] Created lookup_table index Load_Balancer.name {{(pid=90488) autocreate_indices /opt/stack/data/venv/lib/python3.12/site-packages/ovsdbapp/backend/ovs_idl/__init__.py:87}}
Jun 28 07:04:24.084343 np0000003872 devstack@neutron-api.service[90488]: DEBUG ovsdbapp.backend.ovs_idl [None req-c55bff0d-b8a0-491f-9f7c-28c2e85eb27e None None] Created schema index Copp.name {{(pid=90488) autocreate_indices /opt/stack/data/venv/lib/python3.12/site-packages/ovsdbapp/backend/ovs_idl/__init__.py:106}}
Jun 28 07:04:24.084470 np0000003872 devstack@neutron-api.service[90488]: DEBUG ovsdbapp.backend.ovs_idl [None req-c55bff0d-b8a0-491f-9f7c-28c2e85eb27e None None] Created schema index Meter.name {{(pid=90488) autocreate_indices /opt/stack/data/venv/lib/python3.12/site-packages/ovsdbapp/backend/ovs_idl/__init__.py:106}}
Jun 28 07:04:24.085216 np0000003872 devstack@neutron-api.service[90488]: DEBUG ovsdbapp.backend.ovs_idl [None req-c55bff0d-b8a0-491f-9f7c-28c2e85eb27e None None] Created schema index Load_Balancer_Group.name {{(pid=90488) autocreate_indices /opt/stack/data/venv/lib/python3.12/site-packages/ovsdbapp/backend/ovs_idl/__init__.py:106}}
Jun 28 07:04:24.085352 np0000003872 devstack@neutron-api.service[90488]: DEBUG ovsdbapp.backend.ovs_idl [None req-c55bff0d-b8a0-491f-9f7c-28c2e85eb27e None None] Created schema index HA_Chassis_Group.name {{(pid=90488) autocreate_indices /opt/stack/data/venv/lib/python3.12/site-packages/ovsdbapp/backend/ovs_idl/__init__.py:106}}
Jun 28 07:04:24.085480 np0000003872 devstack@neutron-api.service[90488]: DEBUG ovsdbapp.backend.ovs_idl [None req-c55bff0d-b8a0-491f-9f7c-28c2e85eb27e None None] Created schema index Address_Set.name {{(pid=90488) autocreate_indices /opt/stack/data/venv/lib/python3.12/site-packages/ovsdbapp/backend/ovs_idl/__init__.py:106}}
Jun 28 07:04:24.085526 np0000003872 devstack@neutron-api.service[90488]: DEBUG ovsdbapp.backend.ovs_idl [None req-c55bff0d-b8a0-491f-9f7c-28c2e85eb27e None None] Created schema index Connection.target {{(pid=90488) autocreate_indices /opt/stack/data/venv/lib/python3.12/site-packages/ovsdbapp/backend/ovs_idl/__init__.py:106}}
Jun 28 07:04:24.085617 np0000003872 devstack@neutron-api.service[90488]: DEBUG ovsdbapp.backend.ovs_idl [None req-c55bff0d-b8a0-491f-9f7c-28c2e85eb27e None None] Created schema index Gateway_Chassis.name {{(pid=90488) autocreate_indices /opt/stack/data/venv/lib/python3.12/site-packages/ovsdbapp/backend/ovs_idl/__init__.py:106}}
Jun 28 07:04:24.085694 np0000003872 devstack@neutron-api.service[90488]: DEBUG ovsdbapp.backend.ovs_idl [None req-c55bff0d-b8a0-491f-9f7c-28c2e85eb27e None None] Created schema index Mirror.name {{(pid=90488) autocreate_indices /opt/stack/data/venv/lib/python3.12/site-packages/ovsdbapp/backend/ovs_idl/__init__.py:106}}
Jun 28 07:04:24.085810 np0000003872 devstack@neutron-api.service[90488]: DEBUG ovsdbapp.backend.ovs_idl [None req-c55bff0d-b8a0-491f-9f7c-28c2e85eb27e None None] Created schema index Chassis_Template_Var.chassis {{(pid=90488) autocreate_indices /opt/stack/data/venv/lib/python3.12/site-packages/ovsdbapp/backend/ovs_idl/__init__.py:106}}
Jun 28 07:04:24.086164 np0000003872 devstack@neutron-api.service[90488]: DEBUG ovsdbapp.backend.ovs_idl [None req-c55bff0d-b8a0-491f-9f7c-28c2e85eb27e None None] Created schema index Logical_Router_Port.name {{(pid=90488) autocreate_indices /opt/stack/data/venv/lib/python3.12/site-packages/ovsdbapp/backend/ovs_idl/__init__.py:106}}
Jun 28 07:04:24.086314 np0000003872 devstack@neutron-api.service[90488]: DEBUG ovsdbapp.backend.ovs_idl [None req-c55bff0d-b8a0-491f-9f7c-28c2e85eb27e None None] Created schema index Port_Group.name {{(pid=90488) autocreate_indices /opt/stack/data/venv/lib/python3.12/site-packages/ovsdbapp/backend/ovs_idl/__init__.py:106}}
Jun 28 07:04:24.086445 np0000003872 devstack@neutron-api.service[90488]: DEBUG ovsdbapp.backend.ovs_idl [None req-c55bff0d-b8a0-491f-9f7c-28c2e85eb27e None None] Created schema index Logical_Switch_Port.name {{(pid=90488) autocreate_indices /opt/stack/data/venv/lib/python3.12/site-packages/ovsdbapp/backend/ovs_idl/__init__.py:106}}
Jun 28 07:04:24.089113 np0000003872 devstack@neutron-api.service[90488]: INFO ovsdbapp.backend.ovs_idl.vlog [None req-c55bff0d-b8a0-491f-9f7c-28c2e85eb27e None None] ssl:10.4.3.227:6641: connecting...
Jun 28 07:04:24.094822 np0000003872 devstack@neutron-api.service[90488]: INFO ovsdbapp.backend.ovs_idl.vlog [None req-c55bff0d-b8a0-491f-9f7c-28c2e85eb27e None None] ssl:10.4.3.227:6641: connected
Jun 28 07:04:24.109739 np0000003872 devstack@neutron-api.service[90487]: DEBUG ovsdbapp.backend.ovs_idl [None req-5ff01766-2012-42eb-9c16-e5929058a881 None None] Created lookup_table index Logical_Switch.name {{(pid=90487) autocreate_indices /opt/stack/data/venv/lib/python3.12/site-packages/ovsdbapp/backend/ovs_idl/__init__.py:87}}
Jun 28 07:04:24.109939 np0000003872 devstack@neutron-api.service[90487]: DEBUG ovsdbapp.backend.ovs_idl [None req-5ff01766-2012-42eb-9c16-e5929058a881 None None] Created lookup_table index Logical_Router.name {{(pid=90487) autocreate_indices /opt/stack/data/venv/lib/python3.12/site-packages/ovsdbapp/backend/ovs_idl/__init__.py:87}}
Jun 28 07:04:24.110639 np0000003872 devstack@neutron-api.service[90487]: DEBUG ovsdbapp.backend.ovs_idl [None req-5ff01766-2012-42eb-9c16-e5929058a881 None None] Created lookup_table index Load_Balancer.name {{(pid=90487) autocreate_indices /opt/stack/data/venv/lib/python3.12/site-packages/ovsdbapp/backend/ovs_idl/__init__.py:87}}
Jun 28 07:04:24.110639 np0000003872 devstack@neutron-api.service[90487]: DEBUG ovsdbapp.backend.ovs_idl [None req-5ff01766-2012-42eb-9c16-e5929058a881 None None] Created schema index Copp.name {{(pid=90487) autocreate_indices /opt/stack/data/venv/lib/python3.12/site-packages/ovsdbapp/backend/ovs_idl/__init__.py:106}}
Jun 28 07:04:24.110639 np0000003872 devstack@neutron-api.service[90487]: DEBUG ovsdbapp.backend.ovs_idl [None req-5ff01766-2012-42eb-9c16-e5929058a881 None None] Created schema index Meter.name {{(pid=90487) autocreate_indices /opt/stack/data/venv/lib/python3.12/site-packages/ovsdbapp/backend/ovs_idl/__init__.py:106}}
Jun 28 07:04:24.111101 np0000003872 devstack@neutron-api.service[90487]: DEBUG ovsdbapp.backend.ovs_idl [None req-5ff01766-2012-42eb-9c16-e5929058a881 None None] Created schema index Load_Balancer_Group.name {{(pid=90487) autocreate_indices /opt/stack/data/venv/lib/python3.12/site-packages/ovsdbapp/backend/ovs_idl/__init__.py:106}}
Jun 28 07:04:24.111101 np0000003872 devstack@neutron-api.service[90487]: DEBUG ovsdbapp.backend.ovs_idl [None req-5ff01766-2012-42eb-9c16-e5929058a881 None None] Created schema index HA_Chassis_Group.name {{(pid=90487) autocreate_indices /opt/stack/data/venv/lib/python3.12/site-packages/ovsdbapp/backend/ovs_idl/__init__.py:106}}
Jun 28 07:04:24.111101 np0000003872 devstack@neutron-api.service[90487]: DEBUG ovsdbapp.backend.ovs_idl [None req-5ff01766-2012-42eb-9c16-e5929058a881 None None] Created schema index Address_Set.name {{(pid=90487) autocreate_indices /opt/stack/data/venv/lib/python3.12/site-packages/ovsdbapp/backend/ovs_idl/__init__.py:106}}
Jun 28 07:04:24.112018 np0000003872 devstack@neutron-api.service[90487]: DEBUG ovsdbapp.backend.ovs_idl [None req-5ff01766-2012-42eb-9c16-e5929058a881 None None] Created schema index Connection.target {{(pid=90487) autocreate_indices /opt/stack/data/venv/lib/python3.12/site-packages/ovsdbapp/backend/ovs_idl/__init__.py:106}}
Jun 28 07:04:24.112018 np0000003872 devstack@neutron-api.service[90487]: DEBUG ovsdbapp.backend.ovs_idl [None req-5ff01766-2012-42eb-9c16-e5929058a881 None None] Created schema index Gateway_Chassis.name {{(pid=90487) autocreate_indices /opt/stack/data/venv/lib/python3.12/site-packages/ovsdbapp/backend/ovs_idl/__init__.py:106}}
Jun 28 07:04:24.112018 np0000003872 devstack@neutron-api.service[90487]: DEBUG ovsdbapp.backend.ovs_idl [None req-5ff01766-2012-42eb-9c16-e5929058a881 None None] Created schema index Mirror.name {{(pid=90487) autocreate_indices /opt/stack/data/venv/lib/python3.12/site-packages/ovsdbapp/backend/ovs_idl/__init__.py:106}}
Jun 28 07:04:24.112018 np0000003872 devstack@neutron-api.service[90487]: DEBUG ovsdbapp.backend.ovs_idl [None req-5ff01766-2012-42eb-9c16-e5929058a881 None None] Created schema index Chassis_Template_Var.chassis {{(pid=90487) autocreate_indices /opt/stack/data/venv/lib/python3.12/site-packages/ovsdbapp/backend/ovs_idl/__init__.py:106}}
Jun 28 07:04:24.112018 np0000003872 devstack@neutron-api.service[90487]: DEBUG ovsdbapp.backend.ovs_idl [None req-5ff01766-2012-42eb-9c16-e5929058a881 None None] Created schema index Logical_Router_Port.name {{(pid=90487) autocreate_indices /opt/stack/data/venv/lib/python3.12/site-packages/ovsdbapp/backend/ovs_idl/__init__.py:106}}
Jun 28 07:04:24.112018 np0000003872 devstack@neutron-api.service[90487]: DEBUG ovsdbapp.backend.ovs_idl [None req-5ff01766-2012-42eb-9c16-e5929058a881 None None] Created schema index Port_Group.name {{(pid=90487) autocreate_indices /opt/stack/data/venv/lib/python3.12/site-packages/ovsdbapp/backend/ovs_idl/__init__.py:106}}
Jun 28 07:04:24.112541 np0000003872 devstack@neutron-api.service[90487]: DEBUG ovsdbapp.backend.ovs_idl [None req-5ff01766-2012-42eb-9c16-e5929058a881 None None] Created schema index Logical_Switch_Port.name {{(pid=90487) autocreate_indices /opt/stack/data/venv/lib/python3.12/site-packages/ovsdbapp/backend/ovs_idl/__init__.py:106}}
Jun 28 07:04:24.116377 np0000003872 devstack@neutron-api.service[90487]: INFO ovsdbapp.backend.ovs_idl.vlog [None req-5ff01766-2012-42eb-9c16-e5929058a881 None None] ssl:10.4.3.227:6641: connecting...
Jun 28 07:04:24.123195 np0000003872 devstack@neutron-api.service[90487]: INFO ovsdbapp.backend.ovs_idl.vlog [None req-5ff01766-2012-42eb-9c16-e5929058a881 None None] ssl:10.4.3.227:6641: connected
Jun 28 07:04:24.129725 np0000003872 devstack@neutron-api.service[90488]: DEBUG neutron.common.ovn.hash_ring_manager [None req-c55bff0d-b8a0-491f-9f7c-28c2e85eb27e None None] Disallow caching, nodes 3<4 {{(pid=90488) _wait_startup_before_caching /opt/stack/neutron/neutron/common/ovn/hash_ring_manager.py:79}}
Jun 28 07:04:24.137515 np0000003872 devstack@neutron-api.service[90488]: DEBUG neutron.common.ovn.hash_ring_manager [None req-c55bff0d-b8a0-491f-9f7c-28c2e85eb27e None None] Hash Ring loaded. 3 active nodes. 0 offline nodes {{(pid=90488) _load_hash_ring /opt/stack/neutron/neutron/common/ovn/hash_ring_manager.py:110}}
Jun 28 07:04:24.137705 np0000003872 devstack@neutron-api.service[90488]: DEBUG neutron.plugins.ml2.drivers.ovn.mech_driver.ovsdb.ovsdb_monitor [None req-c55bff0d-b8a0-491f-9f7c-28c2e85eb27e None None] Hash Ring: Node 3080ac029f2157b1b3e91fee7b1f8e41 (host: np0000003872) handling event "create" for row 1c0ac606-d00b-4ab2-8506-0888a2bd0afe (table: ACL) {{(pid=90488) notify /opt/stack/neutron/neutron/plugins/ml2/drivers/ovn/mech_driver/ovsdb/ovsdb_monitor.py:1015}}
Jun 28 07:04:24.144111 np0000003872 devstack@neutron-api.service[90488]: DEBUG neutron.common.ovn.hash_ring_manager [None req-c55bff0d-b8a0-491f-9f7c-28c2e85eb27e None None] Hash Ring loaded. 3 active nodes. 0 offline nodes {{(pid=90488) _load_hash_ring /opt/stack/neutron/neutron/common/ovn/hash_ring_manager.py:110}}
Jun 28 07:04:24.144111 np0000003872 devstack@neutron-api.service[90488]: DEBUG neutron.plugins.ml2.drivers.ovn.mech_driver.ovsdb.ovsdb_monitor [None req-c55bff0d-b8a0-491f-9f7c-28c2e85eb27e None None] Hash Ring: Node 3080ac029f2157b1b3e91fee7b1f8e41 (host: np0000003872) handling event "create" for row 43a4e596-0e45-49c8-a683-c26a98eb0aa6 (table: ACL) {{(pid=90488) notify /opt/stack/neutron/neutron/plugins/ml2/drivers/ovn/mech_driver/ovsdb/ovsdb_monitor.py:1015}}
Jun 28 07:04:24.149662 np0000003872 devstack@neutron-api.service[90488]: DEBUG neutron.common.ovn.hash_ring_manager [None req-c55bff0d-b8a0-491f-9f7c-28c2e85eb27e None None] Hash Ring loaded. 3 active nodes. 0 offline nodes {{(pid=90488) _load_hash_ring /opt/stack/neutron/neutron/common/ovn/hash_ring_manager.py:110}}
Jun 28 07:04:24.149832 np0000003872 devstack@neutron-api.service[90488]: DEBUG neutron.plugins.ml2.drivers.ovn.mech_driver.ovsdb.ovsdb_monitor [None req-c55bff0d-b8a0-491f-9f7c-28c2e85eb27e None None] Hash Ring: Node 3080ac029f2157b1b3e91fee7b1f8e41 (host: np0000003872) handling event "create" for row 70c68708-2229-4dea-97cd-3f18535cc75f (table: ACL) {{(pid=90488) notify /opt/stack/neutron/neutron/plugins/ml2/drivers/ovn/mech_driver/ovsdb/ovsdb_monitor.py:1015}}
Jun 28 07:04:24.153266 np0000003872 devstack@neutron-api.service[90487]: DEBUG neutron.common.ovn.hash_ring_manager [None req-5ff01766-2012-42eb-9c16-e5929058a881 None None] Disallow caching, nodes 3<4 {{(pid=90487) _wait_startup_before_caching /opt/stack/neutron/neutron/common/ovn/hash_ring_manager.py:79}}
Jun 28 07:04:24.155208 np0000003872 devstack@neutron-api.service[90488]: DEBUG neutron.common.ovn.hash_ring_manager [None req-c55bff0d-b8a0-491f-9f7c-28c2e85eb27e None None] Hash Ring loaded. 3 active nodes. 0 offline nodes {{(pid=90488) _load_hash_ring /opt/stack/neutron/neutron/common/ovn/hash_ring_manager.py:110}}
Jun 28 07:04:24.159678 np0000003872 devstack@neutron-api.service[90487]: DEBUG neutron.common.ovn.hash_ring_manager [None req-5ff01766-2012-42eb-9c16-e5929058a881 None None] Hash Ring loaded. 3 active nodes. 0 offline nodes {{(pid=90487) _load_hash_ring /opt/stack/neutron/neutron/common/ovn/hash_ring_manager.py:110}}
Jun 28 07:04:24.160365 np0000003872 devstack@neutron-api.service[90488]: DEBUG neutron.common.ovn.hash_ring_manager [None req-c55bff0d-b8a0-491f-9f7c-28c2e85eb27e None None] Hash Ring loaded. 3 active nodes. 0 offline nodes {{(pid=90488) _load_hash_ring /opt/stack/neutron/neutron/common/ovn/hash_ring_manager.py:110}}
Jun 28 07:04:24.165634 np0000003872 devstack@neutron-api.service[90488]: DEBUG neutron.common.ovn.hash_ring_manager [None req-c55bff0d-b8a0-491f-9f7c-28c2e85eb27e None None] Hash Ring loaded. 3 active nodes. 0 offline nodes {{(pid=90488) _load_hash_ring /opt/stack/neutron/neutron/common/ovn/hash_ring_manager.py:110}}
Jun 28 07:04:24.165851 np0000003872 devstack@neutron-api.service[90488]: DEBUG neutron.plugins.ml2.drivers.ovn.mech_driver.ovsdb.ovsdb_monitor [None req-c55bff0d-b8a0-491f-9f7c-28c2e85eb27e None None] Hash Ring: Node 3080ac029f2157b1b3e91fee7b1f8e41 (host: np0000003872) handling event "create" for row 8f8246d5-b0d1-4fee-b9b0-a0838357f0fe (table: NB_Global) {{(pid=90488) notify /opt/stack/neutron/neutron/plugins/ml2/drivers/ovn/mech_driver/ovsdb/ovsdb_monitor.py:1015}}
Jun 28 07:04:24.166802 np0000003872 devstack@neutron-api.service[90487]: DEBUG neutron.common.ovn.hash_ring_manager [None req-5ff01766-2012-42eb-9c16-e5929058a881 None None] Hash Ring loaded. 3 active nodes. 0 offline nodes {{(pid=90487) _load_hash_ring /opt/stack/neutron/neutron/common/ovn/hash_ring_manager.py:110}}
Jun 28 07:04:24.171458 np0000003872 devstack@neutron-api.service[90488]: DEBUG neutron.common.ovn.hash_ring_manager [None req-c55bff0d-b8a0-491f-9f7c-28c2e85eb27e None None] Hash Ring loaded. 3 active nodes. 0 offline nodes {{(pid=90488) _load_hash_ring /opt/stack/neutron/neutron/common/ovn/hash_ring_manager.py:110}}
Jun 28 07:04:24.171600 np0000003872 devstack@neutron-api.service[90488]: DEBUG neutron.plugins.ml2.drivers.ovn.mech_driver.ovsdb.ovsdb_monitor [None req-c55bff0d-b8a0-491f-9f7c-28c2e85eb27e None None] Hash Ring: Node 3080ac029f2157b1b3e91fee7b1f8e41 (host: np0000003872) handling event "create" for row 1cd4aa78-dbe2-4e90-8867-39a3397ba2df (table: Port_Group) {{(pid=90488) notify /opt/stack/neutron/neutron/plugins/ml2/drivers/ovn/mech_driver/ovsdb/ovsdb_monitor.py:1015}}
Jun 28 07:04:24.172275 np0000003872 devstack@neutron-api.service[90487]: DEBUG neutron.common.ovn.hash_ring_manager [None req-5ff01766-2012-42eb-9c16-e5929058a881 None None] Hash Ring loaded. 3 active nodes. 0 offline nodes {{(pid=90487) _load_hash_ring /opt/stack/neutron/neutron/common/ovn/hash_ring_manager.py:110}}
Jun 28 07:04:24.177740 np0000003872 devstack@neutron-api.service[90488]: DEBUG neutron.common.ovn.hash_ring_manager [None req-c55bff0d-b8a0-491f-9f7c-28c2e85eb27e None None] Hash Ring loaded. 3 active nodes. 0 offline nodes {{(pid=90488) _load_hash_ring /opt/stack/neutron/neutron/common/ovn/hash_ring_manager.py:110}}
Jun 28 07:04:24.177969 np0000003872 devstack@neutron-api.service[90487]: DEBUG neutron.common.ovn.hash_ring_manager [None req-5ff01766-2012-42eb-9c16-e5929058a881 None None] Hash Ring loaded. 3 active nodes. 0 offline nodes {{(pid=90487) _load_hash_ring /opt/stack/neutron/neutron/common/ovn/hash_ring_manager.py:110}}
Jun 28 07:04:24.182772 np0000003872 devstack@neutron-api.service[90488]: DEBUG neutron.common.ovn.hash_ring_manager [None req-c55bff0d-b8a0-491f-9f7c-28c2e85eb27e None None] Hash Ring loaded. 3 active nodes. 0 offline nodes {{(pid=90488) _load_hash_ring /opt/stack/neutron/neutron/common/ovn/hash_ring_manager.py:110}}
Jun 28 07:04:24.183568 np0000003872 devstack@neutron-api.service[90488]: INFO neutron.plugins.ml2.drivers.ovn.mech_driver.ovsdb.impl_idl_ovn [None req-c55bff0d-b8a0-491f-9f7c-28c2e85eb27e None None] Getting OvsdbSbOvnIdl for WorkerService with retry
Jun 28 07:04:24.185577 np0000003872 devstack@neutron-api.service[90487]: DEBUG neutron.common.ovn.hash_ring_manager [None req-5ff01766-2012-42eb-9c16-e5929058a881 None None] Hash Ring loaded. 3 active nodes. 0 offline nodes {{(pid=90487) _load_hash_ring /opt/stack/neutron/neutron/common/ovn/hash_ring_manager.py:110}}
Jun 28 07:04:24.192386 np0000003872 devstack@neutron-api.service[90487]: DEBUG neutron.common.ovn.hash_ring_manager [None req-5ff01766-2012-42eb-9c16-e5929058a881 None None] Hash Ring loaded. 3 active nodes. 0 offline nodes {{(pid=90487) _load_hash_ring /opt/stack/neutron/neutron/common/ovn/hash_ring_manager.py:110}}
Jun 28 07:04:24.197842 np0000003872 devstack@neutron-api.service[90487]: DEBUG neutron.common.ovn.hash_ring_manager [None req-5ff01766-2012-42eb-9c16-e5929058a881 None None] Hash Ring loaded. 3 active nodes. 0 offline nodes {{(pid=90487) _load_hash_ring /opt/stack/neutron/neutron/common/ovn/hash_ring_manager.py:110}}
Jun 28 07:04:24.203165 np0000003872 devstack@neutron-api.service[90487]: DEBUG neutron.common.ovn.hash_ring_manager [None req-5ff01766-2012-42eb-9c16-e5929058a881 None None] Hash Ring loaded. 3 active nodes. 0 offline nodes {{(pid=90487) _load_hash_ring /opt/stack/neutron/neutron/common/ovn/hash_ring_manager.py:110}}
Jun 28 07:04:24.204650 np0000003872 devstack@neutron-api.service[90488]: DEBUG ovsdbapp.backend.ovs_idl [None req-c55bff0d-b8a0-491f-9f7c-28c2e85eb27e None None] Created lookup_table index Chassis.name {{(pid=90488) autocreate_indices /opt/stack/data/venv/lib/python3.12/site-packages/ovsdbapp/backend/ovs_idl/__init__.py:87}}
Jun 28 07:04:24.204743 np0000003872 devstack@neutron-api.service[90488]: DEBUG ovsdbapp.backend.ovs_idl [None req-c55bff0d-b8a0-491f-9f7c-28c2e85eb27e None None] Created lookup_table index Port_Binding.logical_port {{(pid=90488) autocreate_indices /opt/stack/data/venv/lib/python3.12/site-packages/ovsdbapp/backend/ovs_idl/__init__.py:87}}
Jun 28 07:04:24.204861 np0000003872 devstack@neutron-api.service[90488]: DEBUG ovsdbapp.backend.ovs_idl [None req-c55bff0d-b8a0-491f-9f7c-28c2e85eb27e None None] Created schema index Chassis_Private.name {{(pid=90488) autocreate_indices /opt/stack/data/venv/lib/python3.12/site-packages/ovsdbapp/backend/ovs_idl/__init__.py:106}}
Jun 28 07:04:24.204949 np0000003872 devstack@neutron-api.service[90488]: DEBUG ovsdbapp.backend.ovs_idl [None req-c55bff0d-b8a0-491f-9f7c-28c2e85eb27e None None] Created schema index Datapath_Binding.tunnel_key {{(pid=90488) autocreate_indices /opt/stack/data/venv/lib/python3.12/site-packages/ovsdbapp/backend/ovs_idl/__init__.py:106}}
Jun 28 07:04:24.208638 np0000003872 devstack@neutron-api.service[90488]: INFO ovsdbapp.backend.ovs_idl.vlog [None req-c55bff0d-b8a0-491f-9f7c-28c2e85eb27e None None] ssl:10.4.3.227:6642: connecting...
Jun 28 07:04:24.210067 np0000003872 devstack@neutron-api.service[90487]: DEBUG neutron.common.ovn.hash_ring_manager [None req-5ff01766-2012-42eb-9c16-e5929058a881 None None] Hash Ring loaded. 3 active nodes. 0 offline nodes {{(pid=90487) _load_hash_ring /opt/stack/neutron/neutron/common/ovn/hash_ring_manager.py:110}}
Jun 28 07:04:24.211009 np0000003872 devstack@neutron-api.service[90488]: INFO ovsdbapp.backend.ovs_idl.vlog [None req-c55bff0d-b8a0-491f-9f7c-28c2e85eb27e None None] ssl:10.4.3.227:6642: connected
Jun 28 07:04:24.211256 np0000003872 devstack@neutron-api.service[90487]: INFO neutron.plugins.ml2.drivers.ovn.mech_driver.ovsdb.impl_idl_ovn [None req-5ff01766-2012-42eb-9c16-e5929058a881 None None] Getting OvsdbSbOvnIdl for WorkerService with retry
Jun 28 07:04:24.231673 np0000003872 devstack@neutron-api.service[90488]: DEBUG neutron.common.ovn.hash_ring_manager [None req-c55bff0d-b8a0-491f-9f7c-28c2e85eb27e None None] Disallow caching, nodes 3<4 {{(pid=90488) _wait_startup_before_caching /opt/stack/neutron/neutron/common/ovn/hash_ring_manager.py:79}}
Jun 28 07:04:24.234517 np0000003872 devstack@neutron-api.service[90487]: DEBUG ovsdbapp.backend.ovs_idl [None req-5ff01766-2012-42eb-9c16-e5929058a881 None None] Created lookup_table index Chassis.name {{(pid=90487) autocreate_indices /opt/stack/data/venv/lib/python3.12/site-packages/ovsdbapp/backend/ovs_idl/__init__.py:87}}
Jun 28 07:04:24.234620 np0000003872 devstack@neutron-api.service[90487]: DEBUG ovsdbapp.backend.ovs_idl [None req-5ff01766-2012-42eb-9c16-e5929058a881 None None] Created lookup_table index Port_Binding.logical_port {{(pid=90487) autocreate_indices /opt/stack/data/venv/lib/python3.12/site-packages/ovsdbapp/backend/ovs_idl/__init__.py:87}}
Jun 28 07:04:24.234712 np0000003872 devstack@neutron-api.service[90487]: DEBUG ovsdbapp.backend.ovs_idl [None req-5ff01766-2012-42eb-9c16-e5929058a881 None None] Created schema index Chassis_Private.name {{(pid=90487) autocreate_indices /opt/stack/data/venv/lib/python3.12/site-packages/ovsdbapp/backend/ovs_idl/__init__.py:106}}
Jun 28 07:04:24.234828 np0000003872 devstack@neutron-api.service[90487]: DEBUG ovsdbapp.backend.ovs_idl [None req-5ff01766-2012-42eb-9c16-e5929058a881 None None] Created schema index Datapath_Binding.tunnel_key {{(pid=90487) autocreate_indices /opt/stack/data/venv/lib/python3.12/site-packages/ovsdbapp/backend/ovs_idl/__init__.py:106}}
Jun 28 07:04:24.236017 np0000003872 devstack@neutron-api.service[90488]: DEBUG neutron.common.ovn.hash_ring_manager [None req-c55bff0d-b8a0-491f-9f7c-28c2e85eb27e None None] Hash Ring loaded. 3 active nodes. 0 offline nodes {{(pid=90488) _load_hash_ring /opt/stack/neutron/neutron/common/ovn/hash_ring_manager.py:110}}
Jun 28 07:04:24.236217 np0000003872 devstack@neutron-api.service[90488]: DEBUG neutron.plugins.ml2.drivers.ovn.mech_driver.ovsdb.ovsdb_monitor [None req-c55bff0d-b8a0-491f-9f7c-28c2e85eb27e None None] ChassisAgentWriteEvent : Matched Chassis_Private, create, None None {{(pid=90488) matches /opt/stack/neutron/neutron/plugins/ml2/drivers/ovn/mech_driver/ovsdb/ovsdb_monitor.py:64}}
Jun 28 07:04:24.236379 np0000003872 devstack@neutron-api.service[90488]: DEBUG neutron.plugins.ml2.drivers.ovn.mech_driver.ovsdb.ovsdb_monitor [None req-c55bff0d-b8a0-491f-9f7c-28c2e85eb27e None None] ChassisOVNAgentWriteEvent : Matched Chassis_Private, create, None None {{(pid=90488) matches /opt/stack/neutron/neutron/plugins/ml2/drivers/ovn/mech_driver/ovsdb/ovsdb_monitor.py:64}}
Jun 28 07:04:24.237693 np0000003872 devstack@neutron-api.service[90487]: INFO ovsdbapp.backend.ovs_idl.vlog [None req-5ff01766-2012-42eb-9c16-e5929058a881 None None] ssl:10.4.3.227:6642: connecting...
Jun 28 07:04:24.243008 np0000003872 devstack@neutron-api.service[90487]: INFO ovsdbapp.backend.ovs_idl.vlog [None req-5ff01766-2012-42eb-9c16-e5929058a881 None None] ssl:10.4.3.227:6642: connected
Jun 28 07:04:24.243608 np0000003872 devstack@neutron-api.service[90488]: DEBUG neutron.common.ovn.hash_ring_manager [None req-c55bff0d-b8a0-491f-9f7c-28c2e85eb27e None None] Hash Ring loaded. 3 active nodes. 0 offline nodes {{(pid=90488) _load_hash_ring /opt/stack/neutron/neutron/common/ovn/hash_ring_manager.py:110}}
Jun 28 07:04:24.249979 np0000003872 devstack@neutron-api.service[90488]: DEBUG neutron.common.ovn.hash_ring_manager [None req-c55bff0d-b8a0-491f-9f7c-28c2e85eb27e None None] Hash Ring loaded. 3 active nodes. 0 offline nodes {{(pid=90488) _load_hash_ring /opt/stack/neutron/neutron/common/ovn/hash_ring_manager.py:110}}
Jun 28 07:04:24.250706 np0000003872 devstack@neutron-api.service[90488]: DEBUG neutron.plugins.ml2.drivers.ovn.mech_driver.ovsdb.ovsdb_monitor [None req-c55bff0d-b8a0-491f-9f7c-28c2e85eb27e None None] Hash Ring: Node 3080ac029f2157b1b3e91fee7b1f8e41 (host: np0000003872) handling event "create" for row 745dec7b-4be8-4f0e-94eb-6bedd0ed6115 (table: Encap) {{(pid=90488) notify /opt/stack/neutron/neutron/plugins/ml2/drivers/ovn/mech_driver/ovsdb/ovsdb_monitor.py:1015}}
Jun 28 07:04:24.251403 np0000003872 devstack@neutron-api.service[90488]: INFO neutron.plugins.ml2.drivers.ovn.mech_driver.mech_driver [None req-c55bff0d-b8a0-491f-9f7c-28c2e85eb27e None None] WorkerService process has finished the post initialization
Jun 28 07:04:24.251731 np0000003872 devstack@neutron-api.service[90488]: DEBUG oslo_concurrency.processutils [None req-c55bff0d-b8a0-491f-9f7c-28c2e85eb27e None None] Running cmd (subprocess): ovsdb-client transact ssl:10.4.3.227:6641 --timeout 180 -p /opt/stack/data/CA/int-ca/private/devstack-cert.key -c /opt/stack/data/CA/int-ca/devstack-cert.crt -C /opt/stack/data/CA/int-ca/ca-chain.pem ["OVN_Northbound", {"op": "wait", "timeout": 0, "table": "Port_Group", "where": [["name", "==", "pvlan_pg_drop"]], "until": "==", "rows": []}, {"op": "insert", "table": "ACL", "row": {"action": "drop", "direction": "to-lport", "match": "outport == @pvlan_pg_drop && ip", "priority": 1010}, "uuid-name": "pvlandroptoport"}, {"op": "insert", "table": "ACL", "row": {"action": "drop", "direction": "from-lport", "match": "inport == @pvlan_pg_drop && ip", "priority": 1010}, "uuid-name": "pvlandropfromport"}, {"op": "insert", "table": "Port_Group", "row": {"name": "pvlan_pg_drop", "acls": ["set", [["named-uuid", "pvlandroptoport"], ["named-uuid", "pvlandropfromport"]]]}}] {{(pid=90488) execute /opt/stack/data/venv/lib/python3.12/site-packages/oslo_concurrency/processutils.py:440}}
Jun 28 07:04:24.277539 np0000003872 devstack@neutron-api.service[90487]: DEBUG neutron.common.ovn.hash_ring_manager [None req-5ff01766-2012-42eb-9c16-e5929058a881 None None] Disallow caching, nodes 3<4 {{(pid=90487) _wait_startup_before_caching /opt/stack/neutron/neutron/common/ovn/hash_ring_manager.py:79}}
Jun 28 07:04:24.278151 np0000003872 devstack@neutron-api.service[90488]: DEBUG oslo_concurrency.processutils [None req-c55bff0d-b8a0-491f-9f7c-28c2e85eb27e None None] CMD "ovsdb-client transact ssl:10.4.3.227:6641 --timeout 180 -p /opt/stack/data/CA/int-ca/private/devstack-cert.key -c /opt/stack/data/CA/int-ca/devstack-cert.crt -C /opt/stack/data/CA/int-ca/ca-chain.pem ["OVN_Northbound", {"op": "wait", "timeout": 0, "table": "Port_Group", "where": [["name", "==", "pvlan_pg_drop"]], "until": "==", "rows": []}, {"op": "insert", "table": "ACL", "row": {"action": "drop", "direction": "to-lport", "match": "outport == @pvlan_pg_drop && ip", "priority": 1010}, "uuid-name": "pvlandroptoport"}, {"op": "insert", "table": "ACL", "row": {"action": "drop", "direction": "from-lport", "match": "inport == @pvlan_pg_drop && ip", "priority": 1010}, "uuid-name": "pvlandropfromport"}, {"op": "insert", "table": "Port_Group", "row": {"name": "pvlan_pg_drop", "acls": ["set", [["named-uuid", "pvlandroptoport"], ["named-uuid", "pvlandropfromport"]]]}}]" returned: 0 in 0.026s {{(pid=90488) execute /opt/stack/data/venv/lib/python3.12/site-packages/oslo_concurrency/processutils.py:468}}
Jun 28 07:04:24.279987 np0000003872 devstack@neutron-api.service[90488]: WSGI app 0 (mountpoint='') ready in 7 seconds on interpreter 0x73c6684a3668 pid: 90488 (default app)
Jun 28 07:04:24.283082 np0000003872 devstack@neutron-api.service[90487]: DEBUG neutron.common.ovn.hash_ring_manager [None req-5ff01766-2012-42eb-9c16-e5929058a881 None None] Hash Ring loaded. 3 active nodes. 0 offline nodes {{(pid=90487) _load_hash_ring /opt/stack/neutron/neutron/common/ovn/hash_ring_manager.py:110}}
Jun 28 07:04:24.283302 np0000003872 devstack@neutron-api.service[90487]: DEBUG neutron.plugins.ml2.drivers.ovn.mech_driver.ovsdb.ovsdb_monitor [None req-5ff01766-2012-42eb-9c16-e5929058a881 None None] Hash Ring: Node 93e9ac6e10e95fd6b22da0e1a64332f1 (host: np0000003872) handling event "create" for row c26dbdb7-ebb1-48f4-9d64-a4069a739c7e (table: Chassis) {{(pid=90487) notify /opt/stack/neutron/neutron/plugins/ml2/drivers/ovn/mech_driver/ovsdb/ovsdb_monitor.py:1015}}
Jun 28 07:04:24.284595 np0000003872 devstack@neutron-api.service[90487]: DEBUG ovsdbapp.backend.ovs_idl.event [None req-5ff01766-2012-42eb-9c16-e5929058a881 None None] Matched CREATE: ChassisBandwidthConfigEvent(events=('create', 'update'), table='Chassis', conditions=None, old_conditions=None), priority=20 to row=Chassis(uuid=c26dbdb7-ebb1-48f4-9d64-a4069a739c7e, encaps=[745dec7b-4be8-4f0e-94eb-6bedd0ed6115], external_ids={}, hostname='np0000003872', name='81640835-fc73-4309-aa1b-7725cb88f62d', nb_cfg=0, other_config={'ct-commit-nat-v2': 'true', 'ct-commit-to-zone': 'true', 'ct-next-zone': 'true', 'ct-no-masked-label': 'true', 'ct-state-save': 'true', 'datapath-type': 'system', 'fdb-timestamp': 'true', 'iface-types': 'afxdp,afxdp-nonpmd,bareudp,erspan,geneve,gre,gtpu,internal,ip6erspan,ip6gre,lisp,patch,srv6,stt,system,tap,vxlan', 'is-interconn': 'false', 'ls-dpg-column': 'true', 'mac-binding-timestamp': 'true', 'ovn-bridge-mappings': 'public:br-ex', 'ovn-chassis-mac-mappings': '', 'ovn-cms-options': 'enable-chassis-as-gw', 'ovn-ct-lb-related': 'true', 'ovn-enable-lflow-cache': 'true', 'ovn-limit-lflow-cache': '', 'ovn-memlimit-lflow-cache-kb': '', 'ovn-monitor-all': 'false', 'ovn-trim-limit-lflow-cache': '', 'ovn-trim-timeout-ms': '', 'ovn-trim-wmark-perc-lflow-cache': '', 'port-up-notif': 'true'}, transport_zones=[], vtep_logical_switches=[]) old= {{(pid=90487) matches /opt/stack/data/venv/lib/python3.12/site-packages/ovsdbapp/backend/ovs_idl/event.py:55}}
Jun 28 07:04:24.285184 np0000003872 devstack@neutron-api.service[90487]: DEBUG neutron.plugins.ml2.drivers.ovn.mech_driver.ovsdb.ovsdb_monitor [None req-5ff01766-2012-42eb-9c16-e5929058a881 None None] ChassisAgentWriteEvent : Matched Chassis_Private, create, None None {{(pid=90487) matches /opt/stack/neutron/neutron/plugins/ml2/drivers/ovn/mech_driver/ovsdb/ovsdb_monitor.py:64}}
Jun 28 07:04:24.285381 np0000003872 devstack@neutron-api.service[90487]: DEBUG neutron.plugins.ml2.drivers.ovn.mech_driver.ovsdb.ovsdb_monitor [None req-5ff01766-2012-42eb-9c16-e5929058a881 None None] ChassisOVNAgentWriteEvent : Matched Chassis_Private, create, None None {{(pid=90487) matches /opt/stack/neutron/neutron/plugins/ml2/drivers/ovn/mech_driver/ovsdb/ovsdb_monitor.py:64}}
Jun 28 07:04:24.291995 np0000003872 devstack@neutron-api.service[90487]: DEBUG neutron.common.ovn.hash_ring_manager [None req-5ff01766-2012-42eb-9c16-e5929058a881 None None] Hash Ring loaded. 3 active nodes. 0 offline nodes {{(pid=90487) _load_hash_ring /opt/stack/neutron/neutron/common/ovn/hash_ring_manager.py:110}}
Jun 28 07:04:24.297527 np0000003872 devstack@neutron-api.service[90487]: DEBUG neutron.common.ovn.hash_ring_manager [None req-5ff01766-2012-42eb-9c16-e5929058a881 None None] Hash Ring loaded. 3 active nodes. 0 offline nodes {{(pid=90487) _load_hash_ring /opt/stack/neutron/neutron/common/ovn/hash_ring_manager.py:110}}
Jun 28 07:04:24.298540 np0000003872 devstack@neutron-api.service[90487]: INFO neutron.plugins.ml2.drivers.ovn.mech_driver.mech_driver [None req-5ff01766-2012-42eb-9c16-e5929058a881 None None] WorkerService process has finished the post initialization
Jun 28 07:04:24.298864 np0000003872 devstack@neutron-api.service[90487]: DEBUG oslo_concurrency.processutils [None req-5ff01766-2012-42eb-9c16-e5929058a881 None None] Running cmd (subprocess): ovsdb-client transact ssl:10.4.3.227:6641 --timeout 180 -p /opt/stack/data/CA/int-ca/private/devstack-cert.key -c /opt/stack/data/CA/int-ca/devstack-cert.crt -C /opt/stack/data/CA/int-ca/ca-chain.pem ["OVN_Northbound", {"op": "wait", "timeout": 0, "table": "Port_Group", "where": [["name", "==", "pvlan_pg_drop"]], "until": "==", "rows": []}, {"op": "insert", "table": "ACL", "row": {"action": "drop", "direction": "to-lport", "match": "outport == @pvlan_pg_drop && ip", "priority": 1010}, "uuid-name": "pvlandroptoport"}, {"op": "insert", "table": "ACL", "row": {"action": "drop", "direction": "from-lport", "match": "inport == @pvlan_pg_drop && ip", "priority": 1010}, "uuid-name": "pvlandropfromport"}, {"op": "insert", "table": "Port_Group", "row": {"name": "pvlan_pg_drop", "acls": ["set", [["named-uuid", "pvlandroptoport"], ["named-uuid", "pvlandropfromport"]]]}}] {{(pid=90487) execute /opt/stack/data/venv/lib/python3.12/site-packages/oslo_concurrency/processutils.py:440}}
Jun 28 07:04:24.299396 np0000003872 devstack@neutron-api.service[90487]: INFO neutron.plugins.ml2.drivers.ovn.mech_driver.ovsdb.extensions.qos [-] Starting OVNClientQosExtension
Jun 28 07:04:24.299580 np0000003872 devstack@neutron-api.service[90487]: INFO neutron.plugins.ml2.drivers.ovn.mech_driver.ovsdb.extensions.placement [-] Starting OVNClientPlacementExtension
Jun 28 07:04:24.331191 np0000003872 devstack@neutron-api.service[90487]: DEBUG oslo_concurrency.processutils [None req-5ff01766-2012-42eb-9c16-e5929058a881 None None] CMD "ovsdb-client transact ssl:10.4.3.227:6641 --timeout 180 -p /opt/stack/data/CA/int-ca/private/devstack-cert.key -c /opt/stack/data/CA/int-ca/devstack-cert.crt -C /opt/stack/data/CA/int-ca/ca-chain.pem ["OVN_Northbound", {"op": "wait", "timeout": 0, "table": "Port_Group", "where": [["name", "==", "pvlan_pg_drop"]], "until": "==", "rows": []}, {"op": "insert", "table": "ACL", "row": {"action": "drop", "direction": "to-lport", "match": "outport == @pvlan_pg_drop && ip", "priority": 1010}, "uuid-name": "pvlandroptoport"}, {"op": "insert", "table": "ACL", "row": {"action": "drop", "direction": "from-lport", "match": "inport == @pvlan_pg_drop && ip", "priority": 1010}, "uuid-name": "pvlandropfromport"}, {"op": "insert", "table": "Port_Group", "row": {"name": "pvlan_pg_drop", "acls": ["set", [["named-uuid", "pvlandroptoport"], ["named-uuid", "pvlandropfromport"]]]}}]" returned: 0 in 0.032s {{(pid=90487) execute /opt/stack/data/venv/lib/python3.12/site-packages/oslo_concurrency/processutils.py:468}}
Jun 28 07:04:24.333465 np0000003872 devstack@neutron-api.service[90487]: WSGI app 0 (mountpoint='') ready in 7 seconds on interpreter 0x73c6684a3668 pid: 90487 (default app)
Jun 28 07:04:24.426188 np0000003872 devstack@neutron-api.service[90489]: DEBUG neutron.common.ovn.hash_ring_manager [-] Disallow caching, nodes 3<4 {{(pid=90489) _wait_startup_before_caching /opt/stack/neutron/neutron/common/ovn/hash_ring_manager.py:79}}
Jun 28 07:04:24.431852 np0000003872 devstack@neutron-api.service[90489]: DEBUG neutron.common.ovn.hash_ring_manager [-] Hash Ring loaded. 3 active nodes. 0 offline nodes {{(pid=90489) _load_hash_ring /opt/stack/neutron/neutron/common/ovn/hash_ring_manager.py:110}}
Jun 28 07:04:24.431994 np0000003872 devstack@neutron-api.service[90489]: DEBUG neutron.plugins.ml2.drivers.ovn.mech_driver.ovsdb.ovsdb_monitor [-] Hash Ring: Node c04f72c10a785f2ca09a886f806be2b6 (host: np0000003872) handling event "update" for row d377c8b2-37fd-4dfb-952f-117d30af849b (table: Connection) {{(pid=90489) notify /opt/stack/neutron/neutron/plugins/ml2/drivers/ovn/mech_driver/ovsdb/ovsdb_monitor.py:1015}}
Jun 28 07:04:24.433465 np0000003872 devstack@neutron-api.service[90488]: DEBUG neutron.common.ovn.hash_ring_manager [-] Hash Ring loaded. 3 active nodes. 0 offline nodes {{(pid=90488) _load_hash_ring /opt/stack/neutron/neutron/common/ovn/hash_ring_manager.py:110}}
Jun 28 07:04:24.438043 np0000003872 devstack@neutron-api.service[90487]: DEBUG neutron.common.ovn.hash_ring_manager [-] Hash Ring loaded. 3 active nodes. 0 offline nodes {{(pid=90487) _load_hash_ring /opt/stack/neutron/neutron/common/ovn/hash_ring_manager.py:110}}
Jun 28 07:04:24.529135 np0000003872 devstack@neutron-api.service[90486]: WARNING neutron.objects.base [None req-86550581-1fd7-4c45-bc95-408a309fe2b6 None None] ORM session: SQL execution without transaction in progress, traceback:
Jun 28 07:04:24.529135 np0000003872 devstack@neutron-api.service[90486]: File "", line 1360, in _find_and_load
Jun 28 07:04:24.529135 np0000003872 devstack@neutron-api.service[90486]: File "", line 1331, in _find_and_load_unlocked
Jun 28 07:04:24.529135 np0000003872 devstack@neutron-api.service[90486]: File "", line 935, in _load_unlocked
Jun 28 07:04:24.529135 np0000003872 devstack@neutron-api.service[90486]: File "", line 995, in exec_module
Jun 28 07:04:24.529135 np0000003872 devstack@neutron-api.service[90486]: File "", line 488, in _call_with_frames_removed
Jun 28 07:04:24.529135 np0000003872 devstack@neutron-api.service[90486]: File "/opt/stack/neutron/neutron/wsgi/api.py", line 23, in
Jun 28 07:04:24.529135 np0000003872 devstack@neutron-api.service[90486]: application = server.boot_server(api.api_server, prog='neutron-api')
Jun 28 07:04:24.529135 np0000003872 devstack@neutron-api.service[90486]: File "/opt/stack/neutron/neutron/server/__init__.py", line 78, in boot_server
Jun 28 07:04:24.529135 np0000003872 devstack@neutron-api.service[90486]: return server_func()
Jun 28 07:04:24.529135 np0000003872 devstack@neutron-api.service[90486]: File "/opt/stack/neutron/neutron/server/api.py", line 32, in api_server
Jun 28 07:04:24.529135 np0000003872 devstack@neutron-api.service[90486]: registry.publish(resources.PROCESS, events.AFTER_INIT,
Jun 28 07:04:24.529135 np0000003872 devstack@neutron-api.service[90486]: File "/opt/stack/data/venv/lib/python3.12/site-packages/neutron_lib/callbacks/registry.py", line 56, in publish
Jun 28 07:04:24.529135 np0000003872 devstack@neutron-api.service[90486]: _get_callback_manager().publish(resource, event, trigger, payload=payload)
Jun 28 07:04:24.529135 np0000003872 devstack@neutron-api.service[90486]: File "/opt/stack/data/venv/lib/python3.12/site-packages/neutron_lib/db/utils.py", line 110, in _wrapped
Jun 28 07:04:24.529135 np0000003872 devstack@neutron-api.service[90486]: return function(*args, **kwargs)
Jun 28 07:04:24.529135 np0000003872 devstack@neutron-api.service[90486]: File "/opt/stack/data/venv/lib/python3.12/site-packages/neutron_lib/callbacks/manager.py", line 157, in publish
Jun 28 07:04:24.529135 np0000003872 devstack@neutron-api.service[90486]: errors = self._notify_loop(resource, event, trigger, payload)
Jun 28 07:04:24.529135 np0000003872 devstack@neutron-api.service[90486]: File "/opt/stack/data/venv/lib/python3.12/site-packages/neutron_lib/callbacks/manager.py", line 189, in _notify_loop
Jun 28 07:04:24.529135 np0000003872 devstack@neutron-api.service[90486]: callback.method(resource, event, trigger, payload=payload)
Jun 28 07:04:24.529135 np0000003872 devstack@neutron-api.service[90486]: File "/opt/stack/neutron/neutron/plugins/ml2/drivers/ovn/mech_driver/mech_driver.py", line 430, in post_fork_initialize
Jun 28 07:04:24.529135 np0000003872 devstack@neutron-api.service[90486]: self._setup_hash_ring()
Jun 28 07:04:24.529135 np0000003872 devstack@neutron-api.service[90486]: File "/opt/stack/neutron/neutron/plugins/ml2/drivers/ovn/mech_driver/mech_driver.py", line 385, in _setup_hash_ring
Jun 28 07:04:24.529135 np0000003872 devstack@neutron-api.service[90486]: self._init_hash_ring(n_context.get_admin_context())
Jun 28 07:04:24.529702 np0000003872 devstack@neutron-api.service[90486]: File "/opt/stack/data/venv/lib/python3.12/site-packages/neutron_lib/db/api.py", line 223, in wrapped
Jun 28 07:04:24.529702 np0000003872 devstack@neutron-api.service[90486]: return f_with_retry(*args, **kwargs,
Jun 28 07:04:24.529702 np0000003872 devstack@neutron-api.service[90486]: File "/opt/stack/data/venv/lib/python3.12/site-packages/neutron_lib/db/api.py", line 135, in wrapped
Jun 28 07:04:24.529702 np0000003872 devstack@neutron-api.service[90486]: return f(*args, **kwargs)
Jun 28 07:04:24.529702 np0000003872 devstack@neutron-api.service[90486]: File "/opt/stack/data/venv/lib/python3.12/site-packages/oslo_db/api.py", line 142, in wrapper
Jun 28 07:04:24.529702 np0000003872 devstack@neutron-api.service[90486]: return f(*args, **kwargs)
Jun 28 07:04:24.529702 np0000003872 devstack@neutron-api.service[90486]: File "/opt/stack/data/venv/lib/python3.12/site-packages/neutron_lib/db/api.py", line 181, in wrapped
Jun 28 07:04:24.529702 np0000003872 devstack@neutron-api.service[90486]: return f(*dup_args, **dup_kwargs)
Jun 28 07:04:24.529702 np0000003872 devstack@neutron-api.service[90486]: File "/opt/stack/data/venv/lib/python3.12/site-packages/oslo_db/sqlalchemy/enginefacade.py", line 1159, in wrapper
Jun 28 07:04:24.529702 np0000003872 devstack@neutron-api.service[90486]: return fn(*args, **kwargs)
Jun 28 07:04:24.529702 np0000003872 devstack@neutron-api.service[90486]: File "/opt/stack/neutron/neutron/plugins/ml2/drivers/ovn/mech_driver/mech_driver.py", line 407, in _init_hash_ring
Jun 28 07:04:24.529702 np0000003872 devstack@neutron-api.service[90486]: ovn_hash_ring_db.remove_nodes_from_host(
Jun 28 07:04:24.529702 np0000003872 devstack@neutron-api.service[90486]: File "/opt/stack/data/venv/lib/python3.12/site-packages/neutron_lib/db/api.py", line 223, in wrapped
Jun 28 07:04:24.529702 np0000003872 devstack@neutron-api.service[90486]: return f_with_retry(*args, **kwargs,
Jun 28 07:04:24.529702 np0000003872 devstack@neutron-api.service[90486]: File "/opt/stack/data/venv/lib/python3.12/site-packages/neutron_lib/db/api.py", line 135, in wrapped
Jun 28 07:04:24.529702 np0000003872 devstack@neutron-api.service[90486]: return f(*args, **kwargs)
Jun 28 07:04:24.529702 np0000003872 devstack@neutron-api.service[90486]: File "/opt/stack/data/venv/lib/python3.12/site-packages/oslo_db/api.py", line 142, in wrapper
Jun 28 07:04:24.529702 np0000003872 devstack@neutron-api.service[90486]: return f(*args, **kwargs)
Jun 28 07:04:24.529702 np0000003872 devstack@neutron-api.service[90486]: File "/opt/stack/data/venv/lib/python3.12/site-packages/neutron_lib/db/api.py", line 181, in wrapped
Jun 28 07:04:24.529702 np0000003872 devstack@neutron-api.service[90486]: return f(*dup_args, **dup_kwargs)
Jun 28 07:04:24.529702 np0000003872 devstack@neutron-api.service[90486]: File "/opt/stack/neutron/neutron/db/ovn_hash_ring_db.py", line 86, in remove_nodes_from_host
Jun 28 07:04:24.529702 np0000003872 devstack@neutron-api.service[90486]: query.delete()
Jun 28 07:04:24.529702 np0000003872 devstack@neutron-api.service[90486]: File "/opt/stack/data/venv/lib/python3.12/site-packages/sqlalchemy/orm/query.py", line 3217, in delete
Jun 28 07:04:24.529702 np0000003872 devstack@neutron-api.service[90486]: self.session.execute(
Jun 28 07:04:24.529702 np0000003872 devstack@neutron-api.service[90486]: File "/opt/stack/data/venv/lib/python3.12/site-packages/sqlalchemy/orm/session.py", line 2373, in execute
Jun 28 07:04:24.529702 np0000003872 devstack@neutron-api.service[90486]: return self._execute_internal(
Jun 28 07:04:24.529702 np0000003872 devstack@neutron-api.service[90486]: File "/opt/stack/data/venv/lib/python3.12/site-packages/sqlalchemy/orm/session.py", line 2225, in _execute_internal
Jun 28 07:04:24.529702 np0000003872 devstack@neutron-api.service[90486]: fn_result: Optional[Result[Any]] = fn(orm_exec_state)
Jun 28 07:04:24.529702 np0000003872 devstack@neutron-api.service[90486]:
Jun 28 07:04:24.531025 np0000003872 devstack@neutron-api.service[90486]: INFO neutron.db.ovn_hash_ring_db [None req-86550581-1fd7-4c45-bc95-408a309fe2b6 None None] Nodes from host "np0000003872" and group "mechanism_driver" removed from the Hash Ring created at 2026-06-28 07:04:17+00:00
Jun 28 07:04:24.534660 np0000003872 devstack@neutron-api.service[90486]: INFO neutron.db.ovn_hash_ring_db [None req-86550581-1fd7-4c45-bc95-408a309fe2b6 None None] Node 3275929c29ea5f349a8d713117f4fb6f from host "np0000003872" and group "mechanism_driver" added to the Hash Ring
Jun 28 07:04:24.537279 np0000003872 devstack@neutron-api.service[90486]: DEBUG neutron.plugins.ml2.drivers.ovn.mech_driver.mech_driver [None req-86550581-1fd7-4c45-bc95-408a309fe2b6 None None] Hash Ring setup, this worker has detected 4 OVN hash ring registers in the database {{(pid=90486) _init_hash_ring /opt/stack/neutron/neutron/plugins/ml2/drivers/ovn/mech_driver/mech_driver.py:414}}
Jun 28 07:04:24.541576 np0000003872 devstack@neutron-api.service[90486]: DEBUG neutron.plugins.ml2.drivers.ovn.mech_driver.ovsdb.maintenance [None req-86550581-1fd7-4c45-bc95-408a309fe2b6 None None] Periodic task found: HashRingHealthCheckPeriodics.touch_hash_ring_node {{(pid=90486) add_periodics /opt/stack/neutron/neutron/plugins/ml2/drivers/ovn/mech_driver/ovsdb/maintenance.py:146}}
Jun 28 07:04:24.542485 np0000003872 devstack@neutron-api.service[90486]: INFO neutron.plugins.ml2.drivers.ovn.mech_driver.mech_driver [None req-86550581-1fd7-4c45-bc95-408a309fe2b6 None None] Hash Ring probing thread for node 3275929c29ea5f349a8d713117f4fb6f has started
Jun 28 07:04:24.543077 np0000003872 devstack@neutron-api.service[90486]: INFO neutron.plugins.ml2.drivers.ovn.mech_driver.ovsdb.impl_idl_ovn [None req-86550581-1fd7-4c45-bc95-408a309fe2b6 None None] Getting OvsdbNbOvnIdl for WorkerService with retry
Jun 28 07:04:24.577989 np0000003872 devstack@neutron-api.service[90486]: DEBUG ovsdbapp.backend.ovs_idl [None req-86550581-1fd7-4c45-bc95-408a309fe2b6 None None] Created lookup_table index Logical_Switch.name {{(pid=90486) autocreate_indices /opt/stack/data/venv/lib/python3.12/site-packages/ovsdbapp/backend/ovs_idl/__init__.py:87}}
Jun 28 07:04:24.578125 np0000003872 devstack@neutron-api.service[90486]: DEBUG ovsdbapp.backend.ovs_idl [None req-86550581-1fd7-4c45-bc95-408a309fe2b6 None None] Created lookup_table index Logical_Router.name {{(pid=90486) autocreate_indices /opt/stack/data/venv/lib/python3.12/site-packages/ovsdbapp/backend/ovs_idl/__init__.py:87}}
Jun 28 07:04:24.578224 np0000003872 devstack@neutron-api.service[90486]: DEBUG ovsdbapp.backend.ovs_idl [None req-86550581-1fd7-4c45-bc95-408a309fe2b6 None None] Created lookup_table index Load_Balancer.name {{(pid=90486) autocreate_indices /opt/stack/data/venv/lib/python3.12/site-packages/ovsdbapp/backend/ovs_idl/__init__.py:87}}
Jun 28 07:04:24.578328 np0000003872 devstack@neutron-api.service[90486]: DEBUG ovsdbapp.backend.ovs_idl [None req-86550581-1fd7-4c45-bc95-408a309fe2b6 None None] Created schema index Copp.name {{(pid=90486) autocreate_indices /opt/stack/data/venv/lib/python3.12/site-packages/ovsdbapp/backend/ovs_idl/__init__.py:106}}
Jun 28 07:04:24.578446 np0000003872 devstack@neutron-api.service[90486]: DEBUG ovsdbapp.backend.ovs_idl [None req-86550581-1fd7-4c45-bc95-408a309fe2b6 None None] Created schema index Meter.name {{(pid=90486) autocreate_indices /opt/stack/data/venv/lib/python3.12/site-packages/ovsdbapp/backend/ovs_idl/__init__.py:106}}
