Jun 08 22:12:31.217608 np0000002363 devstack@g-api.service[99045]: DEBUG glance.api.middleware.version_negotiation [None req-f4ef2ff2-cb05-4581-a6c4-daba6660c52e tempest-ServerStableDeviceRescueTest-790996191 tempest-ServerStableDeviceRescueTest-790996191-project-member] Determining version of request: GET /v2/schemas/image Accept: */* {{(pid=99045) process_request /opt/stack/glance/glance/api/middleware/version_negotiation.py:44}}
Jun 08 22:12:31.217760 np0000002363 devstack@g-api.service[99045]: DEBUG glance.api.middleware.version_negotiation [None req-f4ef2ff2-cb05-4581-a6c4-daba6660c52e tempest-ServerStableDeviceRescueTest-790996191 tempest-ServerStableDeviceRescueTest-790996191-project-member] Using url versioning {{(pid=99045) process_request /opt/stack/glance/glance/api/middleware/version_negotiation.py:57}}
Jun 08 22:12:31.217871 np0000002363 devstack@g-api.service[99045]: DEBUG glance.api.middleware.version_negotiation [None req-f4ef2ff2-cb05-4581-a6c4-daba6660c52e tempest-ServerStableDeviceRescueTest-790996191 tempest-ServerStableDeviceRescueTest-790996191-project-member] Matched version: v2 {{(pid=99045) process_request /opt/stack/glance/glance/api/middleware/version_negotiation.py:69}}
Jun 08 22:12:31.217963 np0000002363 devstack@g-api.service[99045]: DEBUG glance.api.middleware.version_negotiation [None req-f4ef2ff2-cb05-4581-a6c4-daba6660c52e tempest-ServerStableDeviceRescueTest-790996191 tempest-ServerStableDeviceRescueTest-790996191-project-member] new path /v2/schemas/image {{(pid=99045) process_request /opt/stack/glance/glance/api/middleware/version_negotiation.py:70}}
Jun 08 22:12:31.220174 np0000002363 devstack@g-api.service[99045]: [pid: 99045|app: 0|req: 153/289] 127.0.0.1 () {44 vars in 1055 bytes} [Mon Jun 8 22:12:31 2026] GET /v2/schemas/image => generated 6083 bytes in 2 msecs (HTTP/1.1 200) 4 headers in 158 bytes (1 switches on core 0)
Jun 08 22:12:36.576455 np0000002363 devstack@g-api.service[99044]: DEBUG glance.api.middleware.version_negotiation [None req-f4ef2ff2-cb05-4581-a6c4-daba6660c52e tempest-ServerStableDeviceRescueTest-790996191 tempest-ServerStableDeviceRescueTest-790996191-project-member] Determining version of request: GET /v2/images/00066e97-2e73-4558-bd82-7f3529c92cb9 Accept: */* {{(pid=99044) process_request /opt/stack/glance/glance/api/middleware/version_negotiation.py:44}}
Jun 08 22:12:36.576455 np0000002363 devstack@g-api.service[99044]: DEBUG glance.api.middleware.version_negotiation [None req-f4ef2ff2-cb05-4581-a6c4-daba6660c52e tempest-ServerStableDeviceRescueTest-790996191 tempest-ServerStableDeviceRescueTest-790996191-project-member] Using url versioning {{(pid=99044) process_request /opt/stack/glance/glance/api/middleware/version_negotiation.py:57}}
Jun 08 22:12:36.576455 np0000002363 devstack@g-api.service[99044]: DEBUG glance.api.middleware.version_negotiation [None req-f4ef2ff2-cb05-4581-a6c4-daba6660c52e tempest-ServerStableDeviceRescueTest-790996191 tempest-ServerStableDeviceRescueTest-790996191-project-member] Matched version: v2 {{(pid=99044) process_request /opt/stack/glance/glance/api/middleware/version_negotiation.py:69}}
Jun 08 22:12:36.576455 np0000002363 devstack@g-api.service[99044]: DEBUG glance.api.middleware.version_negotiation [None req-f4ef2ff2-cb05-4581-a6c4-daba6660c52e tempest-ServerStableDeviceRescueTest-790996191 tempest-ServerStableDeviceRescueTest-790996191-project-member] new path /v2/images/00066e97-2e73-4558-bd82-7f3529c92cb9 {{(pid=99044) process_request /opt/stack/glance/glance/api/middleware/version_negotiation.py:70}}
Jun 08 22:12:36.586795 np0000002363 devstack@g-api.service[99044]: [pid: 99044|app: 0|req: 137/290] 127.0.0.1 () {44 vars in 1115 bytes} [Mon Jun 8 22:12:36 2026] GET /v2/images/00066e97-2e73-4558-bd82-7f3529c92cb9 => generated 1044 bytes in 12 msecs (HTTP/1.1 200) 4 headers in 158 bytes (1 switches on core 0)
Jun 08 22:12:36.618058 np0000002363 devstack@g-api.service[99045]: DEBUG glance.api.middleware.version_negotiation [None req-f4ef2ff2-cb05-4581-a6c4-daba6660c52e tempest-ServerStableDeviceRescueTest-790996191 tempest-ServerStableDeviceRescueTest-790996191-project-member] Determining version of request: GET /v2/schemas/image Accept: */* {{(pid=99045) process_request /opt/stack/glance/glance/api/middleware/version_negotiation.py:44}}
Jun 08 22:12:36.618490 np0000002363 devstack@g-api.service[99045]: DEBUG glance.api.middleware.version_negotiation [None req-f4ef2ff2-cb05-4581-a6c4-daba6660c52e tempest-ServerStableDeviceRescueTest-790996191 tempest-ServerStableDeviceRescueTest-790996191-project-member] Using url versioning {{(pid=99045) process_request /opt/stack/glance/glance/api/middleware/version_negotiation.py:57}}
Jun 08 22:12:36.618490 np0000002363 devstack@g-api.service[99045]: DEBUG glance.api.middleware.version_negotiation [None req-f4ef2ff2-cb05-4581-a6c4-daba6660c52e tempest-ServerStableDeviceRescueTest-790996191 tempest-ServerStableDeviceRescueTest-790996191-project-member] Matched version: v2 {{(pid=99045) process_request /opt/stack/glance/glance/api/middleware/version_negotiation.py:69}}
Jun 08 22:12:36.618490 np0000002363 devstack@g-api.service[99045]: DEBUG glance.api.middleware.version_negotiation [None req-f4ef2ff2-cb05-4581-a6c4-daba6660c52e tempest-ServerStableDeviceRescueTest-790996191 tempest-ServerStableDeviceRescueTest-790996191-project-member] new path /v2/schemas/image {{(pid=99045) process_request /opt/stack/glance/glance/api/middleware/version_negotiation.py:70}}
Jun 08 22:12:36.620679 np0000002363 devstack@g-api.service[99045]: [pid: 99045|app: 0|req: 154/291] 127.0.0.1 () {44 vars in 1055 bytes} [Mon Jun 8 22:12:36 2026] GET /v2/schemas/image => generated 6083 bytes in 3 msecs (HTTP/1.1 200) 4 headers in 158 bytes (1 switches on core 0)
Jun 08 22:12:37.327395 np0000002363 devstack@g-api.service[99044]: DEBUG glance.api.middleware.version_negotiation [None req-743ac61e-29b4-4711-977e-03f4111b9fe2 tempest-AttachVolumeTestJSON-953707472 tempest-AttachVolumeTestJSON-953707472-project-member] Determining version of request: GET /v2/images/00066e97-2e73-4558-bd82-7f3529c92cb9 Accept: */* {{(pid=99044) process_request /opt/stack/glance/glance/api/middleware/version_negotiation.py:44}}
Jun 08 22:12:37.327395 np0000002363 devstack@g-api.service[99044]: DEBUG glance.api.middleware.version_negotiation [None req-743ac61e-29b4-4711-977e-03f4111b9fe2 tempest-AttachVolumeTestJSON-953707472 tempest-AttachVolumeTestJSON-953707472-project-member] Using url versioning {{(pid=99044) process_request /opt/stack/glance/glance/api/middleware/version_negotiation.py:57}}
Jun 08 22:12:37.327395 np0000002363 devstack@g-api.service[99044]: DEBUG glance.api.middleware.version_negotiation [None req-743ac61e-29b4-4711-977e-03f4111b9fe2 tempest-AttachVolumeTestJSON-953707472 tempest-AttachVolumeTestJSON-953707472-project-member] Matched version: v2 {{(pid=99044) process_request /opt/stack/glance/glance/api/middleware/version_negotiation.py:69}}
Jun 08 22:12:37.327636 np0000002363 devstack@g-api.service[99044]: DEBUG glance.api.middleware.version_negotiation [None req-743ac61e-29b4-4711-977e-03f4111b9fe2 tempest-AttachVolumeTestJSON-953707472 tempest-AttachVolumeTestJSON-953707472-project-member] new path /v2/images/00066e97-2e73-4558-bd82-7f3529c92cb9 {{(pid=99044) process_request /opt/stack/glance/glance/api/middleware/version_negotiation.py:70}}
Jun 08 22:12:37.337908 np0000002363 devstack@g-api.service[99044]: [pid: 99044|app: 0|req: 138/292] 127.0.0.1 () {44 vars in 1115 bytes} [Mon Jun 8 22:12:37 2026] GET /v2/images/00066e97-2e73-4558-bd82-7f3529c92cb9 => generated 1044 bytes in 11 msecs (HTTP/1.1 200) 4 headers in 158 bytes (1 switches on core 0)
Jun 08 22:12:37.370378 np0000002363 devstack@g-api.service[99045]: DEBUG glance.api.middleware.version_negotiation [None req-743ac61e-29b4-4711-977e-03f4111b9fe2 tempest-AttachVolumeTestJSON-953707472 tempest-AttachVolumeTestJSON-953707472-project-member] Determining version of request: GET /v2/schemas/image Accept: */* {{(pid=99045) process_request /opt/stack/glance/glance/api/middleware/version_negotiation.py:44}}
Jun 08 22:12:37.370378 np0000002363 devstack@g-api.service[99045]: DEBUG glance.api.middleware.version_negotiation [None req-743ac61e-29b4-4711-977e-03f4111b9fe2 tempest-AttachVolumeTestJSON-953707472 tempest-AttachVolumeTestJSON-953707472-project-member] Using url versioning {{(pid=99045) process_request /opt/stack/glance/glance/api/middleware/version_negotiation.py:57}}
Jun 08 22:12:37.370378 np0000002363 devstack@g-api.service[99045]: DEBUG glance.api.middleware.version_negotiation [None req-743ac61e-29b4-4711-977e-03f4111b9fe2 tempest-AttachVolumeTestJSON-953707472 tempest-AttachVolumeTestJSON-953707472-project-member] Matched version: v2 {{(pid=99045) process_request /opt/stack/glance/glance/api/middleware/version_negotiation.py:69}}
Jun 08 22:12:37.370378 np0000002363 devstack@g-api.service[99045]: DEBUG glance.api.middleware.version_negotiation [None req-743ac61e-29b4-4711-977e-03f4111b9fe2 tempest-AttachVolumeTestJSON-953707472 tempest-AttachVolumeTestJSON-953707472-project-member] new path /v2/schemas/image {{(pid=99045) process_request /opt/stack/glance/glance/api/middleware/version_negotiation.py:70}}
Jun 08 22:12:37.373011 np0000002363 devstack@g-api.service[99045]: [pid: 99045|app: 0|req: 155/293] 127.0.0.1 () {44 vars in 1055 bytes} [Mon Jun 8 22:12:37 2026] GET /v2/schemas/image => generated 6083 bytes in 4 msecs (HTTP/1.1 200) 4 headers in 158 bytes (1 switches on core 0)
Jun 08 22:12:40.986495 np0000002363 devstack@g-api.service[99045]: DEBUG dbcounter [-] [99045] Writing DB stats glance:SELECT=71,glance:INSERT=25,glance:UPDATE=7 {{(pid=99045) stat_writer /opt/stack/data/venv/lib/python3.12/site-packages/dbcounter.py:115}}
Jun 08 22:12:44.528917 np0000002363 devstack@g-api.service[99044]: DEBUG glance.api.middleware.version_negotiation [None req-5f474431-c2a1-4429-8f07-200d66183ee2 tempest-ServerActionsTestOtherA-1611786677 tempest-ServerActionsTestOtherA-1611786677-project-member] Determining version of request: GET /v2/schemas/image Accept: */* {{(pid=99044) process_request /opt/stack/glance/glance/api/middleware/version_negotiation.py:44}}
Jun 08 22:12:44.528917 np0000002363 devstack@g-api.service[99044]: DEBUG glance.api.middleware.version_negotiation [None req-5f474431-c2a1-4429-8f07-200d66183ee2 tempest-ServerActionsTestOtherA-1611786677 tempest-ServerActionsTestOtherA-1611786677-project-member] Using url versioning {{(pid=99044) process_request /opt/stack/glance/glance/api/middleware/version_negotiation.py:57}}
Jun 08 22:12:44.528917 np0000002363 devstack@g-api.service[99044]: DEBUG glance.api.middleware.version_negotiation [None req-5f474431-c2a1-4429-8f07-200d66183ee2 tempest-ServerActionsTestOtherA-1611786677 tempest-ServerActionsTestOtherA-1611786677-project-member] Matched version: v2 {{(pid=99044) process_request /opt/stack/glance/glance/api/middleware/version_negotiation.py:69}}
Jun 08 22:12:44.528917 np0000002363 devstack@g-api.service[99044]: DEBUG glance.api.middleware.version_negotiation [None req-5f474431-c2a1-4429-8f07-200d66183ee2 tempest-ServerActionsTestOtherA-1611786677 tempest-ServerActionsTestOtherA-1611786677-project-member] new path /v2/schemas/image {{(pid=99044) process_request /opt/stack/glance/glance/api/middleware/version_negotiation.py:70}}
Jun 08 22:12:44.533902 np0000002363 devstack@g-api.service[99044]: [pid: 99044|app: 0|req: 139/294] 127.0.0.1 () {44 vars in 1055 bytes} [Mon Jun 8 22:12:44 2026] GET /v2/schemas/image => generated 6083 bytes in 10 msecs (HTTP/1.1 200) 4 headers in 158 bytes (1 switches on core 0)
Jun 08 22:12:44.583121 np0000002363 devstack@g-api.service[99045]: DEBUG glance.api.middleware.version_negotiation [None req-5f474431-c2a1-4429-8f07-200d66183ee2 tempest-ServerActionsTestOtherA-1611786677 tempest-ServerActionsTestOtherA-1611786677-project-member] Determining version of request: POST /v2/images Accept: */* {{(pid=99045) process_request /opt/stack/glance/glance/api/middleware/version_negotiation.py:44}}
Jun 08 22:12:44.585710 np0000002363 devstack@g-api.service[99045]: DEBUG glance.api.middleware.version_negotiation [None req-5f474431-c2a1-4429-8f07-200d66183ee2 tempest-ServerActionsTestOtherA-1611786677 tempest-ServerActionsTestOtherA-1611786677-project-member] Using url versioning {{(pid=99045) process_request /opt/stack/glance/glance/api/middleware/version_negotiation.py:57}}
Jun 08 22:12:44.585710 np0000002363 devstack@g-api.service[99045]: DEBUG glance.api.middleware.version_negotiation [None req-5f474431-c2a1-4429-8f07-200d66183ee2 tempest-ServerActionsTestOtherA-1611786677 tempest-ServerActionsTestOtherA-1611786677-project-member] Matched version: v2 {{(pid=99045) process_request /opt/stack/glance/glance/api/middleware/version_negotiation.py:69}}
Jun 08 22:12:44.585710 np0000002363 devstack@g-api.service[99045]: DEBUG glance.api.middleware.version_negotiation [None req-5f474431-c2a1-4429-8f07-200d66183ee2 tempest-ServerActionsTestOtherA-1611786677 tempest-ServerActionsTestOtherA-1611786677-project-member] new path /v2/images {{(pid=99045) process_request /opt/stack/glance/glance/api/middleware/version_negotiation.py:70}}
Jun 08 22:12:45.247843 np0000002363 devstack@g-api.service[99045]: [pid: 99045|app: 0|req: 156/295] 127.0.0.1 () {46 vars in 1055 bytes} [Mon Jun 8 22:12:44 2026] POST /v2/images => generated 1360 bytes in 665 msecs (HTTP/1.1 201) 6 headers in 316 bytes (1 switches on core 0)
Jun 08 22:12:45.322259 np0000002363 devstack@g-api.service[99044]: DEBUG glance.api.middleware.version_negotiation [None req-cd1f940a-dad8-49a3-aba3-d595d6e76676 tempest-ServerBootFromVolumeStableRescueTest-1881036071 tempest-ServerBootFromVolumeStableRescueTest-1881036071-project-member] Determining version of request: GET /v2/images/a9798113-97f3-4c36-8576-038d7e9f9306 Accept: application/json {{(pid=99044) process_request /opt/stack/glance/glance/api/middleware/version_negotiation.py:44}}
Jun 08 22:12:45.322629 np0000002363 devstack@g-api.service[99044]: DEBUG glance.api.middleware.version_negotiation [None req-cd1f940a-dad8-49a3-aba3-d595d6e76676 tempest-ServerBootFromVolumeStableRescueTest-1881036071 tempest-ServerBootFromVolumeStableRescueTest-1881036071-project-member] Using url versioning {{(pid=99044) process_request /opt/stack/glance/glance/api/middleware/version_negotiation.py:57}}
Jun 08 22:12:45.322804 np0000002363 devstack@g-api.service[99044]: DEBUG glance.api.middleware.version_negotiation [None req-cd1f940a-dad8-49a3-aba3-d595d6e76676 tempest-ServerBootFromVolumeStableRescueTest-1881036071 tempest-ServerBootFromVolumeStableRescueTest-1881036071-project-member] Matched version: v2 {{(pid=99044) process_request /opt/stack/glance/glance/api/middleware/version_negotiation.py:69}}
Jun 08 22:12:45.322939 np0000002363 devstack@g-api.service[99044]: DEBUG glance.api.middleware.version_negotiation [None req-cd1f940a-dad8-49a3-aba3-d595d6e76676 tempest-ServerBootFromVolumeStableRescueTest-1881036071 tempest-ServerBootFromVolumeStableRescueTest-1881036071-project-member] new path /v2/images/a9798113-97f3-4c36-8576-038d7e9f9306 {{(pid=99044) process_request /opt/stack/glance/glance/api/middleware/version_negotiation.py:70}}
Jun 08 22:12:45.336825 np0000002363 devstack@g-api.service[99044]: [pid: 99044|app: 0|req: 140/296] 127.0.0.1 () {40 vars in 838 bytes} [Mon Jun 8 22:12:45 2026] GET /v2/images/a9798113-97f3-4c36-8576-038d7e9f9306 => generated 1360 bytes in 16 msecs (HTTP/1.1 200) 4 headers in 158 bytes (1 switches on core 0)
Jun 08 22:12:46.345822 np0000002363 devstack@g-api.service[99045]: DEBUG glance.api.middleware.version_negotiation [None req-cd1f940a-dad8-49a3-aba3-d595d6e76676 tempest-ServerBootFromVolumeStableRescueTest-1881036071 tempest-ServerBootFromVolumeStableRescueTest-1881036071-project-member] Determining version of request: GET /v2/images/a9798113-97f3-4c36-8576-038d7e9f9306 Accept: application/json {{(pid=99045) process_request /opt/stack/glance/glance/api/middleware/version_negotiation.py:44}}
Jun 08 22:12:46.345822 np0000002363 devstack@g-api.service[99045]: DEBUG glance.api.middleware.version_negotiation [None req-cd1f940a-dad8-49a3-aba3-d595d6e76676 tempest-ServerBootFromVolumeStableRescueTest-1881036071 tempest-ServerBootFromVolumeStableRescueTest-1881036071-project-member] Using url versioning {{(pid=99045) process_request /opt/stack/glance/glance/api/middleware/version_negotiation.py:57}}
Jun 08 22:12:46.346621 np0000002363 devstack@g-api.service[99045]: DEBUG glance.api.middleware.version_negotiation [None req-cd1f940a-dad8-49a3-aba3-d595d6e76676 tempest-ServerBootFromVolumeStableRescueTest-1881036071 tempest-ServerBootFromVolumeStableRescueTest-1881036071-project-member] Matched version: v2 {{(pid=99045) process_request /opt/stack/glance/glance/api/middleware/version_negotiation.py:69}}
Jun 08 22:12:46.346621 np0000002363 devstack@g-api.service[99045]: DEBUG glance.api.middleware.version_negotiation [None req-cd1f940a-dad8-49a3-aba3-d595d6e76676 tempest-ServerBootFromVolumeStableRescueTest-1881036071 tempest-ServerBootFromVolumeStableRescueTest-1881036071-project-member] new path /v2/images/a9798113-97f3-4c36-8576-038d7e9f9306 {{(pid=99045) process_request /opt/stack/glance/glance/api/middleware/version_negotiation.py:70}}
Jun 08 22:12:46.356427 np0000002363 devstack@g-api.service[99045]: [pid: 99045|app: 0|req: 157/297] 127.0.0.1 () {40 vars in 838 bytes} [Mon Jun 8 22:12:46 2026] GET /v2/images/a9798113-97f3-4c36-8576-038d7e9f9306 => generated 1360 bytes in 11 msecs (HTTP/1.1 200) 4 headers in 158 bytes (1 switches on core 0)
Jun 08 22:12:46.912956 np0000002363 devstack@g-api.service[99044]: DEBUG glance.api.middleware.version_negotiation [None req-5730c83b-9cbc-4e8c-abb3-d4c9eacf3b2d tempest-ServerBootFromVolumeStableRescueTest-1881036071 tempest-ServerBootFromVolumeStableRescueTest-1881036071-project-member] Determining version of request: GET /v2/images/a9798113-97f3-4c36-8576-038d7e9f9306 Accept: */* {{(pid=99044) process_request /opt/stack/glance/glance/api/middleware/version_negotiation.py:44}}
Jun 08 22:12:46.912956 np0000002363 devstack@g-api.service[99044]: DEBUG glance.api.middleware.version_negotiation [None req-5730c83b-9cbc-4e8c-abb3-d4c9eacf3b2d tempest-ServerBootFromVolumeStableRescueTest-1881036071 tempest-ServerBootFromVolumeStableRescueTest-1881036071-project-member] Using url versioning {{(pid=99044) process_request /opt/stack/glance/glance/api/middleware/version_negotiation.py:57}}
Jun 08 22:12:46.912956 np0000002363 devstack@g-api.service[99044]: DEBUG glance.api.middleware.version_negotiation [None req-5730c83b-9cbc-4e8c-abb3-d4c9eacf3b2d tempest-ServerBootFromVolumeStableRescueTest-1881036071 tempest-ServerBootFromVolumeStableRescueTest-1881036071-project-member] Matched version: v2 {{(pid=99044) process_request /opt/stack/glance/glance/api/middleware/version_negotiation.py:69}}
Jun 08 22:12:46.912956 np0000002363 devstack@g-api.service[99044]: DEBUG glance.api.middleware.version_negotiation [None req-5730c83b-9cbc-4e8c-abb3-d4c9eacf3b2d tempest-ServerBootFromVolumeStableRescueTest-1881036071 tempest-ServerBootFromVolumeStableRescueTest-1881036071-project-member] new path /v2/images/a9798113-97f3-4c36-8576-038d7e9f9306 {{(pid=99044) process_request /opt/stack/glance/glance/api/middleware/version_negotiation.py:70}}
Jun 08 22:12:46.923569 np0000002363 devstack@g-api.service[99044]: [pid: 99044|app: 0|req: 141/298] 127.0.0.1 () {44 vars in 1115 bytes} [Mon Jun 8 22:12:46 2026] GET /v2/images/a9798113-97f3-4c36-8576-038d7e9f9306 => generated 1360 bytes in 11 msecs (HTTP/1.1 200) 4 headers in 158 bytes (1 switches on core 0)
Jun 08 22:12:47.006494 np0000002363 devstack@g-api.service[99045]: DEBUG glance.api.middleware.version_negotiation [None req-7850e6ae-7b70-4d2a-be64-526e6b6b5d8a tempest-ServerBootFromVolumeStableRescueTest-1881036071 tempest-ServerBootFromVolumeStableRescueTest-1881036071-project-member] Determining version of request: GET /v2/schemas/image Accept: */* {{(pid=99045) process_request /opt/stack/glance/glance/api/middleware/version_negotiation.py:44}}
Jun 08 22:12:47.006649 np0000002363 devstack@g-api.service[99045]: DEBUG glance.api.middleware.version_negotiation [None req-7850e6ae-7b70-4d2a-be64-526e6b6b5d8a tempest-ServerBootFromVolumeStableRescueTest-1881036071 tempest-ServerBootFromVolumeStableRescueTest-1881036071-project-member] Using url versioning {{(pid=99045) process_request /opt/stack/glance/glance/api/middleware/version_negotiation.py:57}}
Jun 08 22:12:47.006789 np0000002363 devstack@g-api.service[99045]: DEBUG glance.api.middleware.version_negotiation [None req-7850e6ae-7b70-4d2a-be64-526e6b6b5d8a tempest-ServerBootFromVolumeStableRescueTest-1881036071 tempest-ServerBootFromVolumeStableRescueTest-1881036071-project-member] Matched version: v2 {{(pid=99045) process_request /opt/stack/glance/glance/api/middleware/version_negotiation.py:69}}
Jun 08 22:12:47.006882 np0000002363 devstack@g-api.service[99045]: DEBUG glance.api.middleware.version_negotiation [None req-7850e6ae-7b70-4d2a-be64-526e6b6b5d8a tempest-ServerBootFromVolumeStableRescueTest-1881036071 tempest-ServerBootFromVolumeStableRescueTest-1881036071-project-member] new path /v2/schemas/image {{(pid=99045) process_request /opt/stack/glance/glance/api/middleware/version_negotiation.py:70}}
Jun 08 22:12:47.009076 np0000002363 devstack@g-api.service[99045]: [pid: 99045|app: 0|req: 158/299] 127.0.0.1 () {44 vars in 1055 bytes} [Mon Jun 8 22:12:47 2026] GET /v2/schemas/image => generated 6083 bytes in 3 msecs (HTTP/1.1 200) 4 headers in 158 bytes (1 switches on core 0)
Jun 08 22:12:47.363959 np0000002363 devstack@g-api.service[99044]: DEBUG glance.api.middleware.version_negotiation [None req-cd1f940a-dad8-49a3-aba3-d595d6e76676 tempest-ServerBootFromVolumeStableRescueTest-1881036071 tempest-ServerBootFromVolumeStableRescueTest-1881036071-project-member] Determining version of request: GET /v2/images/a9798113-97f3-4c36-8576-038d7e9f9306 Accept: application/json {{(pid=99044) process_request /opt/stack/glance/glance/api/middleware/version_negotiation.py:44}}
Jun 08 22:12:47.364327 np0000002363 devstack@g-api.service[99044]: DEBUG glance.api.middleware.version_negotiation [None req-cd1f940a-dad8-49a3-aba3-d595d6e76676 tempest-ServerBootFromVolumeStableRescueTest-1881036071 tempest-ServerBootFromVolumeStableRescueTest-1881036071-project-member] Using url versioning {{(pid=99044) process_request /opt/stack/glance/glance/api/middleware/version_negotiation.py:57}}
Jun 08 22:12:47.364327 np0000002363 devstack@g-api.service[99044]: DEBUG glance.api.middleware.version_negotiation [None req-cd1f940a-dad8-49a3-aba3-d595d6e76676 tempest-ServerBootFromVolumeStableRescueTest-1881036071 tempest-ServerBootFromVolumeStableRescueTest-1881036071-project-member] Matched version: v2 {{(pid=99044) process_request /opt/stack/glance/glance/api/middleware/version_negotiation.py:69}}
Jun 08 22:12:47.364395 np0000002363 devstack@g-api.service[99044]: DEBUG glance.api.middleware.version_negotiation [None req-cd1f940a-dad8-49a3-aba3-d595d6e76676 tempest-ServerBootFromVolumeStableRescueTest-1881036071 tempest-ServerBootFromVolumeStableRescueTest-1881036071-project-member] new path /v2/images/a9798113-97f3-4c36-8576-038d7e9f9306 {{(pid=99044) process_request /opt/stack/glance/glance/api/middleware/version_negotiation.py:70}}
Jun 08 22:12:47.375019 np0000002363 devstack@g-api.service[99044]: [pid: 99044|app: 0|req: 142/300] 127.0.0.1 () {40 vars in 838 bytes} [Mon Jun 8 22:12:47 2026] GET /v2/images/a9798113-97f3-4c36-8576-038d7e9f9306 => generated 1360 bytes in 11 msecs (HTTP/1.1 200) 4 headers in 158 bytes (1 switches on core 0)
Jun 08 22:12:48.373468 np0000002363 devstack@g-api.service[99045]: DEBUG glance.api.middleware.version_negotiation [None req-cd1f940a-dad8-49a3-aba3-d595d6e76676 tempest-ServerBootFromVolumeStableRescueTest-1881036071 tempest-ServerBootFromVolumeStableRescueTest-1881036071-project-member] Determining version of request: GET /v2/images/00066e97-2e73-4558-bd82-7f3529c92cb9 Accept: */* {{(pid=99045) process_request /opt/stack/glance/glance/api/middleware/version_negotiation.py:44}}
Jun 08 22:12:48.374324 np0000002363 devstack@g-api.service[99045]: DEBUG glance.api.middleware.version_negotiation [None req-cd1f940a-dad8-49a3-aba3-d595d6e76676 tempest-ServerBootFromVolumeStableRescueTest-1881036071 tempest-ServerBootFromVolumeStableRescueTest-1881036071-project-member] Using url versioning {{(pid=99045) process_request /opt/stack/glance/glance/api/middleware/version_negotiation.py:57}}
Jun 08 22:12:48.374324 np0000002363 devstack@g-api.service[99045]: DEBUG glance.api.middleware.version_negotiation [None req-cd1f940a-dad8-49a3-aba3-d595d6e76676 tempest-ServerBootFromVolumeStableRescueTest-1881036071 tempest-ServerBootFromVolumeStableRescueTest-1881036071-project-member] Matched version: v2 {{(pid=99045) process_request /opt/stack/glance/glance/api/middleware/version_negotiation.py:69}}
Jun 08 22:12:48.374324 np0000002363 devstack@g-api.service[99045]: DEBUG glance.api.middleware.version_negotiation [None req-cd1f940a-dad8-49a3-aba3-d595d6e76676 tempest-ServerBootFromVolumeStableRescueTest-1881036071 tempest-ServerBootFromVolumeStableRescueTest-1881036071-project-member] new path /v2/images/00066e97-2e73-4558-bd82-7f3529c92cb9 {{(pid=99045) process_request /opt/stack/glance/glance/api/middleware/version_negotiation.py:70}}
Jun 08 22:12:48.386800 np0000002363 devstack@g-api.service[99044]: DEBUG glance.api.middleware.version_negotiation [None req-a50602d2-8b08-4061-8a97-c7931f046fab tempest-ServerBootFromVolumeStableRescueTest-1881036071 tempest-ServerBootFromVolumeStableRescueTest-1881036071-project-member] Determining version of request: GET /v2/images/a9798113-97f3-4c36-8576-038d7e9f9306 Accept: application/json {{(pid=99044) process_request /opt/stack/glance/glance/api/middleware/version_negotiation.py:44}}
Jun 08 22:12:48.387186 np0000002363 devstack@g-api.service[99044]: DEBUG glance.api.middleware.version_negotiation [None req-a50602d2-8b08-4061-8a97-c7931f046fab tempest-ServerBootFromVolumeStableRescueTest-1881036071 tempest-ServerBootFromVolumeStableRescueTest-1881036071-project-member] Using url versioning {{(pid=99044) process_request /opt/stack/glance/glance/api/middleware/version_negotiation.py:57}}
Jun 08 22:12:48.388446 np0000002363 devstack@g-api.service[99044]: DEBUG glance.api.middleware.version_negotiation [None req-a50602d2-8b08-4061-8a97-c7931f046fab tempest-ServerBootFromVolumeStableRescueTest-1881036071 tempest-ServerBootFromVolumeStableRescueTest-1881036071-project-member] Matched version: v2 {{(pid=99044) process_request /opt/stack/glance/glance/api/middleware/version_negotiation.py:69}}
Jun 08 22:12:48.388612 np0000002363 devstack@g-api.service[99044]: DEBUG glance.api.middleware.version_negotiation [None req-a50602d2-8b08-4061-8a97-c7931f046fab tempest-ServerBootFromVolumeStableRescueTest-1881036071 tempest-ServerBootFromVolumeStableRescueTest-1881036071-project-member] new path /v2/images/a9798113-97f3-4c36-8576-038d7e9f9306 {{(pid=99044) process_request /opt/stack/glance/glance/api/middleware/version_negotiation.py:70}}
Jun 08 22:12:48.393211 np0000002363 devstack@g-api.service[99045]: [pid: 99045|app: 0|req: 159/301] 127.0.0.1 () {44 vars in 1115 bytes} [Mon Jun 8 22:12:48 2026] GET /v2/images/00066e97-2e73-4558-bd82-7f3529c92cb9 => generated 1044 bytes in 19 msecs (HTTP/1.1 200) 4 headers in 158 bytes (1 switches on core 0)
Jun 08 22:12:48.407069 np0000002363 devstack@g-api.service[99044]: [pid: 99044|app: 0|req: 143/302] 127.0.0.1 () {40 vars in 838 bytes} [Mon Jun 8 22:12:48 2026] GET /v2/images/a9798113-97f3-4c36-8576-038d7e9f9306 => generated 1360 bytes in 20 msecs (HTTP/1.1 200) 4 headers in 158 bytes (1 switches on core 0)
Jun 08 22:12:48.442373 np0000002363 devstack@g-api.service[99045]: DEBUG glance.api.middleware.version_negotiation [None req-a5e6c0b4-2ebb-43c8-9430-b943e1b66776 tempest-AttachVolumeNegativeTest-914434803 tempest-AttachVolumeNegativeTest-914434803-project-member] Determining version of request: GET /v2/schemas/image Accept: */* {{(pid=99045) process_request /opt/stack/glance/glance/api/middleware/version_negotiation.py:44}}
Jun 08 22:12:48.442685 np0000002363 devstack@g-api.service[99045]: DEBUG glance.api.middleware.version_negotiation [None req-a5e6c0b4-2ebb-43c8-9430-b943e1b66776 tempest-AttachVolumeNegativeTest-914434803 tempest-AttachVolumeNegativeTest-914434803-project-member] Using url versioning {{(pid=99045) process_request /opt/stack/glance/glance/api/middleware/version_negotiation.py:57}}
Jun 08 22:12:48.442685 np0000002363 devstack@g-api.service[99045]: DEBUG glance.api.middleware.version_negotiation [None req-a5e6c0b4-2ebb-43c8-9430-b943e1b66776 tempest-AttachVolumeNegativeTest-914434803 tempest-AttachVolumeNegativeTest-914434803-project-member] Matched version: v2 {{(pid=99045) process_request /opt/stack/glance/glance/api/middleware/version_negotiation.py:69}}
Jun 08 22:12:48.442926 np0000002363 devstack@g-api.service[99045]: DEBUG glance.api.middleware.version_negotiation [None req-a5e6c0b4-2ebb-43c8-9430-b943e1b66776 tempest-AttachVolumeNegativeTest-914434803 tempest-AttachVolumeNegativeTest-914434803-project-member] new path /v2/schemas/image {{(pid=99045) process_request /opt/stack/glance/glance/api/middleware/version_negotiation.py:70}}
Jun 08 22:12:48.444766 np0000002363 devstack@g-api.service[99045]: [pid: 99045|app: 0|req: 160/303] 127.0.0.1 () {44 vars in 1055 bytes} [Mon Jun 8 22:12:48 2026] GET /v2/schemas/image => generated 6083 bytes in 2 msecs (HTTP/1.1 200) 4 headers in 158 bytes (1 switches on core 0)
Jun 08 22:12:49.129323 np0000002363 devstack@g-api.service[99044]: DEBUG glance.api.middleware.version_negotiation [None req-cfae32c0-4fad-41ad-bfa3-d152b4a15891 tempest-ServerBootFromVolumeStableRescueTest-1881036071 tempest-ServerBootFromVolumeStableRescueTest-1881036071-project-member] Determining version of request: DELETE /v2/images/825c5f56-a804-410a-bb85-05bedb2494d8 Accept: application/json {{(pid=99044) process_request /opt/stack/glance/glance/api/middleware/version_negotiation.py:44}}
Jun 08 22:12:49.129473 np0000002363 devstack@g-api.service[99044]: DEBUG glance.api.middleware.version_negotiation [None req-cfae32c0-4fad-41ad-bfa3-d152b4a15891 tempest-ServerBootFromVolumeStableRescueTest-1881036071 tempest-ServerBootFromVolumeStableRescueTest-1881036071-project-member] Using url versioning {{(pid=99044) process_request /opt/stack/glance/glance/api/middleware/version_negotiation.py:57}}
Jun 08 22:12:49.129590 np0000002363 devstack@g-api.service[99044]: DEBUG glance.api.middleware.version_negotiation [None req-cfae32c0-4fad-41ad-bfa3-d152b4a15891 tempest-ServerBootFromVolumeStableRescueTest-1881036071 tempest-ServerBootFromVolumeStableRescueTest-1881036071-project-member] Matched version: v2 {{(pid=99044) process_request /opt/stack/glance/glance/api/middleware/version_negotiation.py:69}}
Jun 08 22:12:49.129696 np0000002363 devstack@g-api.service[99044]: DEBUG glance.api.middleware.version_negotiation [None req-cfae32c0-4fad-41ad-bfa3-d152b4a15891 tempest-ServerBootFromVolumeStableRescueTest-1881036071 tempest-ServerBootFromVolumeStableRescueTest-1881036071-project-member] new path /v2/images/825c5f56-a804-410a-bb85-05bedb2494d8 {{(pid=99044) process_request /opt/stack/glance/glance/api/middleware/version_negotiation.py:70}}
Jun 08 22:12:49.144496 np0000002363 devstack@g-api.service[99044]: WARNING glance.api.v2.images [None req-0a9d1b18-6454-4774-a4e6-562e570db3d0 tempest-TestMinimumBasicScenario-796810954 tempest-TestMinimumBasicScenario-796810954-project-member] After upload to backend, deletion of staged image data has failed because it cannot be found at /tmp/staging//825c5f56-a804-410a-bb85-05bedb2494d8
Jun 08 22:12:49.146906 np0000002363 devstack@g-api.service[99044]: DEBUG glance_store.backend [None req-0a9d1b18-6454-4774-a4e6-562e570db3d0 tempest-TestMinimumBasicScenario-796810954 tempest-TestMinimumBasicScenario-796810954-project-member] Attempting to import store swift {{(pid=99044) _load_store /opt/stack/data/venv/lib/python3.12/site-packages/glance_store/backend.py:215}}
Jun 08 22:12:49.149632 np0000002363 devstack@g-api.service[99044]: DEBUG glance_store.capabilities [None req-0a9d1b18-6454-4774-a4e6-562e570db3d0 tempest-TestMinimumBasicScenario-796810954 tempest-TestMinimumBasicScenario-796810954-project-member] Store glance_store._drivers.swift.store.SingleTenantStore doesn't support updating dynamic storage capabilities. Please overwrite 'update_capabilities' method of the store to implement updating logics if needed. {{(pid=99044) update_capabilities /opt/stack/data/venv/lib/python3.12/site-packages/glance_store/capabilities.py:91}}
Jun 08 22:12:49.149814 np0000002363 devstack@g-api.service[99044]: DEBUG glance_store.driver [None req-0a9d1b18-6454-4774-a4e6-562e570db3d0 tempest-TestMinimumBasicScenario-796810954 tempest-TestMinimumBasicScenario-796810954-project-member] Late loading location class glance_store._drivers.swift.store.StoreLocation {{(pid=99044) get_store_location_class /opt/stack/data/venv/lib/python3.12/site-packages/glance_store/driver.py:134}}
Jun 08 22:12:49.150020 np0000002363 devstack@g-api.service[99044]: DEBUG glance_store.location [None req-0a9d1b18-6454-4774-a4e6-562e570db3d0 tempest-TestMinimumBasicScenario-796810954 tempest-TestMinimumBasicScenario-796810954-project-member] Registering scheme swift+https with {'store': , 'location_class': , 'store_entry': 'swift'} {{(pid=99044) register_scheme_map /opt/stack/data/venv/lib/python3.12/site-packages/glance_store/location.py:146}}
Jun 08 22:12:49.150208 np0000002363 devstack@g-api.service[99044]: DEBUG glance_store.location [None req-0a9d1b18-6454-4774-a4e6-562e570db3d0 tempest-TestMinimumBasicScenario-796810954 tempest-TestMinimumBasicScenario-796810954-project-member] Registering scheme swift+https with {'store': , 'location_class': , 'store_entry': 'swift'} {{(pid=99044) register_scheme_map /opt/stack/data/venv/lib/python3.12/site-packages/glance_store/location.py:146}}
Jun 08 22:12:49.150289 np0000002363 devstack@g-api.service[99044]: DEBUG glance_store.location [None req-0a9d1b18-6454-4774-a4e6-562e570db3d0 tempest-TestMinimumBasicScenario-796810954 tempest-TestMinimumBasicScenario-796810954-project-member] Registering scheme swift with {'store': , 'location_class': , 'store_entry': 'swift'} {{(pid=99044) register_scheme_map /opt/stack/data/venv/lib/python3.12/site-packages/glance_store/location.py:146}}
Jun 08 22:12:49.150420 np0000002363 devstack@g-api.service[99044]: DEBUG glance_store.location [None req-0a9d1b18-6454-4774-a4e6-562e570db3d0 tempest-TestMinimumBasicScenario-796810954 tempest-TestMinimumBasicScenario-796810954-project-member] Registering scheme swift+https with {'store': , 'location_class': , 'store_entry': 'swift'} {{(pid=99044) register_scheme_map /opt/stack/data/venv/lib/python3.12/site-packages/glance_store/location.py:146}}
Jun 08 22:12:49.150875 np0000002363 devstack@g-api.service[99044]: DEBUG glance_store.location [None req-0a9d1b18-6454-4774-a4e6-562e570db3d0 tempest-TestMinimumBasicScenario-796810954 tempest-TestMinimumBasicScenario-796810954-project-member] Registering scheme swift with {'store': , 'location_class': , 'store_entry': 'swift'} {{(pid=99044) register_scheme_map /opt/stack/data/venv/lib/python3.12/site-packages/glance_store/location.py:146}}
Jun 08 22:12:49.151435 np0000002363 devstack@g-api.service[99044]: DEBUG glance_store.location [None req-0a9d1b18-6454-4774-a4e6-562e570db3d0 tempest-TestMinimumBasicScenario-796810954 tempest-TestMinimumBasicScenario-796810954-project-member] Registering scheme swift+http with {'store': , 'location_class': , 'store_entry': 'swift'} {{(pid=99044) register_scheme_map /opt/stack/data/venv/lib/python3.12/site-packages/glance_store/location.py:146}}
Jun 08 22:12:49.151547 np0000002363 devstack@g-api.service[99044]: DEBUG glance_store.location [None req-0a9d1b18-6454-4774-a4e6-562e570db3d0 tempest-TestMinimumBasicScenario-796810954 tempest-TestMinimumBasicScenario-796810954-project-member] Registering scheme swift+https with {'store': , 'location_class': , 'store_entry': 'swift'} {{(pid=99044) register_scheme_map /opt/stack/data/venv/lib/python3.12/site-packages/glance_store/location.py:146}}
Jun 08 22:12:49.151761 np0000002363 devstack@g-api.service[99044]: DEBUG glance_store.location [None req-0a9d1b18-6454-4774-a4e6-562e570db3d0 tempest-TestMinimumBasicScenario-796810954 tempest-TestMinimumBasicScenario-796810954-project-member] Registering scheme swift with {'store': , 'location_class': , 'store_entry': 'swift'} {{(pid=99044) register_scheme_map /opt/stack/data/venv/lib/python3.12/site-packages/glance_store/location.py:146}}
Jun 08 22:12:49.152315 np0000002363 devstack@g-api.service[99044]: DEBUG glance_store.location [None req-0a9d1b18-6454-4774-a4e6-562e570db3d0 tempest-TestMinimumBasicScenario-796810954 tempest-TestMinimumBasicScenario-796810954-project-member] Registering scheme swift+http with {'store': , 'location_class': , 'store_entry': 'swift'} {{(pid=99044) register_scheme_map /opt/stack/data/venv/lib/python3.12/site-packages/glance_store/location.py:146}}
Jun 08 22:12:49.152439 np0000002363 devstack@g-api.service[99044]: DEBUG glance_store.location [None req-0a9d1b18-6454-4774-a4e6-562e570db3d0 tempest-TestMinimumBasicScenario-796810954 tempest-TestMinimumBasicScenario-796810954-project-member] Registering scheme swift+config with {'store': , 'location_class': , 'store_entry': 'swift'} {{(pid=99044) register_scheme_map /opt/stack/data/venv/lib/python3.12/site-packages/glance_store/location.py:146}}
Jun 08 22:12:49.152950 np0000002363 devstack@g-api.service[99044]: DEBUG keystoneclient.auth.identity.v3.base [None req-0a9d1b18-6454-4774-a4e6-562e570db3d0 tempest-TestMinimumBasicScenario-796810954 tempest-TestMinimumBasicScenario-796810954-project-member] Making authentication request to https://10.4.3.203/identity/v3/auth/tokens {{(pid=99044) get_auth_ref /opt/stack/data/venv/lib/python3.12/site-packages/keystoneclient/auth/identity/v3/base.py:185}}
Jun 08 22:12:49.242744 np0000002363 devstack@g-api.service[99044]: DEBUG keystoneclient.auth.identity.v3.base [None req-0a9d1b18-6454-4774-a4e6-562e570db3d0 tempest-TestMinimumBasicScenario-796810954 tempest-TestMinimumBasicScenario-796810954-project-member] {"token": {"methods": ["password"], "user": {"domain": {"id": "default", "name": "Default"}, "id": "d1d06ba3e66041c7b0a51126e222f0cb", "name": "glance-swift", "password_expires_at": null}, "audit_ids": ["q9u1hIh1S7eJqNKC9VyCSQ"], "expires_at": "2026-06-08T23:12:49.000000Z", "issued_at": "2026-06-08T22:12:49.000000Z", "project": {"domain": {"id": "default", "name": "Default"}, "id": "17a553892fc245ae9f4d21c8621a6e11", "name": "service"}, "is_domain": false, "roles": [{"id": "b4bc2b4674f94353b96b04fa3989264b", "name": "service"}, {"id": "571d78c8fd0b4645a24924681ba910aa", "name": "ResellerAdmin"}], "catalog": [{"endpoints": [{"id": "b485223fbae2469190b7af8761847a5e", "interface": "public", "region_id": "RegionOne", "url": "https://10.4.3.203/placement", "region": "RegionOne"}], "id": "14f1fc93a432486298eed108f5dad96c", "type": "placement", "name": "placement"}, {"endpoints": [{"id": "df2c6abe78964f6eb4bb0b4ad4b25ce7", "interface": "public", "region_id": "RegionOne", "url": "https://10.4.3.203/volume/v3", "region": "RegionOne"}], "id": "2d2bde95114841b0beddad04a090de7e", "type": "block-storage", "name": "cinder"}, {"endpoints": [{"id": "97534edbd0e3470b9c71a9cc5e285fc6", "interface": "public", "region_id": "RegionOne", "url": "https://10.4.3.203/identity", "region": "RegionOne"}], "id": "3b0b649c4486479485fe29fb10da5e23", "type": "identity", "name": "keystone"}, {"endpoints": [{"id": "6374f9e453be466eb9e57a038e28d373", "interface": "public", "region_id": "RegionOne", "url": "https://10.4.3.203/compute/v2/17a553892fc245ae9f4d21c8621a6e11", "region": "RegionOne"}], "id": "59b3143bd06a4314b1506fe7cb22e3c2", "type": "compute_legacy", "name": "nova_legacy"}, {"endpoints": [{"id": "1aabae05f1724fc6ad8410aca22fbcc2", "interface": "public", "region_id": "RegionOne", "url": "https://10.4.3.203/image", "region": "RegionOne"}], "id": "612b5035319f4fe994fbc9a165b006bd", "type": "image", "name": "glance"}, {"endpoints": [{"id": "bba46b8fe4a04f709594800db56e4360", "interface": "public", "region_id": "RegionOne", "url": "https://10.4.3.203/networking", "region": "RegionOne"}], "id": "65a3edfd2b7540fdab04317bc75c81af", "type": "network", "name": "neutron"}, {"endpoints": [{"id": "4323380a211a41aa9d701beda16055d8", "interface": "public", "region_id": "RegionOne", "url": "https://10.4.3.203/compute/v2.1", "region": "RegionOne"}], "id": "b81f7b784f964d5e9796bffc3a3dd31b", "type": "compute", "name": "nova"}, {"endpoints": [{"id": "161d0357835d47a6a4015b0eb54ec210", "interface": "admin", "region_id": "RegionOne", "url": "https://10.4.3.203:8080", "region": "RegionOne"}, {"id": "865ac5f7c94c4a9db61edda576fba03b", "interface": "public", "region_id": "RegionOne", "url": "https://10.4.3.203:8080/v1/AUTH_17a553892fc245ae9f4d21c8621a6e11", "region": "RegionOne"}], "id": "d147546cfff54a4f99b3681378777969", "type": "object-store", "name": "swift"}]}} {{(pid=99044) get_auth_ref /opt/stack/data/venv/lib/python3.12/site-packages/keystoneclient/auth/identity/v3/base.py:190}}
Jun 08 22:12:49.243675 np0000002363 devstack@g-api.service[99044]: DEBUG keystoneclient.httpclient [None req-0a9d1b18-6454-4774-a4e6-562e570db3d0 tempest-TestMinimumBasicScenario-796810954 tempest-TestMinimumBasicScenario-796810954-project-member] Failed to find endpoint for management url admin endpoint for identity service not found {{(pid=99044) _process_management_url /opt/stack/data/venv/lib/python3.12/site-packages/keystoneclient/httpclient.py:670}}
Jun 08 22:12:49.365591 np0000002363 devstack@g-api.service[99044]: DEBUG swiftclient [None req-0a9d1b18-6454-4774-a4e6-562e570db3d0 tempest-TestMinimumBasicScenario-796810954 tempest-TestMinimumBasicScenario-796810954-project-member] REQ: curl -i https://10.4.3.203:8080/v1/AUTH_17a553892fc245ae9f4d21c8621a6e11/glance/825c5f56-a804-410a-bb85-05bedb2494d8 -I -H "X-Auth-Token: gAAAAABqJz5hPrPM..." {{(pid=99044) http_log /opt/stack/data/venv/lib/python3.12/site-packages/swiftclient/client.py:160}}
Jun 08 22:12:49.365863 np0000002363 devstack@g-api.service[99044]: DEBUG swiftclient [None req-0a9d1b18-6454-4774-a4e6-562e570db3d0 tempest-TestMinimumBasicScenario-796810954 tempest-TestMinimumBasicScenario-796810954-project-member] RESP STATUS: 200 OK {{(pid=99044) http_log /opt/stack/data/venv/lib/python3.12/site-packages/swiftclient/client.py:161}}
Jun 08 22:12:49.365863 np0000002363 devstack@g-api.service[99044]: DEBUG swiftclient [None req-0a9d1b18-6454-4774-a4e6-562e570db3d0 tempest-TestMinimumBasicScenario-796810954 tempest-TestMinimumBasicScenario-796810954-project-member] RESP HEADERS: {'Date': 'Mon, 08 Jun 2026 22:12:49 GMT', 'Server': 'Apache/2.4.58 (Ubuntu)', 'Content-Type': 'application/octet-stream', 'Content-Length': '21692416', 'X-Object-Manifest': 'glance/825c5f56-a804-410a-bb85-05bedb2494d8-', 'Last-Modified': 'Mon, 08 Jun 2026 22:10:52 GMT', 'X-Timestamp': '1780956651.54354', 'Accept-Ranges': 'bytes', 'Etag': '"737c2a37dd3f91e374c48cad70137398"', 'X-Trans-Id': 'txcdd5fe5030c54718b3ea1-006a273e61', 'X-Openstack-Request-Id': 'txcdd5fe5030c54718b3ea1-006a273e61', 'Connection': 'close'} {{(pid=99044) http_log /opt/stack/data/venv/lib/python3.12/site-packages/swiftclient/client.py:162}}
Jun 08 22:12:49.393344 np0000002363 devstack@g-api.service[99044]: DEBUG swiftclient [None req-0a9d1b18-6454-4774-a4e6-562e570db3d0 tempest-TestMinimumBasicScenario-796810954 tempest-TestMinimumBasicScenario-796810954-project-member] REQ: curl -i https://10.4.3.203:8080/v1/AUTH_17a553892fc245ae9f4d21c8621a6e11/glance?format=json&prefix=825c5f56-a804-410a-bb85-05bedb2494d8- -X GET -H "X-Auth-Token: gAAAAABqJz5hPrPM..." -H "Accept-Encoding: gzip" {{(pid=99044) http_log /opt/stack/data/venv/lib/python3.12/site-packages/swiftclient/client.py:160}}
Jun 08 22:12:49.393768 np0000002363 devstack@g-api.service[99044]: DEBUG swiftclient [None req-0a9d1b18-6454-4774-a4e6-562e570db3d0 tempest-TestMinimumBasicScenario-796810954 tempest-TestMinimumBasicScenario-796810954-project-member] RESP STATUS: 200 OK {{(pid=99044) http_log /opt/stack/data/venv/lib/python3.12/site-packages/swiftclient/client.py:161}}
Jun 08 22:12:49.393768 np0000002363 devstack@g-api.service[99044]: DEBUG swiftclient [None req-0a9d1b18-6454-4774-a4e6-562e570db3d0 tempest-TestMinimumBasicScenario-796810954 tempest-TestMinimumBasicScenario-796810954-project-member] RESP HEADERS: {'Date': 'Mon, 08 Jun 2026 22:12:49 GMT', 'Server': 'Apache/2.4.58 (Ubuntu)', 'Content-Type': 'application/json; charset=utf-8', 'Content-Length': '210', 'X-Container-Object-Count': '9', 'X-Container-Bytes-Used': '161284096', 'X-Timestamp': '1780956371.43629', 'Last-Modified': 'Mon, 08 Jun 2026 22:06:12 GMT', 'Accept-Ranges': 'bytes', 'X-Storage-Policy': 'Policy-0', 'X-Container-Sharding': 'False', 'X-Trans-Id': 'tx20ecabba442745d884adb-006a273e61', 'X-Openstack-Request-Id': 'tx20ecabba442745d884adb-006a273e61', 'Connection': 'close'} {{(pid=99044) http_log /opt/stack/data/venv/lib/python3.12/site-packages/swiftclient/client.py:162}}
Jun 08 22:12:49.393768 np0000002363 devstack@g-api.service[99044]: DEBUG swiftclient [None req-0a9d1b18-6454-4774-a4e6-562e570db3d0 tempest-TestMinimumBasicScenario-796810954 tempest-TestMinimumBasicScenario-796810954-project-member] RESP BODY: b'[{"bytes": 21692416, "hash": "87617e24a5e30cb3b87fda8c0764838f", "name": "825c5f56-a804-410a-bb85-05bedb2494d8-00001", "content_type": "application/octet-stream", "last_modified": "2026-06-08T22:10:51.291190"}]' {{(pid=99044) http_log /opt/stack/data/venv/lib/python3.12/site-packages/swiftclient/client.py:166}}
Jun 08 22:12:49.415620 np0000002363 devstack@g-api.service[99045]: DEBUG glance.api.middleware.version_negotiation [None req-a5e6c0b4-2ebb-43c8-9430-b943e1b66776 tempest-AttachVolumeNegativeTest-914434803 tempest-AttachVolumeNegativeTest-914434803-project-member] Determining version of request: GET /v2/images/a9798113-97f3-4c36-8576-038d7e9f9306 Accept: application/json {{(pid=99045) process_request /opt/stack/glance/glance/api/middleware/version_negotiation.py:44}}
Jun 08 22:12:49.416100 np0000002363 devstack@g-api.service[99045]: DEBUG glance.api.middleware.version_negotiation [None req-a5e6c0b4-2ebb-43c8-9430-b943e1b66776 tempest-AttachVolumeNegativeTest-914434803 tempest-AttachVolumeNegativeTest-914434803-project-member] Using url versioning {{(pid=99045) process_request /opt/stack/glance/glance/api/middleware/version_negotiation.py:57}}
Jun 08 22:12:49.416100 np0000002363 devstack@g-api.service[99045]: DEBUG glance.api.middleware.version_negotiation [None req-a5e6c0b4-2ebb-43c8-9430-b943e1b66776 tempest-AttachVolumeNegativeTest-914434803 tempest-AttachVolumeNegativeTest-914434803-project-member] Matched version: v2 {{(pid=99045) process_request /opt/stack/glance/glance/api/middleware/version_negotiation.py:69}}
Jun 08 22:12:49.416100 np0000002363 devstack@g-api.service[99045]: DEBUG glance.api.middleware.version_negotiation [None req-a5e6c0b4-2ebb-43c8-9430-b943e1b66776 tempest-AttachVolumeNegativeTest-914434803 tempest-AttachVolumeNegativeTest-914434803-project-member] new path /v2/images/a9798113-97f3-4c36-8576-038d7e9f9306 {{(pid=99045) process_request /opt/stack/glance/glance/api/middleware/version_negotiation.py:70}}
Jun 08 22:12:49.426893 np0000002363 devstack@g-api.service[99044]: DEBUG swiftclient [None req-0a9d1b18-6454-4774-a4e6-562e570db3d0 tempest-TestMinimumBasicScenario-796810954 tempest-TestMinimumBasicScenario-796810954-project-member] REQ: curl -i https://10.4.3.203:8080/v1/AUTH_17a553892fc245ae9f4d21c8621a6e11/glance/825c5f56-a804-410a-bb85-05bedb2494d8-00001 DELETE -H "X-Auth-Token: gAAAAABqJz5hPrPM..." {{(pid=99044) http_log /opt/stack/data/venv/lib/python3.12/site-packages/swiftclient/client.py:160}}
Jun 08 22:12:49.427857 np0000002363 devstack@g-api.service[99044]: DEBUG swiftclient [None req-0a9d1b18-6454-4774-a4e6-562e570db3d0 tempest-TestMinimumBasicScenario-796810954 tempest-TestMinimumBasicScenario-796810954-project-member] RESP STATUS: 204 No Content {{(pid=99044) http_log /opt/stack/data/venv/lib/python3.12/site-packages/swiftclient/client.py:161}}
Jun 08 22:12:49.428009 np0000002363 devstack@g-api.service[99044]: DEBUG swiftclient [None req-0a9d1b18-6454-4774-a4e6-562e570db3d0 tempest-TestMinimumBasicScenario-796810954 tempest-TestMinimumBasicScenario-796810954-project-member] RESP HEADERS: {'Date': 'Mon, 08 Jun 2026 22:12:49 GMT', 'Server': 'Apache/2.4.58 (Ubuntu)', 'Content-Type': 'text/html; charset=UTF-8', 'X-Trans-Id': 'txc5a28f8e4ddb470f849d7-006a273e61', 'X-Openstack-Request-Id': 'txc5a28f8e4ddb470f849d7-006a273e61', 'Connection': 'close'} {{(pid=99044) http_log /opt/stack/data/venv/lib/python3.12/site-packages/swiftclient/client.py:162}}
Jun 08 22:12:49.438458 np0000002363 devstack@g-api.service[99045]: [pid: 99045|app: 0|req: 161/304] 127.0.0.1 () {40 vars in 838 bytes} [Mon Jun 8 22:12:49 2026] GET /v2/images/a9798113-97f3-4c36-8576-038d7e9f9306 => generated 1360 bytes in 23 msecs (HTTP/1.1 200) 4 headers in 158 bytes (1 switches on core 0)
Jun 08 22:12:49.484688 np0000002363 devstack@g-api.service[99044]: DEBUG swiftclient [None req-0a9d1b18-6454-4774-a4e6-562e570db3d0 tempest-TestMinimumBasicScenario-796810954 tempest-TestMinimumBasicScenario-796810954-project-member] REQ: curl -i https://10.4.3.203:8080/v1/AUTH_17a553892fc245ae9f4d21c8621a6e11/glance/825c5f56-a804-410a-bb85-05bedb2494d8 DELETE -H "X-Auth-Token: gAAAAABqJz5hPrPM..." {{(pid=99044) http_log /opt/stack/data/venv/lib/python3.12/site-packages/swiftclient/client.py:160}}
