Jun 26 10:43:46.018924 np0000003734 devstack@g-api.service[99537]: DEBUG glance.api.middleware.version_negotiation [None req-28417796-eff6-4ba4-a963-6b30956e73a9 tempest-ServerActionsV293TestJSON-711527473 tempest-ServerActionsV293TestJSON-711527473-project-member] Using url versioning {{(pid=99537) process_request /opt/stack/glance/glance/api/middleware/version_negotiation.py:57}}
Jun 26 10:43:46.019222 np0000003734 devstack@g-api.service[99537]: DEBUG glance.api.middleware.version_negotiation [None req-28417796-eff6-4ba4-a963-6b30956e73a9 tempest-ServerActionsV293TestJSON-711527473 tempest-ServerActionsV293TestJSON-711527473-project-member] Matched version: v2 {{(pid=99537) process_request /opt/stack/glance/glance/api/middleware/version_negotiation.py:69}}
Jun 26 10:43:46.019391 np0000003734 devstack@g-api.service[99537]: DEBUG glance.api.middleware.version_negotiation [None req-28417796-eff6-4ba4-a963-6b30956e73a9 tempest-ServerActionsV293TestJSON-711527473 tempest-ServerActionsV293TestJSON-711527473-project-member] new path /v2/schemas/image {{(pid=99537) process_request /opt/stack/glance/glance/api/middleware/version_negotiation.py:70}}
Jun 26 10:43:46.022846 np0000003734 devstack@g-api.service[99537]: [pid: 99537|app: 0|req: 104/304] 127.0.0.1 () {44 vars in 1055 bytes} [Fri Jun 26 10:43:46 2026] GET /v2/schemas/image => generated 6083 bytes in 4 msecs (HTTP/1.1 200) 4 headers in 158 bytes (1 switches on core 0)
Jun 26 10:43:46.494869 np0000003734 devstack@g-api.service[99535]: DEBUG glance.api.middleware.version_negotiation [None req-507378a6-8175-4613-8692-e8ce056ef487 tempest-ServerBootFromVolumeStableRescueTest-600013876 tempest-ServerBootFromVolumeStableRescueTest-600013876-project-member] Determining version of request: GET /v2/images/d0df84db-4fb8-472c-95e7-85e742b47c4e Accept: */* {{(pid=99535) process_request /opt/stack/glance/glance/api/middleware/version_negotiation.py:44}}
Jun 26 10:43:46.494869 np0000003734 devstack@g-api.service[99535]: DEBUG glance.api.middleware.version_negotiation [None req-507378a6-8175-4613-8692-e8ce056ef487 tempest-ServerBootFromVolumeStableRescueTest-600013876 tempest-ServerBootFromVolumeStableRescueTest-600013876-project-member] Using url versioning {{(pid=99535) process_request /opt/stack/glance/glance/api/middleware/version_negotiation.py:57}}
Jun 26 10:43:46.494869 np0000003734 devstack@g-api.service[99535]: DEBUG glance.api.middleware.version_negotiation [None req-507378a6-8175-4613-8692-e8ce056ef487 tempest-ServerBootFromVolumeStableRescueTest-600013876 tempest-ServerBootFromVolumeStableRescueTest-600013876-project-member] Matched version: v2 {{(pid=99535) process_request /opt/stack/glance/glance/api/middleware/version_negotiation.py:69}}
Jun 26 10:43:46.494869 np0000003734 devstack@g-api.service[99535]: DEBUG glance.api.middleware.version_negotiation [None req-507378a6-8175-4613-8692-e8ce056ef487 tempest-ServerBootFromVolumeStableRescueTest-600013876 tempest-ServerBootFromVolumeStableRescueTest-600013876-project-member] new path /v2/images/d0df84db-4fb8-472c-95e7-85e742b47c4e {{(pid=99535) process_request /opt/stack/glance/glance/api/middleware/version_negotiation.py:70}}
Jun 26 10:43:46.510194 np0000003734 devstack@g-api.service[99535]: [pid: 99535|app: 0|req: 102/305] 127.0.0.1 () {44 vars in 1115 bytes} [Fri Jun 26 10:43:46 2026] GET /v2/images/d0df84db-4fb8-472c-95e7-85e742b47c4e => generated 1044 bytes in 17 msecs (HTTP/1.1 200) 4 headers in 158 bytes (1 switches on core 0)
Jun 26 10:43:46.565557 np0000003734 devstack@g-api.service[99537]: DEBUG glance.api.middleware.version_negotiation [None req-28417796-eff6-4ba4-a963-6b30956e73a9 tempest-ServerActionsV293TestJSON-711527473 tempest-ServerActionsV293TestJSON-711527473-project-member] Determining version of request: GET /v2/schemas/image Accept: */* {{(pid=99537) process_request /opt/stack/glance/glance/api/middleware/version_negotiation.py:44}}
Jun 26 10:43:46.566006 np0000003734 devstack@g-api.service[99537]: DEBUG glance.api.middleware.version_negotiation [None req-28417796-eff6-4ba4-a963-6b30956e73a9 tempest-ServerActionsV293TestJSON-711527473 tempest-ServerActionsV293TestJSON-711527473-project-member] Using url versioning {{(pid=99537) process_request /opt/stack/glance/glance/api/middleware/version_negotiation.py:57}}
Jun 26 10:43:46.566006 np0000003734 devstack@g-api.service[99537]: DEBUG glance.api.middleware.version_negotiation [None req-28417796-eff6-4ba4-a963-6b30956e73a9 tempest-ServerActionsV293TestJSON-711527473 tempest-ServerActionsV293TestJSON-711527473-project-member] Matched version: v2 {{(pid=99537) process_request /opt/stack/glance/glance/api/middleware/version_negotiation.py:69}}
Jun 26 10:43:46.566006 np0000003734 devstack@g-api.service[99537]: DEBUG glance.api.middleware.version_negotiation [None req-28417796-eff6-4ba4-a963-6b30956e73a9 tempest-ServerActionsV293TestJSON-711527473 tempest-ServerActionsV293TestJSON-711527473-project-member] new path /v2/schemas/image {{(pid=99537) process_request /opt/stack/glance/glance/api/middleware/version_negotiation.py:70}}
Jun 26 10:43:46.571799 np0000003734 devstack@g-api.service[99537]: [pid: 99537|app: 0|req: 105/306] 127.0.0.1 () {44 vars in 1055 bytes} [Fri Jun 26 10:43:46 2026] GET /v2/schemas/image => generated 6083 bytes in 6 msecs (HTTP/1.1 200) 4 headers in 158 bytes (1 switches on core 0)
Jun 26 10:43:46.681418 np0000003734 devstack@g-api.service[99536]: DEBUG glance.location [None req-aea294bf-5868-4fbb-aeed-f42d54f47b05 tempest-AttachVolumeShelveTestJSON-358034546 tempest-AttachVolumeShelveTestJSON-358034546-project-member] Enabling in-flight format inspection for qcow2 {{(pid=99536) set_data /opt/stack/glance/glance/location.py:616}}
Jun 26 10:43:46.681418 np0000003734 devstack@g-api.service[99536]: DEBUG glance_store.backend [None req-aea294bf-5868-4fbb-aeed-f42d54f47b05 tempest-AttachVolumeShelveTestJSON-358034546 tempest-AttachVolumeShelveTestJSON-358034546-project-member] Attempting to import store swift {{(pid=99536) _load_store /opt/stack/data/venv/lib/python3.12/site-packages/glance_store/backend.py:215}}
Jun 26 10:43:46.681418 np0000003734 devstack@g-api.service[99536]: DEBUG glance_store.capabilities [None req-aea294bf-5868-4fbb-aeed-f42d54f47b05 tempest-AttachVolumeShelveTestJSON-358034546 tempest-AttachVolumeShelveTestJSON-358034546-project-member] Store glance_store._drivers.swift.store.SingleTenantStore doesn't support updating dynamic storage capabilities. Please overwrite 'update_capabilities' method of the store to implement updating logics if needed. {{(pid=99536) update_capabilities /opt/stack/data/venv/lib/python3.12/site-packages/glance_store/capabilities.py:91}}
Jun 26 10:43:46.681418 np0000003734 devstack@g-api.service[99536]: DEBUG glance_store.driver [None req-aea294bf-5868-4fbb-aeed-f42d54f47b05 tempest-AttachVolumeShelveTestJSON-358034546 tempest-AttachVolumeShelveTestJSON-358034546-project-member] Late loading location class glance_store._drivers.swift.store.StoreLocation {{(pid=99536) get_store_location_class /opt/stack/data/venv/lib/python3.12/site-packages/glance_store/driver.py:134}}
Jun 26 10:43:46.681418 np0000003734 devstack@g-api.service[99536]: DEBUG glance_store.location [None req-aea294bf-5868-4fbb-aeed-f42d54f47b05 tempest-AttachVolumeShelveTestJSON-358034546 tempest-AttachVolumeShelveTestJSON-358034546-project-member] Registering scheme swift+https with {'store': , 'location_class': , 'store_entry': 'swift'} {{(pid=99536) register_scheme_map /opt/stack/data/venv/lib/python3.12/site-packages/glance_store/location.py:146}}
Jun 26 10:43:46.681418 np0000003734 devstack@g-api.service[99536]: DEBUG glance_store.location [None req-aea294bf-5868-4fbb-aeed-f42d54f47b05 tempest-AttachVolumeShelveTestJSON-358034546 tempest-AttachVolumeShelveTestJSON-358034546-project-member] Registering scheme swift+https with {'store': , 'location_class': , 'store_entry': 'swift'} {{(pid=99536) register_scheme_map /opt/stack/data/venv/lib/python3.12/site-packages/glance_store/location.py:146}}
Jun 26 10:43:46.681418 np0000003734 devstack@g-api.service[99536]: DEBUG glance_store.location [None req-aea294bf-5868-4fbb-aeed-f42d54f47b05 tempest-AttachVolumeShelveTestJSON-358034546 tempest-AttachVolumeShelveTestJSON-358034546-project-member] Registering scheme swift with {'store': , 'location_class': , 'store_entry': 'swift'} {{(pid=99536) register_scheme_map /opt/stack/data/venv/lib/python3.12/site-packages/glance_store/location.py:146}}
Jun 26 10:43:46.683959 np0000003734 devstack@g-api.service[99536]: DEBUG glance_store.location [None req-aea294bf-5868-4fbb-aeed-f42d54f47b05 tempest-AttachVolumeShelveTestJSON-358034546 tempest-AttachVolumeShelveTestJSON-358034546-project-member] Registering scheme swift+https with {'store': , 'location_class': , 'store_entry': 'swift'} {{(pid=99536) register_scheme_map /opt/stack/data/venv/lib/python3.12/site-packages/glance_store/location.py:146}}
Jun 26 10:43:46.683959 np0000003734 devstack@g-api.service[99536]: DEBUG glance_store.location [None req-aea294bf-5868-4fbb-aeed-f42d54f47b05 tempest-AttachVolumeShelveTestJSON-358034546 tempest-AttachVolumeShelveTestJSON-358034546-project-member] Registering scheme swift with {'store': , 'location_class': , 'store_entry': 'swift'} {{(pid=99536) register_scheme_map /opt/stack/data/venv/lib/python3.12/site-packages/glance_store/location.py:146}}
Jun 26 10:43:46.683959 np0000003734 devstack@g-api.service[99536]: DEBUG glance_store.location [None req-aea294bf-5868-4fbb-aeed-f42d54f47b05 tempest-AttachVolumeShelveTestJSON-358034546 tempest-AttachVolumeShelveTestJSON-358034546-project-member] Registering scheme swift+http with {'store': , 'location_class': , 'store_entry': 'swift'} {{(pid=99536) register_scheme_map /opt/stack/data/venv/lib/python3.12/site-packages/glance_store/location.py:146}}
Jun 26 10:43:46.683959 np0000003734 devstack@g-api.service[99536]: DEBUG glance_store.location [None req-aea294bf-5868-4fbb-aeed-f42d54f47b05 tempest-AttachVolumeShelveTestJSON-358034546 tempest-AttachVolumeShelveTestJSON-358034546-project-member] Registering scheme swift+https with {'store': , 'location_class': , 'store_entry': 'swift'} {{(pid=99536) register_scheme_map /opt/stack/data/venv/lib/python3.12/site-packages/glance_store/location.py:146}}
Jun 26 10:43:46.683959 np0000003734 devstack@g-api.service[99536]: DEBUG glance_store.location [None req-aea294bf-5868-4fbb-aeed-f42d54f47b05 tempest-AttachVolumeShelveTestJSON-358034546 tempest-AttachVolumeShelveTestJSON-358034546-project-member] Registering scheme swift with {'store': , 'location_class': , 'store_entry': 'swift'} {{(pid=99536) register_scheme_map /opt/stack/data/venv/lib/python3.12/site-packages/glance_store/location.py:146}}
Jun 26 10:43:46.683959 np0000003734 devstack@g-api.service[99536]: DEBUG glance_store.location [None req-aea294bf-5868-4fbb-aeed-f42d54f47b05 tempest-AttachVolumeShelveTestJSON-358034546 tempest-AttachVolumeShelveTestJSON-358034546-project-member] Registering scheme swift+http with {'store': , 'location_class': , 'store_entry': 'swift'} {{(pid=99536) register_scheme_map /opt/stack/data/venv/lib/python3.12/site-packages/glance_store/location.py:146}}
Jun 26 10:43:46.683959 np0000003734 devstack@g-api.service[99536]: DEBUG glance_store.location [None req-aea294bf-5868-4fbb-aeed-f42d54f47b05 tempest-AttachVolumeShelveTestJSON-358034546 tempest-AttachVolumeShelveTestJSON-358034546-project-member] Registering scheme swift+config with {'store': , 'location_class': , 'store_entry': 'swift'} {{(pid=99536) register_scheme_map /opt/stack/data/venv/lib/python3.12/site-packages/glance_store/location.py:146}}
Jun 26 10:43:46.898916 np0000003734 devstack@g-api.service[99536]: DEBUG swiftclient [None req-aea294bf-5868-4fbb-aeed-f42d54f47b05 tempest-AttachVolumeShelveTestJSON-358034546 tempest-AttachVolumeShelveTestJSON-358034546-project-member] REQ: curl -i https://10.4.3.234:8080/v1/AUTH_0a31554ba73145b7a8e0ffa64164c937/glance -I -H "X-Auth-Token: gAAAAABqPlfiTp3S..." {{(pid=99536) http_log /opt/stack/data/venv/lib/python3.12/site-packages/swiftclient/client.py:160}}
Jun 26 10:43:46.899077 np0000003734 devstack@g-api.service[99536]: DEBUG swiftclient [None req-aea294bf-5868-4fbb-aeed-f42d54f47b05 tempest-AttachVolumeShelveTestJSON-358034546 tempest-AttachVolumeShelveTestJSON-358034546-project-member] RESP STATUS: 204 No Content {{(pid=99536) http_log /opt/stack/data/venv/lib/python3.12/site-packages/swiftclient/client.py:161}}
Jun 26 10:43:46.899231 np0000003734 devstack@g-api.service[99536]: DEBUG swiftclient [None req-aea294bf-5868-4fbb-aeed-f42d54f47b05 tempest-AttachVolumeShelveTestJSON-358034546 tempest-AttachVolumeShelveTestJSON-358034546-project-member] RESP HEADERS: {'Date': 'Fri, 26 Jun 2026 10:43:46 GMT', 'Server': 'Apache/2.4.58 (Ubuntu)', 'Content-Type': 'text/plain; charset=utf-8', 'X-Container-Object-Count': '9', 'X-Container-Bytes-Used': '133103616', 'X-Timestamp': '1782470231.28087', 'Last-Modified': 'Fri, 26 Jun 2026 10:37:12 GMT', 'Accept-Ranges': 'bytes', 'X-Storage-Policy': 'Policy-0', 'X-Container-Sharding': 'False', 'Vary': 'Accept', 'X-Trans-Id': 'tx63f26fa44f9146738a61a-006a3e57e2', 'X-Openstack-Request-Id': 'tx63f26fa44f9146738a61a-006a3e57e2', 'Connection': 'close'} {{(pid=99536) http_log /opt/stack/data/venv/lib/python3.12/site-packages/swiftclient/client.py:162}}
Jun 26 10:43:46.899527 np0000003734 devstack@g-api.service[99536]: DEBUG glance_store._drivers.swift.store [None req-aea294bf-5868-4fbb-aeed-f42d54f47b05 tempest-AttachVolumeShelveTestJSON-358034546 tempest-AttachVolumeShelveTestJSON-358034546-project-member] Adding image object 'c7914805-9682-4273-8b8e-6d0ff79328b4' to Swift {{(pid=99536) add /opt/stack/data/venv/lib/python3.12/site-packages/glance_store/_drivers/swift/store.py:970}}
Jun 26 10:43:46.899662 np0000003734 devstack@g-api.service[99536]: DEBUG glance_store._drivers.swift.store [None req-aea294bf-5868-4fbb-aeed-f42d54f47b05 tempest-AttachVolumeShelveTestJSON-358034546 tempest-AttachVolumeShelveTestJSON-358034546-project-member] Cannot determine image size because it is either not provided in the request or chunked-transfer encoding is used. Adding image as a segmented object to Swift. {{(pid=99536) add /opt/stack/data/venv/lib/python3.12/site-packages/glance_store/_drivers/swift/store.py:994}}
Jun 26 10:43:46.907586 np0000003734 devstack@g-api.service[99536]: DEBUG oslo_utils.imageutils.format_inspector [None req-aea294bf-5868-4fbb-aeed-f42d54f47b05 tempest-AttachVolumeShelveTestJSON-358034546 tempest-AttachVolumeShelveTestJSON-358034546-project-member] Format inspector for vmdk does not match, excluding from consideration (Signature KDMV not found: b'QFI\xfb') {{(pid=99536) _process_chunk /opt/stack/data/venv/lib/python3.12/site-packages/oslo_utils/imageutils/format_inspector.py:1758}}
Jun 26 10:43:46.910142 np0000003734 devstack@g-api.service[99536]: DEBUG oslo_utils.imageutils.format_inspector [None req-aea294bf-5868-4fbb-aeed-f42d54f47b05 tempest-AttachVolumeShelveTestJSON-358034546 tempest-AttachVolumeShelveTestJSON-358034546-project-member] Format inspector for vhdx does not match, excluding from consideration (Region signature not found at 30000) {{(pid=99536) _process_chunk /opt/stack/data/venv/lib/python3.12/site-packages/oslo_utils/imageutils/format_inspector.py:1758}}
Jun 26 10:43:47.685679 np0000003734 devstack@g-api.service[99535]: DEBUG glance.api.middleware.version_negotiation [None req-28417796-eff6-4ba4-a963-6b30956e73a9 tempest-ServerActionsV293TestJSON-711527473 tempest-ServerActionsV293TestJSON-711527473-project-member] Determining version of request: GET /v2/images/d0df84db-4fb8-472c-95e7-85e742b47c4e Accept: */* {{(pid=99535) process_request /opt/stack/glance/glance/api/middleware/version_negotiation.py:44}}
Jun 26 10:43:47.686222 np0000003734 devstack@g-api.service[99535]: DEBUG glance.api.middleware.version_negotiation [None req-28417796-eff6-4ba4-a963-6b30956e73a9 tempest-ServerActionsV293TestJSON-711527473 tempest-ServerActionsV293TestJSON-711527473-project-member] Using url versioning {{(pid=99535) process_request /opt/stack/glance/glance/api/middleware/version_negotiation.py:57}}
Jun 26 10:43:47.687492 np0000003734 devstack@g-api.service[99535]: DEBUG glance.api.middleware.version_negotiation [None req-28417796-eff6-4ba4-a963-6b30956e73a9 tempest-ServerActionsV293TestJSON-711527473 tempest-ServerActionsV293TestJSON-711527473-project-member] Matched version: v2 {{(pid=99535) process_request /opt/stack/glance/glance/api/middleware/version_negotiation.py:69}}
Jun 26 10:43:47.687783 np0000003734 devstack@g-api.service[99535]: DEBUG glance.api.middleware.version_negotiation [None req-28417796-eff6-4ba4-a963-6b30956e73a9 tempest-ServerActionsV293TestJSON-711527473 tempest-ServerActionsV293TestJSON-711527473-project-member] new path /v2/images/d0df84db-4fb8-472c-95e7-85e742b47c4e {{(pid=99535) process_request /opt/stack/glance/glance/api/middleware/version_negotiation.py:70}}
Jun 26 10:43:47.695416 np0000003734 devstack@g-api.service[99536]: DEBUG swiftclient [None req-aea294bf-5868-4fbb-aeed-f42d54f47b05 tempest-AttachVolumeShelveTestJSON-358034546 tempest-AttachVolumeShelveTestJSON-358034546-project-member] REQ: curl -i https://10.4.3.234:8080/v1/AUTH_0a31554ba73145b7a8e0ffa64164c937/glance/c7914805-9682-4273-8b8e-6d0ff79328b4-00001 -X PUT -H "X-Auth-Token: gAAAAABqPlfiTp3S..." {{(pid=99536) http_log /opt/stack/data/venv/lib/python3.12/site-packages/swiftclient/client.py:160}}
Jun 26 10:43:47.695715 np0000003734 devstack@g-api.service[99536]: DEBUG swiftclient [None req-aea294bf-5868-4fbb-aeed-f42d54f47b05 tempest-AttachVolumeShelveTestJSON-358034546 tempest-AttachVolumeShelveTestJSON-358034546-project-member] RESP STATUS: 201 Created {{(pid=99536) http_log /opt/stack/data/venv/lib/python3.12/site-packages/swiftclient/client.py:161}}
Jun 26 10:43:47.695715 np0000003734 devstack@g-api.service[99536]: DEBUG swiftclient [None req-aea294bf-5868-4fbb-aeed-f42d54f47b05 tempest-AttachVolumeShelveTestJSON-358034546 tempest-AttachVolumeShelveTestJSON-358034546-project-member] RESP HEADERS: {'Date': 'Fri, 26 Jun 2026 10:43:47 GMT', 'Server': 'Apache/2.4.58 (Ubuntu)', 'Content-Type': 'text/html; charset=UTF-8', 'Content-Length': '0', 'Etag': '359ee3cbdcac40479f0675e5044a59f2', 'Last-Modified': 'Fri, 26 Jun 2026 10:43:47 GMT', 'X-Trans-Id': 'txef5d66cfa8a94f76b4907-006a3e57e2', 'X-Openstack-Request-Id': 'txef5d66cfa8a94f76b4907-006a3e57e2', 'Connection': 'close'} {{(pid=99536) http_log /opt/stack/data/venv/lib/python3.12/site-packages/swiftclient/client.py:162}}
Jun 26 10:43:47.695918 np0000003734 devstack@g-api.service[99536]: DEBUG glance_store._drivers.swift.store [None req-aea294bf-5868-4fbb-aeed-f42d54f47b05 tempest-AttachVolumeShelveTestJSON-358034546 tempest-AttachVolumeShelveTestJSON-358034546-project-member] Wrote chunk c7914805-9682-4273-8b8e-6d0ff79328b4-00001 (1/?) of length 53805056 to Swift returning MD5 of content: 359ee3cbdcac40479f0675e5044a59f2 {{(pid=99536) add /opt/stack/data/venv/lib/python3.12/site-packages/glance_store/_drivers/swift/store.py:1059}}
Jun 26 10:43:47.696034 np0000003734 devstack@g-api.service[99536]: DEBUG glance_store._drivers.swift.store [None req-aea294bf-5868-4fbb-aeed-f42d54f47b05 tempest-AttachVolumeShelveTestJSON-358034546 tempest-AttachVolumeShelveTestJSON-358034546-project-member] Not writing zero-length chunk. {{(pid=99536) add /opt/stack/data/venv/lib/python3.12/site-packages/glance_store/_drivers/swift/store.py:1028}}
Jun 26 10:43:47.702476 np0000003734 devstack@g-api.service[99535]: [pid: 99535|app: 0|req: 103/307] 127.0.0.1 () {44 vars in 1115 bytes} [Fri Jun 26 10:43:47 2026] GET /v2/images/d0df84db-4fb8-472c-95e7-85e742b47c4e => generated 1044 bytes in 20 msecs (HTTP/1.1 200) 4 headers in 158 bytes (1 switches on core 0)
Jun 26 10:43:47.730793 np0000003734 devstack@g-api.service[99536]: DEBUG swiftclient [None req-aea294bf-5868-4fbb-aeed-f42d54f47b05 tempest-AttachVolumeShelveTestJSON-358034546 tempest-AttachVolumeShelveTestJSON-358034546-project-member] REQ: curl -i https://10.4.3.234:8080/v1/AUTH_0a31554ba73145b7a8e0ffa64164c937/glance/c7914805-9682-4273-8b8e-6d0ff79328b4 -X PUT -H "X-Object-Manifest: glance/c7914805-9682-4273-8b8e-6d0ff79328b4-" -H "X-Auth-Token: gAAAAABqPlfiTp3S..." -H "Content-Length: 0" {{(pid=99536) http_log /opt/stack/data/venv/lib/python3.12/site-packages/swiftclient/client.py:160}}
Jun 26 10:43:47.730926 np0000003734 devstack@g-api.service[99536]: DEBUG swiftclient [None req-aea294bf-5868-4fbb-aeed-f42d54f47b05 tempest-AttachVolumeShelveTestJSON-358034546 tempest-AttachVolumeShelveTestJSON-358034546-project-member] RESP STATUS: 201 Created {{(pid=99536) http_log /opt/stack/data/venv/lib/python3.12/site-packages/swiftclient/client.py:161}}
Jun 26 10:43:47.731175 np0000003734 devstack@g-api.service[99536]: DEBUG swiftclient [None req-aea294bf-5868-4fbb-aeed-f42d54f47b05 tempest-AttachVolumeShelveTestJSON-358034546 tempest-AttachVolumeShelveTestJSON-358034546-project-member] RESP HEADERS: {'Date': 'Fri, 26 Jun 2026 10:43:47 GMT', 'Server': 'Apache/2.4.58 (Ubuntu)', 'Content-Type': 'text/html; charset=UTF-8', 'Content-Length': '0', 'Etag': 'd41d8cd98f00b204e9800998ecf8427e', 'Last-Modified': 'Fri, 26 Jun 2026 10:43:48 GMT', 'X-Trans-Id': 'tx6ad8d9f26548424e8dc5d-006a3e57e3', 'X-Openstack-Request-Id': 'tx6ad8d9f26548424e8dc5d-006a3e57e3', 'Connection': 'close'} {{(pid=99536) http_log /opt/stack/data/venv/lib/python3.12/site-packages/swiftclient/client.py:162}}
Jun 26 10:43:47.732695 np0000003734 devstack@g-api.service[99536]: INFO glance.location [None req-aea294bf-5868-4fbb-aeed-f42d54f47b05 tempest-AttachVolumeShelveTestJSON-358034546 tempest-AttachVolumeShelveTestJSON-358034546-project-member] Image format matched and virtual size computed: 1073741824
Jun 26 10:43:47.737267 np0000003734 devstack@g-api.service[99537]: DEBUG glance.api.middleware.version_negotiation [None req-28417796-eff6-4ba4-a963-6b30956e73a9 tempest-ServerActionsV293TestJSON-711527473 tempest-ServerActionsV293TestJSON-711527473-project-member] Determining version of request: GET /v2/schemas/image Accept: */* {{(pid=99537) process_request /opt/stack/glance/glance/api/middleware/version_negotiation.py:44}}
Jun 26 10:43:47.737267 np0000003734 devstack@g-api.service[99537]: DEBUG glance.api.middleware.version_negotiation [None req-28417796-eff6-4ba4-a963-6b30956e73a9 tempest-ServerActionsV293TestJSON-711527473 tempest-ServerActionsV293TestJSON-711527473-project-member] Using url versioning {{(pid=99537) process_request /opt/stack/glance/glance/api/middleware/version_negotiation.py:57}}
Jun 26 10:43:47.737267 np0000003734 devstack@g-api.service[99537]: DEBUG glance.api.middleware.version_negotiation [None req-28417796-eff6-4ba4-a963-6b30956e73a9 tempest-ServerActionsV293TestJSON-711527473 tempest-ServerActionsV293TestJSON-711527473-project-member] Matched version: v2 {{(pid=99537) process_request /opt/stack/glance/glance/api/middleware/version_negotiation.py:69}}
Jun 26 10:43:47.737267 np0000003734 devstack@g-api.service[99537]: DEBUG glance.api.middleware.version_negotiation [None req-28417796-eff6-4ba4-a963-6b30956e73a9 tempest-ServerActionsV293TestJSON-711527473 tempest-ServerActionsV293TestJSON-711527473-project-member] new path /v2/schemas/image {{(pid=99537) process_request /opt/stack/glance/glance/api/middleware/version_negotiation.py:70}}
Jun 26 10:43:47.738780 np0000003734 devstack@g-api.service[99537]: [pid: 99537|app: 0|req: 106/308] 127.0.0.1 () {44 vars in 1055 bytes} [Fri Jun 26 10:43:47 2026] GET /v2/schemas/image => generated 6083 bytes in 3 msecs (HTTP/1.1 200) 4 headers in 158 bytes (1 switches on core 0)
Jun 26 10:43:47.792739 np0000003734 devstack@g-api.service[99536]: DEBUG glance_store.backend [None req-aea294bf-5868-4fbb-aeed-f42d54f47b05 tempest-AttachVolumeShelveTestJSON-358034546 tempest-AttachVolumeShelveTestJSON-358034546-project-member] Attempting to import store swift {{(pid=99536) _load_store /opt/stack/data/venv/lib/python3.12/site-packages/glance_store/backend.py:215}}
Jun 26 10:43:47.794485 np0000003734 devstack@g-api.service[99536]: DEBUG glance_store.capabilities [None req-aea294bf-5868-4fbb-aeed-f42d54f47b05 tempest-AttachVolumeShelveTestJSON-358034546 tempest-AttachVolumeShelveTestJSON-358034546-project-member] Store glance_store._drivers.swift.store.SingleTenantStore doesn't support updating dynamic storage capabilities. Please overwrite 'update_capabilities' method of the store to implement updating logics if needed. {{(pid=99536) update_capabilities /opt/stack/data/venv/lib/python3.12/site-packages/glance_store/capabilities.py:91}}
Jun 26 10:43:47.794625 np0000003734 devstack@g-api.service[99536]: DEBUG glance_store.driver [None req-aea294bf-5868-4fbb-aeed-f42d54f47b05 tempest-AttachVolumeShelveTestJSON-358034546 tempest-AttachVolumeShelveTestJSON-358034546-project-member] Late loading location class glance_store._drivers.swift.store.StoreLocation {{(pid=99536) get_store_location_class /opt/stack/data/venv/lib/python3.12/site-packages/glance_store/driver.py:134}}
Jun 26 10:43:47.794743 np0000003734 devstack@g-api.service[99536]: DEBUG glance_store.location [None req-aea294bf-5868-4fbb-aeed-f42d54f47b05 tempest-AttachVolumeShelveTestJSON-358034546 tempest-AttachVolumeShelveTestJSON-358034546-project-member] Registering scheme swift+https with {'store': , 'location_class': , 'store_entry': 'swift'} {{(pid=99536) register_scheme_map /opt/stack/data/venv/lib/python3.12/site-packages/glance_store/location.py:146}}
Jun 26 10:43:47.794871 np0000003734 devstack@g-api.service[99536]: DEBUG glance_store.location [None req-aea294bf-5868-4fbb-aeed-f42d54f47b05 tempest-AttachVolumeShelveTestJSON-358034546 tempest-AttachVolumeShelveTestJSON-358034546-project-member] Registering scheme swift+https with {'store': , 'location_class': , 'store_entry': 'swift'} {{(pid=99536) register_scheme_map /opt/stack/data/venv/lib/python3.12/site-packages/glance_store/location.py:146}}
Jun 26 10:43:47.794937 np0000003734 devstack@g-api.service[99536]: DEBUG glance_store.location [None req-aea294bf-5868-4fbb-aeed-f42d54f47b05 tempest-AttachVolumeShelveTestJSON-358034546 tempest-AttachVolumeShelveTestJSON-358034546-project-member] Registering scheme swift with {'store': , 'location_class': , 'store_entry': 'swift'} {{(pid=99536) register_scheme_map /opt/stack/data/venv/lib/python3.12/site-packages/glance_store/location.py:146}}
Jun 26 10:43:47.795017 np0000003734 devstack@g-api.service[99536]: DEBUG glance_store.location [None req-aea294bf-5868-4fbb-aeed-f42d54f47b05 tempest-AttachVolumeShelveTestJSON-358034546 tempest-AttachVolumeShelveTestJSON-358034546-project-member] Registering scheme swift+https with {'store': , 'location_class': , 'store_entry': 'swift'} {{(pid=99536) register_scheme_map /opt/stack/data/venv/lib/python3.12/site-packages/glance_store/location.py:146}}
Jun 26 10:43:47.795017 np0000003734 devstack@g-api.service[99536]: DEBUG glance_store.location [None req-aea294bf-5868-4fbb-aeed-f42d54f47b05 tempest-AttachVolumeShelveTestJSON-358034546 tempest-AttachVolumeShelveTestJSON-358034546-project-member] Registering scheme swift with {'store': , 'location_class': , 'store_entry': 'swift'} {{(pid=99536) register_scheme_map /opt/stack/data/venv/lib/python3.12/site-packages/glance_store/location.py:146}}
Jun 26 10:43:47.795151 np0000003734 devstack@g-api.service[99536]: DEBUG glance_store.location [None req-aea294bf-5868-4fbb-aeed-f42d54f47b05 tempest-AttachVolumeShelveTestJSON-358034546 tempest-AttachVolumeShelveTestJSON-358034546-project-member] Registering scheme swift+http with {'store': , 'location_class': , 'store_entry': 'swift'} {{(pid=99536) register_scheme_map /opt/stack/data/venv/lib/python3.12/site-packages/glance_store/location.py:146}}
Jun 26 10:43:47.795231 np0000003734 devstack@g-api.service[99536]: DEBUG glance_store.location [None req-aea294bf-5868-4fbb-aeed-f42d54f47b05 tempest-AttachVolumeShelveTestJSON-358034546 tempest-AttachVolumeShelveTestJSON-358034546-project-member] Registering scheme swift+https with {'store': , 'location_class': , 'store_entry': 'swift'} {{(pid=99536) register_scheme_map /opt/stack/data/venv/lib/python3.12/site-packages/glance_store/location.py:146}}
Jun 26 10:43:47.795323 np0000003734 devstack@g-api.service[99536]: DEBUG glance_store.location [None req-aea294bf-5868-4fbb-aeed-f42d54f47b05 tempest-AttachVolumeShelveTestJSON-358034546 tempest-AttachVolumeShelveTestJSON-358034546-project-member] Registering scheme swift with {'store': , 'location_class': , 'store_entry': 'swift'} {{(pid=99536) register_scheme_map /opt/stack/data/venv/lib/python3.12/site-packages/glance_store/location.py:146}}
Jun 26 10:43:47.795432 np0000003734 devstack@g-api.service[99536]: DEBUG glance_store.location [None req-aea294bf-5868-4fbb-aeed-f42d54f47b05 tempest-AttachVolumeShelveTestJSON-358034546 tempest-AttachVolumeShelveTestJSON-358034546-project-member] Registering scheme swift+http with {'store': , 'location_class': , 'store_entry': 'swift'} {{(pid=99536) register_scheme_map /opt/stack/data/venv/lib/python3.12/site-packages/glance_store/location.py:146}}
Jun 26 10:43:47.795488 np0000003734 devstack@g-api.service[99536]: DEBUG glance_store.location [None req-aea294bf-5868-4fbb-aeed-f42d54f47b05 tempest-AttachVolumeShelveTestJSON-358034546 tempest-AttachVolumeShelveTestJSON-358034546-project-member] Registering scheme swift+config with {'store': , 'location_class': , 'store_entry': 'swift'} {{(pid=99536) register_scheme_map /opt/stack/data/venv/lib/python3.12/site-packages/glance_store/location.py:146}}
Jun 26 10:43:47.795581 np0000003734 devstack@g-api.service[99536]: DEBUG glance_store.backend [None req-aea294bf-5868-4fbb-aeed-f42d54f47b05 tempest-AttachVolumeShelveTestJSON-358034546 tempest-AttachVolumeShelveTestJSON-358034546-project-member] Skipping store.set_acls... not implemented. {{(pid=99536) set_acls /opt/stack/data/venv/lib/python3.12/site-packages/glance_store/backend.py:507}}
Jun 26 10:43:47.797633 np0000003734 devstack@g-api.service[99536]: [pid: 99536|app: 0|req: 100/309] 127.0.0.1 () {46 vars in 1158 bytes} [Fri Jun 26 10:43:45 2026] PUT /v2/images/c7914805-9682-4273-8b8e-6d0ff79328b4/file => generated 0 bytes in 2399 msecs (HTTP/1.1 204) 4 headers in 171 bytes (1 switches on core 0)
Jun 26 10:43:47.844868 np0000003734 devstack@g-api.service[99535]: DEBUG glance.api.middleware.version_negotiation [None req-28417796-eff6-4ba4-a963-6b30956e73a9 tempest-ServerActionsV293TestJSON-711527473 tempest-ServerActionsV293TestJSON-711527473-project-member] Determining version of request: GET /v2/images/c7914805-9682-4273-8b8e-6d0ff79328b4 Accept: */* {{(pid=99535) process_request /opt/stack/glance/glance/api/middleware/version_negotiation.py:44}}
Jun 26 10:43:47.845124 np0000003734 devstack@g-api.service[99535]: DEBUG glance.api.middleware.version_negotiation [None req-28417796-eff6-4ba4-a963-6b30956e73a9 tempest-ServerActionsV293TestJSON-711527473 tempest-ServerActionsV293TestJSON-711527473-project-member] Using url versioning {{(pid=99535) process_request /opt/stack/glance/glance/api/middleware/version_negotiation.py:57}}
Jun 26 10:43:47.845558 np0000003734 devstack@g-api.service[99535]: DEBUG glance.api.middleware.version_negotiation [None req-28417796-eff6-4ba4-a963-6b30956e73a9 tempest-ServerActionsV293TestJSON-711527473 tempest-ServerActionsV293TestJSON-711527473-project-member] Matched version: v2 {{(pid=99535) process_request /opt/stack/glance/glance/api/middleware/version_negotiation.py:69}}
Jun 26 10:43:47.845943 np0000003734 devstack@g-api.service[99535]: DEBUG glance.api.middleware.version_negotiation [None req-28417796-eff6-4ba4-a963-6b30956e73a9 tempest-ServerActionsV293TestJSON-711527473 tempest-ServerActionsV293TestJSON-711527473-project-member] new path /v2/images/c7914805-9682-4273-8b8e-6d0ff79328b4 {{(pid=99535) process_request /opt/stack/glance/glance/api/middleware/version_negotiation.py:70}}
Jun 26 10:43:47.866125 np0000003734 devstack@g-api.service[99535]: [pid: 99535|app: 0|req: 104/310] 127.0.0.1 () {44 vars in 1115 bytes} [Fri Jun 26 10:43:47 2026] GET /v2/images/c7914805-9682-4273-8b8e-6d0ff79328b4 => generated 1618 bytes in 21 msecs (HTTP/1.1 200) 4 headers in 158 bytes (1 switches on core 0)
Jun 26 10:43:47.919980 np0000003734 devstack@g-api.service[99537]: DEBUG glance.api.middleware.version_negotiation [None req-28417796-eff6-4ba4-a963-6b30956e73a9 tempest-ServerActionsV293TestJSON-711527473 tempest-ServerActionsV293TestJSON-711527473-project-member] Determining version of request: GET /v2/schemas/image Accept: */* {{(pid=99537) process_request /opt/stack/glance/glance/api/middleware/version_negotiation.py:44}}
Jun 26 10:43:47.919980 np0000003734 devstack@g-api.service[99537]: DEBUG glance.api.middleware.version_negotiation [None req-28417796-eff6-4ba4-a963-6b30956e73a9 tempest-ServerActionsV293TestJSON-711527473 tempest-ServerActionsV293TestJSON-711527473-project-member] Using url versioning {{(pid=99537) process_request /opt/stack/glance/glance/api/middleware/version_negotiation.py:57}}
Jun 26 10:43:47.919980 np0000003734 devstack@g-api.service[99537]: DEBUG glance.api.middleware.version_negotiation [None req-28417796-eff6-4ba4-a963-6b30956e73a9 tempest-ServerActionsV293TestJSON-711527473 tempest-ServerActionsV293TestJSON-711527473-project-member] Matched version: v2 {{(pid=99537) process_request /opt/stack/glance/glance/api/middleware/version_negotiation.py:69}}
Jun 26 10:43:47.920247 np0000003734 devstack@g-api.service[99537]: DEBUG glance.api.middleware.version_negotiation [None req-28417796-eff6-4ba4-a963-6b30956e73a9 tempest-ServerActionsV293TestJSON-711527473 tempest-ServerActionsV293TestJSON-711527473-project-member] new path /v2/schemas/image {{(pid=99537) process_request /opt/stack/glance/glance/api/middleware/version_negotiation.py:70}}
Jun 26 10:43:47.923733 np0000003734 devstack@g-api.service[99537]: [pid: 99537|app: 0|req: 107/311] 127.0.0.1 () {44 vars in 1055 bytes} [Fri Jun 26 10:43:47 2026] GET /v2/schemas/image => generated 6083 bytes in 4 msecs (HTTP/1.1 200) 4 headers in 158 bytes (1 switches on core 0)
Jun 26 10:43:51.091439 np0000003734 devstack@g-api.service[99536]: DEBUG glance.api.middleware.version_negotiation [None req-aea294bf-5868-4fbb-aeed-f42d54f47b05 tempest-AttachVolumeShelveTestJSON-358034546 tempest-AttachVolumeShelveTestJSON-358034546-project-member] Determining version of request: GET /v2/images/d0df84db-4fb8-472c-95e7-85e742b47c4e Accept: */* {{(pid=99536) process_request /opt/stack/glance/glance/api/middleware/version_negotiation.py:44}}
Jun 26 10:43:51.091955 np0000003734 devstack@g-api.service[99536]: DEBUG glance.api.middleware.version_negotiation [None req-aea294bf-5868-4fbb-aeed-f42d54f47b05 tempest-AttachVolumeShelveTestJSON-358034546 tempest-AttachVolumeShelveTestJSON-358034546-project-member] Using url versioning {{(pid=99536) process_request /opt/stack/glance/glance/api/middleware/version_negotiation.py:57}}
Jun 26 10:43:51.091955 np0000003734 devstack@g-api.service[99536]: DEBUG glance.api.middleware.version_negotiation [None req-aea294bf-5868-4fbb-aeed-f42d54f47b05 tempest-AttachVolumeShelveTestJSON-358034546 tempest-AttachVolumeShelveTestJSON-358034546-project-member] Matched version: v2 {{(pid=99536) process_request /opt/stack/glance/glance/api/middleware/version_negotiation.py:69}}
Jun 26 10:43:51.091955 np0000003734 devstack@g-api.service[99536]: DEBUG glance.api.middleware.version_negotiation [None req-aea294bf-5868-4fbb-aeed-f42d54f47b05 tempest-AttachVolumeShelveTestJSON-358034546 tempest-AttachVolumeShelveTestJSON-358034546-project-member] new path /v2/images/d0df84db-4fb8-472c-95e7-85e742b47c4e {{(pid=99536) process_request /opt/stack/glance/glance/api/middleware/version_negotiation.py:70}}
Jun 26 10:43:51.106882 np0000003734 devstack@g-api.service[99536]: [pid: 99536|app: 0|req: 101/312] 127.0.0.1 () {44 vars in 1115 bytes} [Fri Jun 26 10:43:51 2026] GET /v2/images/d0df84db-4fb8-472c-95e7-85e742b47c4e => generated 1044 bytes in 16 msecs (HTTP/1.1 200) 4 headers in 158 bytes (1 switches on core 0)
Jun 26 10:43:51.137634 np0000003734 devstack@g-api.service[99535]: DEBUG glance.api.middleware.version_negotiation [None req-aea294bf-5868-4fbb-aeed-f42d54f47b05 tempest-AttachVolumeShelveTestJSON-358034546 tempest-AttachVolumeShelveTestJSON-358034546-project-member] Determining version of request: GET /v2/schemas/image Accept: */* {{(pid=99535) process_request /opt/stack/glance/glance/api/middleware/version_negotiation.py:44}}
Jun 26 10:43:51.137972 np0000003734 devstack@g-api.service[99535]: DEBUG glance.api.middleware.version_negotiation [None req-aea294bf-5868-4fbb-aeed-f42d54f47b05 tempest-AttachVolumeShelveTestJSON-358034546 tempest-AttachVolumeShelveTestJSON-358034546-project-member] Using url versioning {{(pid=99535) process_request /opt/stack/glance/glance/api/middleware/version_negotiation.py:57}}
Jun 26 10:43:51.137972 np0000003734 devstack@g-api.service[99535]: DEBUG glance.api.middleware.version_negotiation [None req-aea294bf-5868-4fbb-aeed-f42d54f47b05 tempest-AttachVolumeShelveTestJSON-358034546 tempest-AttachVolumeShelveTestJSON-358034546-project-member] Matched version: v2 {{(pid=99535) process_request /opt/stack/glance/glance/api/middleware/version_negotiation.py:69}}
Jun 26 10:43:51.139158 np0000003734 devstack@g-api.service[99535]: DEBUG glance.api.middleware.version_negotiation [None req-aea294bf-5868-4fbb-aeed-f42d54f47b05 tempest-AttachVolumeShelveTestJSON-358034546 tempest-AttachVolumeShelveTestJSON-358034546-project-member] new path /v2/schemas/image {{(pid=99535) process_request /opt/stack/glance/glance/api/middleware/version_negotiation.py:70}}
Jun 26 10:43:51.141861 np0000003734 devstack@g-api.service[99535]: [pid: 99535|app: 0|req: 105/313] 127.0.0.1 () {44 vars in 1055 bytes} [Fri Jun 26 10:43:51 2026] GET /v2/schemas/image => generated 6083 bytes in 4 msecs (HTTP/1.1 200) 4 headers in 158 bytes (1 switches on core 0)
Jun 26 10:43:51.219553 np0000003734 devstack@g-api.service[99537]: DEBUG glance.api.middleware.version_negotiation [None req-aea294bf-5868-4fbb-aeed-f42d54f47b05 tempest-AttachVolumeShelveTestJSON-358034546 tempest-AttachVolumeShelveTestJSON-358034546-project-member] Determining version of request: GET /v2/images/d0df84db-4fb8-472c-95e7-85e742b47c4e Accept: */* {{(pid=99537) process_request /opt/stack/glance/glance/api/middleware/version_negotiation.py:44}}
Jun 26 10:43:51.232745 np0000003734 devstack@g-api.service[99537]: DEBUG glance.api.middleware.version_negotiation [None req-aea294bf-5868-4fbb-aeed-f42d54f47b05 tempest-AttachVolumeShelveTestJSON-358034546 tempest-AttachVolumeShelveTestJSON-358034546-project-member] Using url versioning {{(pid=99537) process_request /opt/stack/glance/glance/api/middleware/version_negotiation.py:57}}
Jun 26 10:43:51.232745 np0000003734 devstack@g-api.service[99537]: DEBUG glance.api.middleware.version_negotiation [None req-aea294bf-5868-4fbb-aeed-f42d54f47b05 tempest-AttachVolumeShelveTestJSON-358034546 tempest-AttachVolumeShelveTestJSON-358034546-project-member] Matched version: v2 {{(pid=99537) process_request /opt/stack/glance/glance/api/middleware/version_negotiation.py:69}}
Jun 26 10:43:51.232745 np0000003734 devstack@g-api.service[99537]: DEBUG glance.api.middleware.version_negotiation [None req-aea294bf-5868-4fbb-aeed-f42d54f47b05 tempest-AttachVolumeShelveTestJSON-358034546 tempest-AttachVolumeShelveTestJSON-358034546-project-member] new path /v2/images/d0df84db-4fb8-472c-95e7-85e742b47c4e {{(pid=99537) process_request /opt/stack/glance/glance/api/middleware/version_negotiation.py:70}}
Jun 26 10:43:51.232745 np0000003734 devstack@g-api.service[99537]: [pid: 99537|app: 0|req: 108/314] 127.0.0.1 () {44 vars in 1115 bytes} [Fri Jun 26 10:43:51 2026] GET /v2/images/d0df84db-4fb8-472c-95e7-85e742b47c4e => generated 1044 bytes in 10 msecs (HTTP/1.1 200) 4 headers in 158 bytes (1 switches on core 0)
Jun 26 10:43:51.236746 np0000003734 devstack@g-api.service[99536]: DEBUG glance.api.middleware.version_negotiation [None req-28417796-eff6-4ba4-a963-6b30956e73a9 tempest-ServerActionsV293TestJSON-711527473 tempest-ServerActionsV293TestJSON-711527473-project-member] Determining version of request: GET /v2/schemas/image Accept: */* {{(pid=99536) process_request /opt/stack/glance/glance/api/middleware/version_negotiation.py:44}}
Jun 26 10:43:51.236938 np0000003734 devstack@g-api.service[99536]: DEBUG glance.api.middleware.version_negotiation [None req-28417796-eff6-4ba4-a963-6b30956e73a9 tempest-ServerActionsV293TestJSON-711527473 tempest-ServerActionsV293TestJSON-711527473-project-member] Using url versioning {{(pid=99536) process_request /opt/stack/glance/glance/api/middleware/version_negotiation.py:57}}
Jun 26 10:43:51.237164 np0000003734 devstack@g-api.service[99536]: DEBUG glance.api.middleware.version_negotiation [None req-28417796-eff6-4ba4-a963-6b30956e73a9 tempest-ServerActionsV293TestJSON-711527473 tempest-ServerActionsV293TestJSON-711527473-project-member] Matched version: v2 {{(pid=99536) process_request /opt/stack/glance/glance/api/middleware/version_negotiation.py:69}}
Jun 26 10:43:51.237310 np0000003734 devstack@g-api.service[99536]: DEBUG glance.api.middleware.version_negotiation [None req-28417796-eff6-4ba4-a963-6b30956e73a9 tempest-ServerActionsV293TestJSON-711527473 tempest-ServerActionsV293TestJSON-711527473-project-member] new path /v2/schemas/image {{(pid=99536) process_request /opt/stack/glance/glance/api/middleware/version_negotiation.py:70}}
Jun 26 10:43:51.240337 np0000003734 devstack@g-api.service[99536]: [pid: 99536|app: 0|req: 102/315] 127.0.0.1 () {44 vars in 1055 bytes} [Fri Jun 26 10:43:51 2026] GET /v2/schemas/image => generated 6083 bytes in 4 msecs (HTTP/1.1 200) 4 headers in 158 bytes (1 switches on core 0)
Jun 26 10:43:51.247752 np0000003734 devstack@g-api.service[99535]: DEBUG glance.api.middleware.version_negotiation [None req-28417796-eff6-4ba4-a963-6b30956e73a9 tempest-ServerActionsV293TestJSON-711527473 tempest-ServerActionsV293TestJSON-711527473-project-member] Determining version of request: GET /v2/schemas/image Accept: */* {{(pid=99535) process_request /opt/stack/glance/glance/api/middleware/version_negotiation.py:44}}
Jun 26 10:43:51.247958 np0000003734 devstack@g-api.service[99535]: DEBUG glance.api.middleware.version_negotiation [None req-28417796-eff6-4ba4-a963-6b30956e73a9 tempest-ServerActionsV293TestJSON-711527473 tempest-ServerActionsV293TestJSON-711527473-project-member] Using url versioning {{(pid=99535) process_request /opt/stack/glance/glance/api/middleware/version_negotiation.py:57}}
Jun 26 10:43:51.248153 np0000003734 devstack@g-api.service[99535]: DEBUG glance.api.middleware.version_negotiation [None req-28417796-eff6-4ba4-a963-6b30956e73a9 tempest-ServerActionsV293TestJSON-711527473 tempest-ServerActionsV293TestJSON-711527473-project-member] Matched version: v2 {{(pid=99535) process_request /opt/stack/glance/glance/api/middleware/version_negotiation.py:69}}
Jun 26 10:43:51.248275 np0000003734 devstack@g-api.service[99535]: DEBUG glance.api.middleware.version_negotiation [None req-28417796-eff6-4ba4-a963-6b30956e73a9 tempest-ServerActionsV293TestJSON-711527473 tempest-ServerActionsV293TestJSON-711527473-project-member] new path /v2/schemas/image {{(pid=99535) process_request /opt/stack/glance/glance/api/middleware/version_negotiation.py:70}}
Jun 26 10:43:51.250949 np0000003734 devstack@g-api.service[99535]: [pid: 99535|app: 0|req: 106/316] 127.0.0.1 () {44 vars in 1055 bytes} [Fri Jun 26 10:43:51 2026] GET /v2/schemas/image => generated 6083 bytes in 3 msecs (HTTP/1.1 200) 4 headers in 158 bytes (1 switches on core 0)
Jun 26 10:43:51.328342 np0000003734 devstack@g-api.service[99537]: DEBUG glance.api.middleware.version_negotiation [None req-28417796-eff6-4ba4-a963-6b30956e73a9 tempest-ServerActionsV293TestJSON-711527473 tempest-ServerActionsV293TestJSON-711527473-project-member] Determining version of request: GET /v2/images/d0df84db-4fb8-472c-95e7-85e742b47c4e Accept: */* {{(pid=99537) process_request /opt/stack/glance/glance/api/middleware/version_negotiation.py:44}}
Jun 26 10:43:51.328525 np0000003734 devstack@g-api.service[99537]: DEBUG glance.api.middleware.version_negotiation [None req-28417796-eff6-4ba4-a963-6b30956e73a9 tempest-ServerActionsV293TestJSON-711527473 tempest-ServerActionsV293TestJSON-711527473-project-member] Using url versioning {{(pid=99537) process_request /opt/stack/glance/glance/api/middleware/version_negotiation.py:57}}
Jun 26 10:43:51.328692 np0000003734 devstack@g-api.service[99537]: DEBUG glance.api.middleware.version_negotiation [None req-28417796-eff6-4ba4-a963-6b30956e73a9 tempest-ServerActionsV293TestJSON-711527473 tempest-ServerActionsV293TestJSON-711527473-project-member] Matched version: v2 {{(pid=99537) process_request /opt/stack/glance/glance/api/middleware/version_negotiation.py:69}}
Jun 26 10:43:51.328814 np0000003734 devstack@g-api.service[99537]: DEBUG glance.api.middleware.version_negotiation [None req-28417796-eff6-4ba4-a963-6b30956e73a9 tempest-ServerActionsV293TestJSON-711527473 tempest-ServerActionsV293TestJSON-711527473-project-member] new path /v2/images/d0df84db-4fb8-472c-95e7-85e742b47c4e {{(pid=99537) process_request /opt/stack/glance/glance/api/middleware/version_negotiation.py:70}}
Jun 26 10:43:51.377397 np0000003734 devstack@g-api.service[99537]: [pid: 99537|app: 0|req: 109/317] 127.0.0.1 () {44 vars in 1115 bytes} [Fri Jun 26 10:43:51 2026] GET /v2/images/d0df84db-4fb8-472c-95e7-85e742b47c4e => generated 1044 bytes in 49 msecs (HTTP/1.1 200) 4 headers in 158 bytes (1 switches on core 0)
Jun 26 10:43:51.391317 np0000003734 devstack@g-api.service[99536]: DEBUG glance.api.middleware.version_negotiation [None req-28417796-eff6-4ba4-a963-6b30956e73a9 tempest-ServerActionsV293TestJSON-711527473 tempest-ServerActionsV293TestJSON-711527473-project-member] Determining version of request: GET /v2/schemas/image Accept: */* {{(pid=99536) process_request /opt/stack/glance/glance/api/middleware/version_negotiation.py:44}}
Jun 26 10:43:51.392132 np0000003734 devstack@g-api.service[99536]: DEBUG glance.api.middleware.version_negotiation [None req-28417796-eff6-4ba4-a963-6b30956e73a9 tempest-ServerActionsV293TestJSON-711527473 tempest-ServerActionsV293TestJSON-711527473-project-member] Using url versioning {{(pid=99536) process_request /opt/stack/glance/glance/api/middleware/version_negotiation.py:57}}
Jun 26 10:43:51.392593 np0000003734 devstack@g-api.service[99536]: DEBUG glance.api.middleware.version_negotiation [None req-28417796-eff6-4ba4-a963-6b30956e73a9 tempest-ServerActionsV293TestJSON-711527473 tempest-ServerActionsV293TestJSON-711527473-project-member] Matched version: v2 {{(pid=99536) process_request /opt/stack/glance/glance/api/middleware/version_negotiation.py:69}}
Jun 26 10:43:51.393519 np0000003734 devstack@g-api.service[99536]: DEBUG glance.api.middleware.version_negotiation [None req-28417796-eff6-4ba4-a963-6b30956e73a9 tempest-ServerActionsV293TestJSON-711527473 tempest-ServerActionsV293TestJSON-711527473-project-member] new path /v2/schemas/image {{(pid=99536) process_request /opt/stack/glance/glance/api/middleware/version_negotiation.py:70}}
Jun 26 10:43:51.396792 np0000003734 devstack@g-api.service[99536]: [pid: 99536|app: 0|req: 103/318] 127.0.0.1 () {44 vars in 1055 bytes} [Fri Jun 26 10:43:51 2026] GET /v2/schemas/image => generated 6083 bytes in 6 msecs (HTTP/1.1 200) 4 headers in 158 bytes (1 switches on core 0)
Jun 26 10:43:51.418586 np0000003734 devstack@g-api.service[99535]: DEBUG glance.api.middleware.version_negotiation [None req-28417796-eff6-4ba4-a963-6b30956e73a9 tempest-ServerActionsV293TestJSON-711527473 tempest-ServerActionsV293TestJSON-711527473-project-member] Determining version of request: GET /v2/schemas/image Accept: */* {{(pid=99535) process_request /opt/stack/glance/glance/api/middleware/version_negotiation.py:44}}
Jun 26 10:43:51.418586 np0000003734 devstack@g-api.service[99535]: DEBUG glance.api.middleware.version_negotiation [None req-28417796-eff6-4ba4-a963-6b30956e73a9 tempest-ServerActionsV293TestJSON-711527473 tempest-ServerActionsV293TestJSON-711527473-project-member] Using url versioning {{(pid=99535) process_request /opt/stack/glance/glance/api/middleware/version_negotiation.py:57}}
Jun 26 10:43:51.418586 np0000003734 devstack@g-api.service[99535]: DEBUG glance.api.middleware.version_negotiation [None req-28417796-eff6-4ba4-a963-6b30956e73a9 tempest-ServerActionsV293TestJSON-711527473 tempest-ServerActionsV293TestJSON-711527473-project-member] Matched version: v2 {{(pid=99535) process_request /opt/stack/glance/glance/api/middleware/version_negotiation.py:69}}
Jun 26 10:43:51.418586 np0000003734 devstack@g-api.service[99535]: DEBUG glance.api.middleware.version_negotiation [None req-28417796-eff6-4ba4-a963-6b30956e73a9 tempest-ServerActionsV293TestJSON-711527473 tempest-ServerActionsV293TestJSON-711527473-project-member] new path /v2/schemas/image {{(pid=99535) process_request /opt/stack/glance/glance/api/middleware/version_negotiation.py:70}}
Jun 26 10:43:51.418586 np0000003734 devstack@g-api.service[99535]: [pid: 99535|app: 0|req: 107/319] 127.0.0.1 () {44 vars in 1055 bytes} [Fri Jun 26 10:43:51 2026] GET /v2/schemas/image => generated 6083 bytes in 9 msecs (HTTP/1.1 200) 4 headers in 158 bytes (1 switches on core 0)
Jun 26 10:43:51.568510 np0000003734 devstack@g-api.service[99537]: DEBUG glance.api.middleware.version_negotiation [None req-28417796-eff6-4ba4-a963-6b30956e73a9 tempest-ServerActionsV293TestJSON-711527473 tempest-ServerActionsV293TestJSON-711527473-project-member] Determining version of request: GET /versions Accept: */* {{(pid=99537) process_request /opt/stack/glance/glance/api/middleware/version_negotiation.py:44}}
