Jul 30 10:43:04.105673 np0000006119 devstack@g-api.service[103040]: DEBUG glance.common.config [None req-01a475a5-8f65-468b-b993-89ae32e8bf62 None None] database.sqlite_synchronous = True {{(pid=103040) log_opt_values /opt/stack/data/venv/lib/python3.12/site-packages/oslo_config/cfg.py:3253}}
Jul 30 10:43:04.105698 np0000006119 devstack@g-api.service[103039]: DEBUG glance.common.config [None req-5eb79230-e17a-4f7b-9f41-a259820e212b None None] database.connection_recycle_time = 3600 {{(pid=103039) log_opt_values /opt/stack/data/venv/lib/python3.12/site-packages/oslo_config/cfg.py:3253}}
Jul 30 10:43:04.105718 np0000006119 devstack@g-api.service[103037]: DEBUG glance.common.config [None req-d82245d2-e6dd-4e71-bf89-4bbbc099f431 None None] healthcheck.detailed = False {{(pid=103037) log_opt_values /opt/stack/data/venv/lib/python3.12/site-packages/oslo_config/cfg.py:3253}}
Jul 30 10:43:04.105742 np0000006119 devstack@g-api.service[103040]: DEBUG glance.common.config [None req-01a475a5-8f65-468b-b993-89ae32e8bf62 None None] database.synchronous_reader = True {{(pid=103040) log_opt_values /opt/stack/data/venv/lib/python3.12/site-packages/oslo_config/cfg.py:3253}}
Jul 30 10:43:04.105763 np0000006119 devstack@g-api.service[103039]: DEBUG glance.common.config [None req-5eb79230-e17a-4f7b-9f41-a259820e212b None None] database.connection_trace = False {{(pid=103039) log_opt_values /opt/stack/data/venv/lib/python3.12/site-packages/oslo_config/cfg.py:3253}}
Jul 30 10:43:04.105787 np0000006119 devstack@g-api.service[103037]: DEBUG glance.common.config [None req-d82245d2-e6dd-4e71-bf89-4bbbc099f431 None None] healthcheck.disable_by_file_path = None {{(pid=103037) log_opt_values /opt/stack/data/venv/lib/python3.12/site-packages/oslo_config/cfg.py:3253}}
Jul 30 10:43:04.105807 np0000006119 devstack@g-api.service[103040]: DEBUG glance.common.config [None req-01a475a5-8f65-468b-b993-89ae32e8bf62 None None] database.use_db_reconnect = False {{(pid=103040) log_opt_values /opt/stack/data/venv/lib/python3.12/site-packages/oslo_config/cfg.py:3253}}
Jul 30 10:43:04.105834 np0000006119 devstack@g-api.service[103039]: DEBUG glance.common.config [None req-5eb79230-e17a-4f7b-9f41-a259820e212b None None] database.db_inc_retry_interval = True {{(pid=103039) log_opt_values /opt/stack/data/venv/lib/python3.12/site-packages/oslo_config/cfg.py:3253}}
Jul 30 10:43:04.105874 np0000006119 devstack@g-api.service[103037]: DEBUG glance.common.config [None req-d82245d2-e6dd-4e71-bf89-4bbbc099f431 None None] healthcheck.ignore_proxied_requests = False {{(pid=103037) log_opt_values /opt/stack/data/venv/lib/python3.12/site-packages/oslo_config/cfg.py:3253}}
Jul 30 10:43:04.105911 np0000006119 devstack@g-api.service[103039]: DEBUG glance.common.config [None req-5eb79230-e17a-4f7b-9f41-a259820e212b None None] database.db_max_retries = 20 {{(pid=103039) log_opt_values /opt/stack/data/venv/lib/python3.12/site-packages/oslo_config/cfg.py:3253}}
Jul 30 10:43:04.105940 np0000006119 devstack@g-api.service[103040]: DEBUG glance.common.config [None req-01a475a5-8f65-468b-b993-89ae32e8bf62 None None] healthcheck.allowed_source_ranges = [] {{(pid=103040) log_opt_values /opt/stack/data/venv/lib/python3.12/site-packages/oslo_config/cfg.py:3253}}
Jul 30 10:43:04.105964 np0000006119 devstack@g-api.service[103037]: DEBUG glance.common.config [None req-d82245d2-e6dd-4e71-bf89-4bbbc099f431 None None] ******************************************************************************** {{(pid=103037) log_opt_values /opt/stack/data/venv/lib/python3.12/site-packages/oslo_config/cfg.py:3260}}
Jul 30 10:43:04.105990 np0000006119 devstack@g-api.service[103040]: DEBUG glance.common.config [None req-01a475a5-8f65-468b-b993-89ae32e8bf62 None None] healthcheck.backends = ['disable_by_file'] {{(pid=103040) log_opt_values /opt/stack/data/venv/lib/python3.12/site-packages/oslo_config/cfg.py:3253}}
Jul 30 10:43:04.106018 np0000006119 devstack@g-api.service[103039]: DEBUG glance.common.config [None req-5eb79230-e17a-4f7b-9f41-a259820e212b None None] database.db_max_retry_interval = 10 {{(pid=103039) log_opt_values /opt/stack/data/venv/lib/python3.12/site-packages/oslo_config/cfg.py:3253}}
Jul 30 10:43:04.106041 np0000006119 devstack@g-api.service[103038]: DEBUG glance.api.middleware.version_negotiation [None req-d04de069-c7bc-4a8b-9bd9-21c7ff767b4d None None] Determining version of request: GET / Accept: */* {{(pid=103038) process_request /opt/stack/glance/glance/api/middleware/version_negotiation.py:44}}
Jul 30 10:43:04.106065 np0000006119 devstack@g-api.service[103037]: WSGI app 0 (mountpoint='') ready in 3 seconds on interpreter 0x7453ee4a4668 pid: 103037 (default app)
Jul 30 10:43:04.106090 np0000006119 devstack@g-api.service[103040]: DEBUG glance.common.config [None req-01a475a5-8f65-468b-b993-89ae32e8bf62 None None] healthcheck.detailed = False {{(pid=103040) log_opt_values /opt/stack/data/venv/lib/python3.12/site-packages/oslo_config/cfg.py:3253}}
Jul 30 10:43:04.106119 np0000006119 devstack@g-api.service[103039]: DEBUG glance.common.config [None req-5eb79230-e17a-4f7b-9f41-a259820e212b None None] database.db_retry_interval = 1 {{(pid=103039) log_opt_values /opt/stack/data/venv/lib/python3.12/site-packages/oslo_config/cfg.py:3253}}
Jul 30 10:43:04.106153 np0000006119 devstack@g-api.service[103038]: DEBUG glance.api.middleware.version_negotiation [None req-d04de069-c7bc-4a8b-9bd9-21c7ff767b4d None None] Using url versioning {{(pid=103038) process_request /opt/stack/glance/glance/api/middleware/version_negotiation.py:57}}
Jul 30 10:43:04.106175 np0000006119 devstack@g-api.service[103040]: DEBUG glance.common.config [None req-01a475a5-8f65-468b-b993-89ae32e8bf62 None None] healthcheck.disable_by_file_path = None {{(pid=103040) log_opt_values /opt/stack/data/venv/lib/python3.12/site-packages/oslo_config/cfg.py:3253}}
Jul 30 10:43:04.106199 np0000006119 devstack@g-api.service[103039]: DEBUG glance.common.config [None req-5eb79230-e17a-4f7b-9f41-a259820e212b None None] database.max_overflow = 50 {{(pid=103039) log_opt_values /opt/stack/data/venv/lib/python3.12/site-packages/oslo_config/cfg.py:3253}}
Jul 30 10:43:04.106224 np0000006119 devstack@g-api.service[103040]: DEBUG glance.common.config [None req-01a475a5-8f65-468b-b993-89ae32e8bf62 None None] healthcheck.ignore_proxied_requests = False {{(pid=103040) log_opt_values /opt/stack/data/venv/lib/python3.12/site-packages/oslo_config/cfg.py:3253}}
Jul 30 10:43:04.106248 np0000006119 devstack@g-api.service[103039]: DEBUG glance.common.config [None req-5eb79230-e17a-4f7b-9f41-a259820e212b None None] database.max_pool_size = 5 {{(pid=103039) log_opt_values /opt/stack/data/venv/lib/python3.12/site-packages/oslo_config/cfg.py:3253}}
Jul 30 10:43:04.106269 np0000006119 devstack@g-api.service[103038]: DEBUG glance.api.middleware.version_negotiation [None req-d04de069-c7bc-4a8b-9bd9-21c7ff767b4d None None] Unknown version. Returning version choices. {{(pid=103038) process_request /opt/stack/glance/glance/api/middleware/version_negotiation.py:64}}
Jul 30 10:43:04.106293 np0000006119 devstack@g-api.service[103040]: DEBUG glance.common.config [None req-01a475a5-8f65-468b-b993-89ae32e8bf62 None None] ******************************************************************************** {{(pid=103040) log_opt_values /opt/stack/data/venv/lib/python3.12/site-packages/oslo_config/cfg.py:3260}}
Jul 30 10:43:04.106322 np0000006119 devstack@g-api.service[103039]: DEBUG glance.common.config [None req-5eb79230-e17a-4f7b-9f41-a259820e212b None None] database.max_retries = 10 {{(pid=103039) log_opt_values /opt/stack/data/venv/lib/python3.12/site-packages/oslo_config/cfg.py:3253}}
Jul 30 10:43:04.106350 np0000006119 devstack@g-api.service[103040]: WSGI app 0 (mountpoint='') ready in 3 seconds on interpreter 0x7453ee4a4668 pid: 103040 (default app)
Jul 30 10:43:04.106388 np0000006119 devstack@g-api.service[103039]: DEBUG glance.common.config [None req-5eb79230-e17a-4f7b-9f41-a259820e212b None None] database.mysql_sql_mode = TRADITIONAL {{(pid=103039) log_opt_values /opt/stack/data/venv/lib/python3.12/site-packages/oslo_config/cfg.py:3253}}
Jul 30 10:43:04.106388 np0000006119 devstack@g-api.service[103039]: DEBUG glance.common.config [None req-5eb79230-e17a-4f7b-9f41-a259820e212b None None] database.mysql_wsrep_sync_wait = None {{(pid=103039) log_opt_values /opt/stack/data/venv/lib/python3.12/site-packages/oslo_config/cfg.py:3253}}
Jul 30 10:43:04.106388 np0000006119 devstack@g-api.service[103039]: DEBUG glance.common.config [None req-5eb79230-e17a-4f7b-9f41-a259820e212b None None] database.pool_timeout = None {{(pid=103039) log_opt_values /opt/stack/data/venv/lib/python3.12/site-packages/oslo_config/cfg.py:3253}}
Jul 30 10:43:04.106388 np0000006119 devstack@g-api.service[103039]: DEBUG glance.common.config [None req-5eb79230-e17a-4f7b-9f41-a259820e212b None None] database.retry_interval = 10 {{(pid=103039) log_opt_values /opt/stack/data/venv/lib/python3.12/site-packages/oslo_config/cfg.py:3253}}
Jul 30 10:43:04.106388 np0000006119 devstack@g-api.service[103039]: DEBUG glance.common.config [None req-5eb79230-e17a-4f7b-9f41-a259820e212b None None] database.slave_connection = **** {{(pid=103039) log_opt_values /opt/stack/data/venv/lib/python3.12/site-packages/oslo_config/cfg.py:3253}}
Jul 30 10:43:04.106388 np0000006119 devstack@g-api.service[103039]: DEBUG glance.common.config [None req-5eb79230-e17a-4f7b-9f41-a259820e212b None None] database.sqlite_synchronous = True {{(pid=103039) log_opt_values /opt/stack/data/venv/lib/python3.12/site-packages/oslo_config/cfg.py:3253}}
Jul 30 10:43:04.106388 np0000006119 devstack@g-api.service[103039]: DEBUG glance.common.config [None req-5eb79230-e17a-4f7b-9f41-a259820e212b None None] database.synchronous_reader = True {{(pid=103039) log_opt_values /opt/stack/data/venv/lib/python3.12/site-packages/oslo_config/cfg.py:3253}}
Jul 30 10:43:04.106550 np0000006119 devstack@g-api.service[103038]: [pid: 103038|app: 0|req: 1/1] 127.0.0.1 () {34 vars in 451 bytes} [Thu Jul 30 10:43:04 2026] GET / => generated 1501 bytes in 1 msecs (HTTP/1.1 300) 3 headers in 106 bytes (1 switches on core 0)
Jul 30 10:43:04.106575 np0000006119 devstack@g-api.service[103039]: DEBUG glance.common.config [None req-5eb79230-e17a-4f7b-9f41-a259820e212b None None] database.use_db_reconnect = False {{(pid=103039) log_opt_values /opt/stack/data/venv/lib/python3.12/site-packages/oslo_config/cfg.py:3253}}
Jul 30 10:43:04.106575 np0000006119 devstack@g-api.service[103039]: DEBUG glance.common.config [None req-5eb79230-e17a-4f7b-9f41-a259820e212b None None] healthcheck.allowed_source_ranges = [] {{(pid=103039) log_opt_values /opt/stack/data/venv/lib/python3.12/site-packages/oslo_config/cfg.py:3253}}
Jul 30 10:43:04.106575 np0000006119 devstack@g-api.service[103039]: DEBUG glance.common.config [None req-5eb79230-e17a-4f7b-9f41-a259820e212b None None] healthcheck.backends = ['disable_by_file'] {{(pid=103039) log_opt_values /opt/stack/data/venv/lib/python3.12/site-packages/oslo_config/cfg.py:3253}}
Jul 30 10:43:04.106575 np0000006119 devstack@g-api.service[103039]: DEBUG glance.common.config [None req-5eb79230-e17a-4f7b-9f41-a259820e212b None None] healthcheck.detailed = False {{(pid=103039) log_opt_values /opt/stack/data/venv/lib/python3.12/site-packages/oslo_config/cfg.py:3253}}
Jul 30 10:43:04.106575 np0000006119 devstack@g-api.service[103039]: DEBUG glance.common.config [None req-5eb79230-e17a-4f7b-9f41-a259820e212b None None] healthcheck.disable_by_file_path = None {{(pid=103039) log_opt_values /opt/stack/data/venv/lib/python3.12/site-packages/oslo_config/cfg.py:3253}}
Jul 30 10:43:04.106575 np0000006119 devstack@g-api.service[103039]: DEBUG glance.common.config [None req-5eb79230-e17a-4f7b-9f41-a259820e212b None None] healthcheck.ignore_proxied_requests = False {{(pid=103039) log_opt_values /opt/stack/data/venv/lib/python3.12/site-packages/oslo_config/cfg.py:3253}}
Jul 30 10:43:04.106575 np0000006119 devstack@g-api.service[103039]: DEBUG glance.common.config [None req-5eb79230-e17a-4f7b-9f41-a259820e212b None None] ******************************************************************************** {{(pid=103039) log_opt_values /opt/stack/data/venv/lib/python3.12/site-packages/oslo_config/cfg.py:3260}}
Jul 30 10:43:04.106711 np0000006119 devstack@g-api.service[103039]: WSGI app 0 (mountpoint='') ready in 3 seconds on interpreter 0x7453ee4a4668 pid: 103039 (default app)
Jul 30 10:43:05.933058 np0000006119 devstack@g-api.service[103037]: DEBUG glance.api.middleware.version_negotiation [None req-d82245d2-e6dd-4e71-bf89-4bbbc099f431 None None] Determining version of request: GET / Accept: application/json {{(pid=103037) process_request /opt/stack/glance/glance/api/middleware/version_negotiation.py:44}}
Jul 30 10:43:05.933399 np0000006119 devstack@g-api.service[103037]: DEBUG glance.api.middleware.version_negotiation [None req-d82245d2-e6dd-4e71-bf89-4bbbc099f431 None None] Using url versioning {{(pid=103037) process_request /opt/stack/glance/glance/api/middleware/version_negotiation.py:57}}
Jul 30 10:43:05.933399 np0000006119 devstack@g-api.service[103037]: DEBUG glance.api.middleware.version_negotiation [None req-d82245d2-e6dd-4e71-bf89-4bbbc099f431 None None] Unknown version. Returning version choices. {{(pid=103037) process_request /opt/stack/glance/glance/api/middleware/version_negotiation.py:64}}
Jul 30 10:43:05.934106 np0000006119 devstack@g-api.service[103037]: [pid: 103037|app: 0|req: 1/2] 127.0.0.1 () {36 vars in 569 bytes} [Thu Jul 30 10:43:05 2026] GET / => generated 1501 bytes in 1 msecs (HTTP/1.1 300) 3 headers in 106 bytes (1 switches on core 0)
Jul 30 10:43:05.945652 np0000006119 devstack@g-api.service[103040]: DEBUG glance.api.middleware.version_negotiation [None req-01a475a5-8f65-468b-b993-89ae32e8bf62 None None] Determining version of request: POST /v2/images Accept: */* {{(pid=103040) process_request /opt/stack/glance/glance/api/middleware/version_negotiation.py:44}}
Jul 30 10:43:05.945955 np0000006119 devstack@g-api.service[103040]: DEBUG glance.api.middleware.version_negotiation [None req-01a475a5-8f65-468b-b993-89ae32e8bf62 None None] Using url versioning {{(pid=103040) process_request /opt/stack/glance/glance/api/middleware/version_negotiation.py:57}}
Jul 30 10:43:05.946425 np0000006119 devstack@g-api.service[103040]: DEBUG glance.api.middleware.version_negotiation [None req-01a475a5-8f65-468b-b993-89ae32e8bf62 None None] Matched version: v2 {{(pid=103040) process_request /opt/stack/glance/glance/api/middleware/version_negotiation.py:69}}
Jul 30 10:43:05.946517 np0000006119 devstack@g-api.service[103040]: DEBUG glance.api.middleware.version_negotiation [None req-01a475a5-8f65-468b-b993-89ae32e8bf62 None None] new path /v2/images {{(pid=103040) process_request /opt/stack/glance/glance/api/middleware/version_negotiation.py:70}}
Jul 30 10:43:06.895525 np0000006119 devstack@g-api.service[103040]: [pid: 103040|app: 0|req: 1/3] 127.0.0.1 () {42 vars in 832 bytes} [Thu Jul 30 10:43:05 2026] POST /v2/images => generated 807 bytes in 950 msecs (HTTP/1.1 201) 6 headers in 315 bytes (1 switches on core 0)
Jul 30 10:43:06.903931 np0000006119 devstack@g-api.service[103038]: DEBUG glance.api.middleware.version_negotiation [None req-d04de069-c7bc-4a8b-9bd9-21c7ff767b4d None None] Determining version of request: PUT /v2/images/418621a8-f815-483c-a08d-2e392d2e59d1/stage Accept: {{(pid=103038) process_request /opt/stack/glance/glance/api/middleware/version_negotiation.py:44}}
Jul 30 10:43:06.904219 np0000006119 devstack@g-api.service[103038]: DEBUG glance.api.middleware.version_negotiation [None req-d04de069-c7bc-4a8b-9bd9-21c7ff767b4d None None] Using url versioning {{(pid=103038) process_request /opt/stack/glance/glance/api/middleware/version_negotiation.py:57}}
Jul 30 10:43:06.904460 np0000006119 devstack@g-api.service[103038]: DEBUG glance.api.middleware.version_negotiation [None req-d04de069-c7bc-4a8b-9bd9-21c7ff767b4d None None] Matched version: v2 {{(pid=103038) process_request /opt/stack/glance/glance/api/middleware/version_negotiation.py:69}}
Jul 30 10:43:06.904560 np0000006119 devstack@g-api.service[103038]: DEBUG glance.api.middleware.version_negotiation [None req-d04de069-c7bc-4a8b-9bd9-21c7ff767b4d None None] new path /v2/images/418621a8-f815-483c-a08d-2e392d2e59d1/stage {{(pid=103038) process_request /opt/stack/glance/glance/api/middleware/version_negotiation.py:70}}
Jul 30 10:43:07.538195 np0000006119 devstack@g-api.service[103038]: DEBUG glance_store.backend [None req-ee604eeb-cf73-42f8-a02c-35e811de6171 admin admin] Attempting to import store cinder {{(pid=103038) _load_store /opt/stack/data/venv/lib/python3.12/site-packages/glance_store/backend.py:215}}
Jul 30 10:43:07.538311 np0000006119 devstack@g-api.service[103038]: DEBUG glance_store.backend [None req-ee604eeb-cf73-42f8-a02c-35e811de6171 admin admin] Attempting to import store file {{(pid=103038) _load_store /opt/stack/data/venv/lib/python3.12/site-packages/glance_store/backend.py:215}}
Jul 30 10:43:07.538396 np0000006119 devstack@g-api.service[103038]: DEBUG glance_store.backend [None req-ee604eeb-cf73-42f8-a02c-35e811de6171 admin admin] Attempting to import store glance.store.cinder.Store {{(pid=103038) _load_store /opt/stack/data/venv/lib/python3.12/site-packages/glance_store/backend.py:215}}
Jul 30 10:43:07.538482 np0000006119 devstack@g-api.service[103038]: DEBUG glance_store.backend [None req-ee604eeb-cf73-42f8-a02c-35e811de6171 admin admin] Attempting to import store glance.store.filesystem.Store {{(pid=103038) _load_store /opt/stack/data/venv/lib/python3.12/site-packages/glance_store/backend.py:215}}
Jul 30 10:43:07.538590 np0000006119 devstack@g-api.service[103038]: DEBUG glance_store.backend [None req-ee604eeb-cf73-42f8-a02c-35e811de6171 admin admin] Attempting to import store glance.store.http.Store {{(pid=103038) _load_store /opt/stack/data/venv/lib/python3.12/site-packages/glance_store/backend.py:215}}
Jul 30 10:43:07.538673 np0000006119 devstack@g-api.service[103038]: DEBUG glance_store.backend [None req-ee604eeb-cf73-42f8-a02c-35e811de6171 admin admin] Attempting to import store glance.store.rbd.Store {{(pid=103038) _load_store /opt/stack/data/venv/lib/python3.12/site-packages/glance_store/backend.py:215}}
Jul 30 10:43:07.538740 np0000006119 devstack@g-api.service[103038]: DEBUG glance_store.backend [None req-ee604eeb-cf73-42f8-a02c-35e811de6171 admin admin] Attempting to import store glance.store.s3.Store {{(pid=103038) _load_store /opt/stack/data/venv/lib/python3.12/site-packages/glance_store/backend.py:215}}
Jul 30 10:43:07.538866 np0000006119 devstack@g-api.service[103038]: DEBUG glance_store.backend [None req-ee604eeb-cf73-42f8-a02c-35e811de6171 admin admin] Attempting to import store glance.store.swift.Store {{(pid=103038) _load_store /opt/stack/data/venv/lib/python3.12/site-packages/glance_store/backend.py:215}}
Jul 30 10:43:07.539049 np0000006119 devstack@g-api.service[103038]: DEBUG glance_store.backend [None req-ee604eeb-cf73-42f8-a02c-35e811de6171 admin admin] Attempting to import store glance.store.vmware_datastore.Store {{(pid=103038) _load_store /opt/stack/data/venv/lib/python3.12/site-packages/glance_store/backend.py:215}}
Jul 30 10:43:07.539135 np0000006119 devstack@g-api.service[103038]: DEBUG glance_store.backend [None req-ee604eeb-cf73-42f8-a02c-35e811de6171 admin admin] Attempting to import store http {{(pid=103038) _load_store /opt/stack/data/venv/lib/python3.12/site-packages/glance_store/backend.py:215}}
Jul 30 10:43:07.539229 np0000006119 devstack@g-api.service[103038]: DEBUG glance_store.backend [None req-ee604eeb-cf73-42f8-a02c-35e811de6171 admin admin] Attempting to import store no_conf {{(pid=103038) _load_store /opt/stack/data/venv/lib/python3.12/site-packages/glance_store/backend.py:215}}
Jul 30 10:43:07.539316 np0000006119 devstack@g-api.service[103038]: DEBUG glance_store.backend [None req-ee604eeb-cf73-42f8-a02c-35e811de6171 admin admin] Attempting to import store rbd {{(pid=103038) _load_store /opt/stack/data/venv/lib/python3.12/site-packages/glance_store/backend.py:215}}
Jul 30 10:43:07.539399 np0000006119 devstack@g-api.service[103038]: DEBUG glance_store.backend [None req-ee604eeb-cf73-42f8-a02c-35e811de6171 admin admin] Attempting to import store s3 {{(pid=103038) _load_store /opt/stack/data/venv/lib/python3.12/site-packages/glance_store/backend.py:215}}
Jul 30 10:43:07.539482 np0000006119 devstack@g-api.service[103038]: DEBUG glance_store.backend [None req-ee604eeb-cf73-42f8-a02c-35e811de6171 admin admin] Attempting to import store swift {{(pid=103038) _load_store /opt/stack/data/venv/lib/python3.12/site-packages/glance_store/backend.py:215}}
Jul 30 10:43:07.539564 np0000006119 devstack@g-api.service[103038]: DEBUG glance_store.backend [None req-ee604eeb-cf73-42f8-a02c-35e811de6171 admin admin] Attempting to import store vmware {{(pid=103038) _load_store /opt/stack/data/venv/lib/python3.12/site-packages/glance_store/backend.py:215}}
Jul 30 10:43:07.539653 np0000006119 devstack@g-api.service[103038]: DEBUG glance_store.backend [None req-ee604eeb-cf73-42f8-a02c-35e811de6171 admin admin] Registering options for group glance_store {{(pid=103038) register_opts /opt/stack/data/venv/lib/python3.12/site-packages/glance_store/backend.py:144}}
Jul 30 10:43:07.539748 np0000006119 devstack@g-api.service[103038]: DEBUG glance_store.backend [None req-ee604eeb-cf73-42f8-a02c-35e811de6171 admin admin] Registering options for group glance_store {{(pid=103038) register_opts /opt/stack/data/venv/lib/python3.12/site-packages/glance_store/backend.py:144}}
Jul 30 10:43:07.540205 np0000006119 devstack@g-api.service[103038]: DEBUG glance_store.backend [None req-ee604eeb-cf73-42f8-a02c-35e811de6171 admin admin] Attempting to import store file {{(pid=103038) _load_store /opt/stack/data/venv/lib/python3.12/site-packages/glance_store/backend.py:215}}
Jul 30 10:43:07.540509 np0000006119 devstack@g-api.service[103038]: INFO glance_store._drivers.filesystem [None req-ee604eeb-cf73-42f8-a02c-35e811de6171 admin admin] Directory to write image files does not exist (/tmp/staging/). Creating.
Jul 30 10:43:07.540731 np0000006119 devstack@g-api.service[103038]: DEBUG glance_store.capabilities [None req-ee604eeb-cf73-42f8-a02c-35e811de6171 admin admin] Store glance_store._drivers.filesystem.Store doesn't support updating dynamic storage capabilities. Please overwrite 'update_capabilities' method of the store to implement updating logics if needed. {{(pid=103038) update_capabilities /opt/stack/data/venv/lib/python3.12/site-packages/glance_store/capabilities.py:91}}
Jul 30 10:43:08.105015 np0000006119 devstack@g-api.service[103038]: DEBUG glance_store._drivers.filesystem [None req-ee604eeb-cf73-42f8-a02c-35e811de6171 admin admin] Wrote 21430272 bytes to /tmp/staging/418621a8-f815-483c-a08d-2e392d2e59d1 with checksum c8fc807773e5354afe61636071771906 and multihash c8fc807773e5354afe61636071771906 {{(pid=103038) add /opt/stack/data/venv/lib/python3.12/site-packages/glance_store/_drivers/filesystem.py:899}}
Jul 30 10:43:08.124724 np0000006119 devstack@g-api.service[103038]: [pid: 103038|app: 0|req: 2/4] 127.0.0.1 () {42 vars in 927 bytes} [Thu Jul 30 10:43:06 2026] PUT /v2/images/418621a8-f815-483c-a08d-2e392d2e59d1/stage => generated 0 bytes in 1221 msecs (HTTP/1.1 204) 4 headers in 171 bytes (1 switches on core 0)
Jul 30 10:43:08.134059 np0000006119 devstack@g-api.service[103039]: DEBUG glance.api.middleware.version_negotiation [None req-5eb79230-e17a-4f7b-9f41-a259820e212b None None] Determining version of request: POST /v2/images/418621a8-f815-483c-a08d-2e392d2e59d1/import Accept: */* {{(pid=103039) process_request /opt/stack/glance/glance/api/middleware/version_negotiation.py:44}}
Jul 30 10:43:08.134401 np0000006119 devstack@g-api.service[103039]: DEBUG glance.api.middleware.version_negotiation [None req-5eb79230-e17a-4f7b-9f41-a259820e212b None None] Using url versioning {{(pid=103039) process_request /opt/stack/glance/glance/api/middleware/version_negotiation.py:57}}
Jul 30 10:43:08.134629 np0000006119 devstack@g-api.service[103039]: DEBUG glance.api.middleware.version_negotiation [None req-5eb79230-e17a-4f7b-9f41-a259820e212b None None] Matched version: v2 {{(pid=103039) process_request /opt/stack/glance/glance/api/middleware/version_negotiation.py:69}}
Jul 30 10:43:08.134758 np0000006119 devstack@g-api.service[103039]: DEBUG glance.api.middleware.version_negotiation [None req-5eb79230-e17a-4f7b-9f41-a259820e212b None None] new path /v2/images/418621a8-f815-483c-a08d-2e392d2e59d1/import {{(pid=103039) process_request /opt/stack/glance/glance/api/middleware/version_negotiation.py:70}}
Jul 30 10:43:08.749680 np0000006119 devstack@g-api.service[103039]: DEBUG glance.domain [None req-81035c61-af9f-44c0-978e-43410ea9065b admin admin] Loading taskflow executor {{(pid=103039) new_task_executor /opt/stack/glance/glance/domain/__init__.py:515}}
Jul 30 10:43:08.930885 np0000006119 devstack@g-api.service[103039]: DEBUG oslo_concurrency.lockutils [None req-81035c61-af9f-44c0-978e-43410ea9065b admin admin] Acquiring lock "tasks_pool" by "glance.api.common.memoize..memoizer_wrapper..memoizer" {{(pid=103039) inner /opt/stack/data/venv/lib/python3.12/site-packages/oslo_concurrency/lockutils.py:512}}
Jul 30 10:43:08.931038 np0000006119 devstack@g-api.service[103039]: DEBUG oslo_concurrency.lockutils [None req-81035c61-af9f-44c0-978e-43410ea9065b admin admin] Lock "tasks_pool" acquired by "glance.api.common.memoize..memoizer_wrapper..memoizer" :: waited 0.000s {{(pid=103039) inner /opt/stack/data/venv/lib/python3.12/site-packages/oslo_concurrency/lockutils.py:525}}
Jul 30 10:43:08.931409 np0000006119 devstack@g-api.service[103039]: DEBUG glance.api.common [None req-81035c61-af9f-44c0-978e-43410ea9065b admin admin] Initializing named threadpool 'tasks_pool' {{(pid=103039) _get_thread_pool /opt/stack/glance/glance/api/common.py:242}}
Jul 30 10:43:08.931819 np0000006119 devstack@g-api.service[103039]: DEBUG glance.async_ [None req-81035c61-af9f-44c0-978e-43410ea9065b admin admin] Creating threadpool model 'ThreadPoolExecutor' with size 16 {{(pid=103039) __init__ /opt/stack/glance/glance/async_/__init__.py:100}}
Jul 30 10:43:08.931954 np0000006119 devstack@g-api.service[103039]: DEBUG oslo_concurrency.lockutils [None req-81035c61-af9f-44c0-978e-43410ea9065b admin admin] Lock "tasks_pool" "released" by "glance.api.common.memoize..memoizer_wrapper..memoizer" :: held 0.001s {{(pid=103039) inner /opt/stack/data/venv/lib/python3.12/site-packages/oslo_concurrency/lockutils.py:544}}
Jul 30 10:43:08.932072 np0000006119 devstack@g-api.service[103039]: DEBUG glance.async_ [None req-81035c61-af9f-44c0-978e-43410ea9065b admin admin] Spawning with ThreadPoolExecutor: >((,), {}) {{(pid=103039) spawn /opt/stack/glance/glance/async_/__init__.py:106}}
Jul 30 10:43:08.933683 np0000006119 devstack@g-api.service[103039]: [pid: 103039|app: 0|req: 1/5] 127.0.0.1 () {42 vars in 919 bytes} [Thu Jul 30 10:43:08 2026] POST /v2/images/418621a8-f815-483c-a08d-2e392d2e59d1/import => generated 0 bytes in 800 msecs (HTTP/1.1 202) 4 headers in 169 bytes (1 switches on core 0)
Jul 30 10:43:08.935610 np0000006119 devstack@g-api.service[103039]: INFO glance.domain [-] Task [589d4b87-d2ca-4fe6-92d6-64f249097a90] status changing from pending to processing
Jul 30 10:43:08.941641 np0000006119 devstack@g-api.service[103037]: DEBUG glance.api.middleware.version_negotiation [None req-d82245d2-e6dd-4e71-bf89-4bbbc099f431 None None] Determining version of request: GET /v2/images/418621a8-f815-483c-a08d-2e392d2e59d1 Accept: */* {{(pid=103037) process_request /opt/stack/glance/glance/api/middleware/version_negotiation.py:44}}
Jul 30 10:43:08.941975 np0000006119 devstack@g-api.service[103037]: DEBUG glance.api.middleware.version_negotiation [None req-d82245d2-e6dd-4e71-bf89-4bbbc099f431 None None] Using url versioning {{(pid=103037) process_request /opt/stack/glance/glance/api/middleware/version_negotiation.py:57}}
Jul 30 10:43:08.942152 np0000006119 devstack@g-api.service[103037]: DEBUG glance.api.middleware.version_negotiation [None req-d82245d2-e6dd-4e71-bf89-4bbbc099f431 None None] Matched version: v2 {{(pid=103037) process_request /opt/stack/glance/glance/api/middleware/version_negotiation.py:69}}
Jul 30 10:43:08.942344 np0000006119 devstack@g-api.service[103037]: DEBUG glance.api.middleware.version_negotiation [None req-d82245d2-e6dd-4e71-bf89-4bbbc099f431 None None] new path /v2/images/418621a8-f815-483c-a08d-2e392d2e59d1 {{(pid=103037) process_request /opt/stack/glance/glance/api/middleware/version_negotiation.py:70}}
Jul 30 10:43:08.946462 np0000006119 devstack@g-api.service[103039]: DEBUG glance.async_.taskflow_executor [-] Taskflow executor picked up the execution of task ID 589d4b87-d2ca-4fe6-92d6-64f249097a90 of task type api_image_import {{(pid=103039) _run /opt/stack/glance/glance/async_/taskflow_executor.py:175}}
Jul 30 10:43:08.964956 np0000006119 devstack@g-api.service[103039]: DEBUG glance_store.backend [-] Attempting to import store cinder {{(pid=103039) _load_store /opt/stack/data/venv/lib/python3.12/site-packages/glance_store/backend.py:215}}
Jul 30 10:43:08.965042 np0000006119 devstack@g-api.service[103039]: DEBUG glance_store.backend [-] Attempting to import store file {{(pid=103039) _load_store /opt/stack/data/venv/lib/python3.12/site-packages/glance_store/backend.py:215}}
Jul 30 10:43:08.965114 np0000006119 devstack@g-api.service[103039]: DEBUG glance_store.backend [-] Attempting to import store glance.store.cinder.Store {{(pid=103039) _load_store /opt/stack/data/venv/lib/python3.12/site-packages/glance_store/backend.py:215}}
Jul 30 10:43:08.965196 np0000006119 devstack@g-api.service[103039]: DEBUG glance_store.backend [-] Attempting to import store glance.store.filesystem.Store {{(pid=103039) _load_store /opt/stack/data/venv/lib/python3.12/site-packages/glance_store/backend.py:215}}
Jul 30 10:43:08.965272 np0000006119 devstack@g-api.service[103039]: DEBUG glance_store.backend [-] Attempting to import store glance.store.http.Store {{(pid=103039) _load_store /opt/stack/data/venv/lib/python3.12/site-packages/glance_store/backend.py:215}}
Jul 30 10:43:08.965334 np0000006119 devstack@g-api.service[103039]: DEBUG glance_store.backend [-] Attempting to import store glance.store.rbd.Store {{(pid=103039) _load_store /opt/stack/data/venv/lib/python3.12/site-packages/glance_store/backend.py:215}}
Jul 30 10:43:08.965407 np0000006119 devstack@g-api.service[103039]: DEBUG glance_store.backend [-] Attempting to import store glance.store.s3.Store {{(pid=103039) _load_store /opt/stack/data/venv/lib/python3.12/site-packages/glance_store/backend.py:215}}
Jul 30 10:43:08.965471 np0000006119 devstack@g-api.service[103039]: DEBUG glance_store.backend [-] Attempting to import store glance.store.swift.Store {{(pid=103039) _load_store /opt/stack/data/venv/lib/python3.12/site-packages/glance_store/backend.py:215}}
Jul 30 10:43:08.965534 np0000006119 devstack@g-api.service[103039]: DEBUG glance_store.backend [-] Attempting to import store glance.store.vmware_datastore.Store {{(pid=103039) _load_store /opt/stack/data/venv/lib/python3.12/site-packages/glance_store/backend.py:215}}
Jul 30 10:43:08.965602 np0000006119 devstack@g-api.service[103039]: DEBUG glance_store.backend [-] Attempting to import store http {{(pid=103039) _load_store /opt/stack/data/venv/lib/python3.12/site-packages/glance_store/backend.py:215}}
Jul 30 10:43:08.965669 np0000006119 devstack@g-api.service[103039]: DEBUG glance_store.backend [-] Attempting to import store no_conf {{(pid=103039) _load_store /opt/stack/data/venv/lib/python3.12/site-packages/glance_store/backend.py:215}}
Jul 30 10:43:08.965734 np0000006119 devstack@g-api.service[103039]: DEBUG glance_store.backend [-] Attempting to import store rbd {{(pid=103039) _load_store /opt/stack/data/venv/lib/python3.12/site-packages/glance_store/backend.py:215}}
Jul 30 10:43:08.965796 np0000006119 devstack@g-api.service[103039]: DEBUG glance_store.backend [-] Attempting to import store s3 {{(pid=103039) _load_store /opt/stack/data/venv/lib/python3.12/site-packages/glance_store/backend.py:215}}
Jul 30 10:43:08.965869 np0000006119 devstack@g-api.service[103039]: DEBUG glance_store.backend [-] Attempting to import store swift {{(pid=103039) _load_store /opt/stack/data/venv/lib/python3.12/site-packages/glance_store/backend.py:215}}
Jul 30 10:43:08.965935 np0000006119 devstack@g-api.service[103039]: DEBUG glance_store.backend [-] Attempting to import store vmware {{(pid=103039) _load_store /opt/stack/data/venv/lib/python3.12/site-packages/glance_store/backend.py:215}}
Jul 30 10:43:08.965998 np0000006119 devstack@g-api.service[103039]: DEBUG glance_store.backend [-] Registering options for group glance_store {{(pid=103039) register_opts /opt/stack/data/venv/lib/python3.12/site-packages/glance_store/backend.py:144}}
Jul 30 10:43:08.966076 np0000006119 devstack@g-api.service[103039]: DEBUG glance_store.backend [-] Registering options for group glance_store {{(pid=103039) register_opts /opt/stack/data/venv/lib/python3.12/site-packages/glance_store/backend.py:144}}
Jul 30 10:43:08.966318 np0000006119 devstack@g-api.service[103039]: DEBUG glance_store.backend [-] Attempting to import store file {{(pid=103039) _load_store /opt/stack/data/venv/lib/python3.12/site-packages/glance_store/backend.py:215}}
Jul 30 10:43:08.966611 np0000006119 devstack@g-api.service[103039]: DEBUG glance_store.capabilities [-] Store glance_store._drivers.filesystem.Store doesn't support updating dynamic storage capabilities. Please overwrite 'update_capabilities' method of the store to implement updating logics if needed. {{(pid=103039) update_capabilities /opt/stack/data/venv/lib/python3.12/site-packages/glance_store/capabilities.py:91}}
Jul 30 10:43:08.972539 np0000006119 devstack@g-api.service[103039]: DEBUG glance.async_.flows.api_image_import [-] Image 418621a8-f815-483c-a08d-2e392d2e59d1 os_glance_importing_to_stores= {{(pid=103039) merge_store_list /opt/stack/glance/glance/async_/flows/api_image_import.py:297}}
Jul 30 10:43:08.972611 np0000006119 devstack@g-api.service[103039]: DEBUG glance.async_.flows.api_image_import [-] Image 418621a8-f815-483c-a08d-2e392d2e59d1 os_glance_failed_import= {{(pid=103039) merge_store_list /opt/stack/glance/glance/async_/flows/api_image_import.py:297}}
Jul 30 10:43:08.975233 np0000006119 devstack@g-api.service[103037]: [pid: 103037|app: 0|req: 2/6] 127.0.0.1 () {38 vars in 852 bytes} [Thu Jul 30 10:43:08 2026] GET /v2/images/418621a8-f815-483c-a08d-2e392d2e59d1 => generated 879 bytes in 34 msecs (HTTP/1.1 200) 4 headers in 157 bytes (1 switches on core 0)
Jul 30 10:43:08.976545 np0000006119 devstack@g-api.service[103039]: DEBUG glance.async_.flows.api_image_import [-] Image 418621a8-f815-483c-a08d-2e392d2e59d1 status changing from uploading to importing {{(pid=103039) __exit__ /opt/stack/glance/glance/async_/flows/api_image_import.py:184}}
Jul 30 10:43:09.468442 np0000006119 devstack@g-api.service[103039]: DEBUG glance.async_ [-] Creating threadpool model 'ThreadPoolExecutor' with size 10 {{(pid=103039) __init__ /opt/stack/glance/glance/async_/__init__.py:100}}
Jul 30 10:43:09.481471 np0000006119 devstack@g-api.service[103039]: DEBUG glance.async_.taskflow_executor [-] Flow 'api_image_import' (0b439259-0d8d-4e02-be0a-1f393a60a459) transitioned into state 'RUNNING' from state 'PENDING' {{(pid=103039) _flow_receiver /opt/stack/data/venv/lib/python3.12/site-packages/taskflow/listeners/logging.py:160}}
Jul 30 10:43:09.483240 np0000006119 devstack@g-api.service[103039]: DEBUG glance.async_.taskflow_executor [-] Task 'api_image_import-ImageLock-589d4b87-d2ca-4fe6-92d6-64f249097a90' (8465de94-de3a-40ba-ba07-4e90967e05f3) transitioned into state 'RUNNING' from state 'PENDING' {{(pid=103039) _task_receiver /opt/stack/data/venv/lib/python3.12/site-packages/taskflow/listeners/logging.py:242}}
Jul 30 10:43:09.490127 np0000006119 devstack@g-api.service[103039]: DEBUG glance.async_.flows.api_image_import [-] Image 418621a8-f815-483c-a08d-2e392d2e59d1 import task 589d4b87-d2ca-4fe6-92d6-64f249097a90 lock confirmed {{(pid=103039) execute /opt/stack/glance/glance/async_/flows/api_image_import.py:497}}
Jul 30 10:43:09.490803 np0000006119 devstack@g-api.service[103039]: DEBUG glance.async_.taskflow_executor [-] Task 'api_image_import-ImageLock-589d4b87-d2ca-4fe6-92d6-64f249097a90' (8465de94-de3a-40ba-ba07-4e90967e05f3) transitioned into state 'SUCCESS' from state 'RUNNING' with result 'None' {{(pid=103039) _task_receiver /opt/stack/data/venv/lib/python3.12/site-packages/taskflow/listeners/logging.py:218}}
Jul 30 10:43:09.491535 np0000006119 devstack@g-api.service[103039]: DEBUG glance.async_.taskflow_executor [-] Task 'api_image_import-ConfigureStaging-589d4b87-d2ca-4fe6-92d6-64f249097a90' (29ce9f38-5ba2-4666-a65a-65a5f17f95e7) transitioned into state 'RUNNING' from state 'PENDING' {{(pid=103039) _task_receiver /opt/stack/data/venv/lib/python3.12/site-packages/taskflow/listeners/logging.py:242}}
Jul 30 10:43:09.492267 np0000006119 devstack@g-api.service[103039]: DEBUG glance.async_.taskflow_executor [-] Task 'api_image_import-ConfigureStaging-589d4b87-d2ca-4fe6-92d6-64f249097a90' (29ce9f38-5ba2-4666-a65a-65a5f17f95e7) transitioned into state 'SUCCESS' from state 'RUNNING' with result 'file:///tmp/staging/418621a8-f815-483c-a08d-2e392d2e59d1' {{(pid=103039) _task_receiver /opt/stack/data/venv/lib/python3.12/site-packages/taskflow/listeners/logging.py:218}}
Jul 30 10:43:09.492838 np0000006119 devstack@g-api.service[103039]: DEBUG glance.async_.taskflow_executor [-] Task 'api_image_import--ImportToStore-589d4b87-d2ca-4fe6-92d6-64f249097a90' (df6970c0-aba6-46fa-a3e9-61f0b853c85c) transitioned into state 'RUNNING' from state 'PENDING' {{(pid=103039) _task_receiver /opt/stack/data/venv/lib/python3.12/site-packages/taskflow/listeners/logging.py:242}}
Jul 30 10:43:09.497795 np0000006119 devstack@g-api.service[103039]: INFO glance.common.scripts.image_import.main [-] Task 589d4b87-d2ca-4fe6-92d6-64f249097a90: Got image data uri file:///tmp/staging/418621a8-f815-483c-a08d-2e392d2e59d1 to be imported
Jul 30 10:43:09.499152 np0000006119 devstack@g-api.service[103039]: DEBUG glance.location [-] Enabling in-flight format inspection for qcow2 {{(pid=103039) set_data /opt/stack/glance/glance/location.py:596}}
Jul 30 10:43:09.499507 np0000006119 devstack@g-api.service[103039]: DEBUG glance_store.backend [-] Attempting to import store swift {{(pid=103039) _load_store /opt/stack/data/venv/lib/python3.12/site-packages/glance_store/backend.py:215}}
Jul 30 10:43:09.500771 np0000006119 devstack@g-api.service[103039]: DEBUG glance_store.capabilities [-] Store glance_store._drivers.swift.store.SingleTenantStore doesn't support updating dynamic storage capabilities. Please overwrite 'update_capabilities' method of the store to implement updating logics if needed. {{(pid=103039) update_capabilities /opt/stack/data/venv/lib/python3.12/site-packages/glance_store/capabilities.py:91}}
Jul 30 10:43:09.500876 np0000006119 devstack@g-api.service[103039]: DEBUG glance_store.driver [-] Late loading location class glance_store._drivers.swift.store.StoreLocation {{(pid=103039) get_store_location_class /opt/stack/data/venv/lib/python3.12/site-packages/glance_store/driver.py:134}}
Jul 30 10:43:09.500931 np0000006119 devstack@g-api.service[103039]: DEBUG glance_store.location [-] Registering scheme swift+https with {'store': , 'location_class': , 'store_entry': 'swift'} {{(pid=103039) register_scheme_map /opt/stack/data/venv/lib/python3.12/site-packages/glance_store/location.py:146}}
Jul 30 10:43:09.501005 np0000006119 devstack@g-api.service[103039]: DEBUG glance_store.location [-] Registering scheme swift+https with {'store': , 'location_class': , 'store_entry': 'swift'} {{(pid=103039) register_scheme_map /opt/stack/data/venv/lib/python3.12/site-packages/glance_store/location.py:146}}
Jul 30 10:43:09.501056 np0000006119 devstack@g-api.service[103039]: DEBUG glance_store.location [-] Registering scheme swift with {'store': , 'location_class': , 'store_entry': 'swift'} {{(pid=103039) register_scheme_map /opt/stack/data/venv/lib/python3.12/site-packages/glance_store/location.py:146}}
Jul 30 10:43:09.501100 np0000006119 devstack@g-api.service[103039]: DEBUG glance_store.location [-] Registering scheme swift+https with {'store': , 'location_class': , 'store_entry': 'swift'} {{(pid=103039) register_scheme_map /opt/stack/data/venv/lib/python3.12/site-packages/glance_store/location.py:146}}
Jul 30 10:43:09.501142 np0000006119 devstack@g-api.service[103039]: DEBUG glance_store.location [-] Registering scheme swift with {'store': , 'location_class': , 'store_entry': 'swift'} {{(pid=103039) register_scheme_map /opt/stack/data/venv/lib/python3.12/site-packages/glance_store/location.py:146}}
Jul 30 10:43:09.501184 np0000006119 devstack@g-api.service[103039]: DEBUG glance_store.location [-] Registering scheme swift+http with {'store': , 'location_class': , 'store_entry': 'swift'} {{(pid=103039) register_scheme_map /opt/stack/data/venv/lib/python3.12/site-packages/glance_store/location.py:146}}
Jul 30 10:43:09.501239 np0000006119 devstack@g-api.service[103039]: DEBUG glance_store.location [-] Registering scheme swift+https with {'store': , 'location_class': , 'store_entry': 'swift'} {{(pid=103039) register_scheme_map /opt/stack/data/venv/lib/python3.12/site-packages/glance_store/location.py:146}}
Jul 30 10:43:09.501283 np0000006119 devstack@g-api.service[103039]: DEBUG glance_store.location [-] Registering scheme swift with {'store': , 'location_class': , 'store_entry': 'swift'} {{(pid=103039) register_scheme_map /opt/stack/data/venv/lib/python3.12/site-packages/glance_store/location.py:146}}
Jul 30 10:43:09.501322 np0000006119 devstack@g-api.service[103039]: DEBUG glance_store.location [-] Registering scheme swift+http with {'store': , 'location_class': , 'store_entry': 'swift'} {{(pid=103039) register_scheme_map /opt/stack/data/venv/lib/python3.12/site-packages/glance_store/location.py:146}}
Jul 30 10:43:09.501364 np0000006119 devstack@g-api.service[103039]: DEBUG glance_store.location [-] Registering scheme swift+config with {'store': , 'location_class': , 'store_entry': 'swift'} {{(pid=103039) register_scheme_map /opt/stack/data/venv/lib/python3.12/site-packages/glance_store/location.py:146}}
Jul 30 10:43:09.916793 np0000006119 devstack@g-api.service[103039]: INFO swiftclient [-] REQ: curl -i https://10.4.3.74:8080/v1/AUTH_4e10d74138fa49d7b10da7d6f724508d/glance -I -H "X-Auth-Token: gAAAAABqayq9fAn0..."
Jul 30 10:43:09.917044 np0000006119 devstack@g-api.service[103039]: INFO swiftclient [-] RESP STATUS: 404 Not Found
Jul 30 10:43:09.917044 np0000006119 devstack@g-api.service[103039]: INFO swiftclient [-] RESP HEADERS: {'Date': 'Thu, 30 Jul 2026 10:43:09 GMT', 'Server': 'Apache/2.4.58 (Ubuntu)', 'Content-Type': 'text/html; charset=UTF-8', 'X-Trans-Id': 'tx3bc5ef7bfe444c77ab194-006a6b2abd', 'X-Openstack-Request-Id': 'tx3bc5ef7bfe444c77ab194-006a6b2abd', 'Connection': 'close'}
Jul 30 10:43:09.917269 np0000006119 devstack@g-api.service[103039]: INFO glance_store._drivers.swift.store [-] Creating swift container glance
Jul 30 10:43:09.972568 np0000006119 devstack@g-api.service[103039]: DEBUG swiftclient [-] REQ: curl -i https://10.4.3.74:8080/v1/AUTH_4e10d74138fa49d7b10da7d6f724508d/glance -X PUT -H "X-Auth-Token: gAAAAABqayq9fAn0..." -H "Content-Length: 0" {{(pid=103039) http_log /opt/stack/data/venv/lib/python3.12/site-packages/swiftclient/client.py:160}}
Jul 30 10:43:09.972674 np0000006119 devstack@g-api.service[103039]: DEBUG swiftclient [-] RESP STATUS: 201 Created {{(pid=103039) http_log /opt/stack/data/venv/lib/python3.12/site-packages/swiftclient/client.py:161}}
Jul 30 10:43:09.972767 np0000006119 devstack@g-api.service[103039]: DEBUG swiftclient [-] RESP HEADERS: {'Date': 'Thu, 30 Jul 2026 10:43:09 GMT', 'Server': 'Apache/2.4.58 (Ubuntu)', 'Content-Type': 'text/html; charset=UTF-8', 'Content-Length': '0', 'X-Trans-Id': 'tx912360ce5ee34a9f89c37-006a6b2abd', 'X-Openstack-Request-Id': 'tx912360ce5ee34a9f89c37-006a6b2abd', 'Connection': 'close'} {{(pid=103039) http_log /opt/stack/data/venv/lib/python3.12/site-packages/swiftclient/client.py:162}}
Jul 30 10:43:09.972900 np0000006119 devstack@g-api.service[103039]: DEBUG glance_store._drivers.swift.store [-] Adding image object '418621a8-f815-483c-a08d-2e392d2e59d1' to Swift {{(pid=103039) add /opt/stack/data/venv/lib/python3.12/site-packages/glance_store/_drivers/swift/store.py:970}}
Jul 30 10:43:09.978553 np0000006119 devstack@g-api.service[103039]: DEBUG oslo_utils.imageutils.format_inspector [-] Format inspector for vmdk does not match, excluding from consideration (Signature KDMV not found: b'QFI\xfb') {{(pid=103039) _process_chunk /opt/stack/data/venv/lib/python3.12/site-packages/oslo_utils/imageutils/format_inspector.py:1758}}
Jul 30 10:43:09.982590 np0000006119 devstack@g-api.service[103039]: DEBUG oslo_utils.imageutils.format_inspector [-] Format inspector for vhdx does not match, excluding from consideration (Region signature not found at 30000) {{(pid=103039) _process_chunk /opt/stack/data/venv/lib/python3.12/site-packages/oslo_utils/imageutils/format_inspector.py:1758}}
Jul 30 10:43:10.283597 np0000006119 devstack@g-api.service[103039]: DEBUG swiftclient [-] REQ: curl -i https://10.4.3.74:8080/v1/AUTH_4e10d74138fa49d7b10da7d6f724508d/glance/418621a8-f815-483c-a08d-2e392d2e59d1 -X PUT -H "X-Auth-Token: gAAAAABqayq9fAn0..." -H "Content-Length: 21430272" {{(pid=103039) http_log /opt/stack/data/venv/lib/python3.12/site-packages/swiftclient/client.py:160}}
Jul 30 10:43:10.283690 np0000006119 devstack@g-api.service[103039]: DEBUG swiftclient [-] RESP STATUS: 201 Created {{(pid=103039) http_log /opt/stack/data/venv/lib/python3.12/site-packages/swiftclient/client.py:161}}
Jul 30 10:43:10.283802 np0000006119 devstack@g-api.service[103039]: DEBUG swiftclient [-] RESP HEADERS: {'Date': 'Thu, 30 Jul 2026 10:43:10 GMT', 'Server': 'Apache/2.4.58 (Ubuntu)', 'Content-Type': 'text/html; charset=UTF-8', 'Content-Length': '0', 'Etag': 'c8fc807773e5354afe61636071771906', 'Last-Modified': 'Thu, 30 Jul 2026 10:43:10 GMT', 'X-Trans-Id': 'txc567e8539be6466f867c6-006a6b2abd', 'X-Openstack-Request-Id': 'txc567e8539be6466f867c6-006a6b2abd', 'Connection': 'close'} {{(pid=103039) http_log /opt/stack/data/venv/lib/python3.12/site-packages/swiftclient/client.py:162}}
Jul 30 10:43:10.298723 np0000006119 devstack@g-api.service[103039]: INFO glance.location [-] Image format matched and virtual size computed: 117440512
Jul 30 10:43:10.307032 np0000006119 devstack@g-api.service[103039]: DEBUG glance.async_.flows.api_image_import [-] Image 418621a8-f815-483c-a08d-2e392d2e59d1 status changing from importing to active {{(pid=103039) __exit__ /opt/stack/glance/glance/async_/flows/api_image_import.py:184}}
Jul 30 10:43:10.327929 np0000006119 devstack@g-api.service[103039]: DEBUG glance_store.backend [-] Attempting to import store swift {{(pid=103039) _load_store /opt/stack/data/venv/lib/python3.12/site-packages/glance_store/backend.py:215}}
Jul 30 10:43:10.329137 np0000006119 devstack@g-api.service[103039]: DEBUG glance_store.capabilities [-] Store glance_store._drivers.swift.store.SingleTenantStore doesn't support updating dynamic storage capabilities. Please overwrite 'update_capabilities' method of the store to implement updating logics if needed. {{(pid=103039) update_capabilities /opt/stack/data/venv/lib/python3.12/site-packages/glance_store/capabilities.py:91}}
Jul 30 10:43:10.329214 np0000006119 devstack@g-api.service[103039]: DEBUG glance_store.driver [-] Late loading location class glance_store._drivers.swift.store.StoreLocation {{(pid=103039) get_store_location_class /opt/stack/data/venv/lib/python3.12/site-packages/glance_store/driver.py:134}}
Jul 30 10:43:10.329292 np0000006119 devstack@g-api.service[103039]: DEBUG glance_store.location [-] Registering scheme swift+https with {'store': , 'location_class': , 'store_entry': 'swift'} {{(pid=103039) register_scheme_map /opt/stack/data/venv/lib/python3.12/site-packages/glance_store/location.py:146}}
Jul 30 10:43:10.329348 np0000006119 devstack@g-api.service[103039]: DEBUG glance_store.location [-] Registering scheme swift+https with {'store': , 'location_class': , 'store_entry': 'swift'} {{(pid=103039) register_scheme_map /opt/stack/data/venv/lib/python3.12/site-packages/glance_store/location.py:146}}
Jul 30 10:43:10.329388 np0000006119 devstack@g-api.service[103039]: DEBUG glance_store.location [-] Registering scheme swift with {'store': , 'location_class': , 'store_entry': 'swift'} {{(pid=103039) register_scheme_map /opt/stack/data/venv/lib/python3.12/site-packages/glance_store/location.py:146}}
Jul 30 10:43:10.329429 np0000006119 devstack@g-api.service[103039]: DEBUG glance_store.location [-] Registering scheme swift+https with {'store': , 'location_class': , 'store_entry': 'swift'} {{(pid=103039) register_scheme_map /opt/stack/data/venv/lib/python3.12/site-packages/glance_store/location.py:146}}
Jul 30 10:43:10.329490 np0000006119 devstack@g-api.service[103039]: DEBUG glance_store.location [-] Registering scheme swift with {'store': , 'location_class': , 'store_entry': 'swift'} {{(pid=103039) register_scheme_map /opt/stack/data/venv/lib/python3.12/site-packages/glance_store/location.py:146}}
Jul 30 10:43:10.329531 np0000006119 devstack@g-api.service[103039]: DEBUG glance_store.location [-] Registering scheme swift+http with {'store': , 'location_class': , 'store_entry': 'swift'} {{(pid=103039) register_scheme_map /opt/stack/data/venv/lib/python3.12/site-packages/glance_store/location.py:146}}
