Jul 30 10:42:41.242351 np0000006119 nova-scheduler[96704]: DEBUG cotyledon.oslo_config_glue [-] workarounds.handle_virt_lifecycle_events = True {{(pid=96704) log_opt_values /opt/stack/data/venv/lib/python3.12/site-packages/oslo_config/cfg.py:3253}}
Jul 30 10:42:41.242351 np0000006119 nova-scheduler[96704]: DEBUG cotyledon.oslo_config_glue [-] workarounds.libvirt_disable_apic = False {{(pid=96704) log_opt_values /opt/stack/data/venv/lib/python3.12/site-packages/oslo_config/cfg.py:3253}}
Jul 30 10:42:41.242555 np0000006119 nova-scheduler[96704]: DEBUG cotyledon.oslo_config_glue [-] workarounds.never_download_image_if_on_rbd = False {{(pid=96704) log_opt_values /opt/stack/data/venv/lib/python3.12/site-packages/oslo_config/cfg.py:3253}}
Jul 30 10:42:41.242555 np0000006119 nova-scheduler[96704]: DEBUG cotyledon.oslo_config_glue [-] workarounds.qemu_monitor_announce_self_count = 3 {{(pid=96704) log_opt_values /opt/stack/data/venv/lib/python3.12/site-packages/oslo_config/cfg.py:3253}}
Jul 30 10:42:41.242555 np0000006119 nova-scheduler[96704]: DEBUG cotyledon.oslo_config_glue [-] workarounds.qemu_monitor_announce_self_interval = 1 {{(pid=96704) log_opt_values /opt/stack/data/venv/lib/python3.12/site-packages/oslo_config/cfg.py:3253}}
Jul 30 10:42:41.242555 np0000006119 nova-scheduler[96704]: DEBUG cotyledon.oslo_config_glue [-] workarounds.reserve_disk_resource_for_image_cache = False {{(pid=96704) log_opt_values /opt/stack/data/venv/lib/python3.12/site-packages/oslo_config/cfg.py:3253}}
Jul 30 10:42:41.242555 np0000006119 nova-scheduler[96704]: DEBUG cotyledon.oslo_config_glue [-] workarounds.skip_cpu_compare_at_startup = False {{(pid=96704) log_opt_values /opt/stack/data/venv/lib/python3.12/site-packages/oslo_config/cfg.py:3253}}
Jul 30 10:42:41.242555 np0000006119 nova-scheduler[96704]: DEBUG cotyledon.oslo_config_glue [-] workarounds.skip_cpu_compare_on_dest = False {{(pid=96704) log_opt_values /opt/stack/data/venv/lib/python3.12/site-packages/oslo_config/cfg.py:3253}}
Jul 30 10:42:41.242555 np0000006119 nova-scheduler[96704]: DEBUG cotyledon.oslo_config_glue [-] workarounds.skip_hypervisor_version_check_on_lm = False {{(pid=96704) log_opt_values /opt/stack/data/venv/lib/python3.12/site-packages/oslo_config/cfg.py:3253}}
Jul 30 10:42:41.242555 np0000006119 nova-scheduler[96704]: DEBUG cotyledon.oslo_config_glue [-] workarounds.skip_reserve_in_use_ironic_nodes = False {{(pid=96704) log_opt_values /opt/stack/data/venv/lib/python3.12/site-packages/oslo_config/cfg.py:3253}}
Jul 30 10:42:41.242555 np0000006119 nova-scheduler[96704]: DEBUG cotyledon.oslo_config_glue [-] workarounds.unified_limits_count_pcpu_as_vcpu = False {{(pid=96704) log_opt_values /opt/stack/data/venv/lib/python3.12/site-packages/oslo_config/cfg.py:3253}}
Jul 30 10:42:41.242726 np0000006119 nova-scheduler[96704]: DEBUG cotyledon.oslo_config_glue [-] workarounds.wait_for_vif_plugged_event_during_hard_reboot = [] {{(pid=96704) log_opt_values /opt/stack/data/venv/lib/python3.12/site-packages/oslo_config/cfg.py:3253}}
Jul 30 10:42:41.242726 np0000006119 nova-scheduler[96704]: DEBUG cotyledon.oslo_config_glue [-] wsgi.api_paste_config = /etc/nova/api-paste.ini {{(pid=96704) log_opt_values /opt/stack/data/venv/lib/python3.12/site-packages/oslo_config/cfg.py:3253}}
Jul 30 10:42:41.242726 np0000006119 nova-scheduler[96704]: DEBUG cotyledon.oslo_config_glue [-] wsgi.secure_proxy_ssl_header = None {{(pid=96704) log_opt_values /opt/stack/data/venv/lib/python3.12/site-packages/oslo_config/cfg.py:3253}}
Jul 30 10:42:41.242726 np0000006119 nova-scheduler[96704]: DEBUG cotyledon.oslo_config_glue [-] zvm.ca_file = None {{(pid=96704) log_opt_values /opt/stack/data/venv/lib/python3.12/site-packages/oslo_config/cfg.py:3253}}
Jul 30 10:42:41.242726 np0000006119 nova-scheduler[96704]: DEBUG cotyledon.oslo_config_glue [-] zvm.cloud_connector_url = None {{(pid=96704) log_opt_values /opt/stack/data/venv/lib/python3.12/site-packages/oslo_config/cfg.py:3253}}
Jul 30 10:42:41.242726 np0000006119 nova-scheduler[96704]: DEBUG cotyledon.oslo_config_glue [-] zvm.image_tmp_path = /opt/stack/data/nova/images {{(pid=96704) log_opt_values /opt/stack/data/venv/lib/python3.12/site-packages/oslo_config/cfg.py:3253}}
Jul 30 10:42:41.242726 np0000006119 nova-scheduler[96704]: DEBUG cotyledon.oslo_config_glue [-] zvm.reachable_timeout = 300 {{(pid=96704) log_opt_values /opt/stack/data/venv/lib/python3.12/site-packages/oslo_config/cfg.py:3253}}
Jul 30 10:42:41.242726 np0000006119 nova-scheduler[96704]: DEBUG cotyledon.oslo_config_glue [-] oslo_versionedobjects.fatal_exception_format_errors = False {{(pid=96704) log_opt_values /opt/stack/data/venv/lib/python3.12/site-packages/oslo_config/cfg.py:3253}}
Jul 30 10:42:41.242726 np0000006119 nova-scheduler[96704]: DEBUG cotyledon.oslo_config_glue [-] oslo_middleware.http_basic_auth_user_file = /etc/htpasswd {{(pid=96704) log_opt_values /opt/stack/data/venv/lib/python3.12/site-packages/oslo_config/cfg.py:3253}}
Jul 30 10:42:41.242951 np0000006119 nova-scheduler[96704]: DEBUG cotyledon.oslo_config_glue [-] oslo_messaging_metrics.metrics_buffer_size = 1000 {{(pid=96704) log_opt_values /opt/stack/data/venv/lib/python3.12/site-packages/oslo_config/cfg.py:3253}}
Jul 30 10:42:41.242951 np0000006119 nova-scheduler[96704]: DEBUG cotyledon.oslo_config_glue [-] oslo_messaging_metrics.metrics_enabled = False {{(pid=96704) log_opt_values /opt/stack/data/venv/lib/python3.12/site-packages/oslo_config/cfg.py:3253}}
Jul 30 10:42:41.242951 np0000006119 nova-scheduler[96704]: DEBUG cotyledon.oslo_config_glue [-] oslo_messaging_metrics.metrics_process_name = {{(pid=96704) log_opt_values /opt/stack/data/venv/lib/python3.12/site-packages/oslo_config/cfg.py:3253}}
Jul 30 10:42:41.242951 np0000006119 nova-scheduler[96704]: DEBUG cotyledon.oslo_config_glue [-] oslo_messaging_metrics.metrics_socket_file = /var/tmp/metrics_collector.sock {{(pid=96704) log_opt_values /opt/stack/data/venv/lib/python3.12/site-packages/oslo_config/cfg.py:3253}}
Jul 30 10:42:41.242951 np0000006119 nova-scheduler[96704]: DEBUG cotyledon.oslo_config_glue [-] oslo_messaging_metrics.metrics_thread_stop_timeout = 10 {{(pid=96704) log_opt_values /opt/stack/data/venv/lib/python3.12/site-packages/oslo_config/cfg.py:3253}}
Jul 30 10:42:41.242951 np0000006119 nova-scheduler[96704]: DEBUG cotyledon.oslo_config_glue [-] profiler.connection_string = messaging:// {{(pid=96704) log_opt_values /opt/stack/data/venv/lib/python3.12/site-packages/oslo_config/cfg.py:3253}}
Jul 30 10:42:41.242951 np0000006119 nova-scheduler[96704]: DEBUG cotyledon.oslo_config_glue [-] profiler.enabled = False {{(pid=96704) log_opt_values /opt/stack/data/venv/lib/python3.12/site-packages/oslo_config/cfg.py:3253}}
Jul 30 10:42:41.242951 np0000006119 nova-scheduler[96704]: DEBUG cotyledon.oslo_config_glue [-] profiler.es_doc_type = notification {{(pid=96704) log_opt_values /opt/stack/data/venv/lib/python3.12/site-packages/oslo_config/cfg.py:3253}}
Jul 30 10:42:41.242951 np0000006119 nova-scheduler[96704]: DEBUG cotyledon.oslo_config_glue [-] profiler.es_scroll_size = 10000 {{(pid=96704) log_opt_values /opt/stack/data/venv/lib/python3.12/site-packages/oslo_config/cfg.py:3253}}
Jul 30 10:42:41.243143 np0000006119 nova-scheduler[96704]: DEBUG cotyledon.oslo_config_glue [-] profiler.es_scroll_time = 2m {{(pid=96704) log_opt_values /opt/stack/data/venv/lib/python3.12/site-packages/oslo_config/cfg.py:3253}}
Jul 30 10:42:41.243143 np0000006119 nova-scheduler[96704]: DEBUG cotyledon.oslo_config_glue [-] profiler.filter_error_trace = False {{(pid=96704) log_opt_values /opt/stack/data/venv/lib/python3.12/site-packages/oslo_config/cfg.py:3253}}
Jul 30 10:42:41.243143 np0000006119 nova-scheduler[96704]: DEBUG cotyledon.oslo_config_glue [-] profiler.hmac_keys = **** {{(pid=96704) log_opt_values /opt/stack/data/venv/lib/python3.12/site-packages/oslo_config/cfg.py:3253}}
Jul 30 10:42:41.243143 np0000006119 nova-scheduler[96704]: DEBUG cotyledon.oslo_config_glue [-] profiler.sentinel_service_name = mymaster {{(pid=96704) log_opt_values /opt/stack/data/venv/lib/python3.12/site-packages/oslo_config/cfg.py:3253}}
Jul 30 10:42:41.243143 np0000006119 nova-scheduler[96704]: DEBUG cotyledon.oslo_config_glue [-] profiler.socket_timeout = 0.1 {{(pid=96704) log_opt_values /opt/stack/data/venv/lib/python3.12/site-packages/oslo_config/cfg.py:3253}}
Jul 30 10:42:41.243143 np0000006119 nova-scheduler[96704]: DEBUG cotyledon.oslo_config_glue [-] profiler.trace_requests = False {{(pid=96704) log_opt_values /opt/stack/data/venv/lib/python3.12/site-packages/oslo_config/cfg.py:3253}}
Jul 30 10:42:41.243143 np0000006119 nova-scheduler[96704]: DEBUG cotyledon.oslo_config_glue [-] profiler.trace_sqlalchemy = False {{(pid=96704) log_opt_values /opt/stack/data/venv/lib/python3.12/site-packages/oslo_config/cfg.py:3253}}
Jul 30 10:42:41.243143 np0000006119 nova-scheduler[96704]: DEBUG cotyledon.oslo_config_glue [-] profiler_jaeger.process_tags = {} {{(pid=96704) log_opt_values /opt/stack/data/venv/lib/python3.12/site-packages/oslo_config/cfg.py:3253}}
Jul 30 10:42:41.243143 np0000006119 nova-scheduler[96704]: DEBUG cotyledon.oslo_config_glue [-] profiler_jaeger.service_name_prefix = None {{(pid=96704) log_opt_values /opt/stack/data/venv/lib/python3.12/site-packages/oslo_config/cfg.py:3253}}
Jul 30 10:42:41.243319 np0000006119 nova-scheduler[96704]: DEBUG cotyledon.oslo_config_glue [-] profiler_otlp.service_name_prefix = None {{(pid=96704) log_opt_values /opt/stack/data/venv/lib/python3.12/site-packages/oslo_config/cfg.py:3253}}
Jul 30 10:42:41.243319 np0000006119 nova-scheduler[96704]: DEBUG cotyledon.oslo_config_glue [-] oslo_messaging_rabbit.amqp_auto_delete = False {{(pid=96704) log_opt_values /opt/stack/data/venv/lib/python3.12/site-packages/oslo_config/cfg.py:3253}}
Jul 30 10:42:41.243319 np0000006119 nova-scheduler[96704]: DEBUG cotyledon.oslo_config_glue [-] oslo_messaging_rabbit.amqp_durable_queues = False {{(pid=96704) log_opt_values /opt/stack/data/venv/lib/python3.12/site-packages/oslo_config/cfg.py:3253}}
Jul 30 10:42:41.243319 np0000006119 nova-scheduler[96704]: DEBUG cotyledon.oslo_config_glue [-] oslo_messaging_rabbit.conn_pool_min_size = 2 {{(pid=96704) log_opt_values /opt/stack/data/venv/lib/python3.12/site-packages/oslo_config/cfg.py:3253}}
Jul 30 10:42:41.243319 np0000006119 nova-scheduler[96704]: DEBUG cotyledon.oslo_config_glue [-] oslo_messaging_rabbit.conn_pool_ttl = 1200 {{(pid=96704) log_opt_values /opt/stack/data/venv/lib/python3.12/site-packages/oslo_config/cfg.py:3253}}
Jul 30 10:42:41.243319 np0000006119 nova-scheduler[96704]: DEBUG cotyledon.oslo_config_glue [-] oslo_messaging_rabbit.direct_mandatory_flag = True {{(pid=96704) log_opt_values /opt/stack/data/venv/lib/python3.12/site-packages/oslo_config/cfg.py:3253}}
Jul 30 10:42:41.243319 np0000006119 nova-scheduler[96704]: DEBUG cotyledon.oslo_config_glue [-] oslo_messaging_rabbit.enable_cancel_on_failover = False {{(pid=96704) log_opt_values /opt/stack/data/venv/lib/python3.12/site-packages/oslo_config/cfg.py:3253}}
Jul 30 10:42:41.243319 np0000006119 nova-scheduler[96704]: DEBUG cotyledon.oslo_config_glue [-] oslo_messaging_rabbit.heartbeat_rate = 3 {{(pid=96704) log_opt_values /opt/stack/data/venv/lib/python3.12/site-packages/oslo_config/cfg.py:3253}}
Jul 30 10:42:41.243319 np0000006119 nova-scheduler[96704]: DEBUG cotyledon.oslo_config_glue [-] oslo_messaging_rabbit.heartbeat_timeout_threshold = 60 {{(pid=96704) log_opt_values /opt/stack/data/venv/lib/python3.12/site-packages/oslo_config/cfg.py:3253}}
Jul 30 10:42:41.243488 np0000006119 nova-scheduler[96704]: DEBUG cotyledon.oslo_config_glue [-] oslo_messaging_rabbit.hostname = np0000006119 {{(pid=96704) log_opt_values /opt/stack/data/venv/lib/python3.12/site-packages/oslo_config/cfg.py:3253}}
Jul 30 10:42:41.243488 np0000006119 nova-scheduler[96704]: DEBUG cotyledon.oslo_config_glue [-] oslo_messaging_rabbit.kombu_compression = None {{(pid=96704) log_opt_values /opt/stack/data/venv/lib/python3.12/site-packages/oslo_config/cfg.py:3253}}
Jul 30 10:42:41.243488 np0000006119 nova-scheduler[96704]: DEBUG cotyledon.oslo_config_glue [-] oslo_messaging_rabbit.kombu_failover_strategy = round-robin {{(pid=96704) log_opt_values /opt/stack/data/venv/lib/python3.12/site-packages/oslo_config/cfg.py:3253}}
Jul 30 10:42:41.243488 np0000006119 nova-scheduler[96704]: DEBUG cotyledon.oslo_config_glue [-] oslo_messaging_rabbit.kombu_missing_consumer_retry_timeout = 60 {{(pid=96704) log_opt_values /opt/stack/data/venv/lib/python3.12/site-packages/oslo_config/cfg.py:3253}}
Jul 30 10:42:41.243488 np0000006119 nova-scheduler[96704]: DEBUG cotyledon.oslo_config_glue [-] oslo_messaging_rabbit.kombu_reconnect_delay = 1.0 {{(pid=96704) log_opt_values /opt/stack/data/venv/lib/python3.12/site-packages/oslo_config/cfg.py:3253}}
Jul 30 10:42:41.243488 np0000006119 nova-scheduler[96704]: DEBUG cotyledon.oslo_config_glue [-] oslo_messaging_rabbit.kombu_reconnect_splay = 0.0 {{(pid=96704) log_opt_values /opt/stack/data/venv/lib/python3.12/site-packages/oslo_config/cfg.py:3253}}
Jul 30 10:42:41.243488 np0000006119 nova-scheduler[96704]: DEBUG cotyledon.oslo_config_glue [-] oslo_messaging_rabbit.processname = nova-scheduler {{(pid=96704) log_opt_values /opt/stack/data/venv/lib/python3.12/site-packages/oslo_config/cfg.py:3253}}
Jul 30 10:42:41.243488 np0000006119 nova-scheduler[96704]: DEBUG cotyledon.oslo_config_glue [-] oslo_messaging_rabbit.rabbit_ha_queues = False {{(pid=96704) log_opt_values /opt/stack/data/venv/lib/python3.12/site-packages/oslo_config/cfg.py:3253}}
Jul 30 10:42:41.243488 np0000006119 nova-scheduler[96704]: DEBUG cotyledon.oslo_config_glue [-] oslo_messaging_rabbit.rabbit_interval_max = 30 {{(pid=96704) log_opt_values /opt/stack/data/venv/lib/python3.12/site-packages/oslo_config/cfg.py:3253}}
Jul 30 10:42:41.243694 np0000006119 nova-scheduler[96654]: DEBUG oslo_db.sqlalchemy.engines [None req-b5953b41-a7b6-41c4-82f1-d77b5b7ab3df None None] MySQL server mode set to STRICT_TRANS_TABLES,STRICT_ALL_TABLES,NO_ZERO_IN_DATE,NO_ZERO_DATE,ERROR_FOR_DIVISION_BY_ZERO,TRADITIONAL,NO_ENGINE_SUBSTITUTION {{(pid=96654) _check_effective_sql_mode /opt/stack/data/venv/lib/python3.12/site-packages/oslo_db/sqlalchemy/engines.py:325}}
Jul 30 10:42:41.243723 np0000006119 nova-scheduler[96704]: DEBUG cotyledon.oslo_config_glue [-] oslo_messaging_rabbit.rabbit_login_method = AMQPLAIN {{(pid=96704) log_opt_values /opt/stack/data/venv/lib/python3.12/site-packages/oslo_config/cfg.py:3253}}
Jul 30 10:42:41.243723 np0000006119 nova-scheduler[96704]: DEBUG cotyledon.oslo_config_glue [-] oslo_messaging_rabbit.rabbit_qos_prefetch_count = 0 {{(pid=96704) log_opt_values /opt/stack/data/venv/lib/python3.12/site-packages/oslo_config/cfg.py:3253}}
Jul 30 10:42:41.243723 np0000006119 nova-scheduler[96704]: DEBUG cotyledon.oslo_config_glue [-] oslo_messaging_rabbit.rabbit_quorum_delivery_limit = 0 {{(pid=96704) log_opt_values /opt/stack/data/venv/lib/python3.12/site-packages/oslo_config/cfg.py:3253}}
Jul 30 10:42:41.243723 np0000006119 nova-scheduler[96704]: DEBUG cotyledon.oslo_config_glue [-] oslo_messaging_rabbit.rabbit_quorum_max_memory_bytes = 0 {{(pid=96704) log_opt_values /opt/stack/data/venv/lib/python3.12/site-packages/oslo_config/cfg.py:3253}}
Jul 30 10:42:41.243723 np0000006119 nova-scheduler[96704]: DEBUG cotyledon.oslo_config_glue [-] oslo_messaging_rabbit.rabbit_quorum_max_memory_length = 0 {{(pid=96704) log_opt_values /opt/stack/data/venv/lib/python3.12/site-packages/oslo_config/cfg.py:3253}}
Jul 30 10:42:41.243723 np0000006119 nova-scheduler[96704]: DEBUG cotyledon.oslo_config_glue [-] oslo_messaging_rabbit.rabbit_quorum_queue = False {{(pid=96704) log_opt_values /opt/stack/data/venv/lib/python3.12/site-packages/oslo_config/cfg.py:3253}}
Jul 30 10:42:41.243723 np0000006119 nova-scheduler[96704]: DEBUG cotyledon.oslo_config_glue [-] oslo_messaging_rabbit.rabbit_retry_backoff = 2 {{(pid=96704) log_opt_values /opt/stack/data/venv/lib/python3.12/site-packages/oslo_config/cfg.py:3253}}
Jul 30 10:42:41.243723 np0000006119 nova-scheduler[96704]: DEBUG cotyledon.oslo_config_glue [-] oslo_messaging_rabbit.rabbit_retry_interval = 1 {{(pid=96704) log_opt_values /opt/stack/data/venv/lib/python3.12/site-packages/oslo_config/cfg.py:3253}}
Jul 30 10:42:41.243723 np0000006119 nova-scheduler[96704]: DEBUG cotyledon.oslo_config_glue [-] oslo_messaging_rabbit.rabbit_stream_fanout = False {{(pid=96704) log_opt_values /opt/stack/data/venv/lib/python3.12/site-packages/oslo_config/cfg.py:3253}}
Jul 30 10:42:41.243919 np0000006119 nova-scheduler[96704]: DEBUG cotyledon.oslo_config_glue [-] oslo_messaging_rabbit.rabbit_transient_queues_ttl = 1800 {{(pid=96704) log_opt_values /opt/stack/data/venv/lib/python3.12/site-packages/oslo_config/cfg.py:3253}}
Jul 30 10:42:41.243919 np0000006119 nova-scheduler[96704]: DEBUG cotyledon.oslo_config_glue [-] oslo_messaging_rabbit.rabbit_transient_quorum_queue = False {{(pid=96704) log_opt_values /opt/stack/data/venv/lib/python3.12/site-packages/oslo_config/cfg.py:3253}}
Jul 30 10:42:41.243919 np0000006119 nova-scheduler[96704]: DEBUG cotyledon.oslo_config_glue [-] oslo_messaging_rabbit.rpc_conn_pool_size = 30 {{(pid=96704) log_opt_values /opt/stack/data/venv/lib/python3.12/site-packages/oslo_config/cfg.py:3253}}
Jul 30 10:42:41.243919 np0000006119 nova-scheduler[96704]: DEBUG cotyledon.oslo_config_glue [-] oslo_messaging_rabbit.ssl = False {{(pid=96704) log_opt_values /opt/stack/data/venv/lib/python3.12/site-packages/oslo_config/cfg.py:3253}}
Jul 30 10:42:41.243919 np0000006119 nova-scheduler[96704]: DEBUG cotyledon.oslo_config_glue [-] oslo_messaging_rabbit.ssl_ca_file = {{(pid=96704) log_opt_values /opt/stack/data/venv/lib/python3.12/site-packages/oslo_config/cfg.py:3253}}
Jul 30 10:42:41.243919 np0000006119 nova-scheduler[96704]: DEBUG cotyledon.oslo_config_glue [-] oslo_messaging_rabbit.ssl_cert_file = {{(pid=96704) log_opt_values /opt/stack/data/venv/lib/python3.12/site-packages/oslo_config/cfg.py:3253}}
Jul 30 10:42:41.243919 np0000006119 nova-scheduler[96704]: DEBUG cotyledon.oslo_config_glue [-] oslo_messaging_rabbit.ssl_enforce_fips_mode = False {{(pid=96704) log_opt_values /opt/stack/data/venv/lib/python3.12/site-packages/oslo_config/cfg.py:3253}}
Jul 30 10:42:41.243919 np0000006119 nova-scheduler[96704]: DEBUG cotyledon.oslo_config_glue [-] oslo_messaging_rabbit.ssl_enforce_hostname_verification = True {{(pid=96704) log_opt_values /opt/stack/data/venv/lib/python3.12/site-packages/oslo_config/cfg.py:3253}}
Jul 30 10:42:41.243919 np0000006119 nova-scheduler[96704]: DEBUG cotyledon.oslo_config_glue [-] oslo_messaging_rabbit.ssl_key_file = {{(pid=96704) log_opt_values /opt/stack/data/venv/lib/python3.12/site-packages/oslo_config/cfg.py:3253}}
Jul 30 10:42:41.244095 np0000006119 nova-scheduler[96704]: DEBUG cotyledon.oslo_config_glue [-] oslo_messaging_rabbit.ssl_version = {{(pid=96704) log_opt_values /opt/stack/data/venv/lib/python3.12/site-packages/oslo_config/cfg.py:3253}}
Jul 30 10:42:41.244095 np0000006119 nova-scheduler[96704]: DEBUG cotyledon.oslo_config_glue [-] oslo_messaging_rabbit.use_queue_manager = False {{(pid=96704) log_opt_values /opt/stack/data/venv/lib/python3.12/site-packages/oslo_config/cfg.py:3253}}
Jul 30 10:42:41.244095 np0000006119 nova-scheduler[96704]: DEBUG cotyledon.oslo_config_glue [-] oslo_messaging_notifications.driver = ['messagingv2'] {{(pid=96704) log_opt_values /opt/stack/data/venv/lib/python3.12/site-packages/oslo_config/cfg.py:3253}}
Jul 30 10:42:41.244095 np0000006119 nova-scheduler[96704]: DEBUG cotyledon.oslo_config_glue [-] oslo_messaging_notifications.retry = -1 {{(pid=96704) log_opt_values /opt/stack/data/venv/lib/python3.12/site-packages/oslo_config/cfg.py:3253}}
Jul 30 10:42:41.244095 np0000006119 nova-scheduler[96704]: DEBUG cotyledon.oslo_config_glue [-] oslo_messaging_notifications.topics = ['notifications'] {{(pid=96704) log_opt_values /opt/stack/data/venv/lib/python3.12/site-packages/oslo_config/cfg.py:3253}}
Jul 30 10:42:41.244095 np0000006119 nova-scheduler[96704]: DEBUG cotyledon.oslo_config_glue [-] oslo_messaging_notifications.transport_url = **** {{(pid=96704) log_opt_values /opt/stack/data/venv/lib/python3.12/site-packages/oslo_config/cfg.py:3253}}
Jul 30 10:42:41.244095 np0000006119 nova-scheduler[96704]: DEBUG cotyledon.oslo_config_glue [-] oslo_limit.auth_section = None {{(pid=96704) log_opt_values /opt/stack/data/venv/lib/python3.12/site-packages/oslo_config/cfg.py:3253}}
Jul 30 10:42:41.244095 np0000006119 nova-scheduler[96704]: DEBUG cotyledon.oslo_config_glue [-] oslo_limit.auth_type = None {{(pid=96704) log_opt_values /opt/stack/data/venv/lib/python3.12/site-packages/oslo_config/cfg.py:3253}}
Jul 30 10:42:41.244095 np0000006119 nova-scheduler[96704]: DEBUG cotyledon.oslo_config_glue [-] oslo_limit.cafile = None {{(pid=96704) log_opt_values /opt/stack/data/venv/lib/python3.12/site-packages/oslo_config/cfg.py:3253}}
Jul 30 10:42:41.244575 np0000006119 nova-scheduler[96704]: DEBUG cotyledon.oslo_config_glue [-] oslo_limit.certfile = None {{(pid=96704) log_opt_values /opt/stack/data/venv/lib/python3.12/site-packages/oslo_config/cfg.py:3253}}
Jul 30 10:42:41.244575 np0000006119 nova-scheduler[96704]: DEBUG cotyledon.oslo_config_glue [-] oslo_limit.collect_timing = False {{(pid=96704) log_opt_values /opt/stack/data/venv/lib/python3.12/site-packages/oslo_config/cfg.py:3253}}
Jul 30 10:42:41.244575 np0000006119 nova-scheduler[96704]: DEBUG cotyledon.oslo_config_glue [-] oslo_limit.connect_retries = None {{(pid=96704) log_opt_values /opt/stack/data/venv/lib/python3.12/site-packages/oslo_config/cfg.py:3253}}
Jul 30 10:42:41.244575 np0000006119 nova-scheduler[96704]: DEBUG cotyledon.oslo_config_glue [-] oslo_limit.connect_retry_delay = None {{(pid=96704) log_opt_values /opt/stack/data/venv/lib/python3.12/site-packages/oslo_config/cfg.py:3253}}
Jul 30 10:42:41.244575 np0000006119 nova-scheduler[96704]: DEBUG cotyledon.oslo_config_glue [-] oslo_limit.endpoint_id = None {{(pid=96704) log_opt_values /opt/stack/data/venv/lib/python3.12/site-packages/oslo_config/cfg.py:3253}}
Jul 30 10:42:41.244575 np0000006119 nova-scheduler[96704]: DEBUG cotyledon.oslo_config_glue [-] oslo_limit.endpoint_interface = public {{(pid=96704) log_opt_values /opt/stack/data/venv/lib/python3.12/site-packages/oslo_config/cfg.py:3253}}
Jul 30 10:42:41.244575 np0000006119 nova-scheduler[96704]: DEBUG cotyledon.oslo_config_glue [-] oslo_limit.endpoint_override = None {{(pid=96704) log_opt_values /opt/stack/data/venv/lib/python3.12/site-packages/oslo_config/cfg.py:3253}}
Jul 30 10:42:41.244575 np0000006119 nova-scheduler[96704]: DEBUG cotyledon.oslo_config_glue [-] oslo_limit.endpoint_region_name = None {{(pid=96704) log_opt_values /opt/stack/data/venv/lib/python3.12/site-packages/oslo_config/cfg.py:3253}}
Jul 30 10:42:41.244575 np0000006119 nova-scheduler[96704]: DEBUG cotyledon.oslo_config_glue [-] oslo_limit.endpoint_service_name = None {{(pid=96704) log_opt_values /opt/stack/data/venv/lib/python3.12/site-packages/oslo_config/cfg.py:3253}}
Jul 30 10:42:41.244757 np0000006119 nova-scheduler[96704]: DEBUG cotyledon.oslo_config_glue [-] oslo_limit.endpoint_service_type = None {{(pid=96704) log_opt_values /opt/stack/data/venv/lib/python3.12/site-packages/oslo_config/cfg.py:3253}}
Jul 30 10:42:41.244757 np0000006119 nova-scheduler[96704]: DEBUG cotyledon.oslo_config_glue [-] oslo_limit.insecure = False {{(pid=96704) log_opt_values /opt/stack/data/venv/lib/python3.12/site-packages/oslo_config/cfg.py:3253}}
Jul 30 10:42:41.244757 np0000006119 nova-scheduler[96704]: DEBUG cotyledon.oslo_config_glue [-] oslo_limit.keyfile = None {{(pid=96704) log_opt_values /opt/stack/data/venv/lib/python3.12/site-packages/oslo_config/cfg.py:3253}}
Jul 30 10:42:41.244757 np0000006119 nova-scheduler[96704]: DEBUG cotyledon.oslo_config_glue [-] oslo_limit.max_version = None {{(pid=96704) log_opt_values /opt/stack/data/venv/lib/python3.12/site-packages/oslo_config/cfg.py:3253}}
Jul 30 10:42:41.244757 np0000006119 nova-scheduler[96704]: DEBUG cotyledon.oslo_config_glue [-] oslo_limit.min_version = None {{(pid=96704) log_opt_values /opt/stack/data/venv/lib/python3.12/site-packages/oslo_config/cfg.py:3253}}
Jul 30 10:42:41.244757 np0000006119 nova-scheduler[96704]: DEBUG cotyledon.oslo_config_glue [-] oslo_limit.region_name = None {{(pid=96704) log_opt_values /opt/stack/data/venv/lib/python3.12/site-packages/oslo_config/cfg.py:3253}}
Jul 30 10:42:41.244757 np0000006119 nova-scheduler[96704]: DEBUG cotyledon.oslo_config_glue [-] oslo_limit.retriable_status_codes = None {{(pid=96704) log_opt_values /opt/stack/data/venv/lib/python3.12/site-packages/oslo_config/cfg.py:3253}}
Jul 30 10:42:41.244757 np0000006119 nova-scheduler[96704]: DEBUG cotyledon.oslo_config_glue [-] oslo_limit.service_name = None {{(pid=96704) log_opt_values /opt/stack/data/venv/lib/python3.12/site-packages/oslo_config/cfg.py:3253}}
Jul 30 10:42:41.244757 np0000006119 nova-scheduler[96704]: DEBUG cotyledon.oslo_config_glue [-] oslo_limit.service_type = None {{(pid=96704) log_opt_values /opt/stack/data/venv/lib/python3.12/site-packages/oslo_config/cfg.py:3253}}
Jul 30 10:42:41.244983 np0000006119 nova-scheduler[96704]: DEBUG cotyledon.oslo_config_glue [-] oslo_limit.split_loggers = False {{(pid=96704) log_opt_values /opt/stack/data/venv/lib/python3.12/site-packages/oslo_config/cfg.py:3253}}
Jul 30 10:42:41.244983 np0000006119 nova-scheduler[96704]: DEBUG cotyledon.oslo_config_glue [-] oslo_limit.status_code_retries = None {{(pid=96704) log_opt_values /opt/stack/data/venv/lib/python3.12/site-packages/oslo_config/cfg.py:3253}}
Jul 30 10:42:41.244983 np0000006119 nova-scheduler[96704]: DEBUG cotyledon.oslo_config_glue [-] oslo_limit.status_code_retry_delay = None {{(pid=96704) log_opt_values /opt/stack/data/venv/lib/python3.12/site-packages/oslo_config/cfg.py:3253}}
Jul 30 10:42:41.244983 np0000006119 nova-scheduler[96704]: DEBUG cotyledon.oslo_config_glue [-] oslo_limit.timeout = None {{(pid=96704) log_opt_values /opt/stack/data/venv/lib/python3.12/site-packages/oslo_config/cfg.py:3253}}
Jul 30 10:42:41.244983 np0000006119 nova-scheduler[96704]: DEBUG cotyledon.oslo_config_glue [-] oslo_limit.valid_interfaces = None {{(pid=96704) log_opt_values /opt/stack/data/venv/lib/python3.12/site-packages/oslo_config/cfg.py:3253}}
Jul 30 10:42:41.244983 np0000006119 nova-scheduler[96704]: DEBUG cotyledon.oslo_config_glue [-] oslo_limit.version = None {{(pid=96704) log_opt_values /opt/stack/data/venv/lib/python3.12/site-packages/oslo_config/cfg.py:3253}}
Jul 30 10:42:41.244983 np0000006119 nova-scheduler[96704]: DEBUG cotyledon.oslo_config_glue [-] oslo_reports.file_event_handler = None {{(pid=96704) log_opt_values /opt/stack/data/venv/lib/python3.12/site-packages/oslo_config/cfg.py:3253}}
Jul 30 10:42:41.244983 np0000006119 nova-scheduler[96704]: DEBUG cotyledon.oslo_config_glue [-] oslo_reports.file_event_handler_interval = 1 {{(pid=96704) log_opt_values /opt/stack/data/venv/lib/python3.12/site-packages/oslo_config/cfg.py:3253}}
Jul 30 10:42:41.244983 np0000006119 nova-scheduler[96704]: DEBUG cotyledon.oslo_config_glue [-] oslo_reports.log_dir = None {{(pid=96704) log_opt_values /opt/stack/data/venv/lib/python3.12/site-packages/oslo_config/cfg.py:3253}}
Jul 30 10:42:41.245158 np0000006119 nova-scheduler[96704]: DEBUG cotyledon.oslo_config_glue [-] ******************************************************************************** {{(pid=96704) log_opt_values /opt/stack/data/venv/lib/python3.12/site-packages/oslo_config/cfg.py:3260}}
Jul 30 10:42:41.245158 np0000006119 nova-scheduler[96704]: DEBUG cotyledon._service_worker [-] Run service ServiceWrapper(3) [96704] {{(pid=96704) wait_forever /opt/stack/data/venv/lib/python3.12/site-packages/cotyledon/_service_worker.py:218}}
Jul 30 10:42:41.245158 np0000006119 nova-scheduler[96704]: INFO nova.service [-] Starting scheduler node (version 33.1.0)
Jul 30 10:42:41.245158 np0000006119 nova-scheduler[96704]: INFO dbcounter [None req-450e19e4-5311-412b-a2c7-150c3d108418 None None] Registered counter for database nova_cell0
Jul 30 10:42:41.245249 np0000006119 nova-scheduler[96654]: DEBUG dbcounter [-] [96654] Writer thread running {{(pid=96654) stat_writer /opt/stack/data/venv/lib/python3.12/site-packages/dbcounter.py:102}}
Jul 30 10:42:41.245249 np0000006119 nova-scheduler[96654]: DEBUG nova.service [None req-b5953b41-a7b6-41c4-82f1-d77b5b7ab3df None None] Creating RPC server for service: nova-scheduler on topic: scheduler {{(pid=96654) start /opt/stack/nova/nova/service.py:196}}
Jul 30 10:42:41.256145 np0000006119 nova-scheduler[96666]: DEBUG oslo_db.sqlalchemy.engines [None req-c1607bfd-e704-4662-8814-0099c74bceaa None None] MySQL server mode set to STRICT_TRANS_TABLES,STRICT_ALL_TABLES,NO_ZERO_IN_DATE,NO_ZERO_DATE,ERROR_FOR_DIVISION_BY_ZERO,TRADITIONAL,NO_ENGINE_SUBSTITUTION {{(pid=96666) _check_effective_sql_mode /opt/stack/data/venv/lib/python3.12/site-packages/oslo_db/sqlalchemy/engines.py:325}}
Jul 30 10:42:41.266610 np0000006119 nova-scheduler[96666]: DEBUG dbcounter [-] [96666] Writer thread running {{(pid=96666) stat_writer /opt/stack/data/venv/lib/python3.12/site-packages/dbcounter.py:102}}
Jul 30 10:42:41.269561 np0000006119 nova-scheduler[96666]: DEBUG nova.service [None req-c1607bfd-e704-4662-8814-0099c74bceaa None None] Creating RPC server for service: nova-scheduler on topic: scheduler {{(pid=96666) start /opt/stack/nova/nova/service.py:196}}
Jul 30 10:42:41.270086 np0000006119 nova-scheduler[96654]: DEBUG nova.service [None req-b5953b41-a7b6-41c4-82f1-d77b5b7ab3df None None] Join ServiceGroup membership for this service scheduler {{(pid=96654) start /opt/stack/nova/nova/service.py:222}}
Jul 30 10:42:41.270316 np0000006119 nova-scheduler[96654]: DEBUG nova.servicegroup.drivers.db [None req-b5953b41-a7b6-41c4-82f1-d77b5b7ab3df None None] DB_Driver: join new ServiceGroup member np0000006119 to the scheduler group, service = {{(pid=96654) join /opt/stack/nova/nova/servicegroup/drivers/db.py:44}}
Jul 30 10:42:41.270829 np0000006119 nova-scheduler[96704]: DEBUG oslo_db.sqlalchemy.engines [None req-450e19e4-5311-412b-a2c7-150c3d108418 None None] MySQL server mode set to STRICT_TRANS_TABLES,STRICT_ALL_TABLES,NO_ZERO_IN_DATE,NO_ZERO_DATE,ERROR_FOR_DIVISION_BY_ZERO,TRADITIONAL,NO_ENGINE_SUBSTITUTION {{(pid=96704) _check_effective_sql_mode /opt/stack/data/venv/lib/python3.12/site-packages/oslo_db/sqlalchemy/engines.py:325}}
Jul 30 10:42:41.274000 np0000006119 nova-scheduler[96700]: DEBUG oslo_db.sqlalchemy.engines [None req-c5a60b73-b111-47cb-9b00-b4426d1265a7 None None] MySQL server mode set to STRICT_TRANS_TABLES,STRICT_ALL_TABLES,NO_ZERO_IN_DATE,NO_ZERO_DATE,ERROR_FOR_DIVISION_BY_ZERO,TRADITIONAL,NO_ENGINE_SUBSTITUTION {{(pid=96700) _check_effective_sql_mode /opt/stack/data/venv/lib/python3.12/site-packages/oslo_db/sqlalchemy/engines.py:325}}
Jul 30 10:42:41.278983 np0000006119 nova-scheduler[96704]: DEBUG dbcounter [-] [96704] Writer thread running {{(pid=96704) stat_writer /opt/stack/data/venv/lib/python3.12/site-packages/dbcounter.py:102}}
Jul 30 10:42:41.281826 np0000006119 nova-scheduler[96704]: DEBUG nova.service [None req-450e19e4-5311-412b-a2c7-150c3d108418 None None] Creating RPC server for service: nova-scheduler on topic: scheduler {{(pid=96704) start /opt/stack/nova/nova/service.py:196}}
Jul 30 10:42:41.287270 np0000006119 nova-scheduler[96700]: DEBUG dbcounter [-] [96700] Writer thread running {{(pid=96700) stat_writer /opt/stack/data/venv/lib/python3.12/site-packages/dbcounter.py:102}}
Jul 30 10:42:41.287831 np0000006119 nova-scheduler[96666]: DEBUG nova.service [None req-c1607bfd-e704-4662-8814-0099c74bceaa None None] Join ServiceGroup membership for this service scheduler {{(pid=96666) start /opt/stack/nova/nova/service.py:222}}
Jul 30 10:42:41.288019 np0000006119 nova-scheduler[96666]: DEBUG nova.servicegroup.drivers.db [None req-c1607bfd-e704-4662-8814-0099c74bceaa None None] DB_Driver: join new ServiceGroup member np0000006119 to the scheduler group, service = {{(pid=96666) join /opt/stack/nova/nova/servicegroup/drivers/db.py:44}}
Jul 30 10:42:41.291004 np0000006119 nova-scheduler[96700]: DEBUG nova.service [None req-c5a60b73-b111-47cb-9b00-b4426d1265a7 None None] Creating RPC server for service: nova-scheduler on topic: scheduler {{(pid=96700) start /opt/stack/nova/nova/service.py:196}}
Jul 30 10:42:41.297784 np0000006119 nova-scheduler[96704]: DEBUG nova.service [None req-450e19e4-5311-412b-a2c7-150c3d108418 None None] Join ServiceGroup membership for this service scheduler {{(pid=96704) start /opt/stack/nova/nova/service.py:222}}
Jul 30 10:42:41.298035 np0000006119 nova-scheduler[96704]: DEBUG nova.servicegroup.drivers.db [None req-450e19e4-5311-412b-a2c7-150c3d108418 None None] DB_Driver: join new ServiceGroup member np0000006119 to the scheduler group, service = {{(pid=96704) join /opt/stack/nova/nova/servicegroup/drivers/db.py:44}}
Jul 30 10:42:41.311830 np0000006119 nova-scheduler[96700]: DEBUG nova.service [None req-c5a60b73-b111-47cb-9b00-b4426d1265a7 None None] Join ServiceGroup membership for this service scheduler {{(pid=96700) start /opt/stack/nova/nova/service.py:222}}
Jul 30 10:42:41.312068 np0000006119 nova-scheduler[96700]: DEBUG nova.servicegroup.drivers.db [None req-c5a60b73-b111-47cb-9b00-b4426d1265a7 None None] DB_Driver: join new ServiceGroup member np0000006119 to the scheduler group, service = {{(pid=96700) join /opt/stack/nova/nova/servicegroup/drivers/db.py:44}}
Jul 30 10:42:43.290774 np0000006119 nova-scheduler[96666]: DEBUG oslo.service.backend._threading.loopingcall [None req-54c4b1af-2401-46bc-a739-a427b3fb583b None None] Dynamic interval looping call 'nova.service.Service.periodic_tasks' sleeping for 60.00 seconds {{(pid=96666) _run_loop /opt/stack/data/venv/lib/python3.12/site-packages/oslo_service/backend/_threading/loopingcall.py:125}}
Jul 30 10:42:46.286681 np0000006119 nova-scheduler[96654]: DEBUG oslo.service.backend._threading.loopingcall [-] Fixed interval looping call 'nova.servicegroup.drivers.db.DbDriver._report_state' sleeping for 119.99 seconds {{(pid=96654) _run_loop /opt/stack/data/venv/lib/python3.12/site-packages/oslo_service/backend/_threading/loopingcall.py:125}}
Jul 30 10:42:46.298716 np0000006119 nova-scheduler[96666]: DEBUG oslo.service.backend._threading.loopingcall [-] Fixed interval looping call 'nova.servicegroup.drivers.db.DbDriver._report_state' sleeping for 119.99 seconds {{(pid=96666) _run_loop /opt/stack/data/venv/lib/python3.12/site-packages/oslo_service/backend/_threading/loopingcall.py:125}}
Jul 30 10:42:46.312988 np0000006119 nova-scheduler[96704]: DEBUG oslo.service.backend._threading.loopingcall [-] Fixed interval looping call 'nova.servicegroup.drivers.db.DbDriver._report_state' sleeping for 119.99 seconds {{(pid=96704) _run_loop /opt/stack/data/venv/lib/python3.12/site-packages/oslo_service/backend/_threading/loopingcall.py:125}}
Jul 30 10:42:46.325511 np0000006119 nova-scheduler[96700]: DEBUG oslo.service.backend._threading.loopingcall [-] Fixed interval looping call 'nova.servicegroup.drivers.db.DbDriver._report_state' sleeping for 119.99 seconds {{(pid=96700) _run_loop /opt/stack/data/venv/lib/python3.12/site-packages/oslo_service/backend/_threading/loopingcall.py:125}}
Jul 30 10:42:49.863644 np0000006119 nova-scheduler[95448]: DEBUG dbcounter [-] [95448] Writing DB stats nova_api:SELECT=3 {{(pid=95448) stat_writer /opt/stack/data/venv/lib/python3.12/site-packages/dbcounter.py:115}}
Jul 30 10:42:49.990714 np0000006119 nova-scheduler[95448]: DEBUG dbcounter [-] [95448] Writing DB stats nova_cell0:SELECT=1 {{(pid=95448) stat_writer /opt/stack/data/venv/lib/python3.12/site-packages/dbcounter.py:115}}
Jul 30 10:42:49.995269 np0000006119 nova-scheduler[95448]: DEBUG dbcounter [-] [95448] Writing DB stats nova_cell1:SELECT=1 {{(pid=95448) stat_writer /opt/stack/data/venv/lib/python3.12/site-packages/dbcounter.py:115}}
Jul 30 10:42:56.281148 np0000006119 nova-scheduler[96654]: DEBUG dbcounter [-] [96654] Writing DB stats nova_cell0:SELECT=4,nova_cell0:INSERT=1,nova_cell0:UPDATE=1 {{(pid=96654) stat_writer /opt/stack/data/venv/lib/python3.12/site-packages/dbcounter.py:115}}
Jul 30 10:42:56.296222 np0000006119 nova-scheduler[96666]: DEBUG dbcounter [-] [96666] Writing DB stats nova_cell0:SELECT=3 {{(pid=96666) stat_writer /opt/stack/data/venv/lib/python3.12/site-packages/dbcounter.py:115}}
Jul 30 10:42:56.308731 np0000006119 nova-scheduler[96704]: DEBUG dbcounter [-] [96704] Writing DB stats nova_cell0:SELECT=3 {{(pid=96704) stat_writer /opt/stack/data/venv/lib/python3.12/site-packages/dbcounter.py:115}}
Jul 30 10:42:56.322021 np0000006119 nova-scheduler[96700]: DEBUG dbcounter [-] [96700] Writing DB stats nova_cell0:SELECT=3 {{(pid=96700) stat_writer /opt/stack/data/venv/lib/python3.12/site-packages/dbcounter.py:115}}
Jul 30 10:43:17.314154 np0000006119 nova-scheduler[96700]: DEBUG oslo.service.backend._threading.loopingcall [None req-a4864bce-94a3-43a1-88b3-5645c9e55f9f None None] Dynamic interval looping call 'nova.service.Service.periodic_tasks' sleeping for 60.00 seconds {{(pid=96700) _run_loop /opt/stack/data/venv/lib/python3.12/site-packages/oslo_service/backend/_threading/loopingcall.py:125}}
Jul 30 10:43:32.299967 np0000006119 nova-scheduler[96704]: DEBUG oslo.service.backend._threading.loopingcall [None req-577151e8-d08d-47c1-a87e-feb7feb06355 None None] Dynamic interval looping call 'nova.service.Service.periodic_tasks' sleeping for 60.00 seconds {{(pid=96704) _run_loop /opt/stack/data/venv/lib/python3.12/site-packages/oslo_service/backend/_threading/loopingcall.py:125}}
Jul 30 10:43:36.272653 np0000006119 nova-scheduler[96654]: DEBUG oslo.service.backend._threading.loopingcall [None req-2894b469-5fa7-4c33-97e8-9639d3ef222c None None] Dynamic interval looping call 'nova.service.Service.periodic_tasks' sleeping for 60.00 seconds {{(pid=96654) _run_loop /opt/stack/data/venv/lib/python3.12/site-packages/oslo_service/backend/_threading/loopingcall.py:125}}
Jul 30 10:43:43.291048 np0000006119 nova-scheduler[96666]: DEBUG oslo.service.backend._threading.loopingcall [None req-54c4b1af-2401-46bc-a739-a427b3fb583b None None] Dynamic interval looping call 'nova.service.Service.periodic_tasks' sleeping for 60.00 seconds {{(pid=96666) _run_loop /opt/stack/data/venv/lib/python3.12/site-packages/oslo_service/backend/_threading/loopingcall.py:125}}
Jul 30 10:44:17.314688 np0000006119 nova-scheduler[96700]: DEBUG oslo.service.backend._threading.loopingcall [None req-a4864bce-94a3-43a1-88b3-5645c9e55f9f None None] Dynamic interval looping call 'nova.service.Service.periodic_tasks' sleeping for 60.00 seconds {{(pid=96700) _run_loop /opt/stack/data/venv/lib/python3.12/site-packages/oslo_service/backend/_threading/loopingcall.py:125}}
Jul 30 10:44:32.300535 np0000006119 nova-scheduler[96704]: DEBUG oslo.service.backend._threading.loopingcall [None req-577151e8-d08d-47c1-a87e-feb7feb06355 None None] Dynamic interval looping call 'nova.service.Service.periodic_tasks' sleeping for 60.00 seconds {{(pid=96704) _run_loop /opt/stack/data/venv/lib/python3.12/site-packages/oslo_service/backend/_threading/loopingcall.py:125}}
Jul 30 10:44:36.273202 np0000006119 nova-scheduler[96654]: DEBUG oslo.service.backend._threading.loopingcall [None req-2894b469-5fa7-4c33-97e8-9639d3ef222c None None] Dynamic interval looping call 'nova.service.Service.periodic_tasks' sleeping for 60.00 seconds {{(pid=96654) _run_loop /opt/stack/data/venv/lib/python3.12/site-packages/oslo_service/backend/_threading/loopingcall.py:125}}
Jul 30 10:44:43.291599 np0000006119 nova-scheduler[96666]: DEBUG oslo.service.backend._threading.loopingcall [None req-54c4b1af-2401-46bc-a739-a427b3fb583b None None] Dynamic interval looping call 'nova.service.Service.periodic_tasks' sleeping for 60.00 seconds {{(pid=96666) _run_loop /opt/stack/data/venv/lib/python3.12/site-packages/oslo_service/backend/_threading/loopingcall.py:125}}
Jul 30 10:44:46.286681 np0000006119 nova-scheduler[96654]: DEBUG oslo.service.backend._threading.loopingcall [-] Fixed interval looping call 'nova.servicegroup.drivers.db.DbDriver._report_state' sleeping for 119.99 seconds {{(pid=96654) _run_loop /opt/stack/data/venv/lib/python3.12/site-packages/oslo_service/backend/_threading/loopingcall.py:125}}
Jul 30 10:44:46.292690 np0000006119 nova-scheduler[96666]: DEBUG oslo.service.backend._threading.loopingcall [-] Fixed interval looping call 'nova.servicegroup.drivers.db.DbDriver._report_state' sleeping for 120.00 seconds {{(pid=96666) _run_loop /opt/stack/data/venv/lib/python3.12/site-packages/oslo_service/backend/_threading/loopingcall.py:125}}
Jul 30 10:44:46.307530 np0000006119 nova-scheduler[96704]: DEBUG oslo.service.backend._threading.loopingcall [-] Fixed interval looping call 'nova.servicegroup.drivers.db.DbDriver._report_state' sleeping for 120.00 seconds {{(pid=96704) _run_loop /opt/stack/data/venv/lib/python3.12/site-packages/oslo_service/backend/_threading/loopingcall.py:125}}
Jul 30 10:44:46.319786 np0000006119 nova-scheduler[96700]: DEBUG oslo.service.backend._threading.loopingcall [-] Fixed interval looping call 'nova.servicegroup.drivers.db.DbDriver._report_state' sleeping for 120.00 seconds {{(pid=96700) _run_loop /opt/stack/data/venv/lib/python3.12/site-packages/oslo_service/backend/_threading/loopingcall.py:125}}
Jul 30 10:44:56.281429 np0000006119 nova-scheduler[96654]: DEBUG dbcounter [-] [96654] Writing DB stats nova_cell0:SELECT=1,nova_cell0:UPDATE=1 {{(pid=96654) stat_writer /opt/stack/data/venv/lib/python3.12/site-packages/dbcounter.py:115}}
Jul 30 10:44:56.290732 np0000006119 nova-scheduler[96666]: DEBUG dbcounter [-] [96666] Writing DB stats nova_cell0:SELECT=1 {{(pid=96666) stat_writer /opt/stack/data/venv/lib/python3.12/site-packages/dbcounter.py:115}}
Jul 30 10:44:56.305674 np0000006119 nova-scheduler[96704]: DEBUG dbcounter [-] [96704] Writing DB stats nova_cell0:SELECT=1 {{(pid=96704) stat_writer /opt/stack/data/venv/lib/python3.12/site-packages/dbcounter.py:115}}
Jul 30 10:44:56.318003 np0000006119 nova-scheduler[96700]: DEBUG dbcounter [-] [96700] Writing DB stats nova_cell0:SELECT=1 {{(pid=96700) stat_writer /opt/stack/data/venv/lib/python3.12/site-packages/dbcounter.py:115}}
Jul 30 10:45:13.389167 np0000006119 nova-scheduler[96654]: DEBUG nova.scheduler.manager [None req-1cc1b2ad-ea77-474a-8f60-618e3f9a6c7c tempest-ServerRescueNegativeTestJSON-1396807427 tempest-ServerRescueNegativeTestJSON-1396807427-project-member] Starting to schedule for instances: ['37b3fcb9-99fd-48e7-877c-10101f10db99'] {{(pid=96654) select_destinations /opt/stack/nova/nova/scheduler/manager.py:209}}
Jul 30 10:45:13.390017 np0000006119 nova-scheduler[96654]: DEBUG nova.scheduler.request_filter [None req-1cc1b2ad-ea77-474a-8f60-618e3f9a6c7c tempest-ServerRescueNegativeTestJSON-1396807427 tempest-ServerRescueNegativeTestJSON-1396807427-project-member] compute_status_filter request filter added forbidden trait COMPUTE_STATUS_DISABLED {{(pid=96654) compute_status_filter /opt/stack/nova/nova/scheduler/request_filter.py:253}}
Jul 30 10:45:13.390126 np0000006119 nova-scheduler[96654]: DEBUG nova.scheduler.request_filter [None req-1cc1b2ad-ea77-474a-8f60-618e3f9a6c7c tempest-ServerRescueNegativeTestJSON-1396807427 tempest-ServerRescueNegativeTestJSON-1396807427-project-member] Request filter 'compute_status_filter' took 0.0 seconds {{(pid=96654) wrapper /opt/stack/nova/nova/scheduler/request_filter.py:46}}
Jul 30 10:45:13.390431 np0000006119 nova-scheduler[96654]: DEBUG nova.scheduler.request_filter [None req-1cc1b2ad-ea77-474a-8f60-618e3f9a6c7c tempest-ServerRescueNegativeTestJSON-1396807427 tempest-ServerRescueNegativeTestJSON-1396807427-project-member] Request filter 'accelerators_filter' took 0.0 seconds {{(pid=96654) wrapper /opt/stack/nova/nova/scheduler/request_filter.py:46}}
Jul 30 10:45:13.390576 np0000006119 nova-scheduler[96654]: DEBUG nova.scheduler.request_filter [None req-1cc1b2ad-ea77-474a-8f60-618e3f9a6c7c tempest-ServerRescueNegativeTestJSON-1396807427 tempest-ServerRescueNegativeTestJSON-1396807427-project-member] Request filter 'packed_virtqueue_filter' took 0.0 seconds {{(pid=96654) wrapper /opt/stack/nova/nova/scheduler/request_filter.py:46}}
Jul 30 10:45:13.390963 np0000006119 nova-scheduler[96654]: DEBUG nova.scheduler.request_filter [None req-1cc1b2ad-ea77-474a-8f60-618e3f9a6c7c tempest-ServerRescueNegativeTestJSON-1396807427 tempest-ServerRescueNegativeTestJSON-1396807427-project-member] Request filter 'remote_managed_ports_filter' took 0.0 seconds {{(pid=96654) wrapper /opt/stack/nova/nova/scheduler/request_filter.py:46}}
Jul 30 10:45:13.391111 np0000006119 nova-scheduler[96654]: DEBUG nova.scheduler.request_filter [None req-1cc1b2ad-ea77-474a-8f60-618e3f9a6c7c tempest-ServerRescueNegativeTestJSON-1396807427 tempest-ServerRescueNegativeTestJSON-1396807427-project-member] ephemeral_encryption_filter skipped {{(pid=96654) ephemeral_encryption_filter /opt/stack/nova/nova/scheduler/request_filter.py:426}}
Jul 30 10:45:13.391249 np0000006119 nova-scheduler[96654]: DEBUG nova.scheduler.request_filter [None req-1cc1b2ad-ea77-474a-8f60-618e3f9a6c7c tempest-ServerRescueNegativeTestJSON-1396807427 tempest-ServerRescueNegativeTestJSON-1396807427-project-member] virtio_sound_filter skipped {{(pid=96654) virtio_sound_filter /opt/stack/nova/nova/scheduler/request_filter.py:460}}
Jul 30 10:45:13.391385 np0000006119 nova-scheduler[96654]: DEBUG nova.scheduler.request_filter [None req-1cc1b2ad-ea77-474a-8f60-618e3f9a6c7c tempest-ServerRescueNegativeTestJSON-1396807427 tempest-ServerRescueNegativeTestJSON-1396807427-project-member] tpm_secret_security_filter skipped {{(pid=96654) tpm_secret_security_filter /opt/stack/nova/nova/scheduler/request_filter.py:477}}
Jul 30 10:45:14.068767 np0000006119 nova-scheduler[96654]: INFO nova.utils [None req-1cc1b2ad-ea77-474a-8f60-618e3f9a6c7c tempest-ServerRescueNegativeTestJSON-1396807427 tempest-ServerRescueNegativeTestJSON-1396807427-project-member] The cell worker thread pool ForkProcess-1.cell_worker is initialized
Jul 30 10:45:14.069203 np0000006119 nova-scheduler[96654]: DEBUG oslo_concurrency.lockutils [None req-1cc1b2ad-ea77-474a-8f60-618e3f9a6c7c tempest-ServerRescueNegativeTestJSON-1396807427 tempest-ServerRescueNegativeTestJSON-1396807427-project-member] Acquiring lock "5d3c8541-eacf-4753-aa12-724c2c78dc98" by "nova.context.set_target_cell..get_or_set_cached_cell_and_set_connections" {{(pid=96654) inner /opt/stack/data/venv/lib/python3.12/site-packages/oslo_concurrency/lockutils.py:512}}
Jul 30 10:45:14.069407 np0000006119 nova-scheduler[96654]: DEBUG oslo_concurrency.lockutils [None req-1cc1b2ad-ea77-474a-8f60-618e3f9a6c7c tempest-ServerRescueNegativeTestJSON-1396807427 tempest-ServerRescueNegativeTestJSON-1396807427-project-member] Lock "5d3c8541-eacf-4753-aa12-724c2c78dc98" acquired by "nova.context.set_target_cell..get_or_set_cached_cell_and_set_connections" :: waited 0.000s {{(pid=96654) inner /opt/stack/data/venv/lib/python3.12/site-packages/oslo_concurrency/lockutils.py:525}}
Jul 30 10:45:14.070846 np0000006119 nova-scheduler[96654]: DEBUG oslo_concurrency.lockutils [None req-1cc1b2ad-ea77-474a-8f60-618e3f9a6c7c tempest-ServerRescueNegativeTestJSON-1396807427 tempest-ServerRescueNegativeTestJSON-1396807427-project-member] Lock "5d3c8541-eacf-4753-aa12-724c2c78dc98" "released" by "nova.context.set_target_cell..get_or_set_cached_cell_and_set_connections" :: held 0.001s {{(pid=96654) inner /opt/stack/data/venv/lib/python3.12/site-packages/oslo_concurrency/lockutils.py:544}}
Jul 30 10:45:14.076847 np0000006119 nova-scheduler[96654]: INFO dbcounter [None req-1cc1b2ad-ea77-474a-8f60-618e3f9a6c7c tempest-ServerRescueNegativeTestJSON-1396807427 tempest-ServerRescueNegativeTestJSON-1396807427-project-member] Registered counter for database nova_cell1
Jul 30 10:45:14.133814 np0000006119 nova-scheduler[96654]: DEBUG oslo_db.sqlalchemy.engines [None req-1cc1b2ad-ea77-474a-8f60-618e3f9a6c7c tempest-ServerRescueNegativeTestJSON-1396807427 tempest-ServerRescueNegativeTestJSON-1396807427-project-member] MySQL server mode set to STRICT_TRANS_TABLES,STRICT_ALL_TABLES,NO_ZERO_IN_DATE,NO_ZERO_DATE,ERROR_FOR_DIVISION_BY_ZERO,TRADITIONAL,NO_ENGINE_SUBSTITUTION {{(pid=96654) _check_effective_sql_mode /opt/stack/data/venv/lib/python3.12/site-packages/oslo_db/sqlalchemy/engines.py:325}}
Jul 30 10:45:14.143579 np0000006119 nova-scheduler[96654]: DEBUG dbcounter [-] [96654] Writer thread running {{(pid=96654) stat_writer /opt/stack/data/venv/lib/python3.12/site-packages/dbcounter.py:102}}
Jul 30 10:45:14.158733 np0000006119 nova-scheduler[96654]: DEBUG oslo_db.sqlalchemy.engines [None req-1cc1b2ad-ea77-474a-8f60-618e3f9a6c7c tempest-ServerRescueNegativeTestJSON-1396807427 tempest-ServerRescueNegativeTestJSON-1396807427-project-member] Parent process 95448 forked (96654) with an open database connection, which is being discarded and recreated. {{(pid=96654) checkout /opt/stack/data/venv/lib/python3.12/site-packages/oslo_db/sqlalchemy/engines.py:402}}
Jul 30 10:45:14.198538 np0000006119 nova-scheduler[96654]: DEBUG dbcounter [-] [96654] Writer thread running {{(pid=96654) stat_writer /opt/stack/data/venv/lib/python3.12/site-packages/dbcounter.py:102}}
Jul 30 10:45:14.202717 np0000006119 nova-scheduler[96654]: DEBUG oslo_concurrency.lockutils [None req-1cc1b2ad-ea77-474a-8f60-618e3f9a6c7c tempest-ServerRescueNegativeTestJSON-1396807427 tempest-ServerRescueNegativeTestJSON-1396807427-project-member] Acquiring lock "5d3c8541-eacf-4753-aa12-724c2c78dc98" by "nova.context.set_target_cell..get_or_set_cached_cell_and_set_connections" {{(pid=96654) inner /opt/stack/data/venv/lib/python3.12/site-packages/oslo_concurrency/lockutils.py:512}}
