Jul 30 10:42:46.375043 np0000006119 nova-conductor[99100]: DEBUG cotyledon.oslo_config_glue [-] workarounds.disable_fallback_pcpu_query = False {{(pid=99100) log_opt_values /opt/stack/data/venv/lib/python3.12/site-packages/oslo_config/cfg.py:3253}}
Jul 30 10:42:46.375043 np0000006119 nova-conductor[99100]: DEBUG cotyledon.oslo_config_glue [-] workarounds.disable_group_policy_check_upcall = False {{(pid=99100) log_opt_values /opt/stack/data/venv/lib/python3.12/site-packages/oslo_config/cfg.py:3253}}
Jul 30 10:42:46.375043 np0000006119 nova-conductor[99100]: DEBUG cotyledon.oslo_config_glue [-] workarounds.disable_libvirt_livesnapshot = False {{(pid=99100) log_opt_values /opt/stack/data/venv/lib/python3.12/site-packages/oslo_config/cfg.py:3253}}
Jul 30 10:42:46.375043 np0000006119 nova-conductor[99100]: DEBUG cotyledon.oslo_config_glue [-] workarounds.disable_rootwrap = False {{(pid=99100) log_opt_values /opt/stack/data/venv/lib/python3.12/site-packages/oslo_config/cfg.py:3253}}
Jul 30 10:42:46.375043 np0000006119 nova-conductor[99100]: DEBUG cotyledon.oslo_config_glue [-] workarounds.enable_numa_live_migration = False {{(pid=99100) log_opt_values /opt/stack/data/venv/lib/python3.12/site-packages/oslo_config/cfg.py:3253}}
Jul 30 10:42:46.375043 np0000006119 nova-conductor[99100]: DEBUG cotyledon.oslo_config_glue [-] workarounds.enable_qemu_monitor_announce_self = False {{(pid=99100) log_opt_values /opt/stack/data/venv/lib/python3.12/site-packages/oslo_config/cfg.py:3253}}
Jul 30 10:42:46.375043 np0000006119 nova-conductor[99100]: DEBUG cotyledon.oslo_config_glue [-] workarounds.ensure_libvirt_rbd_instance_dir_cleanup = False {{(pid=99100) log_opt_values /opt/stack/data/venv/lib/python3.12/site-packages/oslo_config/cfg.py:3253}}
Jul 30 10:42:46.375384 np0000006119 nova-conductor[99100]: DEBUG cotyledon.oslo_config_glue [-] workarounds.handle_virt_lifecycle_events = True {{(pid=99100) log_opt_values /opt/stack/data/venv/lib/python3.12/site-packages/oslo_config/cfg.py:3253}}
Jul 30 10:42:46.375384 np0000006119 nova-conductor[99100]: DEBUG cotyledon.oslo_config_glue [-] workarounds.libvirt_disable_apic = False {{(pid=99100) log_opt_values /opt/stack/data/venv/lib/python3.12/site-packages/oslo_config/cfg.py:3253}}
Jul 30 10:42:46.375384 np0000006119 nova-conductor[99100]: DEBUG cotyledon.oslo_config_glue [-] workarounds.never_download_image_if_on_rbd = False {{(pid=99100) log_opt_values /opt/stack/data/venv/lib/python3.12/site-packages/oslo_config/cfg.py:3253}}
Jul 30 10:42:46.375384 np0000006119 nova-conductor[99100]: DEBUG cotyledon.oslo_config_glue [-] workarounds.qemu_monitor_announce_self_count = 3 {{(pid=99100) log_opt_values /opt/stack/data/venv/lib/python3.12/site-packages/oslo_config/cfg.py:3253}}
Jul 30 10:42:46.375384 np0000006119 nova-conductor[99100]: DEBUG cotyledon.oslo_config_glue [-] workarounds.qemu_monitor_announce_self_interval = 1 {{(pid=99100) log_opt_values /opt/stack/data/venv/lib/python3.12/site-packages/oslo_config/cfg.py:3253}}
Jul 30 10:42:46.375384 np0000006119 nova-conductor[99100]: DEBUG cotyledon.oslo_config_glue [-] workarounds.reserve_disk_resource_for_image_cache = False {{(pid=99100) log_opt_values /opt/stack/data/venv/lib/python3.12/site-packages/oslo_config/cfg.py:3253}}
Jul 30 10:42:46.375384 np0000006119 nova-conductor[99100]: DEBUG cotyledon.oslo_config_glue [-] workarounds.skip_cpu_compare_at_startup = False {{(pid=99100) log_opt_values /opt/stack/data/venv/lib/python3.12/site-packages/oslo_config/cfg.py:3253}}
Jul 30 10:42:46.375384 np0000006119 nova-conductor[99100]: DEBUG cotyledon.oslo_config_glue [-] workarounds.skip_cpu_compare_on_dest = False {{(pid=99100) log_opt_values /opt/stack/data/venv/lib/python3.12/site-packages/oslo_config/cfg.py:3253}}
Jul 30 10:42:46.375384 np0000006119 nova-conductor[99100]: DEBUG cotyledon.oslo_config_glue [-] workarounds.skip_hypervisor_version_check_on_lm = False {{(pid=99100) log_opt_values /opt/stack/data/venv/lib/python3.12/site-packages/oslo_config/cfg.py:3253}}
Jul 30 10:42:46.375684 np0000006119 nova-conductor[99100]: DEBUG cotyledon.oslo_config_glue [-] workarounds.skip_reserve_in_use_ironic_nodes = False {{(pid=99100) log_opt_values /opt/stack/data/venv/lib/python3.12/site-packages/oslo_config/cfg.py:3253}}
Jul 30 10:42:46.375684 np0000006119 nova-conductor[99100]: DEBUG cotyledon.oslo_config_glue [-] workarounds.unified_limits_count_pcpu_as_vcpu = False {{(pid=99100) log_opt_values /opt/stack/data/venv/lib/python3.12/site-packages/oslo_config/cfg.py:3253}}
Jul 30 10:42:46.375684 np0000006119 nova-conductor[99100]: DEBUG cotyledon.oslo_config_glue [-] workarounds.wait_for_vif_plugged_event_during_hard_reboot = [] {{(pid=99100) log_opt_values /opt/stack/data/venv/lib/python3.12/site-packages/oslo_config/cfg.py:3253}}
Jul 30 10:42:46.375684 np0000006119 nova-conductor[99100]: DEBUG cotyledon.oslo_config_glue [-] wsgi.api_paste_config = /etc/nova/api-paste.ini {{(pid=99100) log_opt_values /opt/stack/data/venv/lib/python3.12/site-packages/oslo_config/cfg.py:3253}}
Jul 30 10:42:46.375684 np0000006119 nova-conductor[99100]: DEBUG cotyledon.oslo_config_glue [-] wsgi.secure_proxy_ssl_header = None {{(pid=99100) log_opt_values /opt/stack/data/venv/lib/python3.12/site-packages/oslo_config/cfg.py:3253}}
Jul 30 10:42:46.375684 np0000006119 nova-conductor[99100]: DEBUG cotyledon.oslo_config_glue [-] zvm.ca_file = None {{(pid=99100) log_opt_values /opt/stack/data/venv/lib/python3.12/site-packages/oslo_config/cfg.py:3253}}
Jul 30 10:42:46.375684 np0000006119 nova-conductor[99100]: DEBUG cotyledon.oslo_config_glue [-] zvm.cloud_connector_url = None {{(pid=99100) log_opt_values /opt/stack/data/venv/lib/python3.12/site-packages/oslo_config/cfg.py:3253}}
Jul 30 10:42:46.375684 np0000006119 nova-conductor[99100]: DEBUG cotyledon.oslo_config_glue [-] zvm.image_tmp_path = /opt/stack/data/nova/images {{(pid=99100) log_opt_values /opt/stack/data/venv/lib/python3.12/site-packages/oslo_config/cfg.py:3253}}
Jul 30 10:42:46.375684 np0000006119 nova-conductor[99100]: DEBUG cotyledon.oslo_config_glue [-] zvm.reachable_timeout = 300 {{(pid=99100) log_opt_values /opt/stack/data/venv/lib/python3.12/site-packages/oslo_config/cfg.py:3253}}
Jul 30 10:42:46.375994 np0000006119 nova-conductor[99100]: DEBUG cotyledon.oslo_config_glue [-] oslo_versionedobjects.fatal_exception_format_errors = False {{(pid=99100) log_opt_values /opt/stack/data/venv/lib/python3.12/site-packages/oslo_config/cfg.py:3253}}
Jul 30 10:42:46.375994 np0000006119 nova-conductor[99100]: DEBUG cotyledon.oslo_config_glue [-] oslo_middleware.http_basic_auth_user_file = /etc/htpasswd {{(pid=99100) log_opt_values /opt/stack/data/venv/lib/python3.12/site-packages/oslo_config/cfg.py:3253}}
Jul 30 10:42:46.375994 np0000006119 nova-conductor[99100]: DEBUG cotyledon.oslo_config_glue [-] profiler.connection_string = messaging:// {{(pid=99100) log_opt_values /opt/stack/data/venv/lib/python3.12/site-packages/oslo_config/cfg.py:3253}}
Jul 30 10:42:46.375994 np0000006119 nova-conductor[99100]: DEBUG cotyledon.oslo_config_glue [-] profiler.enabled = False {{(pid=99100) log_opt_values /opt/stack/data/venv/lib/python3.12/site-packages/oslo_config/cfg.py:3253}}
Jul 30 10:42:46.375994 np0000006119 nova-conductor[99100]: DEBUG cotyledon.oslo_config_glue [-] profiler.es_doc_type = notification {{(pid=99100) log_opt_values /opt/stack/data/venv/lib/python3.12/site-packages/oslo_config/cfg.py:3253}}
Jul 30 10:42:46.375994 np0000006119 nova-conductor[99100]: DEBUG cotyledon.oslo_config_glue [-] profiler.es_scroll_size = 10000 {{(pid=99100) log_opt_values /opt/stack/data/venv/lib/python3.12/site-packages/oslo_config/cfg.py:3253}}
Jul 30 10:42:46.375994 np0000006119 nova-conductor[99100]: DEBUG cotyledon.oslo_config_glue [-] profiler.es_scroll_time = 2m {{(pid=99100) log_opt_values /opt/stack/data/venv/lib/python3.12/site-packages/oslo_config/cfg.py:3253}}
Jul 30 10:42:46.375994 np0000006119 nova-conductor[99100]: DEBUG cotyledon.oslo_config_glue [-] profiler.filter_error_trace = False {{(pid=99100) log_opt_values /opt/stack/data/venv/lib/python3.12/site-packages/oslo_config/cfg.py:3253}}
Jul 30 10:42:46.375994 np0000006119 nova-conductor[99100]: DEBUG cotyledon.oslo_config_glue [-] profiler.hmac_keys = **** {{(pid=99100) log_opt_values /opt/stack/data/venv/lib/python3.12/site-packages/oslo_config/cfg.py:3253}}
Jul 30 10:42:46.376284 np0000006119 nova-conductor[99100]: DEBUG cotyledon.oslo_config_glue [-] profiler.sentinel_service_name = mymaster {{(pid=99100) log_opt_values /opt/stack/data/venv/lib/python3.12/site-packages/oslo_config/cfg.py:3253}}
Jul 30 10:42:46.376284 np0000006119 nova-conductor[99100]: DEBUG cotyledon.oslo_config_glue [-] profiler.socket_timeout = 0.1 {{(pid=99100) log_opt_values /opt/stack/data/venv/lib/python3.12/site-packages/oslo_config/cfg.py:3253}}
Jul 30 10:42:46.376284 np0000006119 nova-conductor[99100]: DEBUG cotyledon.oslo_config_glue [-] profiler.trace_requests = False {{(pid=99100) log_opt_values /opt/stack/data/venv/lib/python3.12/site-packages/oslo_config/cfg.py:3253}}
Jul 30 10:42:46.376284 np0000006119 nova-conductor[99100]: DEBUG cotyledon.oslo_config_glue [-] profiler.trace_sqlalchemy = False {{(pid=99100) log_opt_values /opt/stack/data/venv/lib/python3.12/site-packages/oslo_config/cfg.py:3253}}
Jul 30 10:42:46.376284 np0000006119 nova-conductor[99100]: DEBUG cotyledon.oslo_config_glue [-] profiler_jaeger.process_tags = {} {{(pid=99100) log_opt_values /opt/stack/data/venv/lib/python3.12/site-packages/oslo_config/cfg.py:3253}}
Jul 30 10:42:46.376284 np0000006119 nova-conductor[99100]: DEBUG cotyledon.oslo_config_glue [-] profiler_jaeger.service_name_prefix = None {{(pid=99100) log_opt_values /opt/stack/data/venv/lib/python3.12/site-packages/oslo_config/cfg.py:3253}}
Jul 30 10:42:46.376284 np0000006119 nova-conductor[99100]: DEBUG cotyledon.oslo_config_glue [-] profiler_otlp.service_name_prefix = None {{(pid=99100) log_opt_values /opt/stack/data/venv/lib/python3.12/site-packages/oslo_config/cfg.py:3253}}
Jul 30 10:42:46.376284 np0000006119 nova-conductor[99100]: DEBUG cotyledon.oslo_config_glue [-] oslo_messaging_rabbit.amqp_auto_delete = False {{(pid=99100) log_opt_values /opt/stack/data/venv/lib/python3.12/site-packages/oslo_config/cfg.py:3253}}
Jul 30 10:42:46.376284 np0000006119 nova-conductor[99100]: DEBUG cotyledon.oslo_config_glue [-] oslo_messaging_rabbit.amqp_durable_queues = False {{(pid=99100) log_opt_values /opt/stack/data/venv/lib/python3.12/site-packages/oslo_config/cfg.py:3253}}
Jul 30 10:42:46.376573 np0000006119 nova-conductor[99100]: DEBUG cotyledon.oslo_config_glue [-] oslo_messaging_rabbit.conn_pool_min_size = 2 {{(pid=99100) log_opt_values /opt/stack/data/venv/lib/python3.12/site-packages/oslo_config/cfg.py:3253}}
Jul 30 10:42:46.376573 np0000006119 nova-conductor[99100]: DEBUG cotyledon.oslo_config_glue [-] oslo_messaging_rabbit.conn_pool_ttl = 1200 {{(pid=99100) log_opt_values /opt/stack/data/venv/lib/python3.12/site-packages/oslo_config/cfg.py:3253}}
Jul 30 10:42:46.376573 np0000006119 nova-conductor[99100]: DEBUG cotyledon.oslo_config_glue [-] oslo_messaging_rabbit.direct_mandatory_flag = True {{(pid=99100) log_opt_values /opt/stack/data/venv/lib/python3.12/site-packages/oslo_config/cfg.py:3253}}
Jul 30 10:42:46.376573 np0000006119 nova-conductor[99100]: DEBUG cotyledon.oslo_config_glue [-] oslo_messaging_rabbit.enable_cancel_on_failover = False {{(pid=99100) log_opt_values /opt/stack/data/venv/lib/python3.12/site-packages/oslo_config/cfg.py:3253}}
Jul 30 10:42:46.376573 np0000006119 nova-conductor[99100]: DEBUG cotyledon.oslo_config_glue [-] oslo_messaging_rabbit.heartbeat_rate = 3 {{(pid=99100) log_opt_values /opt/stack/data/venv/lib/python3.12/site-packages/oslo_config/cfg.py:3253}}
Jul 30 10:42:46.376573 np0000006119 nova-conductor[99100]: DEBUG cotyledon.oslo_config_glue [-] oslo_messaging_rabbit.heartbeat_timeout_threshold = 60 {{(pid=99100) log_opt_values /opt/stack/data/venv/lib/python3.12/site-packages/oslo_config/cfg.py:3253}}
Jul 30 10:42:46.376573 np0000006119 nova-conductor[99100]: DEBUG cotyledon.oslo_config_glue [-] oslo_messaging_rabbit.hostname = np0000006119 {{(pid=99100) log_opt_values /opt/stack/data/venv/lib/python3.12/site-packages/oslo_config/cfg.py:3253}}
Jul 30 10:42:46.376573 np0000006119 nova-conductor[99100]: DEBUG cotyledon.oslo_config_glue [-] oslo_messaging_rabbit.kombu_compression = None {{(pid=99100) log_opt_values /opt/stack/data/venv/lib/python3.12/site-packages/oslo_config/cfg.py:3253}}
Jul 30 10:42:46.376573 np0000006119 nova-conductor[99100]: DEBUG cotyledon.oslo_config_glue [-] oslo_messaging_rabbit.kombu_failover_strategy = round-robin {{(pid=99100) log_opt_values /opt/stack/data/venv/lib/python3.12/site-packages/oslo_config/cfg.py:3253}}
Jul 30 10:42:46.376840 np0000006119 nova-conductor[99100]: DEBUG cotyledon.oslo_config_glue [-] oslo_messaging_rabbit.kombu_missing_consumer_retry_timeout = 60 {{(pid=99100) log_opt_values /opt/stack/data/venv/lib/python3.12/site-packages/oslo_config/cfg.py:3253}}
Jul 30 10:42:46.376840 np0000006119 nova-conductor[99100]: DEBUG cotyledon.oslo_config_glue [-] oslo_messaging_rabbit.kombu_reconnect_delay = 1.0 {{(pid=99100) log_opt_values /opt/stack/data/venv/lib/python3.12/site-packages/oslo_config/cfg.py:3253}}
Jul 30 10:42:46.376840 np0000006119 nova-conductor[99100]: DEBUG cotyledon.oslo_config_glue [-] oslo_messaging_rabbit.kombu_reconnect_splay = 0.0 {{(pid=99100) log_opt_values /opt/stack/data/venv/lib/python3.12/site-packages/oslo_config/cfg.py:3253}}
Jul 30 10:42:46.376840 np0000006119 nova-conductor[99100]: DEBUG cotyledon.oslo_config_glue [-] oslo_messaging_rabbit.processname = nova-conductor {{(pid=99100) log_opt_values /opt/stack/data/venv/lib/python3.12/site-packages/oslo_config/cfg.py:3253}}
Jul 30 10:42:46.376840 np0000006119 nova-conductor[99100]: DEBUG cotyledon.oslo_config_glue [-] oslo_messaging_rabbit.rabbit_ha_queues = False {{(pid=99100) log_opt_values /opt/stack/data/venv/lib/python3.12/site-packages/oslo_config/cfg.py:3253}}
Jul 30 10:42:46.376840 np0000006119 nova-conductor[99100]: DEBUG cotyledon.oslo_config_glue [-] oslo_messaging_rabbit.rabbit_interval_max = 30 {{(pid=99100) log_opt_values /opt/stack/data/venv/lib/python3.12/site-packages/oslo_config/cfg.py:3253}}
Jul 30 10:42:46.376840 np0000006119 nova-conductor[99100]: DEBUG cotyledon.oslo_config_glue [-] oslo_messaging_rabbit.rabbit_login_method = AMQPLAIN {{(pid=99100) log_opt_values /opt/stack/data/venv/lib/python3.12/site-packages/oslo_config/cfg.py:3253}}
Jul 30 10:42:46.376840 np0000006119 nova-conductor[99100]: DEBUG cotyledon.oslo_config_glue [-] oslo_messaging_rabbit.rabbit_qos_prefetch_count = 0 {{(pid=99100) log_opt_values /opt/stack/data/venv/lib/python3.12/site-packages/oslo_config/cfg.py:3253}}
Jul 30 10:42:46.376840 np0000006119 nova-conductor[99100]: DEBUG cotyledon.oslo_config_glue [-] oslo_messaging_rabbit.rabbit_quorum_delivery_limit = 0 {{(pid=99100) log_opt_values /opt/stack/data/venv/lib/python3.12/site-packages/oslo_config/cfg.py:3253}}
Jul 30 10:42:46.377146 np0000006119 nova-conductor[99100]: DEBUG cotyledon.oslo_config_glue [-] oslo_messaging_rabbit.rabbit_quorum_max_memory_bytes = 0 {{(pid=99100) log_opt_values /opt/stack/data/venv/lib/python3.12/site-packages/oslo_config/cfg.py:3253}}
Jul 30 10:42:46.377146 np0000006119 nova-conductor[99100]: DEBUG cotyledon.oslo_config_glue [-] oslo_messaging_rabbit.rabbit_quorum_max_memory_length = 0 {{(pid=99100) log_opt_values /opt/stack/data/venv/lib/python3.12/site-packages/oslo_config/cfg.py:3253}}
Jul 30 10:42:46.377146 np0000006119 nova-conductor[99100]: DEBUG cotyledon.oslo_config_glue [-] oslo_messaging_rabbit.rabbit_quorum_queue = False {{(pid=99100) log_opt_values /opt/stack/data/venv/lib/python3.12/site-packages/oslo_config/cfg.py:3253}}
Jul 30 10:42:46.377146 np0000006119 nova-conductor[99100]: DEBUG cotyledon.oslo_config_glue [-] oslo_messaging_rabbit.rabbit_retry_backoff = 2 {{(pid=99100) log_opt_values /opt/stack/data/venv/lib/python3.12/site-packages/oslo_config/cfg.py:3253}}
Jul 30 10:42:46.377146 np0000006119 nova-conductor[99100]: DEBUG cotyledon.oslo_config_glue [-] oslo_messaging_rabbit.rabbit_retry_interval = 1 {{(pid=99100) log_opt_values /opt/stack/data/venv/lib/python3.12/site-packages/oslo_config/cfg.py:3253}}
Jul 30 10:42:46.377146 np0000006119 nova-conductor[99100]: DEBUG cotyledon.oslo_config_glue [-] oslo_messaging_rabbit.rabbit_stream_fanout = False {{(pid=99100) log_opt_values /opt/stack/data/venv/lib/python3.12/site-packages/oslo_config/cfg.py:3253}}
Jul 30 10:42:46.377146 np0000006119 nova-conductor[99100]: DEBUG cotyledon.oslo_config_glue [-] oslo_messaging_rabbit.rabbit_transient_queues_ttl = 1800 {{(pid=99100) log_opt_values /opt/stack/data/venv/lib/python3.12/site-packages/oslo_config/cfg.py:3253}}
Jul 30 10:42:46.377146 np0000006119 nova-conductor[99100]: DEBUG cotyledon.oslo_config_glue [-] oslo_messaging_rabbit.rabbit_transient_quorum_queue = False {{(pid=99100) log_opt_values /opt/stack/data/venv/lib/python3.12/site-packages/oslo_config/cfg.py:3253}}
Jul 30 10:42:46.377408 np0000006119 nova-conductor[99100]: DEBUG cotyledon.oslo_config_glue [-] oslo_messaging_rabbit.rpc_conn_pool_size = 30 {{(pid=99100) log_opt_values /opt/stack/data/venv/lib/python3.12/site-packages/oslo_config/cfg.py:3253}}
Jul 30 10:42:46.377408 np0000006119 nova-conductor[99100]: DEBUG cotyledon.oslo_config_glue [-] oslo_messaging_rabbit.ssl = False {{(pid=99100) log_opt_values /opt/stack/data/venv/lib/python3.12/site-packages/oslo_config/cfg.py:3253}}
Jul 30 10:42:46.377408 np0000006119 nova-conductor[99100]: DEBUG cotyledon.oslo_config_glue [-] oslo_messaging_rabbit.ssl_ca_file = {{(pid=99100) log_opt_values /opt/stack/data/venv/lib/python3.12/site-packages/oslo_config/cfg.py:3253}}
Jul 30 10:42:46.377408 np0000006119 nova-conductor[99100]: DEBUG cotyledon.oslo_config_glue [-] oslo_messaging_rabbit.ssl_cert_file = {{(pid=99100) log_opt_values /opt/stack/data/venv/lib/python3.12/site-packages/oslo_config/cfg.py:3253}}
Jul 30 10:42:46.377408 np0000006119 nova-conductor[99100]: DEBUG cotyledon.oslo_config_glue [-] oslo_messaging_rabbit.ssl_enforce_fips_mode = False {{(pid=99100) log_opt_values /opt/stack/data/venv/lib/python3.12/site-packages/oslo_config/cfg.py:3253}}
Jul 30 10:42:46.377408 np0000006119 nova-conductor[99100]: DEBUG cotyledon.oslo_config_glue [-] oslo_messaging_rabbit.ssl_enforce_hostname_verification = True {{(pid=99100) log_opt_values /opt/stack/data/venv/lib/python3.12/site-packages/oslo_config/cfg.py:3253}}
Jul 30 10:42:46.377408 np0000006119 nova-conductor[99100]: DEBUG cotyledon.oslo_config_glue [-] oslo_messaging_rabbit.ssl_key_file = {{(pid=99100) log_opt_values /opt/stack/data/venv/lib/python3.12/site-packages/oslo_config/cfg.py:3253}}
Jul 30 10:42:46.377408 np0000006119 nova-conductor[99100]: DEBUG cotyledon.oslo_config_glue [-] oslo_messaging_rabbit.ssl_version = {{(pid=99100) log_opt_values /opt/stack/data/venv/lib/python3.12/site-packages/oslo_config/cfg.py:3253}}
Jul 30 10:42:46.377408 np0000006119 nova-conductor[99100]: DEBUG cotyledon.oslo_config_glue [-] oslo_messaging_rabbit.use_queue_manager = False {{(pid=99100) log_opt_values /opt/stack/data/venv/lib/python3.12/site-packages/oslo_config/cfg.py:3253}}
Jul 30 10:42:46.377693 np0000006119 nova-conductor[99100]: DEBUG cotyledon.oslo_config_glue [-] oslo_messaging_notifications.driver = ['messagingv2'] {{(pid=99100) log_opt_values /opt/stack/data/venv/lib/python3.12/site-packages/oslo_config/cfg.py:3253}}
Jul 30 10:42:46.377693 np0000006119 nova-conductor[99100]: DEBUG cotyledon.oslo_config_glue [-] oslo_messaging_notifications.retry = -1 {{(pid=99100) log_opt_values /opt/stack/data/venv/lib/python3.12/site-packages/oslo_config/cfg.py:3253}}
Jul 30 10:42:46.377693 np0000006119 nova-conductor[99100]: DEBUG cotyledon.oslo_config_glue [-] oslo_messaging_notifications.topics = ['notifications'] {{(pid=99100) log_opt_values /opt/stack/data/venv/lib/python3.12/site-packages/oslo_config/cfg.py:3253}}
Jul 30 10:42:46.377693 np0000006119 nova-conductor[99100]: DEBUG cotyledon.oslo_config_glue [-] oslo_messaging_notifications.transport_url = **** {{(pid=99100) log_opt_values /opt/stack/data/venv/lib/python3.12/site-packages/oslo_config/cfg.py:3253}}
Jul 30 10:42:46.377693 np0000006119 nova-conductor[99100]: DEBUG cotyledon.oslo_config_glue [-] oslo_limit.auth_section = None {{(pid=99100) log_opt_values /opt/stack/data/venv/lib/python3.12/site-packages/oslo_config/cfg.py:3253}}
Jul 30 10:42:46.377693 np0000006119 nova-conductor[99100]: DEBUG cotyledon.oslo_config_glue [-] oslo_limit.auth_type = None {{(pid=99100) log_opt_values /opt/stack/data/venv/lib/python3.12/site-packages/oslo_config/cfg.py:3253}}
Jul 30 10:42:46.377693 np0000006119 nova-conductor[99100]: DEBUG cotyledon.oslo_config_glue [-] oslo_limit.cafile = None {{(pid=99100) log_opt_values /opt/stack/data/venv/lib/python3.12/site-packages/oslo_config/cfg.py:3253}}
Jul 30 10:42:46.377693 np0000006119 nova-conductor[99100]: DEBUG cotyledon.oslo_config_glue [-] oslo_limit.certfile = None {{(pid=99100) log_opt_values /opt/stack/data/venv/lib/python3.12/site-packages/oslo_config/cfg.py:3253}}
Jul 30 10:42:46.377693 np0000006119 nova-conductor[99100]: DEBUG cotyledon.oslo_config_glue [-] oslo_limit.collect_timing = False {{(pid=99100) log_opt_values /opt/stack/data/venv/lib/python3.12/site-packages/oslo_config/cfg.py:3253}}
Jul 30 10:42:46.377974 np0000006119 nova-conductor[99100]: DEBUG cotyledon.oslo_config_glue [-] oslo_limit.connect_retries = None {{(pid=99100) log_opt_values /opt/stack/data/venv/lib/python3.12/site-packages/oslo_config/cfg.py:3253}}
Jul 30 10:42:46.377974 np0000006119 nova-conductor[99100]: DEBUG cotyledon.oslo_config_glue [-] oslo_limit.connect_retry_delay = None {{(pid=99100) log_opt_values /opt/stack/data/venv/lib/python3.12/site-packages/oslo_config/cfg.py:3253}}
Jul 30 10:42:46.377974 np0000006119 nova-conductor[99100]: DEBUG cotyledon.oslo_config_glue [-] oslo_limit.endpoint_id = None {{(pid=99100) log_opt_values /opt/stack/data/venv/lib/python3.12/site-packages/oslo_config/cfg.py:3253}}
Jul 30 10:42:46.377974 np0000006119 nova-conductor[99100]: DEBUG cotyledon.oslo_config_glue [-] oslo_limit.endpoint_interface = public {{(pid=99100) log_opt_values /opt/stack/data/venv/lib/python3.12/site-packages/oslo_config/cfg.py:3253}}
Jul 30 10:42:46.377974 np0000006119 nova-conductor[99100]: DEBUG cotyledon.oslo_config_glue [-] oslo_limit.endpoint_override = None {{(pid=99100) log_opt_values /opt/stack/data/venv/lib/python3.12/site-packages/oslo_config/cfg.py:3253}}
Jul 30 10:42:46.377974 np0000006119 nova-conductor[99100]: DEBUG cotyledon.oslo_config_glue [-] oslo_limit.endpoint_region_name = None {{(pid=99100) log_opt_values /opt/stack/data/venv/lib/python3.12/site-packages/oslo_config/cfg.py:3253}}
Jul 30 10:42:46.377974 np0000006119 nova-conductor[99100]: DEBUG cotyledon.oslo_config_glue [-] oslo_limit.endpoint_service_name = None {{(pid=99100) log_opt_values /opt/stack/data/venv/lib/python3.12/site-packages/oslo_config/cfg.py:3253}}
Jul 30 10:42:46.377974 np0000006119 nova-conductor[99100]: DEBUG cotyledon.oslo_config_glue [-] oslo_limit.endpoint_service_type = None {{(pid=99100) log_opt_values /opt/stack/data/venv/lib/python3.12/site-packages/oslo_config/cfg.py:3253}}
Jul 30 10:42:46.377974 np0000006119 nova-conductor[99100]: DEBUG cotyledon.oslo_config_glue [-] oslo_limit.insecure = False {{(pid=99100) log_opt_values /opt/stack/data/venv/lib/python3.12/site-packages/oslo_config/cfg.py:3253}}
Jul 30 10:42:46.378247 np0000006119 nova-conductor[99100]: DEBUG cotyledon.oslo_config_glue [-] oslo_limit.keyfile = None {{(pid=99100) log_opt_values /opt/stack/data/venv/lib/python3.12/site-packages/oslo_config/cfg.py:3253}}
Jul 30 10:42:46.378247 np0000006119 nova-conductor[99100]: DEBUG cotyledon.oslo_config_glue [-] oslo_limit.max_version = None {{(pid=99100) log_opt_values /opt/stack/data/venv/lib/python3.12/site-packages/oslo_config/cfg.py:3253}}
Jul 30 10:42:46.378247 np0000006119 nova-conductor[99100]: DEBUG cotyledon.oslo_config_glue [-] oslo_limit.min_version = None {{(pid=99100) log_opt_values /opt/stack/data/venv/lib/python3.12/site-packages/oslo_config/cfg.py:3253}}
Jul 30 10:42:46.378247 np0000006119 nova-conductor[99100]: DEBUG cotyledon.oslo_config_glue [-] oslo_limit.region_name = None {{(pid=99100) log_opt_values /opt/stack/data/venv/lib/python3.12/site-packages/oslo_config/cfg.py:3253}}
Jul 30 10:42:46.378247 np0000006119 nova-conductor[99100]: DEBUG cotyledon.oslo_config_glue [-] oslo_limit.retriable_status_codes = None {{(pid=99100) log_opt_values /opt/stack/data/venv/lib/python3.12/site-packages/oslo_config/cfg.py:3253}}
Jul 30 10:42:46.378247 np0000006119 nova-conductor[99100]: DEBUG cotyledon.oslo_config_glue [-] oslo_limit.service_name = None {{(pid=99100) log_opt_values /opt/stack/data/venv/lib/python3.12/site-packages/oslo_config/cfg.py:3253}}
Jul 30 10:42:46.378247 np0000006119 nova-conductor[99100]: DEBUG cotyledon.oslo_config_glue [-] oslo_limit.service_type = None {{(pid=99100) log_opt_values /opt/stack/data/venv/lib/python3.12/site-packages/oslo_config/cfg.py:3253}}
Jul 30 10:42:46.378247 np0000006119 nova-conductor[99100]: DEBUG cotyledon.oslo_config_glue [-] oslo_limit.split_loggers = False {{(pid=99100) log_opt_values /opt/stack/data/venv/lib/python3.12/site-packages/oslo_config/cfg.py:3253}}
Jul 30 10:42:46.378247 np0000006119 nova-conductor[99100]: DEBUG cotyledon.oslo_config_glue [-] oslo_limit.status_code_retries = None {{(pid=99100) log_opt_values /opt/stack/data/venv/lib/python3.12/site-packages/oslo_config/cfg.py:3253}}
Jul 30 10:42:46.378525 np0000006119 nova-conductor[99100]: DEBUG cotyledon.oslo_config_glue [-] oslo_limit.status_code_retry_delay = None {{(pid=99100) log_opt_values /opt/stack/data/venv/lib/python3.12/site-packages/oslo_config/cfg.py:3253}}
Jul 30 10:42:46.378525 np0000006119 nova-conductor[99100]: DEBUG cotyledon.oslo_config_glue [-] oslo_limit.timeout = None {{(pid=99100) log_opt_values /opt/stack/data/venv/lib/python3.12/site-packages/oslo_config/cfg.py:3253}}
Jul 30 10:42:46.378525 np0000006119 nova-conductor[99100]: DEBUG cotyledon.oslo_config_glue [-] oslo_limit.valid_interfaces = None {{(pid=99100) log_opt_values /opt/stack/data/venv/lib/python3.12/site-packages/oslo_config/cfg.py:3253}}
Jul 30 10:42:46.378525 np0000006119 nova-conductor[99100]: DEBUG cotyledon.oslo_config_glue [-] oslo_limit.version = None {{(pid=99100) log_opt_values /opt/stack/data/venv/lib/python3.12/site-packages/oslo_config/cfg.py:3253}}
Jul 30 10:42:46.378525 np0000006119 nova-conductor[99100]: DEBUG cotyledon.oslo_config_glue [-] oslo_reports.file_event_handler = None {{(pid=99100) log_opt_values /opt/stack/data/venv/lib/python3.12/site-packages/oslo_config/cfg.py:3253}}
Jul 30 10:42:46.378525 np0000006119 nova-conductor[99100]: DEBUG cotyledon.oslo_config_glue [-] oslo_reports.file_event_handler_interval = 1 {{(pid=99100) log_opt_values /opt/stack/data/venv/lib/python3.12/site-packages/oslo_config/cfg.py:3253}}
Jul 30 10:42:46.378525 np0000006119 nova-conductor[99100]: DEBUG cotyledon.oslo_config_glue [-] oslo_reports.log_dir = None {{(pid=99100) log_opt_values /opt/stack/data/venv/lib/python3.12/site-packages/oslo_config/cfg.py:3253}}
Jul 30 10:42:46.378525 np0000006119 nova-conductor[99100]: DEBUG cotyledon.oslo_config_glue [-] ******************************************************************************** {{(pid=99100) log_opt_values /opt/stack/data/venv/lib/python3.12/site-packages/oslo_config/cfg.py:3260}}
Jul 30 10:42:46.378525 np0000006119 nova-conductor[99100]: DEBUG cotyledon._service_worker [-] Run service ServiceWrapper(3) [99100] {{(pid=99100) wait_forever /opt/stack/data/venv/lib/python3.12/site-packages/cotyledon/_service_worker.py:218}}
Jul 30 10:42:46.378895 np0000006119 nova-conductor[99100]: INFO nova.service [-] Starting conductor node (version 33.1.0)
Jul 30 10:42:46.378937 np0000006119 nova-conductor[99072]: DEBUG oslo_db.sqlalchemy.engines [None req-bc42ff31-c0d1-4453-93be-68c8645cce8f None None] MySQL server mode set to STRICT_TRANS_TABLES,STRICT_ALL_TABLES,NO_ZERO_IN_DATE,NO_ZERO_DATE,ERROR_FOR_DIVISION_BY_ZERO,TRADITIONAL,NO_ENGINE_SUBSTITUTION {{(pid=99072) _check_effective_sql_mode /opt/stack/data/venv/lib/python3.12/site-packages/oslo_db/sqlalchemy/engines.py:325}}
Jul 30 10:42:46.378981 np0000006119 nova-conductor[99100]: INFO dbcounter [None req-80fc921e-6ab7-4e37-a641-1acbd8394ba0 None None] Registered counter for database nova_cell0
Jul 30 10:42:46.379035 np0000006119 nova-conductor[99072]: DEBUG dbcounter [-] [99072] Writer thread running {{(pid=99072) stat_writer /opt/stack/data/venv/lib/python3.12/site-packages/dbcounter.py:102}}
Jul 30 10:42:46.379035 np0000006119 nova-conductor[99072]: DEBUG nova.service [None req-bc42ff31-c0d1-4453-93be-68c8645cce8f None None] Creating RPC server for service: nova-conductor on topic: conductor {{(pid=99072) start /opt/stack/nova/nova/service.py:196}}
Jul 30 10:42:46.379102 np0000006119 nova-conductor[99077]: DEBUG oslo_db.sqlalchemy.engines [None req-a70ca576-14a8-44e8-be5a-bbabe3d43030 None None] MySQL server mode set to STRICT_TRANS_TABLES,STRICT_ALL_TABLES,NO_ZERO_IN_DATE,NO_ZERO_DATE,ERROR_FOR_DIVISION_BY_ZERO,TRADITIONAL,NO_ENGINE_SUBSTITUTION {{(pid=99077) _check_effective_sql_mode /opt/stack/data/venv/lib/python3.12/site-packages/oslo_db/sqlalchemy/engines.py:325}}
Jul 30 10:42:46.379143 np0000006119 nova-conductor[99090]: DEBUG oslo_db.sqlalchemy.engines [None req-c7129093-40e9-42e1-95a1-7251af1fdea0 None None] MySQL server mode set to STRICT_TRANS_TABLES,STRICT_ALL_TABLES,NO_ZERO_IN_DATE,NO_ZERO_DATE,ERROR_FOR_DIVISION_BY_ZERO,TRADITIONAL,NO_ENGINE_SUBSTITUTION {{(pid=99090) _check_effective_sql_mode /opt/stack/data/venv/lib/python3.12/site-packages/oslo_db/sqlalchemy/engines.py:325}}
Jul 30 10:42:46.379185 np0000006119 nova-conductor[99077]: DEBUG dbcounter [-] [99077] Writer thread running {{(pid=99077) stat_writer /opt/stack/data/venv/lib/python3.12/site-packages/dbcounter.py:102}}
Jul 30 10:42:46.379222 np0000006119 nova-conductor[99100]: DEBUG oslo_db.sqlalchemy.engines [None req-80fc921e-6ab7-4e37-a641-1acbd8394ba0 None None] MySQL server mode set to STRICT_TRANS_TABLES,STRICT_ALL_TABLES,NO_ZERO_IN_DATE,NO_ZERO_DATE,ERROR_FOR_DIVISION_BY_ZERO,TRADITIONAL,NO_ENGINE_SUBSTITUTION {{(pid=99100) _check_effective_sql_mode /opt/stack/data/venv/lib/python3.12/site-packages/oslo_db/sqlalchemy/engines.py:325}}
Jul 30 10:42:46.379259 np0000006119 nova-conductor[99077]: DEBUG nova.service [None req-a70ca576-14a8-44e8-be5a-bbabe3d43030 None None] Creating RPC server for service: nova-conductor on topic: conductor {{(pid=99077) start /opt/stack/nova/nova/service.py:196}}
Jul 30 10:42:46.379301 np0000006119 nova-conductor[99090]: DEBUG dbcounter [-] [99090] Writer thread running {{(pid=99090) stat_writer /opt/stack/data/venv/lib/python3.12/site-packages/dbcounter.py:102}}
Jul 30 10:42:46.379301 np0000006119 nova-conductor[99090]: DEBUG nova.service [None req-c7129093-40e9-42e1-95a1-7251af1fdea0 None None] Creating RPC server for service: nova-conductor on topic: conductor {{(pid=99090) start /opt/stack/nova/nova/service.py:196}}
Jul 30 10:42:46.379449 np0000006119 nova-conductor[99100]: DEBUG dbcounter [-] [99100] Writer thread running {{(pid=99100) stat_writer /opt/stack/data/venv/lib/python3.12/site-packages/dbcounter.py:102}}
Jul 30 10:42:46.380420 np0000006119 nova-conductor[99100]: DEBUG nova.service [None req-80fc921e-6ab7-4e37-a641-1acbd8394ba0 None None] Creating RPC server for service: nova-conductor on topic: conductor {{(pid=99100) start /opt/stack/nova/nova/service.py:196}}
Jul 30 10:42:46.381378 np0000006119 nova-conductor[99072]: DEBUG nova.service [None req-bc42ff31-c0d1-4453-93be-68c8645cce8f None None] Join ServiceGroup membership for this service conductor {{(pid=99072) start /opt/stack/nova/nova/service.py:222}}
Jul 30 10:42:46.381671 np0000006119 nova-conductor[99072]: DEBUG nova.servicegroup.drivers.db [None req-bc42ff31-c0d1-4453-93be-68c8645cce8f None None] DB_Driver: join new ServiceGroup member np0000006119 to the conductor group, service = {{(pid=99072) join /opt/stack/nova/nova/servicegroup/drivers/db.py:44}}
Jul 30 10:42:46.386822 np0000006119 nova-conductor[99077]: DEBUG nova.service [None req-a70ca576-14a8-44e8-be5a-bbabe3d43030 None None] Join ServiceGroup membership for this service conductor {{(pid=99077) start /opt/stack/nova/nova/service.py:222}}
Jul 30 10:42:46.387047 np0000006119 nova-conductor[99077]: DEBUG nova.servicegroup.drivers.db [None req-a70ca576-14a8-44e8-be5a-bbabe3d43030 None None] DB_Driver: join new ServiceGroup member np0000006119 to the conductor group, service = {{(pid=99077) join /opt/stack/nova/nova/servicegroup/drivers/db.py:44}}
Jul 30 10:42:46.388182 np0000006119 nova-conductor[99090]: DEBUG nova.service [None req-c7129093-40e9-42e1-95a1-7251af1fdea0 None None] Join ServiceGroup membership for this service conductor {{(pid=99090) start /opt/stack/nova/nova/service.py:222}}
Jul 30 10:42:46.388381 np0000006119 nova-conductor[99090]: DEBUG nova.servicegroup.drivers.db [None req-c7129093-40e9-42e1-95a1-7251af1fdea0 None None] DB_Driver: join new ServiceGroup member np0000006119 to the conductor group, service = {{(pid=99090) join /opt/stack/nova/nova/servicegroup/drivers/db.py:44}}
Jul 30 10:42:46.403819 np0000006119 nova-conductor[99100]: DEBUG nova.service [None req-80fc921e-6ab7-4e37-a641-1acbd8394ba0 None None] Join ServiceGroup membership for this service conductor {{(pid=99100) start /opt/stack/nova/nova/service.py:222}}
Jul 30 10:42:46.404262 np0000006119 nova-conductor[99100]: DEBUG nova.servicegroup.drivers.db [None req-80fc921e-6ab7-4e37-a641-1acbd8394ba0 None None] DB_Driver: join new ServiceGroup member np0000006119 to the conductor group, service = {{(pid=99100) join /opt/stack/nova/nova/servicegroup/drivers/db.py:44}}
Jul 30 10:42:51.394922 np0000006119 nova-conductor[99072]: DEBUG oslo.service.backend._threading.loopingcall [-] Fixed interval looping call 'nova.servicegroup.drivers.db.DbDriver._report_state' sleeping for 119.99 seconds {{(pid=99072) _run_loop /opt/stack/data/venv/lib/python3.12/site-packages/oslo_service/backend/_threading/loopingcall.py:125}}
Jul 30 10:42:51.398590 np0000006119 nova-conductor[99077]: DEBUG oslo.service.backend._threading.loopingcall [-] Fixed interval looping call 'nova.servicegroup.drivers.db.DbDriver._report_state' sleeping for 119.99 seconds {{(pid=99077) _run_loop /opt/stack/data/venv/lib/python3.12/site-packages/oslo_service/backend/_threading/loopingcall.py:125}}
Jul 30 10:42:51.399597 np0000006119 nova-conductor[99090]: DEBUG oslo.service.backend._threading.loopingcall [-] Fixed interval looping call 'nova.servicegroup.drivers.db.DbDriver._report_state' sleeping for 119.99 seconds {{(pid=99090) _run_loop /opt/stack/data/venv/lib/python3.12/site-packages/oslo_service/backend/_threading/loopingcall.py:125}}
Jul 30 10:42:51.416011 np0000006119 nova-conductor[99100]: DEBUG oslo.service.backend._threading.loopingcall [-] Fixed interval looping call 'nova.servicegroup.drivers.db.DbDriver._report_state' sleeping for 119.99 seconds {{(pid=99100) _run_loop /opt/stack/data/venv/lib/python3.12/site-packages/oslo_service/backend/_threading/loopingcall.py:125}}
Jul 30 10:42:54.954172 np0000006119 nova-conductor[97597]: DEBUG dbcounter [-] [97597] Writing DB stats nova_api:SELECT=1 {{(pid=97597) stat_writer /opt/stack/data/venv/lib/python3.12/site-packages/dbcounter.py:115}}
Jul 30 10:42:55.085058 np0000006119 nova-conductor[97597]: DEBUG dbcounter [-] [97597] Writing DB stats nova_cell0:SELECT=1 {{(pid=97597) stat_writer /opt/stack/data/venv/lib/python3.12/site-packages/dbcounter.py:115}}
Jul 30 10:42:55.089281 np0000006119 nova-conductor[97597]: DEBUG dbcounter [-] [97597] Writing DB stats nova_cell1:SELECT=1 {{(pid=97597) stat_writer /opt/stack/data/venv/lib/python3.12/site-packages/dbcounter.py:115}}
Jul 30 10:42:55.390660 np0000006119 nova-conductor[99090]: DEBUG oslo.service.backend._threading.loopingcall [None req-308f4fbc-16f9-4b2e-b6bb-894f636a91ab None None] Dynamic interval looping call 'nova.service.Service.periodic_tasks' sleeping for 60.00 seconds {{(pid=99090) _run_loop /opt/stack/data/venv/lib/python3.12/site-packages/oslo_service/backend/_threading/loopingcall.py:125}}
Jul 30 10:43:01.391990 np0000006119 nova-conductor[99072]: DEBUG dbcounter [-] [99072] Writing DB stats nova_cell0:SELECT=4,nova_cell0:INSERT=1,nova_cell0:UPDATE=1 {{(pid=99072) stat_writer /opt/stack/data/venv/lib/python3.12/site-packages/dbcounter.py:115}}
Jul 30 10:43:01.395908 np0000006119 nova-conductor[99077]: DEBUG dbcounter [-] [99077] Writing DB stats nova_cell0:SELECT=3 {{(pid=99077) stat_writer /opt/stack/data/venv/lib/python3.12/site-packages/dbcounter.py:115}}
Jul 30 10:43:01.396793 np0000006119 nova-conductor[99090]: DEBUG dbcounter [-] [99090] Writing DB stats nova_cell0:SELECT=3 {{(pid=99090) stat_writer /opt/stack/data/venv/lib/python3.12/site-packages/dbcounter.py:115}}
Jul 30 10:43:01.413207 np0000006119 nova-conductor[99100]: DEBUG dbcounter [-] [99100] Writing DB stats nova_cell0:SELECT=3 {{(pid=99100) stat_writer /opt/stack/data/venv/lib/python3.12/site-packages/dbcounter.py:115}}
Jul 30 10:43:18.383696 np0000006119 nova-conductor[99072]: DEBUG oslo.service.backend._threading.loopingcall [None req-008e63ac-f902-4372-93ac-d12a1f7493e0 None None] Dynamic interval looping call 'nova.service.Service.periodic_tasks' sleeping for 60.00 seconds {{(pid=99072) _run_loop /opt/stack/data/venv/lib/python3.12/site-packages/oslo_service/backend/_threading/loopingcall.py:125}}
Jul 30 10:43:26.406373 np0000006119 nova-conductor[99100]: DEBUG oslo.service.backend._threading.loopingcall [None req-0ce99ced-d879-491a-ae8b-4694ecd735c1 None None] Dynamic interval looping call 'nova.service.Service.periodic_tasks' sleeping for 60.00 seconds {{(pid=99100) _run_loop /opt/stack/data/venv/lib/python3.12/site-packages/oslo_service/backend/_threading/loopingcall.py:125}}
Jul 30 10:43:46.388922 np0000006119 nova-conductor[99077]: DEBUG oslo.service.backend._threading.loopingcall [None req-9a01b5b9-8faf-4026-8ca3-a0d2bd4c5f15 None None] Dynamic interval looping call 'nova.service.Service.periodic_tasks' sleeping for 60.00 seconds {{(pid=99077) _run_loop /opt/stack/data/venv/lib/python3.12/site-packages/oslo_service/backend/_threading/loopingcall.py:125}}
Jul 30 10:43:55.391285 np0000006119 nova-conductor[99090]: DEBUG oslo.service.backend._threading.loopingcall [None req-308f4fbc-16f9-4b2e-b6bb-894f636a91ab None None] Dynamic interval looping call 'nova.service.Service.periodic_tasks' sleeping for 60.00 seconds {{(pid=99090) _run_loop /opt/stack/data/venv/lib/python3.12/site-packages/oslo_service/backend/_threading/loopingcall.py:125}}
Jul 30 10:44:18.384194 np0000006119 nova-conductor[99072]: DEBUG oslo.service.backend._threading.loopingcall [None req-008e63ac-f902-4372-93ac-d12a1f7493e0 None None] Dynamic interval looping call 'nova.service.Service.periodic_tasks' sleeping for 60.00 seconds {{(pid=99072) _run_loop /opt/stack/data/venv/lib/python3.12/site-packages/oslo_service/backend/_threading/loopingcall.py:125}}
Jul 30 10:44:26.406792 np0000006119 nova-conductor[99100]: DEBUG oslo.service.backend._threading.loopingcall [None req-0ce99ced-d879-491a-ae8b-4694ecd735c1 None None] Dynamic interval looping call 'nova.service.Service.periodic_tasks' sleeping for 60.00 seconds {{(pid=99100) _run_loop /opt/stack/data/venv/lib/python3.12/site-packages/oslo_service/backend/_threading/loopingcall.py:125}}
Jul 30 10:44:46.389481 np0000006119 nova-conductor[99077]: DEBUG oslo.service.backend._threading.loopingcall [None req-9a01b5b9-8faf-4026-8ca3-a0d2bd4c5f15 None None] Dynamic interval looping call 'nova.service.Service.periodic_tasks' sleeping for 60.00 seconds {{(pid=99077) _run_loop /opt/stack/data/venv/lib/python3.12/site-packages/oslo_service/backend/_threading/loopingcall.py:125}}
Jul 30 10:44:51.394407 np0000006119 nova-conductor[99072]: DEBUG oslo.service.backend._threading.loopingcall [-] Fixed interval looping call 'nova.servicegroup.drivers.db.DbDriver._report_state' sleeping for 119.99 seconds {{(pid=99072) _run_loop /opt/stack/data/venv/lib/python3.12/site-packages/oslo_service/backend/_threading/loopingcall.py:125}}
Jul 30 10:44:51.395648 np0000006119 nova-conductor[99077]: DEBUG oslo.service.backend._threading.loopingcall [-] Fixed interval looping call 'nova.servicegroup.drivers.db.DbDriver._report_state' sleeping for 119.99 seconds {{(pid=99077) _run_loop /opt/stack/data/venv/lib/python3.12/site-packages/oslo_service/backend/_threading/loopingcall.py:125}}
Jul 30 10:44:51.397259 np0000006119 nova-conductor[99090]: DEBUG oslo.service.backend._threading.loopingcall [-] Fixed interval looping call 'nova.servicegroup.drivers.db.DbDriver._report_state' sleeping for 119.99 seconds {{(pid=99090) _run_loop /opt/stack/data/venv/lib/python3.12/site-packages/oslo_service/backend/_threading/loopingcall.py:125}}
Jul 30 10:44:51.409822 np0000006119 nova-conductor[99100]: DEBUG oslo.service.backend._threading.loopingcall [-] Fixed interval looping call 'nova.servicegroup.drivers.db.DbDriver._report_state' sleeping for 120.00 seconds {{(pid=99100) _run_loop /opt/stack/data/venv/lib/python3.12/site-packages/oslo_service/backend/_threading/loopingcall.py:125}}
Jul 30 10:44:55.393032 np0000006119 nova-conductor[99090]: DEBUG oslo.service.backend._threading.loopingcall [None req-308f4fbc-16f9-4b2e-b6bb-894f636a91ab None None] Dynamic interval looping call 'nova.service.Service.periodic_tasks' sleeping for 60.00 seconds {{(pid=99090) _run_loop /opt/stack/data/venv/lib/python3.12/site-packages/oslo_service/backend/_threading/loopingcall.py:125}}
Jul 30 10:45:01.389146 np0000006119 nova-conductor[99072]: DEBUG dbcounter [-] [99072] Writing DB stats nova_cell0:SELECT=1,nova_cell0:UPDATE=1 {{(pid=99072) stat_writer /opt/stack/data/venv/lib/python3.12/site-packages/dbcounter.py:115}}
Jul 30 10:45:01.394315 np0000006119 nova-conductor[99077]: DEBUG dbcounter [-] [99077] Writing DB stats nova_cell0:SELECT=1,nova_cell0:UPDATE=1 {{(pid=99077) stat_writer /opt/stack/data/venv/lib/python3.12/site-packages/dbcounter.py:115}}
Jul 30 10:45:01.396202 np0000006119 nova-conductor[99090]: DEBUG dbcounter [-] [99090] Writing DB stats nova_cell0:SELECT=1,nova_cell0:UPDATE=1 {{(pid=99090) stat_writer /opt/stack/data/venv/lib/python3.12/site-packages/dbcounter.py:115}}
Jul 30 10:45:01.408186 np0000006119 nova-conductor[99100]: DEBUG dbcounter [-] [99100] Writing DB stats nova_cell0:SELECT=1 {{(pid=99100) stat_writer /opt/stack/data/venv/lib/python3.12/site-packages/dbcounter.py:115}}
Jul 30 10:45:13.305249 np0000006119 nova-conductor[99072]: DEBUG oslo_db.sqlalchemy.engines [None req-1cc1b2ad-ea77-474a-8f60-618e3f9a6c7c tempest-ServerRescueNegativeTestJSON-1396807427 tempest-ServerRescueNegativeTestJSON-1396807427-project-member] Parent process 97597 forked (99072) with an open database connection, which is being discarded and recreated. {{(pid=99072) checkout /opt/stack/data/venv/lib/python3.12/site-packages/oslo_db/sqlalchemy/engines.py:402}}
Jul 30 10:45:13.359319 np0000006119 nova-conductor[99072]: DEBUG dbcounter [-] [99072] Writer thread running {{(pid=99072) stat_writer /opt/stack/data/venv/lib/python3.12/site-packages/dbcounter.py:102}}
Jul 30 10:45:14.419033 np0000006119 nova-conductor[99072]: DEBUG nova.conductor.manager [None req-1cc1b2ad-ea77-474a-8f60-618e3f9a6c7c tempest-ServerRescueNegativeTestJSON-1396807427 tempest-ServerRescueNegativeTestJSON-1396807427-project-member] Took 1.06 seconds to select destinations for 1 instance(s). {{(pid=99072) _schedule_instances /opt/stack/nova/nova/conductor/manager.py:968}}
Jul 30 10:45:14.453495 np0000006119 nova-conductor[99072]: DEBUG oslo_concurrency.lockutils [None req-1cc1b2ad-ea77-474a-8f60-618e3f9a6c7c tempest-ServerRescueNegativeTestJSON-1396807427 tempest-ServerRescueNegativeTestJSON-1396807427-project-member] Acquiring lock "5d3c8541-eacf-4753-aa12-724c2c78dc98" by "nova.context.set_target_cell..get_or_set_cached_cell_and_set_connections" {{(pid=99072) inner /opt/stack/data/venv/lib/python3.12/site-packages/oslo_concurrency/lockutils.py:512}}
Jul 30 10:45:14.453495 np0000006119 nova-conductor[99072]: DEBUG oslo_concurrency.lockutils [None req-1cc1b2ad-ea77-474a-8f60-618e3f9a6c7c tempest-ServerRescueNegativeTestJSON-1396807427 tempest-ServerRescueNegativeTestJSON-1396807427-project-member] Lock "5d3c8541-eacf-4753-aa12-724c2c78dc98" acquired by "nova.context.set_target_cell..get_or_set_cached_cell_and_set_connections" :: waited 0.000s {{(pid=99072) inner /opt/stack/data/venv/lib/python3.12/site-packages/oslo_concurrency/lockutils.py:525}}
Jul 30 10:45:14.454309 np0000006119 nova-conductor[99072]: DEBUG oslo_concurrency.lockutils [None req-1cc1b2ad-ea77-474a-8f60-618e3f9a6c7c tempest-ServerRescueNegativeTestJSON-1396807427 tempest-ServerRescueNegativeTestJSON-1396807427-project-member] Lock "5d3c8541-eacf-4753-aa12-724c2c78dc98" "released" by "nova.context.set_target_cell..get_or_set_cached_cell_and_set_connections" :: held 0.001s {{(pid=99072) inner /opt/stack/data/venv/lib/python3.12/site-packages/oslo_concurrency/lockutils.py:544}}
Jul 30 10:45:14.456224 np0000006119 nova-conductor[99072]: INFO dbcounter [None req-1cc1b2ad-ea77-474a-8f60-618e3f9a6c7c tempest-ServerRescueNegativeTestJSON-1396807427 tempest-ServerRescueNegativeTestJSON-1396807427-project-member] Registered counter for database nova_cell1
Jul 30 10:45:14.505593 np0000006119 nova-conductor[99072]: DEBUG oslo_db.sqlalchemy.engines [None req-1cc1b2ad-ea77-474a-8f60-618e3f9a6c7c tempest-ServerRescueNegativeTestJSON-1396807427 tempest-ServerRescueNegativeTestJSON-1396807427-project-member] MySQL server mode set to STRICT_TRANS_TABLES,STRICT_ALL_TABLES,NO_ZERO_IN_DATE,NO_ZERO_DATE,ERROR_FOR_DIVISION_BY_ZERO,TRADITIONAL,NO_ENGINE_SUBSTITUTION {{(pid=99072) _check_effective_sql_mode /opt/stack/data/venv/lib/python3.12/site-packages/oslo_db/sqlalchemy/engines.py:325}}
Jul 30 10:45:14.512142 np0000006119 nova-conductor[99072]: DEBUG dbcounter [-] [99072] Writer thread running {{(pid=99072) stat_writer /opt/stack/data/venv/lib/python3.12/site-packages/dbcounter.py:102}}
Jul 30 10:45:14.578003 np0000006119 nova-conductor[99072]: INFO nova.utils [None req-1cc1b2ad-ea77-474a-8f60-618e3f9a6c7c tempest-ServerRescueNegativeTestJSON-1396807427 tempest-ServerRescueNegativeTestJSON-1396807427-project-member] The cell worker thread pool ForkProcess-1.cell_worker is initialized
Jul 30 10:45:14.578114 np0000006119 nova-conductor[99072]: DEBUG oslo_concurrency.lockutils [None req-1cc1b2ad-ea77-474a-8f60-618e3f9a6c7c tempest-ServerRescueNegativeTestJSON-1396807427 tempest-ServerRescueNegativeTestJSON-1396807427-project-member] Acquiring lock "00000000-0000-0000-0000-000000000000" by "nova.context.set_target_cell..get_or_set_cached_cell_and_set_connections" {{(pid=99072) inner /opt/stack/data/venv/lib/python3.12/site-packages/oslo_concurrency/lockutils.py:512}}
Jul 30 10:45:14.578199 np0000006119 nova-conductor[99072]: DEBUG oslo_concurrency.lockutils [None req-1cc1b2ad-ea77-474a-8f60-618e3f9a6c7c tempest-ServerRescueNegativeTestJSON-1396807427 tempest-ServerRescueNegativeTestJSON-1396807427-project-member] Lock "00000000-0000-0000-0000-000000000000" acquired by "nova.context.set_target_cell..get_or_set_cached_cell_and_set_connections" :: waited 0.000s {{(pid=99072) inner /opt/stack/data/venv/lib/python3.12/site-packages/oslo_concurrency/lockutils.py:525}}
Jul 30 10:45:14.578528 np0000006119 nova-conductor[99072]: DEBUG oslo_concurrency.lockutils [None req-1cc1b2ad-ea77-474a-8f60-618e3f9a6c7c tempest-ServerRescueNegativeTestJSON-1396807427 tempest-ServerRescueNegativeTestJSON-1396807427-project-member] Lock "00000000-0000-0000-0000-000000000000" "released" by "nova.context.set_target_cell..get_or_set_cached_cell_and_set_connections" :: held 0.000s {{(pid=99072) inner /opt/stack/data/venv/lib/python3.12/site-packages/oslo_concurrency/lockutils.py:544}}
Jul 30 10:45:14.579320 np0000006119 nova-conductor[99072]: DEBUG oslo_concurrency.lockutils [None req-1cc1b2ad-ea77-474a-8f60-618e3f9a6c7c tempest-ServerRescueNegativeTestJSON-1396807427 tempest-ServerRescueNegativeTestJSON-1396807427-project-member] Acquiring lock "5d3c8541-eacf-4753-aa12-724c2c78dc98" by "nova.context.set_target_cell..get_or_set_cached_cell_and_set_connections" {{(pid=99072) inner /opt/stack/data/venv/lib/python3.12/site-packages/oslo_concurrency/lockutils.py:512}}
Jul 30 10:45:14.579501 np0000006119 nova-conductor[99072]: DEBUG oslo_concurrency.lockutils [None req-1cc1b2ad-ea77-474a-8f60-618e3f9a6c7c tempest-ServerRescueNegativeTestJSON-1396807427 tempest-ServerRescueNegativeTestJSON-1396807427-project-member] Lock "5d3c8541-eacf-4753-aa12-724c2c78dc98" acquired by "nova.context.set_target_cell..get_or_set_cached_cell_and_set_connections" :: waited 0.000s {{(pid=99072) inner /opt/stack/data/venv/lib/python3.12/site-packages/oslo_concurrency/lockutils.py:525}}
Jul 30 10:45:14.579718 np0000006119 nova-conductor[99072]: DEBUG oslo_concurrency.lockutils [None req-1cc1b2ad-ea77-474a-8f60-618e3f9a6c7c tempest-ServerRescueNegativeTestJSON-1396807427 tempest-ServerRescueNegativeTestJSON-1396807427-project-member] Lock "5d3c8541-eacf-4753-aa12-724c2c78dc98" "released" by "nova.context.set_target_cell..get_or_set_cached_cell_and_set_connections" :: held 0.000s {{(pid=99072) inner /opt/stack/data/venv/lib/python3.12/site-packages/oslo_concurrency/lockutils.py:544}}
Jul 30 10:45:14.581267 np0000006119 nova-conductor[99072]: INFO dbcounter [None req-1cc1b2ad-ea77-474a-8f60-618e3f9a6c7c tempest-ServerRescueNegativeTestJSON-1396807427 tempest-ServerRescueNegativeTestJSON-1396807427-project-member] Registered counter for database nova_cell0
