May 31 20:13:41.088107 np0000001826 devstack@g-api.service[101996]: DEBUG glance.api.middleware.version_negotiation [None req-444505b1-1b7a-4434-a2c9-fb76a5966b75 tempest-VolumesActionsTest-2060533822 tempest-VolumesActionsTest-2060533822-project-member] Matched version: v2 {{(pid=101996) process_request /opt/stack/glance/glance/api/middleware/version_negotiation.py:69}}
May 31 20:13:41.088242 np0000001826 devstack@g-api.service[101996]: DEBUG glance.api.middleware.version_negotiation [None req-444505b1-1b7a-4434-a2c9-fb76a5966b75 tempest-VolumesActionsTest-2060533822 tempest-VolumesActionsTest-2060533822-project-member] new path /v2/images/f01849da-e96e-45dc-a49a-f501c416ee78 {{(pid=101996) process_request /opt/stack/glance/glance/api/middleware/version_negotiation.py:70}}
May 31 20:13:41.100365 np0000001826 devstack@g-api.service[101996]: [pid: 101996|app: 0|req: 95/270] 127.0.0.1 () {44 vars in 1111 bytes} [Sun May 31 20:13:41 2026] GET /v2/images/f01849da-e96e-45dc-a49a-f501c416ee78 => generated 1044 bytes in 13 msecs (HTTP/1.1 200) 4 headers in 158 bytes (1 switches on core 0)
May 31 20:13:41.165628 np0000001826 devstack@g-api.service[101998]: DEBUG glance.api.middleware.version_negotiation [None req-214c9969-d578-4b31-b3bd-83ebdf02e7b1 tempest-ServerActionsTestOtherA-913381714 tempest-ServerActionsTestOtherA-913381714-project-member] Determining version of request: GET /v2/schemas/image Accept: */* {{(pid=101998) process_request /opt/stack/glance/glance/api/middleware/version_negotiation.py:44}}
May 31 20:13:41.165903 np0000001826 devstack@g-api.service[101998]: DEBUG glance.api.middleware.version_negotiation [None req-214c9969-d578-4b31-b3bd-83ebdf02e7b1 tempest-ServerActionsTestOtherA-913381714 tempest-ServerActionsTestOtherA-913381714-project-member] Using url versioning {{(pid=101998) process_request /opt/stack/glance/glance/api/middleware/version_negotiation.py:57}}
May 31 20:13:41.166115 np0000001826 devstack@g-api.service[101998]: DEBUG glance.api.middleware.version_negotiation [None req-214c9969-d578-4b31-b3bd-83ebdf02e7b1 tempest-ServerActionsTestOtherA-913381714 tempest-ServerActionsTestOtherA-913381714-project-member] Matched version: v2 {{(pid=101998) process_request /opt/stack/glance/glance/api/middleware/version_negotiation.py:69}}
May 31 20:13:41.166285 np0000001826 devstack@g-api.service[101998]: DEBUG glance.api.middleware.version_negotiation [None req-214c9969-d578-4b31-b3bd-83ebdf02e7b1 tempest-ServerActionsTestOtherA-913381714 tempest-ServerActionsTestOtherA-913381714-project-member] new path /v2/schemas/image {{(pid=101998) process_request /opt/stack/glance/glance/api/middleware/version_negotiation.py:70}}
May 31 20:13:41.169281 np0000001826 devstack@g-api.service[101998]: [pid: 101998|app: 0|req: 89/271] 127.0.0.1 () {44 vars in 1051 bytes} [Sun May 31 20:13:41 2026] GET /v2/schemas/image => generated 6083 bytes in 4 msecs (HTTP/1.1 200) 4 headers in 158 bytes (1 switches on core 0)
May 31 20:13:41.254517 np0000001826 devstack@g-api.service[101997]: DEBUG glance.api.middleware.version_negotiation [None req-214c9969-d578-4b31-b3bd-83ebdf02e7b1 tempest-ServerActionsTestOtherA-913381714 tempest-ServerActionsTestOtherA-913381714-project-member] Determining version of request: GET /v2/images/461e4df7-7ee0-4896-a1c8-8e3cc9418a1f Accept: application/json {{(pid=101997) process_request /opt/stack/glance/glance/api/middleware/version_negotiation.py:44}}
May 31 20:13:41.254770 np0000001826 devstack@g-api.service[101997]: DEBUG glance.api.middleware.version_negotiation [None req-214c9969-d578-4b31-b3bd-83ebdf02e7b1 tempest-ServerActionsTestOtherA-913381714 tempest-ServerActionsTestOtherA-913381714-project-member] Using url versioning {{(pid=101997) process_request /opt/stack/glance/glance/api/middleware/version_negotiation.py:57}}
May 31 20:13:41.254944 np0000001826 devstack@g-api.service[101997]: DEBUG glance.api.middleware.version_negotiation [None req-214c9969-d578-4b31-b3bd-83ebdf02e7b1 tempest-ServerActionsTestOtherA-913381714 tempest-ServerActionsTestOtherA-913381714-project-member] Matched version: v2 {{(pid=101997) process_request /opt/stack/glance/glance/api/middleware/version_negotiation.py:69}}
May 31 20:13:41.255075 np0000001826 devstack@g-api.service[101997]: DEBUG glance.api.middleware.version_negotiation [None req-214c9969-d578-4b31-b3bd-83ebdf02e7b1 tempest-ServerActionsTestOtherA-913381714 tempest-ServerActionsTestOtherA-913381714-project-member] new path /v2/images/461e4df7-7ee0-4896-a1c8-8e3cc9418a1f {{(pid=101997) process_request /opt/stack/glance/glance/api/middleware/version_negotiation.py:70}}
May 31 20:13:41.274536 np0000001826 devstack@g-api.service[101997]: [pid: 101997|app: 0|req: 88/272] 127.0.0.1 () {40 vars in 834 bytes} [Sun May 31 20:13:41 2026] GET /v2/images/461e4df7-7ee0-4896-a1c8-8e3cc9418a1f => generated 650 bytes in 20 msecs (HTTP/1.1 200) 4 headers in 157 bytes (1 switches on core 0)
May 31 20:13:41.791026 np0000001826 devstack@g-api.service[101996]: DEBUG glance.api.middleware.version_negotiation [None req-214c9969-d578-4b31-b3bd-83ebdf02e7b1 tempest-ServerActionsTestOtherA-913381714 tempest-ServerActionsTestOtherA-913381714-project-member] Determining version of request: PUT /v2/images/461e4df7-7ee0-4896-a1c8-8e3cc9418a1f/file Accept: */* {{(pid=101996) process_request /opt/stack/glance/glance/api/middleware/version_negotiation.py:44}}
May 31 20:13:41.791812 np0000001826 devstack@g-api.service[101996]: DEBUG glance.api.middleware.version_negotiation [None req-214c9969-d578-4b31-b3bd-83ebdf02e7b1 tempest-ServerActionsTestOtherA-913381714 tempest-ServerActionsTestOtherA-913381714-project-member] Using url versioning {{(pid=101996) process_request /opt/stack/glance/glance/api/middleware/version_negotiation.py:57}}
May 31 20:13:41.791812 np0000001826 devstack@g-api.service[101996]: DEBUG glance.api.middleware.version_negotiation [None req-214c9969-d578-4b31-b3bd-83ebdf02e7b1 tempest-ServerActionsTestOtherA-913381714 tempest-ServerActionsTestOtherA-913381714-project-member] Matched version: v2 {{(pid=101996) process_request /opt/stack/glance/glance/api/middleware/version_negotiation.py:69}}
May 31 20:13:41.791812 np0000001826 devstack@g-api.service[101996]: DEBUG glance.api.middleware.version_negotiation [None req-214c9969-d578-4b31-b3bd-83ebdf02e7b1 tempest-ServerActionsTestOtherA-913381714 tempest-ServerActionsTestOtherA-913381714-project-member] new path /v2/images/461e4df7-7ee0-4896-a1c8-8e3cc9418a1f/file {{(pid=101996) process_request /opt/stack/glance/glance/api/middleware/version_negotiation.py:70}}
May 31 20:13:42.288139 np0000001826 devstack@g-api.service[101998]: DEBUG glance.api.middleware.version_negotiation [None req-214c9969-d578-4b31-b3bd-83ebdf02e7b1 tempest-ServerActionsTestOtherA-913381714 tempest-ServerActionsTestOtherA-913381714-project-member] Determining version of request: GET /v2/images/461e4df7-7ee0-4896-a1c8-8e3cc9418a1f Accept: application/json {{(pid=101998) process_request /opt/stack/glance/glance/api/middleware/version_negotiation.py:44}}
May 31 20:13:42.288524 np0000001826 devstack@g-api.service[101998]: DEBUG glance.api.middleware.version_negotiation [None req-214c9969-d578-4b31-b3bd-83ebdf02e7b1 tempest-ServerActionsTestOtherA-913381714 tempest-ServerActionsTestOtherA-913381714-project-member] Using url versioning {{(pid=101998) process_request /opt/stack/glance/glance/api/middleware/version_negotiation.py:57}}
May 31 20:13:42.288524 np0000001826 devstack@g-api.service[101998]: DEBUG glance.api.middleware.version_negotiation [None req-214c9969-d578-4b31-b3bd-83ebdf02e7b1 tempest-ServerActionsTestOtherA-913381714 tempest-ServerActionsTestOtherA-913381714-project-member] Matched version: v2 {{(pid=101998) process_request /opt/stack/glance/glance/api/middleware/version_negotiation.py:69}}
May 31 20:13:42.288670 np0000001826 devstack@g-api.service[101998]: DEBUG glance.api.middleware.version_negotiation [None req-214c9969-d578-4b31-b3bd-83ebdf02e7b1 tempest-ServerActionsTestOtherA-913381714 tempest-ServerActionsTestOtherA-913381714-project-member] new path /v2/images/461e4df7-7ee0-4896-a1c8-8e3cc9418a1f {{(pid=101998) process_request /opt/stack/glance/glance/api/middleware/version_negotiation.py:70}}
May 31 20:13:42.302497 np0000001826 devstack@g-api.service[101998]: [pid: 101998|app: 0|req: 90/273] 127.0.0.1 () {40 vars in 834 bytes} [Sun May 31 20:13:42 2026] GET /v2/images/461e4df7-7ee0-4896-a1c8-8e3cc9418a1f => generated 650 bytes in 14 msecs (HTTP/1.1 200) 4 headers in 157 bytes (1 switches on core 0)
May 31 20:13:42.375630 np0000001826 devstack@g-api.service[101996]: INFO glance.api.v2.image_data [None req-df78e4df-a6c7-42bf-9fc5-0d1f0f3dc34f tempest-VolumesActionsTest-2060533822 tempest-VolumesActionsTest-2060533822-project-member] Unable to create trust: no such option collect_timing in group [keystone_authtoken] Use the existing user token.
May 31 20:13:42.839580 np0000001826 devstack@g-api.service[101996]: DEBUG glance.location [None req-df78e4df-a6c7-42bf-9fc5-0d1f0f3dc34f tempest-VolumesActionsTest-2060533822 tempest-VolumesActionsTest-2060533822-project-member] Enabling in-flight format inspection for raw {{(pid=101996) set_data /opt/stack/glance/glance/location.py:616}}
May 31 20:13:42.840018 np0000001826 devstack@g-api.service[101996]: DEBUG glance_store.backend [None req-df78e4df-a6c7-42bf-9fc5-0d1f0f3dc34f tempest-VolumesActionsTest-2060533822 tempest-VolumesActionsTest-2060533822-project-member] Attempting to import store swift {{(pid=101996) _load_store /opt/stack/data/venv/lib/python3.12/site-packages/glance_store/backend.py:215}}
May 31 20:13:42.841191 np0000001826 devstack@g-api.service[101996]: DEBUG glance_store.capabilities [None req-df78e4df-a6c7-42bf-9fc5-0d1f0f3dc34f tempest-VolumesActionsTest-2060533822 tempest-VolumesActionsTest-2060533822-project-member] Store glance_store._drivers.swift.store.SingleTenantStore doesn't support updating dynamic storage capabilities. Please overwrite 'update_capabilities' method of the store to implement updating logics if needed. {{(pid=101996) update_capabilities /opt/stack/data/venv/lib/python3.12/site-packages/glance_store/capabilities.py:91}}
May 31 20:13:42.841307 np0000001826 devstack@g-api.service[101996]: DEBUG glance_store.driver [None req-df78e4df-a6c7-42bf-9fc5-0d1f0f3dc34f tempest-VolumesActionsTest-2060533822 tempest-VolumesActionsTest-2060533822-project-member] Late loading location class glance_store._drivers.swift.store.StoreLocation {{(pid=101996) get_store_location_class /opt/stack/data/venv/lib/python3.12/site-packages/glance_store/driver.py:134}}
May 31 20:13:42.841353 np0000001826 devstack@g-api.service[101996]: DEBUG glance_store.location [None req-df78e4df-a6c7-42bf-9fc5-0d1f0f3dc34f tempest-VolumesActionsTest-2060533822 tempest-VolumesActionsTest-2060533822-project-member] Registering scheme swift+https with {'store': , 'location_class': , 'store_entry': 'swift'} {{(pid=101996) register_scheme_map /opt/stack/data/venv/lib/python3.12/site-packages/glance_store/location.py:146}}
May 31 20:13:42.841414 np0000001826 devstack@g-api.service[101996]: DEBUG glance_store.location [None req-df78e4df-a6c7-42bf-9fc5-0d1f0f3dc34f tempest-VolumesActionsTest-2060533822 tempest-VolumesActionsTest-2060533822-project-member] Registering scheme swift+https with {'store': , 'location_class': , 'store_entry': 'swift'} {{(pid=101996) register_scheme_map /opt/stack/data/venv/lib/python3.12/site-packages/glance_store/location.py:146}}
May 31 20:13:42.841494 np0000001826 devstack@g-api.service[101996]: DEBUG glance_store.location [None req-df78e4df-a6c7-42bf-9fc5-0d1f0f3dc34f tempest-VolumesActionsTest-2060533822 tempest-VolumesActionsTest-2060533822-project-member] Registering scheme swift with {'store': , 'location_class': , 'store_entry': 'swift'} {{(pid=101996) register_scheme_map /opt/stack/data/venv/lib/python3.12/site-packages/glance_store/location.py:146}}
May 31 20:13:42.841616 np0000001826 devstack@g-api.service[101996]: DEBUG glance_store.location [None req-df78e4df-a6c7-42bf-9fc5-0d1f0f3dc34f tempest-VolumesActionsTest-2060533822 tempest-VolumesActionsTest-2060533822-project-member] Registering scheme swift+https with {'store': , 'location_class': , 'store_entry': 'swift'} {{(pid=101996) register_scheme_map /opt/stack/data/venv/lib/python3.12/site-packages/glance_store/location.py:146}}
May 31 20:13:42.841676 np0000001826 devstack@g-api.service[101996]: DEBUG glance_store.location [None req-df78e4df-a6c7-42bf-9fc5-0d1f0f3dc34f tempest-VolumesActionsTest-2060533822 tempest-VolumesActionsTest-2060533822-project-member] Registering scheme swift with {'store': , 'location_class': , 'store_entry': 'swift'} {{(pid=101996) register_scheme_map /opt/stack/data/venv/lib/python3.12/site-packages/glance_store/location.py:146}}
May 31 20:13:42.841781 np0000001826 devstack@g-api.service[101996]: DEBUG glance_store.location [None req-df78e4df-a6c7-42bf-9fc5-0d1f0f3dc34f tempest-VolumesActionsTest-2060533822 tempest-VolumesActionsTest-2060533822-project-member] Registering scheme swift+http with {'store': , 'location_class': , 'store_entry': 'swift'} {{(pid=101996) register_scheme_map /opt/stack/data/venv/lib/python3.12/site-packages/glance_store/location.py:146}}
May 31 20:13:42.841859 np0000001826 devstack@g-api.service[101996]: DEBUG glance_store.location [None req-df78e4df-a6c7-42bf-9fc5-0d1f0f3dc34f tempest-VolumesActionsTest-2060533822 tempest-VolumesActionsTest-2060533822-project-member] Registering scheme swift+https with {'store': , 'location_class': , 'store_entry': 'swift'} {{(pid=101996) register_scheme_map /opt/stack/data/venv/lib/python3.12/site-packages/glance_store/location.py:146}}
May 31 20:13:42.841923 np0000001826 devstack@g-api.service[101996]: DEBUG glance_store.location [None req-df78e4df-a6c7-42bf-9fc5-0d1f0f3dc34f tempest-VolumesActionsTest-2060533822 tempest-VolumesActionsTest-2060533822-project-member] Registering scheme swift with {'store': , 'location_class': , 'store_entry': 'swift'} {{(pid=101996) register_scheme_map /opt/stack/data/venv/lib/python3.12/site-packages/glance_store/location.py:146}}
May 31 20:13:42.841974 np0000001826 devstack@g-api.service[101996]: DEBUG glance_store.location [None req-df78e4df-a6c7-42bf-9fc5-0d1f0f3dc34f tempest-VolumesActionsTest-2060533822 tempest-VolumesActionsTest-2060533822-project-member] Registering scheme swift+http with {'store': , 'location_class': , 'store_entry': 'swift'} {{(pid=101996) register_scheme_map /opt/stack/data/venv/lib/python3.12/site-packages/glance_store/location.py:146}}
May 31 20:13:42.842021 np0000001826 devstack@g-api.service[101996]: DEBUG glance_store.location [None req-df78e4df-a6c7-42bf-9fc5-0d1f0f3dc34f tempest-VolumesActionsTest-2060533822 tempest-VolumesActionsTest-2060533822-project-member] Registering scheme swift+config with {'store': , 'location_class': , 'store_entry': 'swift'} {{(pid=101996) register_scheme_map /opt/stack/data/venv/lib/python3.12/site-packages/glance_store/location.py:146}}
May 31 20:13:43.028988 np0000001826 devstack@g-api.service[101996]: DEBUG swiftclient [None req-df78e4df-a6c7-42bf-9fc5-0d1f0f3dc34f tempest-VolumesActionsTest-2060533822 tempest-VolumesActionsTest-2060533822-project-member] REQ: curl -i https://10.4.3.83:8080/v1/AUTH_ce17bc68b5ac4ed5b2e568fe8f778dd8/glance -I -H "X-Auth-Token: gAAAAABqHJZ2sGac..." {{(pid=101996) http_log /opt/stack/data/venv/lib/python3.12/site-packages/swiftclient/client.py:160}}
May 31 20:13:43.029062 np0000001826 devstack@g-api.service[101996]: DEBUG swiftclient [None req-df78e4df-a6c7-42bf-9fc5-0d1f0f3dc34f tempest-VolumesActionsTest-2060533822 tempest-VolumesActionsTest-2060533822-project-member] RESP STATUS: 204 No Content {{(pid=101996) http_log /opt/stack/data/venv/lib/python3.12/site-packages/swiftclient/client.py:161}}
May 31 20:13:43.029200 np0000001826 devstack@g-api.service[101996]: DEBUG swiftclient [None req-df78e4df-a6c7-42bf-9fc5-0d1f0f3dc34f tempest-VolumesActionsTest-2060533822 tempest-VolumesActionsTest-2060533822-project-member] RESP HEADERS: {'Date': 'Sun, 31 May 2026 20:13:43 GMT', 'Server': 'Apache/2.4.58 (Ubuntu)', 'Content-Type': 'text/plain; charset=utf-8', 'X-Container-Object-Count': '5', 'X-Container-Bytes-Used': '87883776', 'X-Timestamp': '1780258031.46458', 'Last-Modified': 'Sun, 31 May 2026 20:07:12 GMT', 'Accept-Ranges': 'bytes', 'X-Storage-Policy': 'Policy-0', 'X-Container-Sharding': 'False', 'Vary': 'Accept', 'X-Trans-Id': 'tx330e0e00f1ef40e59c8b9-006a1c9676', 'X-Openstack-Request-Id': 'tx330e0e00f1ef40e59c8b9-006a1c9676', 'Connection': 'close'} {{(pid=101996) http_log /opt/stack/data/venv/lib/python3.12/site-packages/swiftclient/client.py:162}}
May 31 20:13:43.029393 np0000001826 devstack@g-api.service[101996]: DEBUG glance_store._drivers.swift.store [None req-df78e4df-a6c7-42bf-9fc5-0d1f0f3dc34f tempest-VolumesActionsTest-2060533822 tempest-VolumesActionsTest-2060533822-project-member] Adding image object '461e4df7-7ee0-4896-a1c8-8e3cc9418a1f' to Swift {{(pid=101996) add /opt/stack/data/venv/lib/python3.12/site-packages/glance_store/_drivers/swift/store.py:970}}
May 31 20:13:43.029502 np0000001826 devstack@g-api.service[101996]: DEBUG glance_store._drivers.swift.store [None req-df78e4df-a6c7-42bf-9fc5-0d1f0f3dc34f tempest-VolumesActionsTest-2060533822 tempest-VolumesActionsTest-2060533822-project-member] Cannot determine image size because it is either not provided in the request or chunked-transfer encoding is used. Adding image as a segmented object to Swift. {{(pid=101996) add /opt/stack/data/venv/lib/python3.12/site-packages/glance_store/_drivers/swift/store.py:994}}
May 31 20:13:43.036353 np0000001826 devstack@g-api.service[101996]: DEBUG oslo_utils.imageutils.format_inspector [None req-df78e4df-a6c7-42bf-9fc5-0d1f0f3dc34f tempest-VolumesActionsTest-2060533822 tempest-VolumesActionsTest-2060533822-project-member] Format inspector for vmdk does not match, excluding from consideration (Signature KDMV not found: b'\x00\x00\x00\x00') {{(pid=101996) _process_chunk /opt/stack/data/venv/lib/python3.12/site-packages/oslo_utils/imageutils/format_inspector.py:1758}}
May 31 20:13:43.038636 np0000001826 devstack@g-api.service[101996]: DEBUG oslo_utils.imageutils.format_inspector [None req-df78e4df-a6c7-42bf-9fc5-0d1f0f3dc34f tempest-VolumesActionsTest-2060533822 tempest-VolumesActionsTest-2060533822-project-member] Format inspector for vhdx does not match, excluding from consideration (Region signature not found at 30000) {{(pid=101996) _process_chunk /opt/stack/data/venv/lib/python3.12/site-packages/oslo_utils/imageutils/format_inspector.py:1758}}
May 31 20:13:43.315167 np0000001826 devstack@g-api.service[101997]: DEBUG glance.api.middleware.version_negotiation [None req-16d31248-4993-46f7-81b3-fa4bed60cc52 tempest-VolumesActionsTest-2060533822 tempest-VolumesActionsTest-2060533822-project-member] Determining version of request: GET /v2/images/461e4df7-7ee0-4896-a1c8-8e3cc9418a1f Accept: application/json {{(pid=101997) process_request /opt/stack/glance/glance/api/middleware/version_negotiation.py:44}}
May 31 20:13:43.315167 np0000001826 devstack@g-api.service[101997]: DEBUG glance.api.middleware.version_negotiation [None req-16d31248-4993-46f7-81b3-fa4bed60cc52 tempest-VolumesActionsTest-2060533822 tempest-VolumesActionsTest-2060533822-project-member] Using url versioning {{(pid=101997) process_request /opt/stack/glance/glance/api/middleware/version_negotiation.py:57}}
May 31 20:13:43.315167 np0000001826 devstack@g-api.service[101997]: DEBUG glance.api.middleware.version_negotiation [None req-16d31248-4993-46f7-81b3-fa4bed60cc52 tempest-VolumesActionsTest-2060533822 tempest-VolumesActionsTest-2060533822-project-member] Matched version: v2 {{(pid=101997) process_request /opt/stack/glance/glance/api/middleware/version_negotiation.py:69}}
May 31 20:13:43.315167 np0000001826 devstack@g-api.service[101997]: DEBUG glance.api.middleware.version_negotiation [None req-16d31248-4993-46f7-81b3-fa4bed60cc52 tempest-VolumesActionsTest-2060533822 tempest-VolumesActionsTest-2060533822-project-member] new path /v2/images/461e4df7-7ee0-4896-a1c8-8e3cc9418a1f {{(pid=101997) process_request /opt/stack/glance/glance/api/middleware/version_negotiation.py:70}}
May 31 20:13:43.336709 np0000001826 devstack@g-api.service[101997]: [pid: 101997|app: 0|req: 89/274] 127.0.0.1 () {40 vars in 834 bytes} [Sun May 31 20:13:43 2026] GET /v2/images/461e4df7-7ee0-4896-a1c8-8e3cc9418a1f => generated 650 bytes in 22 msecs (HTTP/1.1 200) 4 headers in 157 bytes (1 switches on core 0)
May 31 20:13:44.351277 np0000001826 devstack@g-api.service[101998]: DEBUG glance.api.middleware.version_negotiation [None req-7772ea9b-15e7-4737-a31e-3b93f413eadb tempest-VolumesActionsTest-2060533822 tempest-VolumesActionsTest-2060533822-project-member] Determining version of request: GET /v2/images/461e4df7-7ee0-4896-a1c8-8e3cc9418a1f Accept: application/json {{(pid=101998) process_request /opt/stack/glance/glance/api/middleware/version_negotiation.py:44}}
May 31 20:13:44.351277 np0000001826 devstack@g-api.service[101998]: DEBUG glance.api.middleware.version_negotiation [None req-7772ea9b-15e7-4737-a31e-3b93f413eadb tempest-VolumesActionsTest-2060533822 tempest-VolumesActionsTest-2060533822-project-member] Using url versioning {{(pid=101998) process_request /opt/stack/glance/glance/api/middleware/version_negotiation.py:57}}
May 31 20:13:44.351277 np0000001826 devstack@g-api.service[101998]: DEBUG glance.api.middleware.version_negotiation [None req-7772ea9b-15e7-4737-a31e-3b93f413eadb tempest-VolumesActionsTest-2060533822 tempest-VolumesActionsTest-2060533822-project-member] Matched version: v2 {{(pid=101998) process_request /opt/stack/glance/glance/api/middleware/version_negotiation.py:69}}
May 31 20:13:44.351277 np0000001826 devstack@g-api.service[101998]: DEBUG glance.api.middleware.version_negotiation [None req-7772ea9b-15e7-4737-a31e-3b93f413eadb tempest-VolumesActionsTest-2060533822 tempest-VolumesActionsTest-2060533822-project-member] new path /v2/images/461e4df7-7ee0-4896-a1c8-8e3cc9418a1f {{(pid=101998) process_request /opt/stack/glance/glance/api/middleware/version_negotiation.py:70}}
May 31 20:13:44.366311 np0000001826 devstack@g-api.service[101998]: [pid: 101998|app: 0|req: 91/275] 127.0.0.1 () {40 vars in 834 bytes} [Sun May 31 20:13:44 2026] GET /v2/images/461e4df7-7ee0-4896-a1c8-8e3cc9418a1f => generated 650 bytes in 18 msecs (HTTP/1.1 200) 4 headers in 157 bytes (1 switches on core 0)
May 31 20:13:45.254387 np0000001826 devstack@g-api.service[101996]: DEBUG swiftclient [None req-df78e4df-a6c7-42bf-9fc5-0d1f0f3dc34f tempest-VolumesActionsTest-2060533822 tempest-VolumesActionsTest-2060533822-project-member] REQ: curl -i https://10.4.3.83:8080/v1/AUTH_ce17bc68b5ac4ed5b2e568fe8f778dd8/glance/461e4df7-7ee0-4896-a1c8-8e3cc9418a1f-00001 -X PUT -H "X-Auth-Token: gAAAAABqHJZ2sGac..." {{(pid=101996) http_log /opt/stack/data/venv/lib/python3.12/site-packages/swiftclient/client.py:160}}
May 31 20:13:45.254387 np0000001826 devstack@g-api.service[101996]: DEBUG swiftclient [None req-df78e4df-a6c7-42bf-9fc5-0d1f0f3dc34f tempest-VolumesActionsTest-2060533822 tempest-VolumesActionsTest-2060533822-project-member] RESP STATUS: 201 Created {{(pid=101996) http_log /opt/stack/data/venv/lib/python3.12/site-packages/swiftclient/client.py:161}}
May 31 20:13:45.255308 np0000001826 devstack@g-api.service[101996]: DEBUG swiftclient [None req-df78e4df-a6c7-42bf-9fc5-0d1f0f3dc34f tempest-VolumesActionsTest-2060533822 tempest-VolumesActionsTest-2060533822-project-member] RESP HEADERS: {'Date': 'Sun, 31 May 2026 20:13:45 GMT', 'Server': 'Apache/2.4.58 (Ubuntu)', 'Content-Type': 'text/html; charset=UTF-8', 'Content-Length': '0', 'Etag': 'eda9a9889837ac4bc81d6387d92c1bec', 'Last-Modified': 'Sun, 31 May 2026 20:13:44 GMT', 'X-Trans-Id': 'txf9ec226467d8459ca6dc5-006a1c9677', 'X-Openstack-Request-Id': 'txf9ec226467d8459ca6dc5-006a1c9677', 'Connection': 'close'} {{(pid=101996) http_log /opt/stack/data/venv/lib/python3.12/site-packages/swiftclient/client.py:162}}
May 31 20:13:45.255308 np0000001826 devstack@g-api.service[101996]: DEBUG glance_store._drivers.swift.store [None req-df78e4df-a6c7-42bf-9fc5-0d1f0f3dc34f tempest-VolumesActionsTest-2060533822 tempest-VolumesActionsTest-2060533822-project-member] Wrote chunk 461e4df7-7ee0-4896-a1c8-8e3cc9418a1f-00001 (1/?) of length 204800000 to Swift returning MD5 of content: eda9a9889837ac4bc81d6387d92c1bec {{(pid=101996) add /opt/stack/data/venv/lib/python3.12/site-packages/glance_store/_drivers/swift/store.py:1059}}
May 31 20:13:45.375734 np0000001826 devstack@g-api.service[101997]: DEBUG glance.api.middleware.version_negotiation [None req-2388548f-c74b-4f1a-b7aa-e8e1a69d7ca8 tempest-VolumesActionsTest-2060533822 tempest-VolumesActionsTest-2060533822-project-member] Determining version of request: GET /v2/images/461e4df7-7ee0-4896-a1c8-8e3cc9418a1f Accept: application/json {{(pid=101997) process_request /opt/stack/glance/glance/api/middleware/version_negotiation.py:44}}
May 31 20:13:45.375734 np0000001826 devstack@g-api.service[101997]: DEBUG glance.api.middleware.version_negotiation [None req-2388548f-c74b-4f1a-b7aa-e8e1a69d7ca8 tempest-VolumesActionsTest-2060533822 tempest-VolumesActionsTest-2060533822-project-member] Using url versioning {{(pid=101997) process_request /opt/stack/glance/glance/api/middleware/version_negotiation.py:57}}
May 31 20:13:45.376450 np0000001826 devstack@g-api.service[101997]: DEBUG glance.api.middleware.version_negotiation [None req-2388548f-c74b-4f1a-b7aa-e8e1a69d7ca8 tempest-VolumesActionsTest-2060533822 tempest-VolumesActionsTest-2060533822-project-member] Matched version: v2 {{(pid=101997) process_request /opt/stack/glance/glance/api/middleware/version_negotiation.py:69}}
May 31 20:13:45.377825 np0000001826 devstack@g-api.service[101997]: DEBUG glance.api.middleware.version_negotiation [None req-2388548f-c74b-4f1a-b7aa-e8e1a69d7ca8 tempest-VolumesActionsTest-2060533822 tempest-VolumesActionsTest-2060533822-project-member] new path /v2/images/461e4df7-7ee0-4896-a1c8-8e3cc9418a1f {{(pid=101997) process_request /opt/stack/glance/glance/api/middleware/version_negotiation.py:70}}
May 31 20:13:45.400379 np0000001826 devstack@g-api.service[101997]: [pid: 101997|app: 0|req: 90/276] 127.0.0.1 () {40 vars in 834 bytes} [Sun May 31 20:13:45 2026] GET /v2/images/461e4df7-7ee0-4896-a1c8-8e3cc9418a1f => generated 650 bytes in 25 msecs (HTTP/1.1 200) 4 headers in 157 bytes (1 switches on core 0)
May 31 20:13:46.411113 np0000001826 devstack@g-api.service[101998]: DEBUG glance.api.middleware.version_negotiation [None req-5df2ed4e-2cbc-4744-9b30-2af18d79025a tempest-VolumesActionsTest-2060533822 tempest-VolumesActionsTest-2060533822-project-member] Determining version of request: GET /v2/images/461e4df7-7ee0-4896-a1c8-8e3cc9418a1f Accept: application/json {{(pid=101998) process_request /opt/stack/glance/glance/api/middleware/version_negotiation.py:44}}
May 31 20:13:46.412662 np0000001826 devstack@g-api.service[101998]: DEBUG glance.api.middleware.version_negotiation [None req-5df2ed4e-2cbc-4744-9b30-2af18d79025a tempest-VolumesActionsTest-2060533822 tempest-VolumesActionsTest-2060533822-project-member] Using url versioning {{(pid=101998) process_request /opt/stack/glance/glance/api/middleware/version_negotiation.py:57}}
May 31 20:13:46.412662 np0000001826 devstack@g-api.service[101998]: DEBUG glance.api.middleware.version_negotiation [None req-5df2ed4e-2cbc-4744-9b30-2af18d79025a tempest-VolumesActionsTest-2060533822 tempest-VolumesActionsTest-2060533822-project-member] Matched version: v2 {{(pid=101998) process_request /opt/stack/glance/glance/api/middleware/version_negotiation.py:69}}
May 31 20:13:46.412662 np0000001826 devstack@g-api.service[101998]: DEBUG glance.api.middleware.version_negotiation [None req-5df2ed4e-2cbc-4744-9b30-2af18d79025a tempest-VolumesActionsTest-2060533822 tempest-VolumesActionsTest-2060533822-project-member] new path /v2/images/461e4df7-7ee0-4896-a1c8-8e3cc9418a1f {{(pid=101998) process_request /opt/stack/glance/glance/api/middleware/version_negotiation.py:70}}
May 31 20:13:46.437650 np0000001826 devstack@g-api.service[101998]: [pid: 101998|app: 0|req: 92/277] 127.0.0.1 () {40 vars in 834 bytes} [Sun May 31 20:13:46 2026] GET /v2/images/461e4df7-7ee0-4896-a1c8-8e3cc9418a1f => generated 650 bytes in 27 msecs (HTTP/1.1 200) 4 headers in 157 bytes (1 switches on core 0)
May 31 20:13:47.452928 np0000001826 devstack@g-api.service[101997]: DEBUG glance.api.middleware.version_negotiation [None req-6ca3c5e0-9428-4aae-beb9-056567a6b8c2 tempest-VolumesActionsTest-2060533822 tempest-VolumesActionsTest-2060533822-project-member] Determining version of request: GET /v2/images/461e4df7-7ee0-4896-a1c8-8e3cc9418a1f Accept: application/json {{(pid=101997) process_request /opt/stack/glance/glance/api/middleware/version_negotiation.py:44}}
May 31 20:13:47.452928 np0000001826 devstack@g-api.service[101997]: DEBUG glance.api.middleware.version_negotiation [None req-6ca3c5e0-9428-4aae-beb9-056567a6b8c2 tempest-VolumesActionsTest-2060533822 tempest-VolumesActionsTest-2060533822-project-member] Using url versioning {{(pid=101997) process_request /opt/stack/glance/glance/api/middleware/version_negotiation.py:57}}
May 31 20:13:47.452928 np0000001826 devstack@g-api.service[101997]: DEBUG glance.api.middleware.version_negotiation [None req-6ca3c5e0-9428-4aae-beb9-056567a6b8c2 tempest-VolumesActionsTest-2060533822 tempest-VolumesActionsTest-2060533822-project-member] Matched version: v2 {{(pid=101997) process_request /opt/stack/glance/glance/api/middleware/version_negotiation.py:69}}
May 31 20:13:47.452928 np0000001826 devstack@g-api.service[101997]: DEBUG glance.api.middleware.version_negotiation [None req-6ca3c5e0-9428-4aae-beb9-056567a6b8c2 tempest-VolumesActionsTest-2060533822 tempest-VolumesActionsTest-2060533822-project-member] new path /v2/images/461e4df7-7ee0-4896-a1c8-8e3cc9418a1f {{(pid=101997) process_request /opt/stack/glance/glance/api/middleware/version_negotiation.py:70}}
May 31 20:13:47.466333 np0000001826 devstack@g-api.service[101997]: [pid: 101997|app: 0|req: 91/278] 127.0.0.1 () {40 vars in 834 bytes} [Sun May 31 20:13:47 2026] GET /v2/images/461e4df7-7ee0-4896-a1c8-8e3cc9418a1f => generated 650 bytes in 14 msecs (HTTP/1.1 200) 4 headers in 157 bytes (1 switches on core 0)
May 31 20:13:47.634165 np0000001826 devstack@g-api.service[101996]: DEBUG swiftclient [None req-df78e4df-a6c7-42bf-9fc5-0d1f0f3dc34f tempest-VolumesActionsTest-2060533822 tempest-VolumesActionsTest-2060533822-project-member] REQ: curl -i https://10.4.3.83:8080/v1/AUTH_ce17bc68b5ac4ed5b2e568fe8f778dd8/glance/461e4df7-7ee0-4896-a1c8-8e3cc9418a1f-00002 -X PUT -H "X-Auth-Token: gAAAAABqHJZ2sGac..." {{(pid=101996) http_log /opt/stack/data/venv/lib/python3.12/site-packages/swiftclient/client.py:160}}
May 31 20:13:47.634466 np0000001826 devstack@g-api.service[101996]: DEBUG swiftclient [None req-df78e4df-a6c7-42bf-9fc5-0d1f0f3dc34f tempest-VolumesActionsTest-2060533822 tempest-VolumesActionsTest-2060533822-project-member] RESP STATUS: 201 Created {{(pid=101996) http_log /opt/stack/data/venv/lib/python3.12/site-packages/swiftclient/client.py:161}}
May 31 20:13:47.634466 np0000001826 devstack@g-api.service[101996]: DEBUG swiftclient [None req-df78e4df-a6c7-42bf-9fc5-0d1f0f3dc34f tempest-VolumesActionsTest-2060533822 tempest-VolumesActionsTest-2060533822-project-member] RESP HEADERS: {'Date': 'Sun, 31 May 2026 20:13:47 GMT', 'Server': 'Apache/2.4.58 (Ubuntu)', 'Content-Type': 'text/html; charset=UTF-8', 'Content-Length': '0', 'Etag': 'eda9a9889837ac4bc81d6387d92c1bec', 'Last-Modified': 'Sun, 31 May 2026 20:13:46 GMT', 'X-Trans-Id': 'tx6db7cd8fc827457eb0eab-006a1c9679', 'X-Openstack-Request-Id': 'tx6db7cd8fc827457eb0eab-006a1c9679', 'Connection': 'close'} {{(pid=101996) http_log /opt/stack/data/venv/lib/python3.12/site-packages/swiftclient/client.py:162}}
May 31 20:13:47.634752 np0000001826 devstack@g-api.service[101996]: DEBUG glance_store._drivers.swift.store [None req-df78e4df-a6c7-42bf-9fc5-0d1f0f3dc34f tempest-VolumesActionsTest-2060533822 tempest-VolumesActionsTest-2060533822-project-member] Wrote chunk 461e4df7-7ee0-4896-a1c8-8e3cc9418a1f-00002 (2/?) of length 204800000 to Swift returning MD5 of content: eda9a9889837ac4bc81d6387d92c1bec {{(pid=101996) add /opt/stack/data/venv/lib/python3.12/site-packages/glance_store/_drivers/swift/store.py:1059}}
May 31 20:13:48.484516 np0000001826 devstack@g-api.service[101998]: DEBUG glance.api.middleware.version_negotiation [None req-2c4ad047-d9df-4ffe-944d-26b10730b7c3 tempest-VolumesActionsTest-2060533822 tempest-VolumesActionsTest-2060533822-project-member] Determining version of request: GET /v2/images/461e4df7-7ee0-4896-a1c8-8e3cc9418a1f Accept: application/json {{(pid=101998) process_request /opt/stack/glance/glance/api/middleware/version_negotiation.py:44}}
May 31 20:13:48.485667 np0000001826 devstack@g-api.service[101998]: DEBUG glance.api.middleware.version_negotiation [None req-2c4ad047-d9df-4ffe-944d-26b10730b7c3 tempest-VolumesActionsTest-2060533822 tempest-VolumesActionsTest-2060533822-project-member] Using url versioning {{(pid=101998) process_request /opt/stack/glance/glance/api/middleware/version_negotiation.py:57}}
May 31 20:13:48.485667 np0000001826 devstack@g-api.service[101998]: DEBUG glance.api.middleware.version_negotiation [None req-2c4ad047-d9df-4ffe-944d-26b10730b7c3 tempest-VolumesActionsTest-2060533822 tempest-VolumesActionsTest-2060533822-project-member] Matched version: v2 {{(pid=101998) process_request /opt/stack/glance/glance/api/middleware/version_negotiation.py:69}}
May 31 20:13:48.485667 np0000001826 devstack@g-api.service[101998]: DEBUG glance.api.middleware.version_negotiation [None req-2c4ad047-d9df-4ffe-944d-26b10730b7c3 tempest-VolumesActionsTest-2060533822 tempest-VolumesActionsTest-2060533822-project-member] new path /v2/images/461e4df7-7ee0-4896-a1c8-8e3cc9418a1f {{(pid=101998) process_request /opt/stack/glance/glance/api/middleware/version_negotiation.py:70}}
May 31 20:13:48.498796 np0000001826 devstack@g-api.service[101998]: [pid: 101998|app: 0|req: 93/279] 127.0.0.1 () {40 vars in 834 bytes} [Sun May 31 20:13:48 2026] GET /v2/images/461e4df7-7ee0-4896-a1c8-8e3cc9418a1f => generated 650 bytes in 11 msecs (HTTP/1.1 200) 4 headers in 157 bytes (1 switches on core 0)
May 31 20:13:49.506896 np0000001826 devstack@g-api.service[101997]: DEBUG glance.api.middleware.version_negotiation [None req-1de33340-b729-49cc-991d-3843cbdd0827 tempest-VolumesActionsTest-2060533822 tempest-VolumesActionsTest-2060533822-project-member] Determining version of request: GET /v2/images/461e4df7-7ee0-4896-a1c8-8e3cc9418a1f Accept: application/json {{(pid=101997) process_request /opt/stack/glance/glance/api/middleware/version_negotiation.py:44}}
May 31 20:13:49.507274 np0000001826 devstack@g-api.service[101997]: DEBUG glance.api.middleware.version_negotiation [None req-1de33340-b729-49cc-991d-3843cbdd0827 tempest-VolumesActionsTest-2060533822 tempest-VolumesActionsTest-2060533822-project-member] Using url versioning {{(pid=101997) process_request /opt/stack/glance/glance/api/middleware/version_negotiation.py:57}}
May 31 20:13:49.507317 np0000001826 devstack@g-api.service[101997]: DEBUG glance.api.middleware.version_negotiation [None req-1de33340-b729-49cc-991d-3843cbdd0827 tempest-VolumesActionsTest-2060533822 tempest-VolumesActionsTest-2060533822-project-member] Matched version: v2 {{(pid=101997) process_request /opt/stack/glance/glance/api/middleware/version_negotiation.py:69}}
May 31 20:13:49.507925 np0000001826 devstack@g-api.service[101997]: DEBUG glance.api.middleware.version_negotiation [None req-1de33340-b729-49cc-991d-3843cbdd0827 tempest-VolumesActionsTest-2060533822 tempest-VolumesActionsTest-2060533822-project-member] new path /v2/images/461e4df7-7ee0-4896-a1c8-8e3cc9418a1f {{(pid=101997) process_request /opt/stack/glance/glance/api/middleware/version_negotiation.py:70}}
May 31 20:13:49.522658 np0000001826 devstack@g-api.service[101997]: [pid: 101997|app: 0|req: 92/280] 127.0.0.1 () {40 vars in 834 bytes} [Sun May 31 20:13:49 2026] GET /v2/images/461e4df7-7ee0-4896-a1c8-8e3cc9418a1f => generated 650 bytes in 16 msecs (HTTP/1.1 200) 4 headers in 157 bytes (1 switches on core 0)
May 31 20:13:49.876658 np0000001826 devstack@g-api.service[101996]: DEBUG swiftclient [None req-df78e4df-a6c7-42bf-9fc5-0d1f0f3dc34f tempest-VolumesActionsTest-2060533822 tempest-VolumesActionsTest-2060533822-project-member] REQ: curl -i https://10.4.3.83:8080/v1/AUTH_ce17bc68b5ac4ed5b2e568fe8f778dd8/glance/461e4df7-7ee0-4896-a1c8-8e3cc9418a1f-00003 -X PUT -H "X-Auth-Token: gAAAAABqHJZ2sGac..." {{(pid=101996) http_log /opt/stack/data/venv/lib/python3.12/site-packages/swiftclient/client.py:160}}
May 31 20:13:49.876658 np0000001826 devstack@g-api.service[101996]: DEBUG swiftclient [None req-df78e4df-a6c7-42bf-9fc5-0d1f0f3dc34f tempest-VolumesActionsTest-2060533822 tempest-VolumesActionsTest-2060533822-project-member] RESP STATUS: 201 Created {{(pid=101996) http_log /opt/stack/data/venv/lib/python3.12/site-packages/swiftclient/client.py:161}}
May 31 20:13:49.876658 np0000001826 devstack@g-api.service[101996]: DEBUG swiftclient [None req-df78e4df-a6c7-42bf-9fc5-0d1f0f3dc34f tempest-VolumesActionsTest-2060533822 tempest-VolumesActionsTest-2060533822-project-member] RESP HEADERS: {'Date': 'Sun, 31 May 2026 20:13:49 GMT', 'Server': 'Apache/2.4.58 (Ubuntu)', 'Content-Type': 'text/html; charset=UTF-8', 'Content-Length': '0', 'Etag': 'eda9a9889837ac4bc81d6387d92c1bec', 'Last-Modified': 'Sun, 31 May 2026 20:13:48 GMT', 'X-Trans-Id': 'tx69c7517c07ee485fb7adc-006a1c967b', 'X-Openstack-Request-Id': 'tx69c7517c07ee485fb7adc-006a1c967b', 'Connection': 'close'} {{(pid=101996) http_log /opt/stack/data/venv/lib/python3.12/site-packages/swiftclient/client.py:162}}
May 31 20:13:49.876658 np0000001826 devstack@g-api.service[101996]: DEBUG glance_store._drivers.swift.store [None req-df78e4df-a6c7-42bf-9fc5-0d1f0f3dc34f tempest-VolumesActionsTest-2060533822 tempest-VolumesActionsTest-2060533822-project-member] Wrote chunk 461e4df7-7ee0-4896-a1c8-8e3cc9418a1f-00003 (3/?) of length 204800000 to Swift returning MD5 of content: eda9a9889837ac4bc81d6387d92c1bec {{(pid=101996) add /opt/stack/data/venv/lib/python3.12/site-packages/glance_store/_drivers/swift/store.py:1059}}
May 31 20:13:50.534545 np0000001826 devstack@g-api.service[101998]: DEBUG glance.api.middleware.version_negotiation [None req-1328a2ef-1313-4ce3-b131-3a3228fb1279 tempest-VolumesActionsTest-2060533822 tempest-VolumesActionsTest-2060533822-project-member] Determining version of request: GET /v2/images/461e4df7-7ee0-4896-a1c8-8e3cc9418a1f Accept: application/json {{(pid=101998) process_request /opt/stack/glance/glance/api/middleware/version_negotiation.py:44}}
May 31 20:13:50.534545 np0000001826 devstack@g-api.service[101998]: DEBUG glance.api.middleware.version_negotiation [None req-1328a2ef-1313-4ce3-b131-3a3228fb1279 tempest-VolumesActionsTest-2060533822 tempest-VolumesActionsTest-2060533822-project-member] Using url versioning {{(pid=101998) process_request /opt/stack/glance/glance/api/middleware/version_negotiation.py:57}}
May 31 20:13:50.534545 np0000001826 devstack@g-api.service[101998]: DEBUG glance.api.middleware.version_negotiation [None req-1328a2ef-1313-4ce3-b131-3a3228fb1279 tempest-VolumesActionsTest-2060533822 tempest-VolumesActionsTest-2060533822-project-member] Matched version: v2 {{(pid=101998) process_request /opt/stack/glance/glance/api/middleware/version_negotiation.py:69}}
May 31 20:13:50.534545 np0000001826 devstack@g-api.service[101998]: DEBUG glance.api.middleware.version_negotiation [None req-1328a2ef-1313-4ce3-b131-3a3228fb1279 tempest-VolumesActionsTest-2060533822 tempest-VolumesActionsTest-2060533822-project-member] new path /v2/images/461e4df7-7ee0-4896-a1c8-8e3cc9418a1f {{(pid=101998) process_request /opt/stack/glance/glance/api/middleware/version_negotiation.py:70}}
May 31 20:13:50.555626 np0000001826 devstack@g-api.service[101998]: [pid: 101998|app: 0|req: 94/281] 127.0.0.1 () {40 vars in 834 bytes} [Sun May 31 20:13:50 2026] GET /v2/images/461e4df7-7ee0-4896-a1c8-8e3cc9418a1f => generated 650 bytes in 22 msecs (HTTP/1.1 200) 4 headers in 157 bytes (1 switches on core 0)
May 31 20:13:50.912151 np0000001826 devstack@g-api.service[101997]: DEBUG glance.api.middleware.version_negotiation [None req-e7e68821-c46c-4920-9234-ca2286d2f250 tempest-VolumesActionsTest-2060533822 tempest-VolumesActionsTest-2060533822-project-member] Determining version of request: GET /v2/schemas/image Accept: */* {{(pid=101997) process_request /opt/stack/glance/glance/api/middleware/version_negotiation.py:44}}
May 31 20:13:50.912686 np0000001826 devstack@g-api.service[101997]: DEBUG glance.api.middleware.version_negotiation [None req-e7e68821-c46c-4920-9234-ca2286d2f250 tempest-VolumesActionsTest-2060533822 tempest-VolumesActionsTest-2060533822-project-member] Using url versioning {{(pid=101997) process_request /opt/stack/glance/glance/api/middleware/version_negotiation.py:57}}
May 31 20:13:50.912686 np0000001826 devstack@g-api.service[101997]: DEBUG glance.api.middleware.version_negotiation [None req-e7e68821-c46c-4920-9234-ca2286d2f250 tempest-VolumesActionsTest-2060533822 tempest-VolumesActionsTest-2060533822-project-member] Matched version: v2 {{(pid=101997) process_request /opt/stack/glance/glance/api/middleware/version_negotiation.py:69}}
May 31 20:13:50.912686 np0000001826 devstack@g-api.service[101997]: DEBUG glance.api.middleware.version_negotiation [None req-e7e68821-c46c-4920-9234-ca2286d2f250 tempest-VolumesActionsTest-2060533822 tempest-VolumesActionsTest-2060533822-project-member] new path /v2/schemas/image {{(pid=101997) process_request /opt/stack/glance/glance/api/middleware/version_negotiation.py:70}}
May 31 20:13:50.918504 np0000001826 devstack@g-api.service[101997]: [pid: 101997|app: 0|req: 93/282] 127.0.0.1 () {44 vars in 1051 bytes} [Sun May 31 20:13:50 2026] GET /v2/schemas/image => generated 6083 bytes in 7 msecs (HTTP/1.1 200) 4 headers in 158 bytes (1 switches on core 0)
May 31 20:13:51.016588 np0000001826 devstack@g-api.service[101998]: DEBUG glance.api.middleware.version_negotiation [None req-d8ef4538-55a6-45dd-acff-c950b50b63b9 tempest-VolumesActionsTest-2060533822 tempest-VolumesActionsTest-2060533822-project-member] Determining version of request: POST /v2/images Accept: */* {{(pid=101998) process_request /opt/stack/glance/glance/api/middleware/version_negotiation.py:44}}
May 31 20:13:51.016969 np0000001826 devstack@g-api.service[101998]: DEBUG glance.api.middleware.version_negotiation [None req-d8ef4538-55a6-45dd-acff-c950b50b63b9 tempest-VolumesActionsTest-2060533822 tempest-VolumesActionsTest-2060533822-project-member] Using url versioning {{(pid=101998) process_request /opt/stack/glance/glance/api/middleware/version_negotiation.py:57}}
May 31 20:13:51.016969 np0000001826 devstack@g-api.service[101998]: DEBUG glance.api.middleware.version_negotiation [None req-d8ef4538-55a6-45dd-acff-c950b50b63b9 tempest-VolumesActionsTest-2060533822 tempest-VolumesActionsTest-2060533822-project-member] Matched version: v2 {{(pid=101998) process_request /opt/stack/glance/glance/api/middleware/version_negotiation.py:69}}
May 31 20:13:51.017135 np0000001826 devstack@g-api.service[101998]: DEBUG glance.api.middleware.version_negotiation [None req-d8ef4538-55a6-45dd-acff-c950b50b63b9 tempest-VolumesActionsTest-2060533822 tempest-VolumesActionsTest-2060533822-project-member] new path /v2/images {{(pid=101998) process_request /opt/stack/glance/glance/api/middleware/version_negotiation.py:70}}
May 31 20:13:51.568912 np0000001826 devstack@g-api.service[101997]: DEBUG glance.api.middleware.version_negotiation [None req-a6aaad31-2b6b-43eb-ae72-d1028aa9b452 tempest-ServerBootFromVolumeStableRescueTest-1739064523 tempest-ServerBootFromVolumeStableRescueTest-1739064523-project-member] Determining version of request: GET /v2/images/461e4df7-7ee0-4896-a1c8-8e3cc9418a1f Accept: application/json {{(pid=101997) process_request /opt/stack/glance/glance/api/middleware/version_negotiation.py:44}}
May 31 20:13:51.569305 np0000001826 devstack@g-api.service[101997]: DEBUG glance.api.middleware.version_negotiation [None req-a6aaad31-2b6b-43eb-ae72-d1028aa9b452 tempest-ServerBootFromVolumeStableRescueTest-1739064523 tempest-ServerBootFromVolumeStableRescueTest-1739064523-project-member] Using url versioning {{(pid=101997) process_request /opt/stack/glance/glance/api/middleware/version_negotiation.py:57}}
May 31 20:13:51.569503 np0000001826 devstack@g-api.service[101997]: DEBUG glance.api.middleware.version_negotiation [None req-a6aaad31-2b6b-43eb-ae72-d1028aa9b452 tempest-ServerBootFromVolumeStableRescueTest-1739064523 tempest-ServerBootFromVolumeStableRescueTest-1739064523-project-member] Matched version: v2 {{(pid=101997) process_request /opt/stack/glance/glance/api/middleware/version_negotiation.py:69}}
May 31 20:13:51.569503 np0000001826 devstack@g-api.service[101997]: DEBUG glance.api.middleware.version_negotiation [None req-a6aaad31-2b6b-43eb-ae72-d1028aa9b452 tempest-ServerBootFromVolumeStableRescueTest-1739064523 tempest-ServerBootFromVolumeStableRescueTest-1739064523-project-member] new path /v2/images/461e4df7-7ee0-4896-a1c8-8e3cc9418a1f {{(pid=101997) process_request /opt/stack/glance/glance/api/middleware/version_negotiation.py:70}}
May 31 20:13:51.591668 np0000001826 devstack@g-api.service[101997]: [pid: 101997|app: 0|req: 94/283] 127.0.0.1 () {40 vars in 834 bytes} [Sun May 31 20:13:51 2026] GET /v2/images/461e4df7-7ee0-4896-a1c8-8e3cc9418a1f => generated 650 bytes in 21 msecs (HTTP/1.1 200) 4 headers in 157 bytes (1 switches on core 0)
May 31 20:13:52.063312 np0000001826 devstack@g-api.service[101998]: [pid: 101998|app: 0|req: 95/284] 127.0.0.1 () {46 vars in 1051 bytes} [Sun May 31 20:13:51 2026] POST /v2/images => generated 1360 bytes in 1046 msecs (HTTP/1.1 201) 6 headers in 316 bytes (1 switches on core 0)
May 31 20:13:52.185540 np0000001826 devstack@g-api.service[101997]: DEBUG glance.api.middleware.version_negotiation [None req-0c7efdea-cd24-4419-8284-afe3fedf1777 tempest-VolumesActionsTest-2060533822 tempest-VolumesActionsTest-2060533822-project-member] Determining version of request: GET /v2/images/45b16076-101e-4ab2-b6c5-78e9c68c693a Accept: application/json {{(pid=101997) process_request /opt/stack/glance/glance/api/middleware/version_negotiation.py:44}}
May 31 20:13:52.186115 np0000001826 devstack@g-api.service[101997]: DEBUG glance.api.middleware.version_negotiation [None req-0c7efdea-cd24-4419-8284-afe3fedf1777 tempest-VolumesActionsTest-2060533822 tempest-VolumesActionsTest-2060533822-project-member] Using url versioning {{(pid=101997) process_request /opt/stack/glance/glance/api/middleware/version_negotiation.py:57}}
May 31 20:13:52.189552 np0000001826 devstack@g-api.service[101997]: DEBUG glance.api.middleware.version_negotiation [None req-0c7efdea-cd24-4419-8284-afe3fedf1777 tempest-VolumesActionsTest-2060533822 tempest-VolumesActionsTest-2060533822-project-member] Matched version: v2 {{(pid=101997) process_request /opt/stack/glance/glance/api/middleware/version_negotiation.py:69}}
May 31 20:13:52.189552 np0000001826 devstack@g-api.service[101997]: DEBUG glance.api.middleware.version_negotiation [None req-0c7efdea-cd24-4419-8284-afe3fedf1777 tempest-VolumesActionsTest-2060533822 tempest-VolumesActionsTest-2060533822-project-member] new path /v2/images/45b16076-101e-4ab2-b6c5-78e9c68c693a {{(pid=101997) process_request /opt/stack/glance/glance/api/middleware/version_negotiation.py:70}}
May 31 20:13:52.211385 np0000001826 devstack@g-api.service[101997]: [pid: 101997|app: 0|req: 95/285] 127.0.0.1 () {40 vars in 834 bytes} [Sun May 31 20:13:52 2026] GET /v2/images/45b16076-101e-4ab2-b6c5-78e9c68c693a => generated 1360 bytes in 26 msecs (HTTP/1.1 200) 4 headers in 158 bytes (1 switches on core 0)
May 31 20:13:52.568394 np0000001826 devstack@g-api.service[101996]: DEBUG swiftclient [None req-df78e4df-a6c7-42bf-9fc5-0d1f0f3dc34f tempest-VolumesActionsTest-2060533822 tempest-VolumesActionsTest-2060533822-project-member] REQ: curl -i https://10.4.3.83:8080/v1/AUTH_ce17bc68b5ac4ed5b2e568fe8f778dd8/glance/461e4df7-7ee0-4896-a1c8-8e3cc9418a1f-00004 -X PUT -H "X-Auth-Token: gAAAAABqHJZ2sGac..." {{(pid=101996) http_log /opt/stack/data/venv/lib/python3.12/site-packages/swiftclient/client.py:160}}
May 31 20:13:52.568394 np0000001826 devstack@g-api.service[101996]: DEBUG swiftclient [None req-df78e4df-a6c7-42bf-9fc5-0d1f0f3dc34f tempest-VolumesActionsTest-2060533822 tempest-VolumesActionsTest-2060533822-project-member] RESP STATUS: 201 Created {{(pid=101996) http_log /opt/stack/data/venv/lib/python3.12/site-packages/swiftclient/client.py:161}}
May 31 20:13:52.568999 np0000001826 devstack@g-api.service[101996]: DEBUG swiftclient [None req-df78e4df-a6c7-42bf-9fc5-0d1f0f3dc34f tempest-VolumesActionsTest-2060533822 tempest-VolumesActionsTest-2060533822-project-member] RESP HEADERS: {'Date': 'Sun, 31 May 2026 20:13:52 GMT', 'Server': 'Apache/2.4.58 (Ubuntu)', 'Content-Type': 'text/html; charset=UTF-8', 'Content-Length': '0', 'Etag': 'eda9a9889837ac4bc81d6387d92c1bec', 'Last-Modified': 'Sun, 31 May 2026 20:13:50 GMT', 'X-Trans-Id': 'txd4f1b45be7f5409d90b87-006a1c967d', 'X-Openstack-Request-Id': 'txd4f1b45be7f5409d90b87-006a1c967d', 'Connection': 'close'} {{(pid=101996) http_log /opt/stack/data/venv/lib/python3.12/site-packages/swiftclient/client.py:162}}
