May 31 20:06:43.063444 np0000001826 nova-scheduler[95643]: DEBUG cotyledon.oslo_config_glue [-] oslo_limit.connect_retry_delay = None {{(pid=95643) log_opt_values /opt/stack/data/venv/lib/python3.12/site-packages/oslo_config/cfg.py:3256}}
May 31 20:06:43.063511 np0000001826 nova-scheduler[95643]: DEBUG cotyledon.oslo_config_glue [-] oslo_limit.endpoint_id = None {{(pid=95643) log_opt_values /opt/stack/data/venv/lib/python3.12/site-packages/oslo_config/cfg.py:3256}}
May 31 20:06:43.063583 np0000001826 nova-scheduler[95643]: DEBUG cotyledon.oslo_config_glue [-] oslo_limit.endpoint_interface = public {{(pid=95643) log_opt_values /opt/stack/data/venv/lib/python3.12/site-packages/oslo_config/cfg.py:3256}}
May 31 20:06:43.063675 np0000001826 nova-scheduler[95643]: DEBUG cotyledon.oslo_config_glue [-] oslo_limit.endpoint_override = None {{(pid=95643) log_opt_values /opt/stack/data/venv/lib/python3.12/site-packages/oslo_config/cfg.py:3256}}
May 31 20:06:43.063756 np0000001826 nova-scheduler[95643]: DEBUG cotyledon.oslo_config_glue [-] oslo_limit.endpoint_region_name = None {{(pid=95643) log_opt_values /opt/stack/data/venv/lib/python3.12/site-packages/oslo_config/cfg.py:3256}}
May 31 20:06:43.063820 np0000001826 nova-scheduler[95643]: DEBUG cotyledon.oslo_config_glue [-] oslo_limit.endpoint_service_name = None {{(pid=95643) log_opt_values /opt/stack/data/venv/lib/python3.12/site-packages/oslo_config/cfg.py:3256}}
May 31 20:06:43.063893 np0000001826 nova-scheduler[95643]: DEBUG cotyledon.oslo_config_glue [-] oslo_limit.endpoint_service_type = None {{(pid=95643) log_opt_values /opt/stack/data/venv/lib/python3.12/site-packages/oslo_config/cfg.py:3256}}
May 31 20:06:43.063966 np0000001826 nova-scheduler[95643]: DEBUG cotyledon.oslo_config_glue [-] oslo_limit.insecure = False {{(pid=95643) log_opt_values /opt/stack/data/venv/lib/python3.12/site-packages/oslo_config/cfg.py:3256}}
May 31 20:06:43.064106 np0000001826 nova-scheduler[95643]: DEBUG cotyledon.oslo_config_glue [-] oslo_limit.keyfile = None {{(pid=95643) log_opt_values /opt/stack/data/venv/lib/python3.12/site-packages/oslo_config/cfg.py:3256}}
May 31 20:06:43.064154 np0000001826 nova-scheduler[95643]: DEBUG cotyledon.oslo_config_glue [-] oslo_limit.max_version = None {{(pid=95643) log_opt_values /opt/stack/data/venv/lib/python3.12/site-packages/oslo_config/cfg.py:3256}}
May 31 20:06:43.064220 np0000001826 nova-scheduler[95643]: DEBUG cotyledon.oslo_config_glue [-] oslo_limit.min_version = None {{(pid=95643) log_opt_values /opt/stack/data/venv/lib/python3.12/site-packages/oslo_config/cfg.py:3256}}
May 31 20:06:43.064277 np0000001826 nova-scheduler[95643]: DEBUG cotyledon.oslo_config_glue [-] oslo_limit.region_name = None {{(pid=95643) log_opt_values /opt/stack/data/venv/lib/python3.12/site-packages/oslo_config/cfg.py:3256}}
May 31 20:06:43.064358 np0000001826 nova-scheduler[95643]: DEBUG cotyledon.oslo_config_glue [-] oslo_limit.retriable_status_codes = None {{(pid=95643) log_opt_values /opt/stack/data/venv/lib/python3.12/site-packages/oslo_config/cfg.py:3256}}
May 31 20:06:43.064424 np0000001826 nova-scheduler[95643]: DEBUG cotyledon.oslo_config_glue [-] oslo_limit.service_name = None {{(pid=95643) log_opt_values /opt/stack/data/venv/lib/python3.12/site-packages/oslo_config/cfg.py:3256}}
May 31 20:06:43.064479 np0000001826 nova-scheduler[95643]: DEBUG cotyledon.oslo_config_glue [-] oslo_limit.service_type = None {{(pid=95643) log_opt_values /opt/stack/data/venv/lib/python3.12/site-packages/oslo_config/cfg.py:3256}}
May 31 20:06:43.064562 np0000001826 nova-scheduler[95643]: DEBUG cotyledon.oslo_config_glue [-] oslo_limit.split_loggers = False {{(pid=95643) log_opt_values /opt/stack/data/venv/lib/python3.12/site-packages/oslo_config/cfg.py:3256}}
May 31 20:06:43.064650 np0000001826 nova-scheduler[95643]: DEBUG cotyledon.oslo_config_glue [-] oslo_limit.status_code_retries = None {{(pid=95643) log_opt_values /opt/stack/data/venv/lib/python3.12/site-packages/oslo_config/cfg.py:3256}}
May 31 20:06:43.064724 np0000001826 nova-scheduler[95643]: DEBUG cotyledon.oslo_config_glue [-] oslo_limit.status_code_retry_delay = None {{(pid=95643) log_opt_values /opt/stack/data/venv/lib/python3.12/site-packages/oslo_config/cfg.py:3256}}
May 31 20:06:43.064783 np0000001826 nova-scheduler[95643]: DEBUG cotyledon.oslo_config_glue [-] oslo_limit.timeout = None {{(pid=95643) log_opt_values /opt/stack/data/venv/lib/python3.12/site-packages/oslo_config/cfg.py:3256}}
May 31 20:06:43.064879 np0000001826 nova-scheduler[95643]: DEBUG cotyledon.oslo_config_glue [-] oslo_limit.valid_interfaces = None {{(pid=95643) log_opt_values /opt/stack/data/venv/lib/python3.12/site-packages/oslo_config/cfg.py:3256}}
May 31 20:06:43.064929 np0000001826 nova-scheduler[95643]: DEBUG cotyledon.oslo_config_glue [-] oslo_limit.version = None {{(pid=95643) log_opt_values /opt/stack/data/venv/lib/python3.12/site-packages/oslo_config/cfg.py:3256}}
May 31 20:06:43.065004 np0000001826 nova-scheduler[95643]: DEBUG cotyledon.oslo_config_glue [-] oslo_reports.file_event_handler = None {{(pid=95643) log_opt_values /opt/stack/data/venv/lib/python3.12/site-packages/oslo_config/cfg.py:3256}}
May 31 20:06:43.065108 np0000001826 nova-scheduler[95643]: DEBUG cotyledon.oslo_config_glue [-] oslo_reports.file_event_handler_interval = 1 {{(pid=95643) log_opt_values /opt/stack/data/venv/lib/python3.12/site-packages/oslo_config/cfg.py:3256}}
May 31 20:06:43.065196 np0000001826 nova-scheduler[95643]: DEBUG cotyledon.oslo_config_glue [-] oslo_reports.log_dir = None {{(pid=95643) log_opt_values /opt/stack/data/venv/lib/python3.12/site-packages/oslo_config/cfg.py:3256}}
May 31 20:06:43.065246 np0000001826 nova-scheduler[95643]: DEBUG cotyledon.oslo_config_glue [-] ******************************************************************************** {{(pid=95643) log_opt_values /opt/stack/data/venv/lib/python3.12/site-packages/oslo_config/cfg.py:3263}}
May 31 20:06:43.065926 np0000001826 nova-scheduler[95643]: DEBUG cotyledon._service_worker [-] Run service ServiceWrapper(2) [95643] {{(pid=95643) wait_forever /opt/stack/data/venv/lib/python3.12/site-packages/cotyledon/_service_worker.py:218}}
May 31 20:06:43.067427 np0000001826 nova-scheduler[95643]: INFO nova.service [-] Starting scheduler node (version 33.1.0)
May 31 20:06:43.072503 np0000001826 nova-scheduler[95643]: INFO dbcounter [None req-51dc8a6c-7830-4e77-8cdf-a3223392cee0 None None] Registered counter for database nova_cell0
May 31 20:06:43.097707 np0000001826 nova-scheduler[95634]: DEBUG oslo_db.sqlalchemy.engines [None req-a1e72f8c-4e13-4371-9169-d6e29d86744b None None] MySQL server mode set to STRICT_TRANS_TABLES,STRICT_ALL_TABLES,NO_ZERO_IN_DATE,NO_ZERO_DATE,ERROR_FOR_DIVISION_BY_ZERO,TRADITIONAL,NO_ENGINE_SUBSTITUTION {{(pid=95634) _check_effective_sql_mode /opt/stack/data/venv/lib/python3.12/site-packages/oslo_db/sqlalchemy/engines.py:325}}
May 31 20:06:43.109680 np0000001826 nova-scheduler[95634]: DEBUG dbcounter [-] [95634] Writer thread running {{(pid=95634) stat_writer /opt/stack/data/venv/lib/python3.12/site-packages/dbcounter.py:102}}
May 31 20:06:43.110997 np0000001826 nova-scheduler[95639]: DEBUG oslo_db.sqlalchemy.engines [None req-3b66a966-ab70-46fb-9c84-a4590a482b41 None None] MySQL server mode set to STRICT_TRANS_TABLES,STRICT_ALL_TABLES,NO_ZERO_IN_DATE,NO_ZERO_DATE,ERROR_FOR_DIVISION_BY_ZERO,TRADITIONAL,NO_ENGINE_SUBSTITUTION {{(pid=95639) _check_effective_sql_mode /opt/stack/data/venv/lib/python3.12/site-packages/oslo_db/sqlalchemy/engines.py:325}}
May 31 20:06:43.120077 np0000001826 nova-scheduler[95639]: DEBUG dbcounter [-] [95639] Writer thread running {{(pid=95639) stat_writer /opt/stack/data/venv/lib/python3.12/site-packages/dbcounter.py:102}}
May 31 20:06:43.124027 np0000001826 nova-scheduler[95634]: DEBUG nova.service [None req-a1e72f8c-4e13-4371-9169-d6e29d86744b None None] Creating RPC server for service: nova-scheduler on topic: scheduler {{(pid=95634) start /opt/stack/nova/nova/service.py:195}}
May 31 20:06:43.128217 np0000001826 nova-scheduler[95643]: DEBUG oslo_db.sqlalchemy.engines [None req-51dc8a6c-7830-4e77-8cdf-a3223392cee0 None None] MySQL server mode set to STRICT_TRANS_TABLES,STRICT_ALL_TABLES,NO_ZERO_IN_DATE,NO_ZERO_DATE,ERROR_FOR_DIVISION_BY_ZERO,TRADITIONAL,NO_ENGINE_SUBSTITUTION {{(pid=95643) _check_effective_sql_mode /opt/stack/data/venv/lib/python3.12/site-packages/oslo_db/sqlalchemy/engines.py:325}}
May 31 20:06:43.136769 np0000001826 nova-scheduler[95639]: DEBUG nova.service [None req-3b66a966-ab70-46fb-9c84-a4590a482b41 None None] Creating RPC server for service: nova-scheduler on topic: scheduler {{(pid=95639) start /opt/stack/nova/nova/service.py:195}}
May 31 20:06:43.138615 np0000001826 nova-scheduler[95643]: DEBUG dbcounter [-] [95643] Writer thread running {{(pid=95643) stat_writer /opt/stack/data/venv/lib/python3.12/site-packages/dbcounter.py:102}}
May 31 20:06:43.141545 np0000001826 nova-scheduler[95643]: DEBUG nova.service [None req-51dc8a6c-7830-4e77-8cdf-a3223392cee0 None None] Creating RPC server for service: nova-scheduler on topic: scheduler {{(pid=95643) start /opt/stack/nova/nova/service.py:195}}
May 31 20:06:43.162987 np0000001826 nova-scheduler[95634]: DEBUG nova.service [None req-a1e72f8c-4e13-4371-9169-d6e29d86744b None None] Join ServiceGroup membership for this service scheduler {{(pid=95634) start /opt/stack/nova/nova/service.py:221}}
May 31 20:06:43.163425 np0000001826 nova-scheduler[95634]: DEBUG nova.servicegroup.drivers.db [None req-a1e72f8c-4e13-4371-9169-d6e29d86744b None None] DB_Driver: join new ServiceGroup member np0000001826 to the scheduler group, service = {{(pid=95634) join /opt/stack/nova/nova/servicegroup/drivers/db.py:44}}
May 31 20:06:43.169691 np0000001826 nova-scheduler[95643]: DEBUG nova.service [None req-51dc8a6c-7830-4e77-8cdf-a3223392cee0 None None] Join ServiceGroup membership for this service scheduler {{(pid=95643) start /opt/stack/nova/nova/service.py:221}}
May 31 20:06:43.170025 np0000001826 nova-scheduler[95643]: DEBUG nova.servicegroup.drivers.db [None req-51dc8a6c-7830-4e77-8cdf-a3223392cee0 None None] DB_Driver: join new ServiceGroup member np0000001826 to the scheduler group, service = {{(pid=95643) join /opt/stack/nova/nova/servicegroup/drivers/db.py:44}}
May 31 20:06:43.170165 np0000001826 nova-scheduler[95639]: DEBUG nova.service [None req-3b66a966-ab70-46fb-9c84-a4590a482b41 None None] Join ServiceGroup membership for this service scheduler {{(pid=95639) start /opt/stack/nova/nova/service.py:221}}
May 31 20:06:43.170376 np0000001826 nova-scheduler[95639]: DEBUG nova.servicegroup.drivers.db [None req-3b66a966-ab70-46fb-9c84-a4590a482b41 None None] DB_Driver: join new ServiceGroup member np0000001826 to the scheduler group, service = {{(pid=95639) join /opt/stack/nova/nova/servicegroup/drivers/db.py:44}}
May 31 20:06:48.177863 np0000001826 nova-scheduler[95634]: DEBUG oslo.service.backend._threading.loopingcall [-] Fixed interval looping call 'nova.servicegroup.drivers.db.DbDriver._report_state' sleeping for 119.99 seconds {{(pid=95634) _run_loop /opt/stack/data/venv/lib/python3.12/site-packages/oslo_service/backend/_threading/loopingcall.py:125}}
May 31 20:06:48.178814 np0000001826 nova-scheduler[95639]: DEBUG oslo.service.backend._threading.loopingcall [-] Fixed interval looping call 'nova.servicegroup.drivers.db.DbDriver._report_state' sleeping for 119.99 seconds {{(pid=95639) _run_loop /opt/stack/data/venv/lib/python3.12/site-packages/oslo_service/backend/_threading/loopingcall.py:125}}
May 31 20:06:48.183100 np0000001826 nova-scheduler[95643]: DEBUG oslo.service.backend._threading.loopingcall [-] Fixed interval looping call 'nova.servicegroup.drivers.db.DbDriver._report_state' sleeping for 119.99 seconds {{(pid=95643) _run_loop /opt/stack/data/venv/lib/python3.12/site-packages/oslo_service/backend/_threading/loopingcall.py:125}}
May 31 20:06:51.722270 np0000001826 nova-scheduler[94437]: DEBUG dbcounter [-] [94437] Writing DB stats nova_api:SELECT=3 {{(pid=94437) stat_writer /opt/stack/data/venv/lib/python3.12/site-packages/dbcounter.py:115}}
May 31 20:06:51.838023 np0000001826 nova-scheduler[94437]: DEBUG dbcounter [-] [94437] Writing DB stats nova_cell0:SELECT=1 {{(pid=94437) stat_writer /opt/stack/data/venv/lib/python3.12/site-packages/dbcounter.py:115}}
May 31 20:06:51.842788 np0000001826 nova-scheduler[94437]: DEBUG dbcounter [-] [94437] Writing DB stats nova_cell1:SELECT=1 {{(pid=94437) stat_writer /opt/stack/data/venv/lib/python3.12/site-packages/dbcounter.py:115}}
May 31 20:06:58.174080 np0000001826 nova-scheduler[95634]: DEBUG dbcounter [-] [95634] Writing DB stats nova_cell0:SELECT=4,nova_cell0:INSERT=1,nova_cell0:UPDATE=1 {{(pid=95634) stat_writer /opt/stack/data/venv/lib/python3.12/site-packages/dbcounter.py:115}}
May 31 20:06:58.180616 np0000001826 nova-scheduler[95639]: DEBUG dbcounter [-] [95639] Writing DB stats nova_cell0:SELECT=4,nova_cell0:INSERT=1,nova_cell0:UPDATE=1 {{(pid=95639) stat_writer /opt/stack/data/venv/lib/python3.12/site-packages/dbcounter.py:115}}
May 31 20:06:58.180907 np0000001826 nova-scheduler[95643]: DEBUG dbcounter [-] [95643] Writing DB stats nova_cell0:SELECT=3 {{(pid=95643) stat_writer /opt/stack/data/venv/lib/python3.12/site-packages/dbcounter.py:115}}
May 31 20:07:16.172523 np0000001826 nova-scheduler[95639]: DEBUG oslo.service.backend._threading.loopingcall [None req-670299ec-6eb8-4c5b-bd69-1bf3da4fab0e None None] Dynamic interval looping call 'nova.service.Service.periodic_tasks' sleeping for 60.00 seconds {{(pid=95639) _run_loop /opt/stack/data/venv/lib/python3.12/site-packages/oslo_service/backend/_threading/loopingcall.py:125}}
May 31 20:07:23.166090 np0000001826 nova-scheduler[95634]: DEBUG oslo.service.backend._threading.loopingcall [None req-598e6d9f-e0bb-4dd0-ae16-305c1b4a49d6 None None] Dynamic interval looping call 'nova.service.Service.periodic_tasks' sleeping for 60.00 seconds {{(pid=95634) _run_loop /opt/stack/data/venv/lib/python3.12/site-packages/oslo_service/backend/_threading/loopingcall.py:125}}
May 31 20:07:39.172087 np0000001826 nova-scheduler[95643]: DEBUG oslo.service.backend._threading.loopingcall [None req-7151d4b0-06b2-4e54-b39a-cbcc5c1864c4 None None] Dynamic interval looping call 'nova.service.Service.periodic_tasks' sleeping for 60.00 seconds {{(pid=95643) _run_loop /opt/stack/data/venv/lib/python3.12/site-packages/oslo_service/backend/_threading/loopingcall.py:125}}
May 31 20:08:16.173010 np0000001826 nova-scheduler[95639]: DEBUG oslo.service.backend._threading.loopingcall [None req-670299ec-6eb8-4c5b-bd69-1bf3da4fab0e None None] Dynamic interval looping call 'nova.service.Service.periodic_tasks' sleeping for 60.00 seconds {{(pid=95639) _run_loop /opt/stack/data/venv/lib/python3.12/site-packages/oslo_service/backend/_threading/loopingcall.py:125}}
May 31 20:08:23.166531 np0000001826 nova-scheduler[95634]: DEBUG oslo.service.backend._threading.loopingcall [None req-598e6d9f-e0bb-4dd0-ae16-305c1b4a49d6 None None] Dynamic interval looping call 'nova.service.Service.periodic_tasks' sleeping for 60.00 seconds {{(pid=95634) _run_loop /opt/stack/data/venv/lib/python3.12/site-packages/oslo_service/backend/_threading/loopingcall.py:125}}
May 31 20:08:39.172644 np0000001826 nova-scheduler[95643]: DEBUG oslo.service.backend._threading.loopingcall [None req-7151d4b0-06b2-4e54-b39a-cbcc5c1864c4 None None] Dynamic interval looping call 'nova.service.Service.periodic_tasks' sleeping for 60.00 seconds {{(pid=95643) _run_loop /opt/stack/data/venv/lib/python3.12/site-packages/oslo_service/backend/_threading/loopingcall.py:125}}
May 31 20:08:48.176535 np0000001826 nova-scheduler[95639]: DEBUG oslo.service.backend._threading.loopingcall [-] Fixed interval looping call 'nova.servicegroup.drivers.db.DbDriver._report_state' sleeping for 119.99 seconds {{(pid=95639) _run_loop /opt/stack/data/venv/lib/python3.12/site-packages/oslo_service/backend/_threading/loopingcall.py:125}}
May 31 20:08:48.178485 np0000001826 nova-scheduler[95634]: DEBUG oslo.service.backend._threading.loopingcall [-] Fixed interval looping call 'nova.servicegroup.drivers.db.DbDriver._report_state' sleeping for 119.99 seconds {{(pid=95634) _run_loop /opt/stack/data/venv/lib/python3.12/site-packages/oslo_service/backend/_threading/loopingcall.py:125}}
May 31 20:08:48.179806 np0000001826 nova-scheduler[95643]: DEBUG oslo.service.backend._threading.loopingcall [-] Fixed interval looping call 'nova.servicegroup.drivers.db.DbDriver._report_state' sleeping for 119.99 seconds {{(pid=95643) _run_loop /opt/stack/data/venv/lib/python3.12/site-packages/oslo_service/backend/_threading/loopingcall.py:125}}
May 31 20:08:58.172089 np0000001826 nova-scheduler[95634]: DEBUG dbcounter [-] [95634] Writing DB stats nova_cell0:SELECT=1,nova_cell0:UPDATE=1 {{(pid=95634) stat_writer /opt/stack/data/venv/lib/python3.12/site-packages/dbcounter.py:115}}
May 31 20:08:58.173026 np0000001826 nova-scheduler[95639]: DEBUG dbcounter [-] [95639] Writing DB stats nova_cell0:SELECT=1,nova_cell0:UPDATE=1 {{(pid=95639) stat_writer /opt/stack/data/venv/lib/python3.12/site-packages/dbcounter.py:115}}
May 31 20:08:58.178565 np0000001826 nova-scheduler[95643]: DEBUG dbcounter [-] [95643] Writing DB stats nova_cell0:SELECT=1,nova_cell0:UPDATE=1 {{(pid=95643) stat_writer /opt/stack/data/venv/lib/python3.12/site-packages/dbcounter.py:115}}
May 31 20:09:16.173657 np0000001826 nova-scheduler[95639]: DEBUG oslo.service.backend._threading.loopingcall [None req-670299ec-6eb8-4c5b-bd69-1bf3da4fab0e None None] Dynamic interval looping call 'nova.service.Service.periodic_tasks' sleeping for 60.00 seconds {{(pid=95639) _run_loop /opt/stack/data/venv/lib/python3.12/site-packages/oslo_service/backend/_threading/loopingcall.py:125}}
May 31 20:09:23.168945 np0000001826 nova-scheduler[95634]: DEBUG oslo.service.backend._threading.loopingcall [None req-598e6d9f-e0bb-4dd0-ae16-305c1b4a49d6 None None] Dynamic interval looping call 'nova.service.Service.periodic_tasks' sleeping for 60.00 seconds {{(pid=95634) _run_loop /opt/stack/data/venv/lib/python3.12/site-packages/oslo_service/backend/_threading/loopingcall.py:125}}
May 31 20:09:23.414489 np0000001826 nova-scheduler[95634]: DEBUG nova.scheduler.manager [None req-cd7abbbf-d938-410a-a19e-0e263f95d2f6 tempest-ServerRescueNegativeTestJSON-1356102611 tempest-ServerRescueNegativeTestJSON-1356102611-project-member] Starting to schedule for instances: ['42b5517f-090b-467d-b863-06465109fb92'] {{(pid=95634) select_destinations /opt/stack/nova/nova/scheduler/manager.py:210}}
May 31 20:09:23.415720 np0000001826 nova-scheduler[95634]: DEBUG nova.scheduler.request_filter [None req-cd7abbbf-d938-410a-a19e-0e263f95d2f6 tempest-ServerRescueNegativeTestJSON-1356102611 tempest-ServerRescueNegativeTestJSON-1356102611-project-member] compute_status_filter request filter added forbidden trait COMPUTE_STATUS_DISABLED {{(pid=95634) compute_status_filter /opt/stack/nova/nova/scheduler/request_filter.py:253}}
May 31 20:09:23.415857 np0000001826 nova-scheduler[95634]: DEBUG nova.scheduler.request_filter [None req-cd7abbbf-d938-410a-a19e-0e263f95d2f6 tempest-ServerRescueNegativeTestJSON-1356102611 tempest-ServerRescueNegativeTestJSON-1356102611-project-member] Request filter 'compute_status_filter' took 0.0 seconds {{(pid=95634) wrapper /opt/stack/nova/nova/scheduler/request_filter.py:46}}
May 31 20:09:23.416089 np0000001826 nova-scheduler[95634]: DEBUG nova.scheduler.request_filter [None req-cd7abbbf-d938-410a-a19e-0e263f95d2f6 tempest-ServerRescueNegativeTestJSON-1356102611 tempest-ServerRescueNegativeTestJSON-1356102611-project-member] Request filter 'accelerators_filter' took 0.0 seconds {{(pid=95634) wrapper /opt/stack/nova/nova/scheduler/request_filter.py:46}}
May 31 20:09:23.416329 np0000001826 nova-scheduler[95634]: DEBUG nova.scheduler.request_filter [None req-cd7abbbf-d938-410a-a19e-0e263f95d2f6 tempest-ServerRescueNegativeTestJSON-1356102611 tempest-ServerRescueNegativeTestJSON-1356102611-project-member] Request filter 'packed_virtqueue_filter' took 0.0 seconds {{(pid=95634) wrapper /opt/stack/nova/nova/scheduler/request_filter.py:46}}
May 31 20:09:23.416528 np0000001826 nova-scheduler[95634]: DEBUG nova.scheduler.request_filter [None req-cd7abbbf-d938-410a-a19e-0e263f95d2f6 tempest-ServerRescueNegativeTestJSON-1356102611 tempest-ServerRescueNegativeTestJSON-1356102611-project-member] Request filter 'remote_managed_ports_filter' took 0.0 seconds {{(pid=95634) wrapper /opt/stack/nova/nova/scheduler/request_filter.py:46}}
May 31 20:09:23.417212 np0000001826 nova-scheduler[95634]: DEBUG nova.scheduler.request_filter [None req-cd7abbbf-d938-410a-a19e-0e263f95d2f6 tempest-ServerRescueNegativeTestJSON-1356102611 tempest-ServerRescueNegativeTestJSON-1356102611-project-member] ephemeral_encryption_filter skipped {{(pid=95634) ephemeral_encryption_filter /opt/stack/nova/nova/scheduler/request_filter.py:426}}
May 31 20:09:23.417386 np0000001826 nova-scheduler[95634]: DEBUG nova.scheduler.request_filter [None req-cd7abbbf-d938-410a-a19e-0e263f95d2f6 tempest-ServerRescueNegativeTestJSON-1356102611 tempest-ServerRescueNegativeTestJSON-1356102611-project-member] virtio_sound_filter skipped {{(pid=95634) virtio_sound_filter /opt/stack/nova/nova/scheduler/request_filter.py:460}}
May 31 20:09:23.417525 np0000001826 nova-scheduler[95634]: DEBUG nova.scheduler.request_filter [None req-cd7abbbf-d938-410a-a19e-0e263f95d2f6 tempest-ServerRescueNegativeTestJSON-1356102611 tempest-ServerRescueNegativeTestJSON-1356102611-project-member] tpm_secret_security_filter skipped {{(pid=95634) tpm_secret_security_filter /opt/stack/nova/nova/scheduler/request_filter.py:477}}
May 31 20:09:24.258350 np0000001826 nova-scheduler[95634]: INFO nova.utils [None req-cd7abbbf-d938-410a-a19e-0e263f95d2f6 tempest-ServerRescueNegativeTestJSON-1356102611 tempest-ServerRescueNegativeTestJSON-1356102611-project-member] The cell worker thread pool ForkProcess-1.cell_worker is initialized
May 31 20:09:24.258797 np0000001826 nova-scheduler[95634]: DEBUG oslo_concurrency.lockutils [None req-cd7abbbf-d938-410a-a19e-0e263f95d2f6 tempest-ServerRescueNegativeTestJSON-1356102611 tempest-ServerRescueNegativeTestJSON-1356102611-project-member] Acquiring lock "84c97b82-3e02-47d1-9aef-d26af10d0104" by "nova.context.set_target_cell..get_or_set_cached_cell_and_set_connections" {{(pid=95634) inner /opt/stack/data/venv/lib/python3.12/site-packages/oslo_concurrency/lockutils.py:511}}
May 31 20:09:24.259232 np0000001826 nova-scheduler[95634]: DEBUG oslo_concurrency.lockutils [None req-cd7abbbf-d938-410a-a19e-0e263f95d2f6 tempest-ServerRescueNegativeTestJSON-1356102611 tempest-ServerRescueNegativeTestJSON-1356102611-project-member] Lock "84c97b82-3e02-47d1-9aef-d26af10d0104" acquired by "nova.context.set_target_cell..get_or_set_cached_cell_and_set_connections" :: waited 0.000s {{(pid=95634) inner /opt/stack/data/venv/lib/python3.12/site-packages/oslo_concurrency/lockutils.py:524}}
May 31 20:09:24.260912 np0000001826 nova-scheduler[95634]: DEBUG oslo_concurrency.lockutils [None req-cd7abbbf-d938-410a-a19e-0e263f95d2f6 tempest-ServerRescueNegativeTestJSON-1356102611 tempest-ServerRescueNegativeTestJSON-1356102611-project-member] Lock "84c97b82-3e02-47d1-9aef-d26af10d0104" "released" by "nova.context.set_target_cell..get_or_set_cached_cell_and_set_connections" :: held 0.002s {{(pid=95634) inner /opt/stack/data/venv/lib/python3.12/site-packages/oslo_concurrency/lockutils.py:543}}
May 31 20:09:24.262945 np0000001826 nova-scheduler[95634]: INFO dbcounter [None req-cd7abbbf-d938-410a-a19e-0e263f95d2f6 tempest-ServerRescueNegativeTestJSON-1356102611 tempest-ServerRescueNegativeTestJSON-1356102611-project-member] Registered counter for database nova_cell1
May 31 20:09:24.270094 np0000001826 nova-scheduler[95643]: DEBUG nova.scheduler.manager [None req-ee073a87-9db6-42d8-884f-3da5203ac34d tempest-ServerActionsTestOtherB-1214748029 tempest-ServerActionsTestOtherB-1214748029-project-member] Starting to schedule for instances: ['68b0f05f-aaa2-43c3-bb0e-2720739e3e3d'] {{(pid=95643) select_destinations /opt/stack/nova/nova/scheduler/manager.py:210}}
May 31 20:09:24.270094 np0000001826 nova-scheduler[95643]: DEBUG nova.scheduler.request_filter [None req-ee073a87-9db6-42d8-884f-3da5203ac34d tempest-ServerActionsTestOtherB-1214748029 tempest-ServerActionsTestOtherB-1214748029-project-member] compute_status_filter request filter added forbidden trait COMPUTE_STATUS_DISABLED {{(pid=95643) compute_status_filter /opt/stack/nova/nova/scheduler/request_filter.py:253}}
May 31 20:09:24.270094 np0000001826 nova-scheduler[95643]: DEBUG nova.scheduler.request_filter [None req-ee073a87-9db6-42d8-884f-3da5203ac34d tempest-ServerActionsTestOtherB-1214748029 tempest-ServerActionsTestOtherB-1214748029-project-member] Request filter 'compute_status_filter' took 0.0 seconds {{(pid=95643) wrapper /opt/stack/nova/nova/scheduler/request_filter.py:46}}
May 31 20:09:24.271056 np0000001826 nova-scheduler[95643]: DEBUG nova.scheduler.request_filter [None req-ee073a87-9db6-42d8-884f-3da5203ac34d tempest-ServerActionsTestOtherB-1214748029 tempest-ServerActionsTestOtherB-1214748029-project-member] Request filter 'accelerators_filter' took 0.0 seconds {{(pid=95643) wrapper /opt/stack/nova/nova/scheduler/request_filter.py:46}}
May 31 20:09:24.271547 np0000001826 nova-scheduler[95643]: DEBUG nova.scheduler.request_filter [None req-ee073a87-9db6-42d8-884f-3da5203ac34d tempest-ServerActionsTestOtherB-1214748029 tempest-ServerActionsTestOtherB-1214748029-project-member] Request filter 'packed_virtqueue_filter' took 0.0 seconds {{(pid=95643) wrapper /opt/stack/nova/nova/scheduler/request_filter.py:46}}
May 31 20:09:24.272682 np0000001826 nova-scheduler[95643]: DEBUG nova.scheduler.request_filter [None req-ee073a87-9db6-42d8-884f-3da5203ac34d tempest-ServerActionsTestOtherB-1214748029 tempest-ServerActionsTestOtherB-1214748029-project-member] Request filter 'remote_managed_ports_filter' took 0.0 seconds {{(pid=95643) wrapper /opt/stack/nova/nova/scheduler/request_filter.py:46}}
May 31 20:09:24.272682 np0000001826 nova-scheduler[95643]: DEBUG nova.scheduler.request_filter [None req-ee073a87-9db6-42d8-884f-3da5203ac34d tempest-ServerActionsTestOtherB-1214748029 tempest-ServerActionsTestOtherB-1214748029-project-member] ephemeral_encryption_filter skipped {{(pid=95643) ephemeral_encryption_filter /opt/stack/nova/nova/scheduler/request_filter.py:426}}
May 31 20:09:24.272682 np0000001826 nova-scheduler[95643]: DEBUG nova.scheduler.request_filter [None req-ee073a87-9db6-42d8-884f-3da5203ac34d tempest-ServerActionsTestOtherB-1214748029 tempest-ServerActionsTestOtherB-1214748029-project-member] virtio_sound_filter skipped {{(pid=95643) virtio_sound_filter /opt/stack/nova/nova/scheduler/request_filter.py:460}}
May 31 20:09:24.272682 np0000001826 nova-scheduler[95643]: DEBUG nova.scheduler.request_filter [None req-ee073a87-9db6-42d8-884f-3da5203ac34d tempest-ServerActionsTestOtherB-1214748029 tempest-ServerActionsTestOtherB-1214748029-project-member] tpm_secret_security_filter skipped {{(pid=95643) tpm_secret_security_filter /opt/stack/nova/nova/scheduler/request_filter.py:477}}
May 31 20:09:24.303886 np0000001826 nova-scheduler[95634]: DEBUG oslo_db.sqlalchemy.engines [None req-cd7abbbf-d938-410a-a19e-0e263f95d2f6 tempest-ServerRescueNegativeTestJSON-1356102611 tempest-ServerRescueNegativeTestJSON-1356102611-project-member] MySQL server mode set to STRICT_TRANS_TABLES,STRICT_ALL_TABLES,NO_ZERO_IN_DATE,NO_ZERO_DATE,ERROR_FOR_DIVISION_BY_ZERO,TRADITIONAL,NO_ENGINE_SUBSTITUTION {{(pid=95634) _check_effective_sql_mode /opt/stack/data/venv/lib/python3.12/site-packages/oslo_db/sqlalchemy/engines.py:325}}
May 31 20:09:24.309589 np0000001826 nova-scheduler[95634]: DEBUG dbcounter [-] [95634] Writer thread running {{(pid=95634) stat_writer /opt/stack/data/venv/lib/python3.12/site-packages/dbcounter.py:102}}
May 31 20:09:24.320709 np0000001826 nova-scheduler[95634]: DEBUG oslo_db.sqlalchemy.engines [None req-cd7abbbf-d938-410a-a19e-0e263f95d2f6 tempest-ServerRescueNegativeTestJSON-1356102611 tempest-ServerRescueNegativeTestJSON-1356102611-project-member] Parent process 94437 forked (95634) with an open database connection, which is being discarded and recreated. {{(pid=95634) checkout /opt/stack/data/venv/lib/python3.12/site-packages/oslo_db/sqlalchemy/engines.py:402}}
May 31 20:09:24.358827 np0000001826 nova-scheduler[95634]: DEBUG dbcounter [-] [95634] Writer thread running {{(pid=95634) stat_writer /opt/stack/data/venv/lib/python3.12/site-packages/dbcounter.py:102}}
May 31 20:09:24.361225 np0000001826 nova-scheduler[95634]: DEBUG oslo_concurrency.lockutils [None req-cd7abbbf-d938-410a-a19e-0e263f95d2f6 tempest-ServerRescueNegativeTestJSON-1356102611 tempest-ServerRescueNegativeTestJSON-1356102611-project-member] Acquiring lock "84c97b82-3e02-47d1-9aef-d26af10d0104" by "nova.context.set_target_cell..get_or_set_cached_cell_and_set_connections" {{(pid=95634) inner /opt/stack/data/venv/lib/python3.12/site-packages/oslo_concurrency/lockutils.py:511}}
May 31 20:09:24.361390 np0000001826 nova-scheduler[95634]: DEBUG oslo_concurrency.lockutils [None req-cd7abbbf-d938-410a-a19e-0e263f95d2f6 tempest-ServerRescueNegativeTestJSON-1356102611 tempest-ServerRescueNegativeTestJSON-1356102611-project-member] Lock "84c97b82-3e02-47d1-9aef-d26af10d0104" acquired by "nova.context.set_target_cell..get_or_set_cached_cell_and_set_connections" :: waited 0.000s {{(pid=95634) inner /opt/stack/data/venv/lib/python3.12/site-packages/oslo_concurrency/lockutils.py:524}}
May 31 20:09:24.361528 np0000001826 nova-scheduler[95634]: DEBUG oslo_concurrency.lockutils [None req-cd7abbbf-d938-410a-a19e-0e263f95d2f6 tempest-ServerRescueNegativeTestJSON-1356102611 tempest-ServerRescueNegativeTestJSON-1356102611-project-member] Lock "84c97b82-3e02-47d1-9aef-d26af10d0104" "released" by "nova.context.set_target_cell..get_or_set_cached_cell_and_set_connections" :: held 0.000s {{(pid=95634) inner /opt/stack/data/venv/lib/python3.12/site-packages/oslo_concurrency/lockutils.py:543}}
May 31 20:09:24.365030 np0000001826 nova-scheduler[95634]: DEBUG oslo_concurrency.lockutils [None req-cd7abbbf-d938-410a-a19e-0e263f95d2f6 tempest-ServerRescueNegativeTestJSON-1356102611 tempest-ServerRescueNegativeTestJSON-1356102611-project-member] Acquiring lock "('np0000001826', 'np0000001826')" by "nova.scheduler.host_manager.HostState.update.._locked_update" {{(pid=95634) inner /opt/stack/data/venv/lib/python3.12/site-packages/oslo_concurrency/lockutils.py:511}}
May 31 20:09:24.365206 np0000001826 nova-scheduler[95634]: DEBUG oslo_concurrency.lockutils [None req-cd7abbbf-d938-410a-a19e-0e263f95d2f6 tempest-ServerRescueNegativeTestJSON-1356102611 tempest-ServerRescueNegativeTestJSON-1356102611-project-member] Lock "('np0000001826', 'np0000001826')" acquired by "nova.scheduler.host_manager.HostState.update.._locked_update" :: waited 0.000s {{(pid=95634) inner /opt/stack/data/venv/lib/python3.12/site-packages/oslo_concurrency/lockutils.py:524}}
May 31 20:09:24.366462 np0000001826 nova-scheduler[95634]: DEBUG nova.scheduler.host_manager [None req-cd7abbbf-d938-410a-a19e-0e263f95d2f6 tempest-ServerRescueNegativeTestJSON-1356102611 tempest-ServerRescueNegativeTestJSON-1356102611-project-member] Update host state from compute node: ComputeNode(cpu_allocation_ratio=4.0,cpu_info='{"arch": "x86_64", "model": "EPYC-Milan", "vendor": "AMD", "topology": {"cells": 1, "sockets": 12, "cores": 1, "threads": 1}, "maxphysaddr": {"mode": "emulate", "bits": 40}, "features": ["pni", "mmxext", "vme", "clflushopt", "bmi2", "mca", "svm", "pku", "mtrr", "amd-psfd", "ibpb", "sse4.2", "cx16", "syscall", "rdctl-no", "sse2", "apic", "movbe", "invpcid", "umip", "ibrs", "npt", "xgetbv1", "msr", "sse4.1", "bmi1", "3dnowprefetch", "tsc-deadline", "cmov", "x2apic", "lm", "topoext", "amd-stibp", "erms", "aes", "null-sel-clr-base", "rdseed", "tsc-scale", "mds-no", "nx", "rdtscp", "pae", "avx2", "wbnoinvd", "vgif", "cmp_legacy", "stibp-always-on", "vaes", "clflush", "xsaveopt", "pge", "xsaveerptr", "arch-capabilities", "fxsr", "pdpe1gb", "xsaves", "smap", "amd-ssbd", "misalignsse", "f16c", "smep", "cr8legacy", "pschange-mc-no", "sha-ni", "fpu", "xsavec", "vpclmulqdq", "fsrm", "mmx", "rdpid", "rdrand", "clwb", "pse", "de", "stibp", "pause-filter", "pfthreshold", "gds-no", "popcnt", "spec-ctrl", "mce", "osvw", "hypervisor", "clzero", "tsc", "virt-ssbd", "fxsr_opt", "lbrv", "no-nested-data-bp", "vmcb-clean", "adx", "ssse3", "sse", "nrip-save", "skip-l1dfl-vmentry", "perfctr_core", "sep", "cx8", "ssbd", "pclmuldq", "xsave", "arat", "pcid", "sse4a", "svme-addr-chk", "abm", "lfence-always-serializing", "lahf_lm", "flushbyasid", "v-vmsave-vmload", "pse36", "pat", "fsgsbase", "avx", "fma", "tsc_adjust"]}',created_at=2026-05-31T20:07:08Z,current_workload=0,deleted=False,deleted_at=None,disk_allocation_ratio=1.0,disk_available_least=74,free_disk_gb=95,free_ram_mb=23518,host='np0000001826',host_ip=10.4.3.83,hypervisor_hostname='np0000001826',hypervisor_type='QEMU',hypervisor_version=8002002,id=1,local_gb=95,local_gb_used=0,mapped=1,memory_mb=24030,memory_mb_used=512,metrics='[]',numa_topology='{"nova_object.name": "NUMATopology", "nova_object.namespace": "nova", "nova_object.version": "1.2", "nova_object.data": {"cells": [{"nova_object.name": "NUMACell", "nova_object.namespace": "nova", "nova_object.version": "1.5", "nova_object.data": {"id": 0, "cpuset": [0, 1, 2, 3, 4, 5, 6, 7, 8, 9, 10, 11], "pcpuset": [0, 1, 2, 3, 4, 5, 6, 7, 8, 9, 10, 11], "memory": 24030, "cpu_usage": 0, "memory_usage": 0, "pinned_cpus": [], "siblings": [[6], [2], [5], [11], [8], [4], [1], [7], [10], [0], [3], [9]], "mempages": [{"nova_object.name": "NUMAPagesTopology", "nova_object.namespace": "nova", "nova_object.version": "1.1", "nova_object.data": {"size_kb": 4, "total": 6151798, "used": 0, "reserved": 0}, "nova_object.changes": ["size_kb", "reserved", "used", "total"]}, {"nova_object.name": "NUMAPagesTopology", "nova_object.namespace": "nova", "nova_object.version": "1.1", "nova_object.data": {"size_kb": 2048, "total": 0, "used": 0, "reserved": 0}, "nova_object.changes": ["size_kb", "reserved", "used", "total"]}, {"nova_object.name": "NUMAPagesTopology", "nova_object.namespace": "nova", "nova_object.version": "1.1", "nova_object.data": {"size_kb": 1048576, "total": 0, "used": 0, "reserved": 0}, "nova_object.changes": ["size_kb", "reserved", "used", "total"]}], "network_metadata": {"nova_object.name": "NetworkMetadata", "nova_object.namespace": "nova", "nova_object.version": "1.0", "nova_object.data": {"physnets": [], "tunneled": false}, "nova_object.changes": ["physnets", "tunneled"]}, "socket": null}, "nova_object.changes": ["id", "siblings", "mempages", "cpuset", "pcpuset", "socket", "pinned_cpus", "cpu_usage", "memory", "network_metadata", "memory_usage"]}]}, "nova_object.changes": ["cells"]}',pci_device_pools=PciDevicePoolList,ram_allocation_ratio=1.0,running_vms=0,service_id=3,stats={failed_builds='0',uptime=' 20:08:54 up 27 min, 2 users, load average: 1.28, 1.25, 0.74
May 31 20:09:24.366462 np0000001826 nova-scheduler[95634]: '},supported_hv_specs=[HVSpec,HVSpec,HVSpec,HVSpec,HVSpec,HVSpec,HVSpec,HVSpec,HVSpec,HVSpec,HVSpec,HVSpec,HVSpec,HVSpec,HVSpec,HVSpec,HVSpec,HVSpec,HVSpec,HVSpec,HVSpec,HVSpec,HVSpec,HVSpec,HVSpec],updated_at=2026-05-31T20:08:56Z,uuid=3cf8a897-a119-4167-bb75-a392387b3e94,vcpus=12,vcpus_used=0) {{(pid=95634) _locked_update /opt/stack/nova/nova/scheduler/host_manager.py:168}}
May 31 20:09:24.367377 np0000001826 nova-scheduler[95634]: DEBUG nova.scheduler.host_manager [None req-cd7abbbf-d938-410a-a19e-0e263f95d2f6 tempest-ServerRescueNegativeTestJSON-1356102611 tempest-ServerRescueNegativeTestJSON-1356102611-project-member] Update host state with aggregates: [] {{(pid=95634) _locked_update /opt/stack/nova/nova/scheduler/host_manager.py:171}}
May 31 20:09:24.367539 np0000001826 nova-scheduler[95634]: DEBUG nova.scheduler.host_manager [None req-cd7abbbf-d938-410a-a19e-0e263f95d2f6 tempest-ServerRescueNegativeTestJSON-1356102611 tempest-ServerRescueNegativeTestJSON-1356102611-project-member] Update host state with service dict: {'id': 3, 'uuid': '344d40a9-8917-4d61-8675-e9368ff3ea4c', 'host': 'np0000001826', 'binary': 'nova-compute', 'topic': 'compute', 'report_count': 2, 'disabled': False, 'disabled_reason': None, 'last_seen_up': datetime.datetime(2026, 5, 31, 20, 9, 17, tzinfo=datetime.timezone.utc), 'forced_down': False, 'version': 72, 'created_at': datetime.datetime(2026, 5, 31, 20, 7, 7, tzinfo=datetime.timezone.utc), 'updated_at': datetime.datetime(2026, 5, 31, 20, 9, 17, tzinfo=datetime.timezone.utc), 'deleted_at': None, 'deleted': False} {{(pid=95634) _locked_update /opt/stack/nova/nova/scheduler/host_manager.py:174}}
May 31 20:09:24.367722 np0000001826 nova-scheduler[95634]: DEBUG nova.scheduler.host_manager [None req-cd7abbbf-d938-410a-a19e-0e263f95d2f6 tempest-ServerRescueNegativeTestJSON-1356102611 tempest-ServerRescueNegativeTestJSON-1356102611-project-member] Update host state with instances: [] {{(pid=95634) _locked_update /opt/stack/nova/nova/scheduler/host_manager.py:177}}
May 31 20:09:24.367881 np0000001826 nova-scheduler[95634]: DEBUG oslo_concurrency.lockutils [None req-cd7abbbf-d938-410a-a19e-0e263f95d2f6 tempest-ServerRescueNegativeTestJSON-1356102611 tempest-ServerRescueNegativeTestJSON-1356102611-project-member] Lock "('np0000001826', 'np0000001826')" "released" by "nova.scheduler.host_manager.HostState.update.._locked_update" :: held 0.003s {{(pid=95634) inner /opt/stack/data/venv/lib/python3.12/site-packages/oslo_concurrency/lockutils.py:543}}
May 31 20:09:24.368401 np0000001826 nova-scheduler[95634]: DEBUG nova.filters [None req-cd7abbbf-d938-410a-a19e-0e263f95d2f6 tempest-ServerRescueNegativeTestJSON-1356102611 tempest-ServerRescueNegativeTestJSON-1356102611-project-member] Starting with 1 host(s) {{(pid=95634) get_filtered_objects /opt/stack/nova/nova/filters.py:70}}
May 31 20:09:24.368690 np0000001826 nova-scheduler[95634]: DEBUG nova.filters [None req-cd7abbbf-d938-410a-a19e-0e263f95d2f6 tempest-ServerRescueNegativeTestJSON-1356102611 tempest-ServerRescueNegativeTestJSON-1356102611-project-member] Filter ComputeFilter returned 1 host(s) {{(pid=95634) get_filtered_objects /opt/stack/nova/nova/filters.py:102}}
May 31 20:09:24.368876 np0000001826 nova-scheduler[95634]: DEBUG nova.filters [None req-cd7abbbf-d938-410a-a19e-0e263f95d2f6 tempest-ServerRescueNegativeTestJSON-1356102611 tempest-ServerRescueNegativeTestJSON-1356102611-project-member] Filter ComputeCapabilitiesFilter returned 1 host(s) {{(pid=95634) get_filtered_objects /opt/stack/nova/nova/filters.py:102}}
May 31 20:09:24.369109 np0000001826 nova-scheduler[95634]: DEBUG nova.filters [None req-cd7abbbf-d938-410a-a19e-0e263f95d2f6 tempest-ServerRescueNegativeTestJSON-1356102611 tempest-ServerRescueNegativeTestJSON-1356102611-project-member] Filter ImagePropertiesFilter returned 1 host(s) {{(pid=95634) get_filtered_objects /opt/stack/nova/nova/filters.py:102}}
May 31 20:09:24.369261 np0000001826 nova-scheduler[95634]: DEBUG nova.filters [None req-cd7abbbf-d938-410a-a19e-0e263f95d2f6 tempest-ServerRescueNegativeTestJSON-1356102611 tempest-ServerRescueNegativeTestJSON-1356102611-project-member] Filter ServerGroupAntiAffinityFilter returned 1 host(s) {{(pid=95634) get_filtered_objects /opt/stack/nova/nova/filters.py:102}}
May 31 20:09:24.369413 np0000001826 nova-scheduler[95634]: DEBUG nova.filters [None req-cd7abbbf-d938-410a-a19e-0e263f95d2f6 tempest-ServerRescueNegativeTestJSON-1356102611 tempest-ServerRescueNegativeTestJSON-1356102611-project-member] Filter ServerGroupAffinityFilter returned 1 host(s) {{(pid=95634) get_filtered_objects /opt/stack/nova/nova/filters.py:102}}
May 31 20:09:24.369573 np0000001826 nova-scheduler[95634]: DEBUG nova.filters [None req-cd7abbbf-d938-410a-a19e-0e263f95d2f6 tempest-ServerRescueNegativeTestJSON-1356102611 tempest-ServerRescueNegativeTestJSON-1356102611-project-member] Filter SameHostFilter returned 1 host(s) {{(pid=95634) get_filtered_objects /opt/stack/nova/nova/filters.py:102}}
May 31 20:09:24.369756 np0000001826 nova-scheduler[95634]: DEBUG nova.filters [None req-cd7abbbf-d938-410a-a19e-0e263f95d2f6 tempest-ServerRescueNegativeTestJSON-1356102611 tempest-ServerRescueNegativeTestJSON-1356102611-project-member] Filter DifferentHostFilter returned 1 host(s) {{(pid=95634) get_filtered_objects /opt/stack/nova/nova/filters.py:102}}
May 31 20:09:24.369921 np0000001826 nova-scheduler[95634]: DEBUG nova.scheduler.manager [None req-cd7abbbf-d938-410a-a19e-0e263f95d2f6 tempest-ServerRescueNegativeTestJSON-1356102611 tempest-ServerRescueNegativeTestJSON-1356102611-project-member] Filtered [(np0000001826, np0000001826) ram: 23518MB disk: 75776MB io_ops: 0 instances: 0, allocation_candidates: 1] {{(pid=95634) _get_sorted_hosts /opt/stack/nova/nova/scheduler/manager.py:743}}
May 31 20:09:24.370135 np0000001826 nova-scheduler[95634]: DEBUG nova.scheduler.manager [None req-cd7abbbf-d938-410a-a19e-0e263f95d2f6 tempest-ServerRescueNegativeTestJSON-1356102611 tempest-ServerRescueNegativeTestJSON-1356102611-project-member] Weighed [WeighedHost [host: (np0000001826, np0000001826) ram: 23518MB disk: 75776MB io_ops: 0 instances: 0, allocation_candidates: 1, weight: 0.0]] {{(pid=95634) _get_sorted_hosts /opt/stack/nova/nova/scheduler/manager.py:765}}
May 31 20:09:24.370357 np0000001826 nova-scheduler[95634]: DEBUG nova.scheduler.utils [None req-cd7abbbf-d938-410a-a19e-0e263f95d2f6 tempest-ServerRescueNegativeTestJSON-1356102611 tempest-ServerRescueNegativeTestJSON-1356102611-project-member] Attempting to claim resources in the placement API for instance 42b5517f-090b-467d-b863-06465109fb92 {{(pid=95634) claim_resources /opt/stack/nova/nova/scheduler/utils.py:1304}}
May 31 20:09:24.390798 np0000001826 nova-scheduler[95643]: INFO nova.utils [None req-ee073a87-9db6-42d8-884f-3da5203ac34d tempest-ServerActionsTestOtherB-1214748029 tempest-ServerActionsTestOtherB-1214748029-project-member] The cell worker thread pool ForkProcess-3.cell_worker is initialized
May 31 20:09:24.391157 np0000001826 nova-scheduler[95643]: DEBUG oslo_concurrency.lockutils [None req-ee073a87-9db6-42d8-884f-3da5203ac34d tempest-ServerActionsTestOtherB-1214748029 tempest-ServerActionsTestOtherB-1214748029-project-member] Acquiring lock "84c97b82-3e02-47d1-9aef-d26af10d0104" by "nova.context.set_target_cell..get_or_set_cached_cell_and_set_connections" {{(pid=95643) inner /opt/stack/data/venv/lib/python3.12/site-packages/oslo_concurrency/lockutils.py:511}}
May 31 20:09:24.391381 np0000001826 nova-scheduler[95643]: DEBUG oslo_concurrency.lockutils [None req-ee073a87-9db6-42d8-884f-3da5203ac34d tempest-ServerActionsTestOtherB-1214748029 tempest-ServerActionsTestOtherB-1214748029-project-member] Lock "84c97b82-3e02-47d1-9aef-d26af10d0104" acquired by "nova.context.set_target_cell..get_or_set_cached_cell_and_set_connections" :: waited 0.000s {{(pid=95643) inner /opt/stack/data/venv/lib/python3.12/site-packages/oslo_concurrency/lockutils.py:524}}
May 31 20:09:24.392734 np0000001826 nova-scheduler[95643]: DEBUG oslo_concurrency.lockutils [None req-ee073a87-9db6-42d8-884f-3da5203ac34d tempest-ServerActionsTestOtherB-1214748029 tempest-ServerActionsTestOtherB-1214748029-project-member] Lock "84c97b82-3e02-47d1-9aef-d26af10d0104" "released" by "nova.context.set_target_cell..get_or_set_cached_cell_and_set_connections" :: held 0.001s {{(pid=95643) inner /opt/stack/data/venv/lib/python3.12/site-packages/oslo_concurrency/lockutils.py:543}}
May 31 20:09:24.396376 np0000001826 nova-scheduler[95643]: INFO dbcounter [None req-ee073a87-9db6-42d8-884f-3da5203ac34d tempest-ServerActionsTestOtherB-1214748029 tempest-ServerActionsTestOtherB-1214748029-project-member] Registered counter for database nova_cell1
May 31 20:09:24.454899 np0000001826 nova-scheduler[95643]: DEBUG oslo_db.sqlalchemy.engines [None req-ee073a87-9db6-42d8-884f-3da5203ac34d tempest-ServerActionsTestOtherB-1214748029 tempest-ServerActionsTestOtherB-1214748029-project-member] MySQL server mode set to STRICT_TRANS_TABLES,STRICT_ALL_TABLES,NO_ZERO_IN_DATE,NO_ZERO_DATE,ERROR_FOR_DIVISION_BY_ZERO,TRADITIONAL,NO_ENGINE_SUBSTITUTION {{(pid=95643) _check_effective_sql_mode /opt/stack/data/venv/lib/python3.12/site-packages/oslo_db/sqlalchemy/engines.py:325}}
May 31 20:09:24.461099 np0000001826 nova-scheduler[95643]: DEBUG dbcounter [-] [95643] Writer thread running {{(pid=95643) stat_writer /opt/stack/data/venv/lib/python3.12/site-packages/dbcounter.py:102}}
May 31 20:09:24.526216 np0000001826 nova-scheduler[95643]: DEBUG dbcounter [-] [95643] Writer thread running {{(pid=95643) stat_writer /opt/stack/data/venv/lib/python3.12/site-packages/dbcounter.py:102}}
May 31 20:09:24.534297 np0000001826 nova-scheduler[95643]: DEBUG oslo_concurrency.lockutils [None req-ee073a87-9db6-42d8-884f-3da5203ac34d tempest-ServerActionsTestOtherB-1214748029 tempest-ServerActionsTestOtherB-1214748029-project-member] Acquiring lock "84c97b82-3e02-47d1-9aef-d26af10d0104" by "nova.context.set_target_cell..get_or_set_cached_cell_and_set_connections" {{(pid=95643) inner /opt/stack/data/venv/lib/python3.12/site-packages/oslo_concurrency/lockutils.py:511}}
May 31 20:09:24.534453 np0000001826 nova-scheduler[95643]: DEBUG oslo_concurrency.lockutils [None req-ee073a87-9db6-42d8-884f-3da5203ac34d tempest-ServerActionsTestOtherB-1214748029 tempest-ServerActionsTestOtherB-1214748029-project-member] Lock "84c97b82-3e02-47d1-9aef-d26af10d0104" acquired by "nova.context.set_target_cell..get_or_set_cached_cell_and_set_connections" :: waited 0.000s {{(pid=95643) inner /opt/stack/data/venv/lib/python3.12/site-packages/oslo_concurrency/lockutils.py:524}}
May 31 20:09:24.534552 np0000001826 nova-scheduler[95643]: DEBUG oslo_concurrency.lockutils [None req-ee073a87-9db6-42d8-884f-3da5203ac34d tempest-ServerActionsTestOtherB-1214748029 tempest-ServerActionsTestOtherB-1214748029-project-member] Lock "84c97b82-3e02-47d1-9aef-d26af10d0104" "released" by "nova.context.set_target_cell..get_or_set_cached_cell_and_set_connections" :: held 0.000s {{(pid=95643) inner /opt/stack/data/venv/lib/python3.12/site-packages/oslo_concurrency/lockutils.py:543}}
May 31 20:09:24.538284 np0000001826 nova-scheduler[95643]: DEBUG oslo_concurrency.lockutils [None req-ee073a87-9db6-42d8-884f-3da5203ac34d tempest-ServerActionsTestOtherB-1214748029 tempest-ServerActionsTestOtherB-1214748029-project-member] Acquiring lock "('np0000001826', 'np0000001826')" by "nova.scheduler.host_manager.HostState.update.._locked_update" {{(pid=95643) inner /opt/stack/data/venv/lib/python3.12/site-packages/oslo_concurrency/lockutils.py:511}}
May 31 20:09:24.538502 np0000001826 nova-scheduler[95643]: DEBUG oslo_concurrency.lockutils [None req-ee073a87-9db6-42d8-884f-3da5203ac34d tempest-ServerActionsTestOtherB-1214748029 tempest-ServerActionsTestOtherB-1214748029-project-member] Lock "('np0000001826', 'np0000001826')" acquired by "nova.scheduler.host_manager.HostState.update.._locked_update" :: waited 0.000s {{(pid=95643) inner /opt/stack/data/venv/lib/python3.12/site-packages/oslo_concurrency/lockutils.py:524}}
