May 31 20:11:31.359159 np0000001826 devstack@placement-api.service[92264]: [pid: 92264|app: 0|req: 110/326] 10.4.3.83 () {68 vars in 1492 bytes} [Sun May 31 20:11:31 2026] GET /placement/allocations/ce305ded-cac5-4554-88f6-a73ab7964d35 => generated 258 bytes in 23 msecs (HTTP/1.1 200) 8 headers in 296 bytes (1 switches on core 0)
May 31 20:11:31.359321 np0000001826 devstack@placement-api.service[92265]: DEBUG placement.requestlog [None req-f2516cbe-7065-4c7b-a5aa-eac090f83dc4 None None] Starting request: 10.4.3.83 "GET /placement/resource_providers/c179d459-72e8-4d35-9365-124fc866ec43/aggregates" {{(pid=92265) __call__ /opt/stack/placement/placement/requestlog.py:55}}
May 31 20:11:31.373639 np0000001826 devstack@placement-api.service[92265]: INFO placement.requestlog [None req-f2516cbe-7065-4c7b-a5aa-eac090f83dc4 service placement] 10.4.3.83 "GET /placement/resource_providers/c179d459-72e8-4d35-9365-124fc866ec43/aggregates" status: 404 len: 235 microversion: 1.1
May 31 20:11:31.373639 np0000001826 devstack@placement-api.service[92265]: [pid: 92265|app: 0|req: 110/327] 10.4.3.83 () {66 vars in 1467 bytes} [Sun May 31 20:11:31 2026] GET /placement/resource_providers/c179d459-72e8-4d35-9365-124fc866ec43/aggregates => generated 235 bytes in 14 msecs (HTTP/1.1 404) 5 headers in 202 bytes (1 switches on core 0)
May 31 20:11:31.442037 np0000001826 devstack@placement-api.service[92266]: DEBUG placement.requestlog [req-282c4baf-b934-4984-93ed-909cc556bf37 req-6336328d-f710-463f-8b0a-0e434817a6b2 None None] Starting request: 10.4.3.83 "GET /placement/allocations/7e719918-0637-4e9c-82ea-b12b8856e21a" {{(pid=92266) __call__ /opt/stack/placement/placement/requestlog.py:55}}
May 31 20:11:31.445181 np0000001826 devstack@placement-api.service[92264]: DEBUG placement.requestlog [None req-49d94be9-1d72-4822-8d49-70e977645eca None None] Starting request: 10.4.3.83 "DELETE /placement/resource_providers/c179d459-72e8-4d35-9365-124fc866ec43" {{(pid=92264) __call__ /opt/stack/placement/placement/requestlog.py:55}}
May 31 20:11:31.446517 np0000001826 devstack@placement-api.service[92265]: DEBUG placement.requestlog [req-1bd43e35-722c-4e2d-99ac-f5a93f33847b req-0eb4d703-e7ad-4807-9a30-66a282086320 None None] Starting request: 10.4.3.83 "GET /placement/allocations/ce305ded-cac5-4554-88f6-a73ab7964d35" {{(pid=92265) __call__ /opt/stack/placement/placement/requestlog.py:55}}
May 31 20:11:31.451135 np0000001826 devstack@placement-api.service[92264]: DEBUG placement.wsgi_wrapper [None req-49d94be9-1d72-4822-8d49-70e977645eca service placement] Placement API returning an error response: No resource provider with uuid c179d459-72e8-4d35-9365-124fc866ec43 found for delete {{(pid=92264) call_func /opt/stack/placement/placement/wsgi_wrapper.py:31}}
May 31 20:11:31.451752 np0000001826 devstack@placement-api.service[92264]: INFO placement.requestlog [None req-49d94be9-1d72-4822-8d49-70e977645eca service placement] 10.4.3.83 "DELETE /placement/resource_providers/c179d459-72e8-4d35-9365-124fc866ec43" status: 404 len: 246 microversion: 1.1
May 31 20:11:31.451920 np0000001826 devstack@placement-api.service[92264]: [pid: 92264|app: 0|req: 111/328] 10.4.3.83 () {68 vars in 1456 bytes} [Sun May 31 20:11:31 2026] DELETE /placement/resource_providers/c179d459-72e8-4d35-9365-124fc866ec43 => generated 246 bytes in 7 msecs (HTTP/1.1 404) 6 headers in 231 bytes (1 switches on core 0)
May 31 20:11:31.455652 np0000001826 devstack@placement-api.service[92266]: INFO placement.requestlog [req-282c4baf-b934-4984-93ed-909cc556bf37 req-6336328d-f710-463f-8b0a-0e434817a6b2 service nova] 10.4.3.83 "GET /placement/allocations/7e719918-0637-4e9c-82ea-b12b8856e21a" status: 200 len: 244 microversion: 1.28
May 31 20:11:31.455923 np0000001826 devstack@placement-api.service[92266]: [pid: 92266|app: 0|req: 108/329] 10.4.3.83 () {68 vars in 1492 bytes} [Sun May 31 20:11:31 2026] GET /placement/allocations/7e719918-0637-4e9c-82ea-b12b8856e21a => generated 244 bytes in 14 msecs (HTTP/1.1 200) 8 headers in 296 bytes (1 switches on core 0)
May 31 20:11:31.459852 np0000001826 devstack@placement-api.service[92265]: INFO placement.requestlog [req-1bd43e35-722c-4e2d-99ac-f5a93f33847b req-0eb4d703-e7ad-4807-9a30-66a282086320 service nova] 10.4.3.83 "GET /placement/allocations/ce305ded-cac5-4554-88f6-a73ab7964d35" status: 200 len: 258 microversion: 1.28
May 31 20:11:31.459852 np0000001826 devstack@placement-api.service[92265]: [pid: 92265|app: 0|req: 111/330] 10.4.3.83 () {68 vars in 1492 bytes} [Sun May 31 20:11:31 2026] GET /placement/allocations/ce305ded-cac5-4554-88f6-a73ab7964d35 => generated 258 bytes in 13 msecs (HTTP/1.1 200) 8 headers in 296 bytes (1 switches on core 0)
May 31 20:11:31.527377 np0000001826 devstack@placement-api.service[92264]: DEBUG placement.requestlog [req-282c4baf-b934-4984-93ed-909cc556bf37 req-95ff5159-225c-449a-b593-ae3da073fc30 None None] Starting request: 10.4.3.83 "GET /placement/allocations/58f07d18-8712-4258-bfd3-20578a3a73eb" {{(pid=92264) __call__ /opt/stack/placement/placement/requestlog.py:55}}
May 31 20:11:31.531146 np0000001826 devstack@placement-api.service[92266]: DEBUG placement.requestlog [req-1bd43e35-722c-4e2d-99ac-f5a93f33847b req-4c2f854d-5acd-4208-a45c-68d2b5ea9b9d None None] Starting request: 10.4.3.83 "GET /placement/allocations/68b0f05f-aaa2-43c3-bb0e-2720739e3e3d" {{(pid=92266) __call__ /opt/stack/placement/placement/requestlog.py:55}}
May 31 20:11:31.543351 np0000001826 devstack@placement-api.service[92264]: INFO placement.requestlog [req-282c4baf-b934-4984-93ed-909cc556bf37 req-95ff5159-225c-449a-b593-ae3da073fc30 service nova] 10.4.3.83 "GET /placement/allocations/58f07d18-8712-4258-bfd3-20578a3a73eb" status: 200 len: 258 microversion: 1.28
May 31 20:11:31.543864 np0000001826 devstack@placement-api.service[92264]: [pid: 92264|app: 0|req: 112/331] 10.4.3.83 () {68 vars in 1492 bytes} [Sun May 31 20:11:31 2026] GET /placement/allocations/58f07d18-8712-4258-bfd3-20578a3a73eb => generated 258 bytes in 16 msecs (HTTP/1.1 200) 8 headers in 296 bytes (1 switches on core 0)
May 31 20:11:31.548716 np0000001826 devstack@placement-api.service[92266]: INFO placement.requestlog [req-1bd43e35-722c-4e2d-99ac-f5a93f33847b req-4c2f854d-5acd-4208-a45c-68d2b5ea9b9d service nova] 10.4.3.83 "GET /placement/allocations/68b0f05f-aaa2-43c3-bb0e-2720739e3e3d" status: 200 len: 258 microversion: 1.28
May 31 20:11:31.548716 np0000001826 devstack@placement-api.service[92266]: [pid: 92266|app: 0|req: 109/332] 10.4.3.83 () {68 vars in 1492 bytes} [Sun May 31 20:11:31 2026] GET /placement/allocations/68b0f05f-aaa2-43c3-bb0e-2720739e3e3d => generated 258 bytes in 17 msecs (HTTP/1.1 200) 8 headers in 296 bytes (1 switches on core 0)
May 31 20:11:31.604765 np0000001826 devstack@placement-api.service[92265]: DEBUG placement.requestlog [req-282c4baf-b934-4984-93ed-909cc556bf37 req-082cf1c3-10fa-4440-8e2d-0b93e3daabad None None] Starting request: 10.4.3.83 "GET /placement/allocations/654632c4-5c34-480b-ab91-dab6bc0bb70c" {{(pid=92265) __call__ /opt/stack/placement/placement/requestlog.py:55}}
May 31 20:11:31.620488 np0000001826 devstack@placement-api.service[92264]: DEBUG placement.requestlog [req-1bd43e35-722c-4e2d-99ac-f5a93f33847b req-1f68bfd9-6213-4318-bad7-94bb53decc40 None None] Starting request: 10.4.3.83 "POST /placement/allocations" {{(pid=92264) __call__ /opt/stack/placement/placement/requestlog.py:55}}
May 31 20:11:31.625435 np0000001826 devstack@placement-api.service[92265]: INFO placement.requestlog [req-282c4baf-b934-4984-93ed-909cc556bf37 req-082cf1c3-10fa-4440-8e2d-0b93e3daabad service nova] 10.4.3.83 "GET /placement/allocations/654632c4-5c34-480b-ab91-dab6bc0bb70c" status: 200 len: 244 microversion: 1.28
May 31 20:11:31.625435 np0000001826 devstack@placement-api.service[92265]: [pid: 92265|app: 0|req: 112/333] 10.4.3.83 () {68 vars in 1492 bytes} [Sun May 31 20:11:31 2026] GET /placement/allocations/654632c4-5c34-480b-ab91-dab6bc0bb70c => generated 244 bytes in 21 msecs (HTTP/1.1 200) 8 headers in 296 bytes (1 switches on core 0)
May 31 20:11:31.683548 np0000001826 devstack@placement-api.service[92264]: DEBUG placement.handlers.allocation [req-1bd43e35-722c-4e2d-99ac-f5a93f33847b req-1f68bfd9-6213-4318-bad7-94bb53decc40 service nova] Successfully wrote allocations [, , , , , ] {{(pid=92264) _update_consumers_and_create_allocations /opt/stack/placement/placement/handlers/allocation.py:572}}
May 31 20:11:31.687981 np0000001826 devstack@placement-api.service[92264]: INFO placement.requestlog [req-1bd43e35-722c-4e2d-99ac-f5a93f33847b req-1f68bfd9-6213-4318-bad7-94bb53decc40 service nova] 10.4.3.83 "POST /placement/allocations" status: 204 len: 0 microversion: 1.28
May 31 20:11:31.687981 np0000001826 devstack@placement-api.service[92264]: [pid: 92264|app: 0|req: 113/334] 10.4.3.83 () {72 vars in 1435 bytes} [Sun May 31 20:11:31 2026] POST /placement/allocations => generated 0 bytes in 67 msecs (HTTP/1.1 204) 5 headers in 199 bytes (1 switches on core 0)
May 31 20:11:33.568246 np0000001826 devstack@placement-api.service[92266]: DEBUG placement.requestlog [None req-1915ec12-46f1-4b4e-9047-64d4e58d76b4 None None] Starting request: 10.4.3.83 "GET /placement/resource_providers/bba9ff56-3143-4fcf-b5c8-491fea846ace/aggregates" {{(pid=92266) __call__ /opt/stack/placement/placement/requestlog.py:55}}
May 31 20:11:33.582447 np0000001826 devstack@placement-api.service[92266]: INFO placement.requestlog [None req-1915ec12-46f1-4b4e-9047-64d4e58d76b4 service placement] 10.4.3.83 "GET /placement/resource_providers/bba9ff56-3143-4fcf-b5c8-491fea846ace/aggregates" status: 404 len: 235 microversion: 1.1
May 31 20:11:33.582747 np0000001826 devstack@placement-api.service[92266]: [pid: 92266|app: 0|req: 110/335] 10.4.3.83 () {66 vars in 1467 bytes} [Sun May 31 20:11:33 2026] GET /placement/resource_providers/bba9ff56-3143-4fcf-b5c8-491fea846ace/aggregates => generated 235 bytes in 14 msecs (HTTP/1.1 404) 5 headers in 202 bytes (1 switches on core 0)
May 31 20:11:33.633984 np0000001826 devstack@placement-api.service[92265]: DEBUG placement.requestlog [None req-f0be0ed5-d9cd-426a-b5c1-b252b20a032d None None] Starting request: 10.4.3.83 "DELETE /placement/resource_providers/bba9ff56-3143-4fcf-b5c8-491fea846ace" {{(pid=92265) __call__ /opt/stack/placement/placement/requestlog.py:55}}
May 31 20:11:33.641069 np0000001826 devstack@placement-api.service[92265]: DEBUG placement.wsgi_wrapper [None req-f0be0ed5-d9cd-426a-b5c1-b252b20a032d service placement] Placement API returning an error response: No resource provider with uuid bba9ff56-3143-4fcf-b5c8-491fea846ace found for delete {{(pid=92265) call_func /opt/stack/placement/placement/wsgi_wrapper.py:31}}
May 31 20:11:33.641454 np0000001826 devstack@placement-api.service[92265]: INFO placement.requestlog [None req-f0be0ed5-d9cd-426a-b5c1-b252b20a032d service placement] 10.4.3.83 "DELETE /placement/resource_providers/bba9ff56-3143-4fcf-b5c8-491fea846ace" status: 404 len: 246 microversion: 1.1
May 31 20:11:33.641521 np0000001826 devstack@placement-api.service[92265]: [pid: 92265|app: 0|req: 113/336] 10.4.3.83 () {68 vars in 1456 bytes} [Sun May 31 20:11:33 2026] DELETE /placement/resource_providers/bba9ff56-3143-4fcf-b5c8-491fea846ace => generated 246 bytes in 8 msecs (HTTP/1.1 404) 6 headers in 231 bytes (1 switches on core 0)
May 31 20:11:41.681055 np0000001826 devstack@placement-api.service[92264]: DEBUG dbcounter [-] [92264] Writing DB stats placement:SELECT=40,placement:DELETE=5,placement:INSERT=3,placement:UPDATE=3 {{(pid=92264) stat_writer /opt/stack/data/venv/lib/python3.12/site-packages/dbcounter.py:115}}
May 31 20:11:43.580800 np0000001826 devstack@placement-api.service[92266]: DEBUG dbcounter [-] [92266] Writing DB stats placement:SELECT=38 {{(pid=92266) stat_writer /opt/stack/data/venv/lib/python3.12/site-packages/dbcounter.py:115}}
May 31 20:11:43.639717 np0000001826 devstack@placement-api.service[92265]: DEBUG dbcounter [-] [92265] Writing DB stats placement:SELECT=37,placement:INSERT=6,placement:DELETE=2,placement:UPDATE=2 {{(pid=92265) stat_writer /opt/stack/data/venv/lib/python3.12/site-packages/dbcounter.py:115}}
May 31 20:11:49.058244 np0000001826 devstack@placement-api.service[92264]: DEBUG placement.requestlog [req-de151c7e-85bf-43b8-b9ae-7dceb49029cd req-04e6e729-add2-4404-a1b8-33f05b96e6d0 None None] Starting request: 10.4.3.83 "GET /placement/resource_providers/3cf8a897-a119-4167-bb75-a392387b3e94/allocations" {{(pid=92264) __call__ /opt/stack/placement/placement/requestlog.py:55}}
May 31 20:11:49.088342 np0000001826 devstack@placement-api.service[92264]: INFO placement.requestlog [req-de151c7e-85bf-43b8-b9ae-7dceb49029cd req-04e6e729-add2-4404-a1b8-33f05b96e6d0 service nova] 10.4.3.83 "GET /placement/resource_providers/3cf8a897-a119-4167-bb75-a392387b3e94/allocations" status: 200 len: 911 microversion: 1.0
May 31 20:11:49.088549 np0000001826 devstack@placement-api.service[92264]: [pid: 92264|app: 0|req: 114/337] 10.4.3.83 () {66 vars in 1505 bytes} [Sun May 31 20:11:49 2026] GET /placement/resource_providers/3cf8a897-a119-4167-bb75-a392387b3e94/allocations => generated 911 bytes in 30 msecs (HTTP/1.1 200) 6 headers in 224 bytes (1 switches on core 0)
May 31 20:11:49.140915 np0000001826 devstack@placement-api.service[92266]: DEBUG placement.requestlog [req-de151c7e-85bf-43b8-b9ae-7dceb49029cd req-9eb81313-7585-41c5-8e84-1adfa9dd1385 None None] Starting request: 10.4.3.83 "GET /placement/allocations/f79a5fbd-cdc1-4d11-8224-8769e22ee678" {{(pid=92266) __call__ /opt/stack/placement/placement/requestlog.py:55}}
May 31 20:11:49.158560 np0000001826 devstack@placement-api.service[92266]: INFO placement.requestlog [req-de151c7e-85bf-43b8-b9ae-7dceb49029cd req-9eb81313-7585-41c5-8e84-1adfa9dd1385 service nova] 10.4.3.83 "GET /placement/allocations/f79a5fbd-cdc1-4d11-8224-8769e22ee678" status: 200 len: 244 microversion: 1.28
May 31 20:11:49.158859 np0000001826 devstack@placement-api.service[92266]: [pid: 92266|app: 0|req: 111/338] 10.4.3.83 () {68 vars in 1492 bytes} [Sun May 31 20:11:49 2026] GET /placement/allocations/f79a5fbd-cdc1-4d11-8224-8769e22ee678 => generated 244 bytes in 18 msecs (HTTP/1.1 200) 8 headers in 296 bytes (1 switches on core 0)
May 31 20:11:49.212517 np0000001826 devstack@placement-api.service[92265]: DEBUG placement.requestlog [req-de151c7e-85bf-43b8-b9ae-7dceb49029cd req-1f6fd19b-ed45-48de-afba-054584d942fc None None] Starting request: 10.4.3.83 "GET /placement/allocations/f6dff2ee-7008-4a19-ae15-5e9b9778d3c9" {{(pid=92265) __call__ /opt/stack/placement/placement/requestlog.py:55}}
May 31 20:11:49.228043 np0000001826 devstack@placement-api.service[92265]: INFO placement.requestlog [req-de151c7e-85bf-43b8-b9ae-7dceb49029cd req-1f6fd19b-ed45-48de-afba-054584d942fc service nova] 10.4.3.83 "GET /placement/allocations/f6dff2ee-7008-4a19-ae15-5e9b9778d3c9" status: 200 len: 258 microversion: 1.28
May 31 20:11:49.228519 np0000001826 devstack@placement-api.service[92265]: [pid: 92265|app: 0|req: 114/339] 10.4.3.83 () {68 vars in 1492 bytes} [Sun May 31 20:11:49 2026] GET /placement/allocations/f6dff2ee-7008-4a19-ae15-5e9b9778d3c9 => generated 258 bytes in 16 msecs (HTTP/1.1 200) 8 headers in 296 bytes (1 switches on core 0)
May 31 20:11:49.277180 np0000001826 devstack@placement-api.service[92264]: DEBUG placement.requestlog [req-de151c7e-85bf-43b8-b9ae-7dceb49029cd req-b6bbc2ce-edb5-47f7-a6a7-4423ed69d385 None None] Starting request: 10.4.3.83 "GET /placement/allocations/42b5517f-090b-467d-b863-06465109fb92" {{(pid=92264) __call__ /opt/stack/placement/placement/requestlog.py:55}}
May 31 20:11:49.289812 np0000001826 devstack@placement-api.service[92264]: INFO placement.requestlog [req-de151c7e-85bf-43b8-b9ae-7dceb49029cd req-b6bbc2ce-edb5-47f7-a6a7-4423ed69d385 service nova] 10.4.3.83 "GET /placement/allocations/42b5517f-090b-467d-b863-06465109fb92" status: 200 len: 258 microversion: 1.28
May 31 20:11:49.290248 np0000001826 devstack@placement-api.service[92264]: [pid: 92264|app: 0|req: 115/340] 10.4.3.83 () {68 vars in 1492 bytes} [Sun May 31 20:11:49 2026] GET /placement/allocations/42b5517f-090b-467d-b863-06465109fb92 => generated 258 bytes in 13 msecs (HTTP/1.1 200) 8 headers in 296 bytes (1 switches on core 0)
May 31 20:11:49.349352 np0000001826 devstack@placement-api.service[92266]: DEBUG placement.requestlog [req-de151c7e-85bf-43b8-b9ae-7dceb49029cd req-595a72d0-71e2-403c-9734-601b6713a9c9 None None] Starting request: 10.4.3.83 "GET /placement/allocations/2405f604-ab5a-4eec-8f4f-0f8cce754dd9" {{(pid=92266) __call__ /opt/stack/placement/placement/requestlog.py:55}}
May 31 20:11:49.360508 np0000001826 devstack@placement-api.service[92266]: INFO placement.requestlog [req-de151c7e-85bf-43b8-b9ae-7dceb49029cd req-595a72d0-71e2-403c-9734-601b6713a9c9 service nova] 10.4.3.83 "GET /placement/allocations/2405f604-ab5a-4eec-8f4f-0f8cce754dd9" status: 200 len: 258 microversion: 1.28
May 31 20:11:49.360508 np0000001826 devstack@placement-api.service[92266]: [pid: 92266|app: 0|req: 112/341] 10.4.3.83 () {68 vars in 1492 bytes} [Sun May 31 20:11:49 2026] GET /placement/allocations/2405f604-ab5a-4eec-8f4f-0f8cce754dd9 => generated 258 bytes in 11 msecs (HTTP/1.1 200) 8 headers in 296 bytes (1 switches on core 0)
May 31 20:11:49.400672 np0000001826 devstack@placement-api.service[92265]: DEBUG placement.requestlog [req-de151c7e-85bf-43b8-b9ae-7dceb49029cd req-04c60815-45ec-43bc-b592-0c36f01da5b5 None None] Starting request: 10.4.3.83 "GET /placement/allocations/68b0f05f-aaa2-43c3-bb0e-2720739e3e3d" {{(pid=92265) __call__ /opt/stack/placement/placement/requestlog.py:55}}
May 31 20:11:49.415617 np0000001826 devstack@placement-api.service[92265]: INFO placement.requestlog [req-de151c7e-85bf-43b8-b9ae-7dceb49029cd req-04c60815-45ec-43bc-b592-0c36f01da5b5 service nova] 10.4.3.83 "GET /placement/allocations/68b0f05f-aaa2-43c3-bb0e-2720739e3e3d" status: 200 len: 258 microversion: 1.28
May 31 20:11:49.415921 np0000001826 devstack@placement-api.service[92265]: [pid: 92265|app: 0|req: 115/342] 10.4.3.83 () {68 vars in 1492 bytes} [Sun May 31 20:11:49 2026] GET /placement/allocations/68b0f05f-aaa2-43c3-bb0e-2720739e3e3d => generated 258 bytes in 16 msecs (HTTP/1.1 200) 8 headers in 296 bytes (1 switches on core 0)
May 31 20:11:49.455765 np0000001826 devstack@placement-api.service[92264]: DEBUG placement.requestlog [req-de151c7e-85bf-43b8-b9ae-7dceb49029cd req-66e0d949-5669-4870-abf7-ac5032681f79 None None] Starting request: 10.4.3.83 "GET /placement/allocations/410c8318-e8c9-4cab-8129-a49e7eaf71d6" {{(pid=92264) __call__ /opt/stack/placement/placement/requestlog.py:55}}
May 31 20:11:49.476426 np0000001826 devstack@placement-api.service[92264]: INFO placement.requestlog [req-de151c7e-85bf-43b8-b9ae-7dceb49029cd req-66e0d949-5669-4870-abf7-ac5032681f79 service nova] 10.4.3.83 "GET /placement/allocations/410c8318-e8c9-4cab-8129-a49e7eaf71d6" status: 200 len: 258 microversion: 1.28
May 31 20:11:49.476734 np0000001826 devstack@placement-api.service[92264]: [pid: 92264|app: 0|req: 116/343] 10.4.3.83 () {68 vars in 1492 bytes} [Sun May 31 20:11:49 2026] GET /placement/allocations/410c8318-e8c9-4cab-8129-a49e7eaf71d6 => generated 258 bytes in 21 msecs (HTTP/1.1 200) 8 headers in 296 bytes (1 switches on core 0)
May 31 20:11:49.525989 np0000001826 devstack@placement-api.service[92266]: DEBUG placement.requestlog [req-de151c7e-85bf-43b8-b9ae-7dceb49029cd req-84439ed2-9bf7-47e1-b92f-39452b2bb339 None None] Starting request: 10.4.3.83 "GET /placement/allocations/7e719918-0637-4e9c-82ea-b12b8856e21a" {{(pid=92266) __call__ /opt/stack/placement/placement/requestlog.py:55}}
May 31 20:11:49.549477 np0000001826 devstack@placement-api.service[92266]: INFO placement.requestlog [req-de151c7e-85bf-43b8-b9ae-7dceb49029cd req-84439ed2-9bf7-47e1-b92f-39452b2bb339 service nova] 10.4.3.83 "GET /placement/allocations/7e719918-0637-4e9c-82ea-b12b8856e21a" status: 200 len: 244 microversion: 1.28
May 31 20:11:49.549477 np0000001826 devstack@placement-api.service[92266]: [pid: 92266|app: 0|req: 113/344] 10.4.3.83 () {68 vars in 1492 bytes} [Sun May 31 20:11:49 2026] GET /placement/allocations/7e719918-0637-4e9c-82ea-b12b8856e21a => generated 244 bytes in 25 msecs (HTTP/1.1 200) 8 headers in 296 bytes (1 switches on core 0)
May 31 20:11:49.604871 np0000001826 devstack@placement-api.service[92265]: DEBUG placement.requestlog [req-de151c7e-85bf-43b8-b9ae-7dceb49029cd req-a81feed1-314c-4ba3-9a26-8eeb1144a58c None None] Starting request: 10.4.3.83 "GET /placement/allocations/58f07d18-8712-4258-bfd3-20578a3a73eb" {{(pid=92265) __call__ /opt/stack/placement/placement/requestlog.py:55}}
May 31 20:11:49.614197 np0000001826 devstack@placement-api.service[92265]: INFO placement.requestlog [req-de151c7e-85bf-43b8-b9ae-7dceb49029cd req-a81feed1-314c-4ba3-9a26-8eeb1144a58c service nova] 10.4.3.83 "GET /placement/allocations/58f07d18-8712-4258-bfd3-20578a3a73eb" status: 200 len: 258 microversion: 1.28
May 31 20:11:49.614471 np0000001826 devstack@placement-api.service[92265]: [pid: 92265|app: 0|req: 116/345] 10.4.3.83 () {68 vars in 1492 bytes} [Sun May 31 20:11:49 2026] GET /placement/allocations/58f07d18-8712-4258-bfd3-20578a3a73eb => generated 258 bytes in 10 msecs (HTTP/1.1 200) 8 headers in 296 bytes (1 switches on core 0)
May 31 20:11:49.654528 np0000001826 devstack@placement-api.service[92264]: DEBUG placement.requestlog [req-de151c7e-85bf-43b8-b9ae-7dceb49029cd req-7033f818-c673-4796-b28f-6711933fe1b2 None None] Starting request: 10.4.3.83 "GET /placement/allocations/654632c4-5c34-480b-ab91-dab6bc0bb70c" {{(pid=92264) __call__ /opt/stack/placement/placement/requestlog.py:55}}
May 31 20:11:49.676649 np0000001826 devstack@placement-api.service[92264]: INFO placement.requestlog [req-de151c7e-85bf-43b8-b9ae-7dceb49029cd req-7033f818-c673-4796-b28f-6711933fe1b2 service nova] 10.4.3.83 "GET /placement/allocations/654632c4-5c34-480b-ab91-dab6bc0bb70c" status: 200 len: 244 microversion: 1.28
May 31 20:11:49.677044 np0000001826 devstack@placement-api.service[92264]: [pid: 92264|app: 0|req: 117/346] 10.4.3.83 () {68 vars in 1492 bytes} [Sun May 31 20:11:49 2026] GET /placement/allocations/654632c4-5c34-480b-ab91-dab6bc0bb70c => generated 244 bytes in 23 msecs (HTTP/1.1 200) 8 headers in 296 bytes (1 switches on core 0)
May 31 20:11:50.727234 np0000001826 devstack@placement-api.service[92266]: DEBUG placement.requestlog [req-de151c7e-85bf-43b8-b9ae-7dceb49029cd req-865c5ed6-61ee-4f51-9361-ae340eb6cecb None None] Starting request: 10.4.3.83 "DELETE /placement/allocations/f79a5fbd-cdc1-4d11-8224-8769e22ee678" {{(pid=92266) __call__ /opt/stack/placement/placement/requestlog.py:55}}
May 31 20:11:50.748952 np0000001826 devstack@placement-api.service[92266]: DEBUG placement.handlers.allocation [req-de151c7e-85bf-43b8-b9ae-7dceb49029cd req-865c5ed6-61ee-4f51-9361-ae340eb6cecb service nova] Successfully deleted allocations [, ] {{(pid=92266) delete_allocations /opt/stack/placement/placement/handlers/allocation.py:627}}
May 31 20:11:50.749225 np0000001826 devstack@placement-api.service[92266]: INFO placement.requestlog [req-de151c7e-85bf-43b8-b9ae-7dceb49029cd req-865c5ed6-61ee-4f51-9361-ae340eb6cecb service nova] 10.4.3.83 "DELETE /placement/allocations/f79a5fbd-cdc1-4d11-8224-8769e22ee678" status: 204 len: 0 microversion: 1.0
May 31 20:11:50.749477 np0000001826 devstack@placement-api.service[92266]: [pid: 92266|app: 0|req: 114/347] 10.4.3.83 () {68 vars in 1470 bytes} [Sun May 31 20:11:50 2026] DELETE /placement/allocations/f79a5fbd-cdc1-4d11-8224-8769e22ee678 => generated 0 bytes in 24 msecs (HTTP/1.1 204) 5 headers in 198 bytes (1 switches on core 0)
May 31 20:11:51.173754 np0000001826 devstack@placement-api.service[92265]: DEBUG placement.requestlog [req-0e960ba5-a642-487e-a152-5df83a445062 req-ea9af990-8004-417f-96bc-45ebaf66b063 None None] Starting request: 10.4.3.83 "DELETE /placement/allocations/68b0f05f-aaa2-43c3-bb0e-2720739e3e3d" {{(pid=92265) __call__ /opt/stack/placement/placement/requestlog.py:55}}
May 31 20:11:51.192306 np0000001826 devstack@placement-api.service[92265]: DEBUG placement.handlers.allocation [req-0e960ba5-a642-487e-a152-5df83a445062 req-ea9af990-8004-417f-96bc-45ebaf66b063 service nova] Successfully deleted allocations [, , ] {{(pid=92265) delete_allocations /opt/stack/placement/placement/handlers/allocation.py:627}}
May 31 20:11:51.192555 np0000001826 devstack@placement-api.service[92265]: INFO placement.requestlog [req-0e960ba5-a642-487e-a152-5df83a445062 req-ea9af990-8004-417f-96bc-45ebaf66b063 service nova] 10.4.3.83 "DELETE /placement/allocations/68b0f05f-aaa2-43c3-bb0e-2720739e3e3d" status: 204 len: 0 microversion: 1.0
May 31 20:11:51.192828 np0000001826 devstack@placement-api.service[92265]: [pid: 92265|app: 0|req: 117/348] 10.4.3.83 () {68 vars in 1470 bytes} [Sun May 31 20:11:51 2026] DELETE /placement/allocations/68b0f05f-aaa2-43c3-bb0e-2720739e3e3d => generated 0 bytes in 19 msecs (HTTP/1.1 204) 5 headers in 198 bytes (1 switches on core 0)
May 31 20:11:53.486948 np0000001826 devstack@placement-api.service[92264]: DEBUG placement.requestlog [None req-b4457b53-139c-41d5-afbd-b39bc2961b23 None None] Starting request: 10.4.3.83 "GET /placement/resource_providers/1b8fdfaf-21aa-4921-a1f7-6fec4a1c09c8/aggregates" {{(pid=92264) __call__ /opt/stack/placement/placement/requestlog.py:55}}
May 31 20:11:53.501348 np0000001826 devstack@placement-api.service[92264]: INFO placement.requestlog [None req-b4457b53-139c-41d5-afbd-b39bc2961b23 service placement] 10.4.3.83 "GET /placement/resource_providers/1b8fdfaf-21aa-4921-a1f7-6fec4a1c09c8/aggregates" status: 404 len: 235 microversion: 1.1
May 31 20:11:53.502586 np0000001826 devstack@placement-api.service[92264]: [pid: 92264|app: 0|req: 118/349] 10.4.3.83 () {66 vars in 1467 bytes} [Sun May 31 20:11:53 2026] GET /placement/resource_providers/1b8fdfaf-21aa-4921-a1f7-6fec4a1c09c8/aggregates => generated 235 bytes in 16 msecs (HTTP/1.1 404) 5 headers in 202 bytes (1 switches on core 0)
May 31 20:11:53.575734 np0000001826 devstack@placement-api.service[92266]: DEBUG placement.requestlog [None req-92b91015-283c-434d-a73b-172a6443e8c8 None None] Starting request: 10.4.3.83 "DELETE /placement/resource_providers/1b8fdfaf-21aa-4921-a1f7-6fec4a1c09c8" {{(pid=92266) __call__ /opt/stack/placement/placement/requestlog.py:55}}
May 31 20:11:53.586247 np0000001826 devstack@placement-api.service[92266]: DEBUG placement.wsgi_wrapper [None req-92b91015-283c-434d-a73b-172a6443e8c8 service placement] Placement API returning an error response: No resource provider with uuid 1b8fdfaf-21aa-4921-a1f7-6fec4a1c09c8 found for delete {{(pid=92266) call_func /opt/stack/placement/placement/wsgi_wrapper.py:31}}
May 31 20:11:53.589047 np0000001826 devstack@placement-api.service[92266]: INFO placement.requestlog [None req-92b91015-283c-434d-a73b-172a6443e8c8 service placement] 10.4.3.83 "DELETE /placement/resource_providers/1b8fdfaf-21aa-4921-a1f7-6fec4a1c09c8" status: 404 len: 246 microversion: 1.1
May 31 20:11:53.589047 np0000001826 devstack@placement-api.service[92266]: [pid: 92266|app: 0|req: 115/350] 10.4.3.83 () {68 vars in 1456 bytes} [Sun May 31 20:11:53 2026] DELETE /placement/resource_providers/1b8fdfaf-21aa-4921-a1f7-6fec4a1c09c8 => generated 246 bytes in 13 msecs (HTTP/1.1 404) 6 headers in 231 bytes (1 switches on core 0)
May 31 20:11:55.721460 np0000001826 devstack@placement-api.service[92265]: DEBUG placement.requestlog [None req-99f6e2e1-2802-424d-801c-adc5ba8d3fe8 None None] Starting request: 10.4.3.83 "GET /placement/resource_providers/2c64d377-e4d7-46e1-8315-96606d6eb8ed/aggregates" {{(pid=92265) __call__ /opt/stack/placement/placement/requestlog.py:55}}
May 31 20:11:55.731011 np0000001826 devstack@placement-api.service[92265]: INFO placement.requestlog [None req-99f6e2e1-2802-424d-801c-adc5ba8d3fe8 service placement] 10.4.3.83 "GET /placement/resource_providers/2c64d377-e4d7-46e1-8315-96606d6eb8ed/aggregates" status: 404 len: 235 microversion: 1.1
May 31 20:11:55.731689 np0000001826 devstack@placement-api.service[92265]: [pid: 92265|app: 0|req: 118/351] 10.4.3.83 () {66 vars in 1467 bytes} [Sun May 31 20:11:55 2026] GET /placement/resource_providers/2c64d377-e4d7-46e1-8315-96606d6eb8ed/aggregates => generated 235 bytes in 11 msecs (HTTP/1.1 404) 5 headers in 202 bytes (1 switches on core 0)
May 31 20:11:55.833498 np0000001826 devstack@placement-api.service[92264]: DEBUG placement.requestlog [None req-1b295403-7c66-4363-9331-b103b1443da0 None None] Starting request: 10.4.3.83 "DELETE /placement/resource_providers/2c64d377-e4d7-46e1-8315-96606d6eb8ed" {{(pid=92264) __call__ /opt/stack/placement/placement/requestlog.py:55}}
May 31 20:11:55.848060 np0000001826 devstack@placement-api.service[92264]: DEBUG placement.wsgi_wrapper [None req-1b295403-7c66-4363-9331-b103b1443da0 service placement] Placement API returning an error response: No resource provider with uuid 2c64d377-e4d7-46e1-8315-96606d6eb8ed found for delete {{(pid=92264) call_func /opt/stack/placement/placement/wsgi_wrapper.py:31}}
May 31 20:11:55.848470 np0000001826 devstack@placement-api.service[92264]: INFO placement.requestlog [None req-1b295403-7c66-4363-9331-b103b1443da0 service placement] 10.4.3.83 "DELETE /placement/resource_providers/2c64d377-e4d7-46e1-8315-96606d6eb8ed" status: 404 len: 246 microversion: 1.1
May 31 20:11:55.848717 np0000001826 devstack@placement-api.service[92264]: [pid: 92264|app: 0|req: 119/352] 10.4.3.83 () {68 vars in 1456 bytes} [Sun May 31 20:11:55 2026] DELETE /placement/resource_providers/2c64d377-e4d7-46e1-8315-96606d6eb8ed => generated 246 bytes in 15 msecs (HTTP/1.1 404) 6 headers in 231 bytes (1 switches on core 0)
May 31 20:11:59.925046 np0000001826 devstack@placement-api.service[92266]: DEBUG placement.requestlog [req-042a97e8-168a-4991-b864-76140c771899 req-250b847e-e230-4d02-87c8-d140a75a247d None None] Starting request: 10.4.3.83 "GET /placement/resource_providers/3cf8a897-a119-4167-bb75-a392387b3e94/allocations" {{(pid=92266) __call__ /opt/stack/placement/placement/requestlog.py:55}}
May 31 20:11:59.949760 np0000001826 devstack@placement-api.service[92266]: INFO placement.requestlog [req-042a97e8-168a-4991-b864-76140c771899 req-250b847e-e230-4d02-87c8-d140a75a247d service nova] 10.4.3.83 "GET /placement/resource_providers/3cf8a897-a119-4167-bb75-a392387b3e94/allocations" status: 200 len: 725 microversion: 1.0
May 31 20:11:59.950506 np0000001826 devstack@placement-api.service[92266]: [pid: 92266|app: 0|req: 116/353] 10.4.3.83 () {66 vars in 1505 bytes} [Sun May 31 20:11:59 2026] GET /placement/resource_providers/3cf8a897-a119-4167-bb75-a392387b3e94/allocations => generated 725 bytes in 25 msecs (HTTP/1.1 200) 6 headers in 224 bytes (1 switches on core 0)
May 31 20:12:00.011169 np0000001826 devstack@placement-api.service[92265]: DEBUG placement.requestlog [req-042a97e8-168a-4991-b864-76140c771899 req-ab0342fb-7d0a-4590-8bbb-dae8f4847db2 None None] Starting request: 10.4.3.83 "GET /placement/resource_providers/3cf8a897-a119-4167-bb75-a392387b3e94/allocations" {{(pid=92265) __call__ /opt/stack/placement/placement/requestlog.py:55}}
May 31 20:12:00.033912 np0000001826 devstack@placement-api.service[92265]: INFO placement.requestlog [req-042a97e8-168a-4991-b864-76140c771899 req-ab0342fb-7d0a-4590-8bbb-dae8f4847db2 service nova] 10.4.3.83 "GET /placement/resource_providers/3cf8a897-a119-4167-bb75-a392387b3e94/allocations" status: 200 len: 725 microversion: 1.0
May 31 20:12:00.034278 np0000001826 devstack@placement-api.service[92265]: [pid: 92265|app: 0|req: 119/354] 10.4.3.83 () {66 vars in 1505 bytes} [Sun May 31 20:12:00 2026] GET /placement/resource_providers/3cf8a897-a119-4167-bb75-a392387b3e94/allocations => generated 725 bytes in 25 msecs (HTTP/1.1 200) 6 headers in 224 bytes (1 switches on core 0)
May 31 20:12:00.074570 np0000001826 devstack@placement-api.service[92264]: DEBUG placement.requestlog [req-042a97e8-168a-4991-b864-76140c771899 req-7768d6a7-3cc4-4225-a3ce-603515eb960c None None] Starting request: 10.4.3.83 "GET /placement/allocations/58f07d18-8712-4258-bfd3-20578a3a73eb" {{(pid=92264) __call__ /opt/stack/placement/placement/requestlog.py:55}}
May 31 20:12:00.087154 np0000001826 devstack@placement-api.service[92264]: INFO placement.requestlog [req-042a97e8-168a-4991-b864-76140c771899 req-7768d6a7-3cc4-4225-a3ce-603515eb960c service nova] 10.4.3.83 "GET /placement/allocations/58f07d18-8712-4258-bfd3-20578a3a73eb" status: 200 len: 258 microversion: 1.28
May 31 20:12:00.087795 np0000001826 devstack@placement-api.service[92264]: [pid: 92264|app: 0|req: 120/355] 10.4.3.83 () {68 vars in 1492 bytes} [Sun May 31 20:12:00 2026] GET /placement/allocations/58f07d18-8712-4258-bfd3-20578a3a73eb => generated 258 bytes in 13 msecs (HTTP/1.1 200) 8 headers in 296 bytes (1 switches on core 0)
May 31 20:12:00.121072 np0000001826 devstack@placement-api.service[92266]: DEBUG placement.requestlog [req-042a97e8-168a-4991-b864-76140c771899 req-14290adf-c6c2-42a8-9f19-c8866f65479d None None] Starting request: 10.4.3.83 "GET /placement/allocations/f6dff2ee-7008-4a19-ae15-5e9b9778d3c9" {{(pid=92266) __call__ /opt/stack/placement/placement/requestlog.py:55}}
May 31 20:12:00.132690 np0000001826 devstack@placement-api.service[92266]: INFO placement.requestlog [req-042a97e8-168a-4991-b864-76140c771899 req-14290adf-c6c2-42a8-9f19-c8866f65479d service nova] 10.4.3.83 "GET /placement/allocations/f6dff2ee-7008-4a19-ae15-5e9b9778d3c9" status: 200 len: 258 microversion: 1.28
May 31 20:12:00.132929 np0000001826 devstack@placement-api.service[92266]: [pid: 92266|app: 0|req: 117/356] 10.4.3.83 () {68 vars in 1492 bytes} [Sun May 31 20:12:00 2026] GET /placement/allocations/f6dff2ee-7008-4a19-ae15-5e9b9778d3c9 => generated 258 bytes in 12 msecs (HTTP/1.1 200) 8 headers in 296 bytes (1 switches on core 0)
May 31 20:12:00.143141 np0000001826 devstack@placement-api.service[92265]: DEBUG placement.requestlog [None req-9493a5d5-60a7-4ead-a2fd-0387b78a0fb7 None None] Starting request: 10.4.3.83 "GET /placement/resource_providers/6486f63a-20fb-4ce8-be0a-557112d27035/aggregates" {{(pid=92265) __call__ /opt/stack/placement/placement/requestlog.py:55}}
May 31 20:12:00.155114 np0000001826 devstack@placement-api.service[92265]: INFO placement.requestlog [None req-9493a5d5-60a7-4ead-a2fd-0387b78a0fb7 service placement] 10.4.3.83 "GET /placement/resource_providers/6486f63a-20fb-4ce8-be0a-557112d27035/aggregates" status: 404 len: 235 microversion: 1.1
May 31 20:12:00.155114 np0000001826 devstack@placement-api.service[92265]: [pid: 92265|app: 0|req: 120/357] 10.4.3.83 () {66 vars in 1467 bytes} [Sun May 31 20:12:00 2026] GET /placement/resource_providers/6486f63a-20fb-4ce8-be0a-557112d27035/aggregates => generated 235 bytes in 12 msecs (HTTP/1.1 404) 5 headers in 202 bytes (1 switches on core 0)
May 31 20:12:00.167300 np0000001826 devstack@placement-api.service[92264]: DEBUG placement.requestlog [None req-cb983966-012a-4393-b722-9adb76f29fbb None None] Starting request: 10.4.3.83 "GET /placement/resource_providers/cbd1173c-4c89-4843-80af-f5b80ea6df97/aggregates" {{(pid=92264) __call__ /opt/stack/placement/placement/requestlog.py:55}}
May 31 20:12:00.170270 np0000001826 devstack@placement-api.service[92266]: DEBUG placement.requestlog [req-042a97e8-168a-4991-b864-76140c771899 req-a1cfabf5-f659-43ac-b1bd-e6ea9c85cca4 None None] Starting request: 10.4.3.83 "GET /placement/allocations/654632c4-5c34-480b-ab91-dab6bc0bb70c" {{(pid=92266) __call__ /opt/stack/placement/placement/requestlog.py:55}}
May 31 20:12:00.178274 np0000001826 devstack@placement-api.service[92264]: INFO placement.requestlog [None req-cb983966-012a-4393-b722-9adb76f29fbb service placement] 10.4.3.83 "GET /placement/resource_providers/cbd1173c-4c89-4843-80af-f5b80ea6df97/aggregates" status: 404 len: 235 microversion: 1.1
May 31 20:12:00.178749 np0000001826 devstack@placement-api.service[92264]: [pid: 92264|app: 0|req: 121/358] 10.4.3.83 () {66 vars in 1467 bytes} [Sun May 31 20:12:00 2026] GET /placement/resource_providers/cbd1173c-4c89-4843-80af-f5b80ea6df97/aggregates => generated 235 bytes in 11 msecs (HTTP/1.1 404) 5 headers in 202 bytes (1 switches on core 0)
May 31 20:12:00.181794 np0000001826 devstack@placement-api.service[92266]: INFO placement.requestlog [req-042a97e8-168a-4991-b864-76140c771899 req-a1cfabf5-f659-43ac-b1bd-e6ea9c85cca4 service nova] 10.4.3.83 "GET /placement/allocations/654632c4-5c34-480b-ab91-dab6bc0bb70c" status: 200 len: 244 microversion: 1.28
May 31 20:12:00.182048 np0000001826 devstack@placement-api.service[92266]: [pid: 92266|app: 0|req: 118/359] 10.4.3.83 () {68 vars in 1492 bytes} [Sun May 31 20:12:00 2026] GET /placement/allocations/654632c4-5c34-480b-ab91-dab6bc0bb70c => generated 244 bytes in 12 msecs (HTTP/1.1 200) 8 headers in 296 bytes (1 switches on core 0)
May 31 20:12:00.208370 np0000001826 devstack@placement-api.service[92265]: DEBUG placement.requestlog [None req-4d8d2e47-d5fd-4836-8a79-245cebb92286 None None] Starting request: 10.4.3.83 "DELETE /placement/resource_providers/6486f63a-20fb-4ce8-be0a-557112d27035" {{(pid=92265) __call__ /opt/stack/placement/placement/requestlog.py:55}}
May 31 20:12:00.216312 np0000001826 devstack@placement-api.service[92265]: DEBUG placement.wsgi_wrapper [None req-4d8d2e47-d5fd-4836-8a79-245cebb92286 service placement] Placement API returning an error response: No resource provider with uuid 6486f63a-20fb-4ce8-be0a-557112d27035 found for delete {{(pid=92265) call_func /opt/stack/placement/placement/wsgi_wrapper.py:31}}
May 31 20:12:00.216656 np0000001826 devstack@placement-api.service[92265]: INFO placement.requestlog [None req-4d8d2e47-d5fd-4836-8a79-245cebb92286 service placement] 10.4.3.83 "DELETE /placement/resource_providers/6486f63a-20fb-4ce8-be0a-557112d27035" status: 404 len: 246 microversion: 1.1
May 31 20:12:00.216887 np0000001826 devstack@placement-api.service[92265]: [pid: 92265|app: 0|req: 121/360] 10.4.3.83 () {68 vars in 1456 bytes} [Sun May 31 20:12:00 2026] DELETE /placement/resource_providers/6486f63a-20fb-4ce8-be0a-557112d27035 => generated 246 bytes in 9 msecs (HTTP/1.1 404) 6 headers in 231 bytes (1 switches on core 0)
May 31 20:12:00.228314 np0000001826 devstack@placement-api.service[92264]: DEBUG placement.requestlog [None req-a3c95cb8-c01e-4d4a-b3b4-0afe4e8bc0b1 None None] Starting request: 10.4.3.83 "DELETE /placement/resource_providers/cbd1173c-4c89-4843-80af-f5b80ea6df97" {{(pid=92264) __call__ /opt/stack/placement/placement/requestlog.py:55}}
May 31 20:12:00.236899 np0000001826 devstack@placement-api.service[92264]: DEBUG placement.wsgi_wrapper [None req-a3c95cb8-c01e-4d4a-b3b4-0afe4e8bc0b1 service placement] Placement API returning an error response: No resource provider with uuid cbd1173c-4c89-4843-80af-f5b80ea6df97 found for delete {{(pid=92264) call_func /opt/stack/placement/placement/wsgi_wrapper.py:31}}
May 31 20:12:00.237623 np0000001826 devstack@placement-api.service[92264]: INFO placement.requestlog [None req-a3c95cb8-c01e-4d4a-b3b4-0afe4e8bc0b1 service placement] 10.4.3.83 "DELETE /placement/resource_providers/cbd1173c-4c89-4843-80af-f5b80ea6df97" status: 404 len: 246 microversion: 1.1
May 31 20:12:00.238442 np0000001826 devstack@placement-api.service[92264]: [pid: 92264|app: 0|req: 122/361] 10.4.3.83 () {68 vars in 1456 bytes} [Sun May 31 20:12:00 2026] DELETE /placement/resource_providers/cbd1173c-4c89-4843-80af-f5b80ea6df97 => generated 246 bytes in 10 msecs (HTTP/1.1 404) 6 headers in 231 bytes (1 switches on core 0)
May 31 20:12:00.242519 np0000001826 devstack@placement-api.service[92266]: DEBUG placement.requestlog [req-042a97e8-168a-4991-b864-76140c771899 req-0b993c4d-6a44-4ccf-8ff6-7e5c64a97e19 None None] Starting request: 10.4.3.83 "GET /placement/allocations/42b5517f-090b-467d-b863-06465109fb92" {{(pid=92266) __call__ /opt/stack/placement/placement/requestlog.py:55}}
May 31 20:12:00.260678 np0000001826 devstack@placement-api.service[92266]: INFO placement.requestlog [req-042a97e8-168a-4991-b864-76140c771899 req-0b993c4d-6a44-4ccf-8ff6-7e5c64a97e19 service nova] 10.4.3.83 "GET /placement/allocations/42b5517f-090b-467d-b863-06465109fb92" status: 200 len: 258 microversion: 1.28
May 31 20:12:00.260892 np0000001826 devstack@placement-api.service[92266]: [pid: 92266|app: 0|req: 119/362] 10.4.3.83 () {68 vars in 1492 bytes} [Sun May 31 20:12:00 2026] GET /placement/allocations/42b5517f-090b-467d-b863-06465109fb92 => generated 258 bytes in 18 msecs (HTTP/1.1 200) 8 headers in 296 bytes (1 switches on core 0)
May 31 20:12:00.301988 np0000001826 devstack@placement-api.service[92265]: DEBUG placement.requestlog [req-042a97e8-168a-4991-b864-76140c771899 req-b7403185-f7dd-47bb-8632-4f22b352e5cd None None] Starting request: 10.4.3.83 "GET /placement/allocations/2405f604-ab5a-4eec-8f4f-0f8cce754dd9" {{(pid=92265) __call__ /opt/stack/placement/placement/requestlog.py:55}}
May 31 20:12:00.312778 np0000001826 devstack@placement-api.service[92265]: INFO placement.requestlog [req-042a97e8-168a-4991-b864-76140c771899 req-b7403185-f7dd-47bb-8632-4f22b352e5cd service nova] 10.4.3.83 "GET /placement/allocations/2405f604-ab5a-4eec-8f4f-0f8cce754dd9" status: 200 len: 258 microversion: 1.28
May 31 20:12:00.313261 np0000001826 devstack@placement-api.service[92265]: [pid: 92265|app: 0|req: 122/363] 10.4.3.83 () {68 vars in 1492 bytes} [Sun May 31 20:12:00 2026] GET /placement/allocations/2405f604-ab5a-4eec-8f4f-0f8cce754dd9 => generated 258 bytes in 11 msecs (HTTP/1.1 200) 8 headers in 296 bytes (1 switches on core 0)
May 31 20:12:00.352120 np0000001826 devstack@placement-api.service[92264]: DEBUG placement.requestlog [req-042a97e8-168a-4991-b864-76140c771899 req-8a9172d6-8b2b-4d8d-b9f3-9dbac85a8298 None None] Starting request: 10.4.3.83 "GET /placement/allocations/410c8318-e8c9-4cab-8129-a49e7eaf71d6" {{(pid=92264) __call__ /opt/stack/placement/placement/requestlog.py:55}}
May 31 20:12:00.373630 np0000001826 devstack@placement-api.service[92264]: INFO placement.requestlog [req-042a97e8-168a-4991-b864-76140c771899 req-8a9172d6-8b2b-4d8d-b9f3-9dbac85a8298 service nova] 10.4.3.83 "GET /placement/allocations/410c8318-e8c9-4cab-8129-a49e7eaf71d6" status: 200 len: 258 microversion: 1.28
May 31 20:12:00.373951 np0000001826 devstack@placement-api.service[92264]: [pid: 92264|app: 0|req: 123/364] 10.4.3.83 () {68 vars in 1492 bytes} [Sun May 31 20:12:00 2026] GET /placement/allocations/410c8318-e8c9-4cab-8129-a49e7eaf71d6 => generated 258 bytes in 22 msecs (HTTP/1.1 200) 8 headers in 296 bytes (1 switches on core 0)
May 31 20:12:00.426226 np0000001826 devstack@placement-api.service[92266]: DEBUG placement.requestlog [req-042a97e8-168a-4991-b864-76140c771899 req-1076e963-3c91-4d53-b138-7d9512fb2cd1 None None] Starting request: 10.4.3.83 "GET /placement/allocations/7e719918-0637-4e9c-82ea-b12b8856e21a" {{(pid=92266) __call__ /opt/stack/placement/placement/requestlog.py:55}}
May 31 20:12:00.438631 np0000001826 devstack@placement-api.service[92266]: INFO placement.requestlog [req-042a97e8-168a-4991-b864-76140c771899 req-1076e963-3c91-4d53-b138-7d9512fb2cd1 service nova] 10.4.3.83 "GET /placement/allocations/7e719918-0637-4e9c-82ea-b12b8856e21a" status: 200 len: 244 microversion: 1.28
May 31 20:12:00.439389 np0000001826 devstack@placement-api.service[92266]: [pid: 92266|app: 0|req: 120/365] 10.4.3.83 () {68 vars in 1492 bytes} [Sun May 31 20:12:00 2026] GET /placement/allocations/7e719918-0637-4e9c-82ea-b12b8856e21a => generated 244 bytes in 13 msecs (HTTP/1.1 200) 8 headers in 296 bytes (1 switches on core 0)
May 31 20:12:01.515080 np0000001826 devstack@placement-api.service[92265]: DEBUG placement.requestlog [req-cb224de7-b7dd-4612-b2f2-c8f3a791f17c req-7a258d69-601b-48e5-b08c-ff0ab794ce19 None None] Starting request: 10.4.3.83 "GET /placement/resource_providers/3cf8a897-a119-4167-bb75-a392387b3e94/allocations" {{(pid=92265) __call__ /opt/stack/placement/placement/requestlog.py:55}}
May 31 20:12:01.534871 np0000001826 devstack@placement-api.service[92265]: INFO placement.requestlog [req-cb224de7-b7dd-4612-b2f2-c8f3a791f17c req-7a258d69-601b-48e5-b08c-ff0ab794ce19 service nova] 10.4.3.83 "GET /placement/resource_providers/3cf8a897-a119-4167-bb75-a392387b3e94/allocations" status: 200 len: 725 microversion: 1.0
May 31 20:12:01.535087 np0000001826 devstack@placement-api.service[92265]: [pid: 92265|app: 0|req: 123/366] 10.4.3.83 () {66 vars in 1505 bytes} [Sun May 31 20:12:01 2026] GET /placement/resource_providers/3cf8a897-a119-4167-bb75-a392387b3e94/allocations => generated 725 bytes in 20 msecs (HTTP/1.1 200) 6 headers in 224 bytes (1 switches on core 0)
May 31 20:12:01.595856 np0000001826 devstack@placement-api.service[92264]: DEBUG placement.requestlog [req-cb224de7-b7dd-4612-b2f2-c8f3a791f17c req-24e78920-584d-41b0-afef-c682a481425b None None] Starting request: 10.4.3.83 "GET /placement/allocations/58f07d18-8712-4258-bfd3-20578a3a73eb" {{(pid=92264) __call__ /opt/stack/placement/placement/requestlog.py:55}}
May 31 20:12:01.607460 np0000001826 devstack@placement-api.service[92264]: INFO placement.requestlog [req-cb224de7-b7dd-4612-b2f2-c8f3a791f17c req-24e78920-584d-41b0-afef-c682a481425b service nova] 10.4.3.83 "GET /placement/allocations/58f07d18-8712-4258-bfd3-20578a3a73eb" status: 200 len: 258 microversion: 1.28
May 31 20:12:01.607769 np0000001826 devstack@placement-api.service[92264]: [pid: 92264|app: 0|req: 124/367] 10.4.3.83 () {68 vars in 1492 bytes} [Sun May 31 20:12:01 2026] GET /placement/allocations/58f07d18-8712-4258-bfd3-20578a3a73eb => generated 258 bytes in 12 msecs (HTTP/1.1 200) 8 headers in 296 bytes (1 switches on core 0)
May 31 20:12:01.663121 np0000001826 devstack@placement-api.service[92266]: DEBUG placement.requestlog [req-cb224de7-b7dd-4612-b2f2-c8f3a791f17c req-4cf1bb6c-ff6f-4cbe-a20f-4b2a9fedba19 None None] Starting request: 10.4.3.83 "GET /placement/allocations/f6dff2ee-7008-4a19-ae15-5e9b9778d3c9" {{(pid=92266) __call__ /opt/stack/placement/placement/requestlog.py:55}}
May 31 20:12:01.679852 np0000001826 devstack@placement-api.service[92266]: INFO placement.requestlog [req-cb224de7-b7dd-4612-b2f2-c8f3a791f17c req-4cf1bb6c-ff6f-4cbe-a20f-4b2a9fedba19 service nova] 10.4.3.83 "GET /placement/allocations/f6dff2ee-7008-4a19-ae15-5e9b9778d3c9" status: 200 len: 258 microversion: 1.28
May 31 20:12:01.680151 np0000001826 devstack@placement-api.service[92266]: [pid: 92266|app: 0|req: 121/368] 10.4.3.83 () {68 vars in 1492 bytes} [Sun May 31 20:12:01 2026] GET /placement/allocations/f6dff2ee-7008-4a19-ae15-5e9b9778d3c9 => generated 258 bytes in 17 msecs (HTTP/1.1 200) 8 headers in 296 bytes (1 switches on core 0)
May 31 20:12:01.729519 np0000001826 devstack@placement-api.service[92265]: DEBUG placement.requestlog [req-cb224de7-b7dd-4612-b2f2-c8f3a791f17c req-15efa37d-0d01-45b7-bf3a-6509392d0444 None None] Starting request: 10.4.3.83 "GET /placement/allocations/654632c4-5c34-480b-ab91-dab6bc0bb70c" {{(pid=92265) __call__ /opt/stack/placement/placement/requestlog.py:55}}
May 31 20:12:01.741265 np0000001826 devstack@placement-api.service[92265]: INFO placement.requestlog [req-cb224de7-b7dd-4612-b2f2-c8f3a791f17c req-15efa37d-0d01-45b7-bf3a-6509392d0444 service nova] 10.4.3.83 "GET /placement/allocations/654632c4-5c34-480b-ab91-dab6bc0bb70c" status: 200 len: 244 microversion: 1.28
May 31 20:12:01.741265 np0000001826 devstack@placement-api.service[92265]: [pid: 92265|app: 0|req: 124/369] 10.4.3.83 () {68 vars in 1492 bytes} [Sun May 31 20:12:01 2026] GET /placement/allocations/654632c4-5c34-480b-ab91-dab6bc0bb70c => generated 244 bytes in 12 msecs (HTTP/1.1 200) 8 headers in 296 bytes (1 switches on core 0)
May 31 20:12:01.779194 np0000001826 devstack@placement-api.service[92264]: DEBUG placement.requestlog [req-cb224de7-b7dd-4612-b2f2-c8f3a791f17c req-158d4818-e3d1-4d7e-85a7-d40496c7202a None None] Starting request: 10.4.3.83 "GET /placement/allocations/42b5517f-090b-467d-b863-06465109fb92" {{(pid=92264) __call__ /opt/stack/placement/placement/requestlog.py:55}}
May 31 20:12:01.790686 np0000001826 devstack@placement-api.service[92264]: INFO placement.requestlog [req-cb224de7-b7dd-4612-b2f2-c8f3a791f17c req-158d4818-e3d1-4d7e-85a7-d40496c7202a service nova] 10.4.3.83 "GET /placement/allocations/42b5517f-090b-467d-b863-06465109fb92" status: 200 len: 258 microversion: 1.28
May 31 20:12:01.790884 np0000001826 devstack@placement-api.service[92264]: [pid: 92264|app: 0|req: 125/370] 10.4.3.83 () {68 vars in 1492 bytes} [Sun May 31 20:12:01 2026] GET /placement/allocations/42b5517f-090b-467d-b863-06465109fb92 => generated 258 bytes in 12 msecs (HTTP/1.1 200) 8 headers in 296 bytes (1 switches on core 0)
May 31 20:12:01.833890 np0000001826 devstack@placement-api.service[92266]: DEBUG placement.requestlog [req-cb224de7-b7dd-4612-b2f2-c8f3a791f17c req-3783ef26-38cc-41d0-8e64-d6d05741496d None None] Starting request: 10.4.3.83 "GET /placement/allocations/2405f604-ab5a-4eec-8f4f-0f8cce754dd9" {{(pid=92266) __call__ /opt/stack/placement/placement/requestlog.py:55}}
May 31 20:12:01.858790 np0000001826 devstack@placement-api.service[92266]: INFO placement.requestlog [req-cb224de7-b7dd-4612-b2f2-c8f3a791f17c req-3783ef26-38cc-41d0-8e64-d6d05741496d service nova] 10.4.3.83 "GET /placement/allocations/2405f604-ab5a-4eec-8f4f-0f8cce754dd9" status: 200 len: 258 microversion: 1.28
May 31 20:12:01.859084 np0000001826 devstack@placement-api.service[92266]: [pid: 92266|app: 0|req: 122/371] 10.4.3.83 () {68 vars in 1492 bytes} [Sun May 31 20:12:01 2026] GET /placement/allocations/2405f604-ab5a-4eec-8f4f-0f8cce754dd9 => generated 258 bytes in 25 msecs (HTTP/1.1 200) 8 headers in 296 bytes (1 switches on core 0)
