Aug 25 11:14:20.252923 np0000008075 nova-conductor[99079]: DEBUG cotyledon.oslo_config_glue [-] vnc.vencrypt_ca_certs = None {{(pid=99079) log_opt_values /opt/stack/data/venv/lib/python3.12/site-packages/oslo_config/cfg.py:3560}}
Aug 25 11:14:20.253088 np0000008075 nova-conductor[99079]: DEBUG cotyledon.oslo_config_glue [-] vnc.vencrypt_client_cert = None {{(pid=99079) log_opt_values /opt/stack/data/venv/lib/python3.12/site-packages/oslo_config/cfg.py:3560}}
Aug 25 11:14:20.253088 np0000008075 nova-conductor[99079]: DEBUG cotyledon.oslo_config_glue [-] vnc.vencrypt_client_key = None {{(pid=99079) log_opt_values /opt/stack/data/venv/lib/python3.12/site-packages/oslo_config/cfg.py:3560}}
Aug 25 11:14:20.253088 np0000008075 nova-conductor[99079]: DEBUG cotyledon.oslo_config_glue [-] workarounds.disable_compute_service_check_for_ffu = False {{(pid=99079) log_opt_values /opt/stack/data/venv/lib/python3.12/site-packages/oslo_config/cfg.py:3560}}
Aug 25 11:14:20.253088 np0000008075 nova-conductor[99079]: DEBUG cotyledon.oslo_config_glue [-] workarounds.disable_deep_image_inspection = False {{(pid=99079) log_opt_values /opt/stack/data/venv/lib/python3.12/site-packages/oslo_config/cfg.py:3560}}
Aug 25 11:14:20.253088 np0000008075 nova-conductor[99079]: DEBUG cotyledon.oslo_config_glue [-] workarounds.disable_fallback_pcpu_query = False {{(pid=99079) log_opt_values /opt/stack/data/venv/lib/python3.12/site-packages/oslo_config/cfg.py:3560}}
Aug 25 11:14:20.253088 np0000008075 nova-conductor[99079]: DEBUG cotyledon.oslo_config_glue [-] workarounds.disable_group_policy_check_upcall = False {{(pid=99079) log_opt_values /opt/stack/data/venv/lib/python3.12/site-packages/oslo_config/cfg.py:3560}}
Aug 25 11:14:20.253088 np0000008075 nova-conductor[99079]: DEBUG cotyledon.oslo_config_glue [-] workarounds.disable_libvirt_livesnapshot = False {{(pid=99079) log_opt_values /opt/stack/data/venv/lib/python3.12/site-packages/oslo_config/cfg.py:3560}}
Aug 25 11:14:20.253088 np0000008075 nova-conductor[99079]: DEBUG cotyledon.oslo_config_glue [-] workarounds.disable_rootwrap = False {{(pid=99079) log_opt_values /opt/stack/data/venv/lib/python3.12/site-packages/oslo_config/cfg.py:3560}}
Aug 25 11:14:20.253088 np0000008075 nova-conductor[99079]: DEBUG cotyledon.oslo_config_glue [-] workarounds.enable_numa_live_migration = False {{(pid=99079) log_opt_values /opt/stack/data/venv/lib/python3.12/site-packages/oslo_config/cfg.py:3560}}
Aug 25 11:14:20.253255 np0000008075 nova-conductor[99079]: DEBUG cotyledon.oslo_config_glue [-] workarounds.enable_qemu_monitor_announce_self = False {{(pid=99079) log_opt_values /opt/stack/data/venv/lib/python3.12/site-packages/oslo_config/cfg.py:3560}}
Aug 25 11:14:20.253255 np0000008075 nova-conductor[99079]: DEBUG cotyledon.oslo_config_glue [-] workarounds.ensure_libvirt_rbd_instance_dir_cleanup = False {{(pid=99079) log_opt_values /opt/stack/data/venv/lib/python3.12/site-packages/oslo_config/cfg.py:3560}}
Aug 25 11:14:20.253255 np0000008075 nova-conductor[99079]: DEBUG cotyledon.oslo_config_glue [-] workarounds.handle_virt_lifecycle_events = True {{(pid=99079) log_opt_values /opt/stack/data/venv/lib/python3.12/site-packages/oslo_config/cfg.py:3560}}
Aug 25 11:14:20.253255 np0000008075 nova-conductor[99079]: DEBUG cotyledon.oslo_config_glue [-] workarounds.libvirt_disable_apic = False {{(pid=99079) log_opt_values /opt/stack/data/venv/lib/python3.12/site-packages/oslo_config/cfg.py:3560}}
Aug 25 11:14:20.253255 np0000008075 nova-conductor[99079]: DEBUG cotyledon.oslo_config_glue [-] workarounds.never_download_image_if_on_rbd = False {{(pid=99079) log_opt_values /opt/stack/data/venv/lib/python3.12/site-packages/oslo_config/cfg.py:3560}}
Aug 25 11:14:20.253255 np0000008075 nova-conductor[99079]: DEBUG cotyledon.oslo_config_glue [-] workarounds.qemu_monitor_announce_self_count = 3 {{(pid=99079) log_opt_values /opt/stack/data/venv/lib/python3.12/site-packages/oslo_config/cfg.py:3560}}
Aug 25 11:14:20.253255 np0000008075 nova-conductor[99079]: DEBUG cotyledon.oslo_config_glue [-] workarounds.qemu_monitor_announce_self_interval = 1 {{(pid=99079) log_opt_values /opt/stack/data/venv/lib/python3.12/site-packages/oslo_config/cfg.py:3560}}
Aug 25 11:14:20.253255 np0000008075 nova-conductor[99079]: DEBUG cotyledon.oslo_config_glue [-] workarounds.reserve_disk_resource_for_image_cache = False {{(pid=99079) log_opt_values /opt/stack/data/venv/lib/python3.12/site-packages/oslo_config/cfg.py:3560}}
Aug 25 11:14:20.253255 np0000008075 nova-conductor[99079]: DEBUG cotyledon.oslo_config_glue [-] workarounds.skip_cpu_compare_at_startup = False {{(pid=99079) log_opt_values /opt/stack/data/venv/lib/python3.12/site-packages/oslo_config/cfg.py:3560}}
Aug 25 11:14:20.253432 np0000008075 nova-conductor[99079]: DEBUG cotyledon.oslo_config_glue [-] workarounds.skip_cpu_compare_on_dest = False {{(pid=99079) log_opt_values /opt/stack/data/venv/lib/python3.12/site-packages/oslo_config/cfg.py:3560}}
Aug 25 11:14:20.253432 np0000008075 nova-conductor[99079]: DEBUG cotyledon.oslo_config_glue [-] workarounds.skip_hypervisor_version_check_on_lm = False {{(pid=99079) log_opt_values /opt/stack/data/venv/lib/python3.12/site-packages/oslo_config/cfg.py:3560}}
Aug 25 11:14:20.253432 np0000008075 nova-conductor[99079]: DEBUG cotyledon.oslo_config_glue [-] workarounds.skip_reserve_in_use_ironic_nodes = False {{(pid=99079) log_opt_values /opt/stack/data/venv/lib/python3.12/site-packages/oslo_config/cfg.py:3560}}
Aug 25 11:14:20.253432 np0000008075 nova-conductor[99079]: DEBUG cotyledon.oslo_config_glue [-] workarounds.unified_limits_count_pcpu_as_vcpu = False {{(pid=99079) log_opt_values /opt/stack/data/venv/lib/python3.12/site-packages/oslo_config/cfg.py:3560}}
Aug 25 11:14:20.253432 np0000008075 nova-conductor[99079]: DEBUG cotyledon.oslo_config_glue [-] workarounds.wait_for_vif_plugged_event_during_hard_reboot = [] {{(pid=99079) log_opt_values /opt/stack/data/venv/lib/python3.12/site-packages/oslo_config/cfg.py:3560}}
Aug 25 11:14:20.253432 np0000008075 nova-conductor[99079]: DEBUG cotyledon.oslo_config_glue [-] wsgi.api_paste_config = /etc/nova/api-paste.ini {{(pid=99079) log_opt_values /opt/stack/data/venv/lib/python3.12/site-packages/oslo_config/cfg.py:3560}}
Aug 25 11:14:20.253432 np0000008075 nova-conductor[99079]: DEBUG cotyledon.oslo_config_glue [-] wsgi.secure_proxy_ssl_header = None {{(pid=99079) log_opt_values /opt/stack/data/venv/lib/python3.12/site-packages/oslo_config/cfg.py:3560}}
Aug 25 11:14:20.253432 np0000008075 nova-conductor[99079]: DEBUG cotyledon.oslo_config_glue [-] zvm.ca_file = None {{(pid=99079) log_opt_values /opt/stack/data/venv/lib/python3.12/site-packages/oslo_config/cfg.py:3560}}
Aug 25 11:14:20.253432 np0000008075 nova-conductor[99079]: DEBUG cotyledon.oslo_config_glue [-] zvm.cloud_connector_url = None {{(pid=99079) log_opt_values /opt/stack/data/venv/lib/python3.12/site-packages/oslo_config/cfg.py:3560}}
Aug 25 11:14:20.253626 np0000008075 nova-conductor[99079]: DEBUG cotyledon.oslo_config_glue [-] zvm.image_tmp_path = /opt/stack/data/nova/images {{(pid=99079) log_opt_values /opt/stack/data/venv/lib/python3.12/site-packages/oslo_config/cfg.py:3560}}
Aug 25 11:14:20.253626 np0000008075 nova-conductor[99079]: DEBUG cotyledon.oslo_config_glue [-] zvm.reachable_timeout = 300 {{(pid=99079) log_opt_values /opt/stack/data/venv/lib/python3.12/site-packages/oslo_config/cfg.py:3560}}
Aug 25 11:14:20.253626 np0000008075 nova-conductor[99079]: DEBUG cotyledon.oslo_config_glue [-] oslo_versionedobjects.fatal_exception_format_errors = False {{(pid=99079) log_opt_values /opt/stack/data/venv/lib/python3.12/site-packages/oslo_config/cfg.py:3560}}
Aug 25 11:14:20.253626 np0000008075 nova-conductor[99079]: DEBUG cotyledon.oslo_config_glue [-] oslo_middleware.http_basic_auth_user_file = /etc/htpasswd {{(pid=99079) log_opt_values /opt/stack/data/venv/lib/python3.12/site-packages/oslo_config/cfg.py:3560}}
Aug 25 11:14:20.253626 np0000008075 nova-conductor[99079]: DEBUG cotyledon.oslo_config_glue [-] profiler.connection_string = messaging:// {{(pid=99079) log_opt_values /opt/stack/data/venv/lib/python3.12/site-packages/oslo_config/cfg.py:3560}}
Aug 25 11:14:20.253626 np0000008075 nova-conductor[99079]: DEBUG cotyledon.oslo_config_glue [-] profiler.enabled = False {{(pid=99079) log_opt_values /opt/stack/data/venv/lib/python3.12/site-packages/oslo_config/cfg.py:3560}}
Aug 25 11:14:20.253626 np0000008075 nova-conductor[99079]: DEBUG cotyledon.oslo_config_glue [-] profiler.es_doc_type = notification {{(pid=99079) log_opt_values /opt/stack/data/venv/lib/python3.12/site-packages/oslo_config/cfg.py:3560}}
Aug 25 11:14:20.253626 np0000008075 nova-conductor[99079]: DEBUG cotyledon.oslo_config_glue [-] profiler.es_scroll_size = 10000 {{(pid=99079) log_opt_values /opt/stack/data/venv/lib/python3.12/site-packages/oslo_config/cfg.py:3560}}
Aug 25 11:14:20.253626 np0000008075 nova-conductor[99079]: DEBUG cotyledon.oslo_config_glue [-] profiler.es_scroll_time = 2m {{(pid=99079) log_opt_values /opt/stack/data/venv/lib/python3.12/site-packages/oslo_config/cfg.py:3560}}
Aug 25 11:14:20.253842 np0000008075 nova-conductor[99079]: DEBUG cotyledon.oslo_config_glue [-] profiler.filter_error_trace = False {{(pid=99079) log_opt_values /opt/stack/data/venv/lib/python3.12/site-packages/oslo_config/cfg.py:3560}}
Aug 25 11:14:20.253842 np0000008075 nova-conductor[99079]: DEBUG cotyledon.oslo_config_glue [-] profiler.hmac_keys = **** {{(pid=99079) log_opt_values /opt/stack/data/venv/lib/python3.12/site-packages/oslo_config/cfg.py:3560}}
Aug 25 11:14:20.253842 np0000008075 nova-conductor[99079]: DEBUG cotyledon.oslo_config_glue [-] profiler.sentinel_service_name = mymaster {{(pid=99079) log_opt_values /opt/stack/data/venv/lib/python3.12/site-packages/oslo_config/cfg.py:3560}}
Aug 25 11:14:20.253842 np0000008075 nova-conductor[99079]: DEBUG cotyledon.oslo_config_glue [-] profiler.socket_timeout = 0.1 {{(pid=99079) log_opt_values /opt/stack/data/venv/lib/python3.12/site-packages/oslo_config/cfg.py:3560}}
Aug 25 11:14:20.253842 np0000008075 nova-conductor[99079]: DEBUG cotyledon.oslo_config_glue [-] profiler.trace_requests = False {{(pid=99079) log_opt_values /opt/stack/data/venv/lib/python3.12/site-packages/oslo_config/cfg.py:3560}}
Aug 25 11:14:20.253842 np0000008075 nova-conductor[99079]: DEBUG cotyledon.oslo_config_glue [-] profiler.trace_sqlalchemy = False {{(pid=99079) log_opt_values /opt/stack/data/venv/lib/python3.12/site-packages/oslo_config/cfg.py:3560}}
Aug 25 11:14:20.253842 np0000008075 nova-conductor[99079]: DEBUG cotyledon.oslo_config_glue [-] profiler_jaeger.process_tags = {} {{(pid=99079) log_opt_values /opt/stack/data/venv/lib/python3.12/site-packages/oslo_config/cfg.py:3560}}
Aug 25 11:14:20.253842 np0000008075 nova-conductor[99079]: DEBUG cotyledon.oslo_config_glue [-] profiler_jaeger.service_name_prefix = None {{(pid=99079) log_opt_values /opt/stack/data/venv/lib/python3.12/site-packages/oslo_config/cfg.py:3560}}
Aug 25 11:14:20.253842 np0000008075 nova-conductor[99079]: DEBUG cotyledon.oslo_config_glue [-] profiler_otlp.service_name_prefix = None {{(pid=99079) log_opt_values /opt/stack/data/venv/lib/python3.12/site-packages/oslo_config/cfg.py:3560}}
Aug 25 11:14:20.254017 np0000008075 nova-conductor[99079]: DEBUG cotyledon.oslo_config_glue [-] oslo_messaging_rabbit.amqp_auto_delete = False {{(pid=99079) log_opt_values /opt/stack/data/venv/lib/python3.12/site-packages/oslo_config/cfg.py:3560}}
Aug 25 11:14:20.254017 np0000008075 nova-conductor[99079]: DEBUG cotyledon.oslo_config_glue [-] oslo_messaging_rabbit.amqp_durable_queues = False {{(pid=99079) log_opt_values /opt/stack/data/venv/lib/python3.12/site-packages/oslo_config/cfg.py:3560}}
Aug 25 11:14:20.254017 np0000008075 nova-conductor[99079]: DEBUG cotyledon.oslo_config_glue [-] oslo_messaging_rabbit.conn_pool_min_size = 2 {{(pid=99079) log_opt_values /opt/stack/data/venv/lib/python3.12/site-packages/oslo_config/cfg.py:3560}}
Aug 25 11:14:20.254017 np0000008075 nova-conductor[99079]: DEBUG cotyledon.oslo_config_glue [-] oslo_messaging_rabbit.conn_pool_ttl = 1200 {{(pid=99079) log_opt_values /opt/stack/data/venv/lib/python3.12/site-packages/oslo_config/cfg.py:3560}}
Aug 25 11:14:20.254017 np0000008075 nova-conductor[99079]: DEBUG cotyledon.oslo_config_glue [-] oslo_messaging_rabbit.direct_mandatory_flag = True {{(pid=99079) log_opt_values /opt/stack/data/venv/lib/python3.12/site-packages/oslo_config/cfg.py:3560}}
Aug 25 11:14:20.254017 np0000008075 nova-conductor[99079]: DEBUG cotyledon.oslo_config_glue [-] oslo_messaging_rabbit.enable_cancel_on_failover = False {{(pid=99079) log_opt_values /opt/stack/data/venv/lib/python3.12/site-packages/oslo_config/cfg.py:3560}}
Aug 25 11:14:20.254017 np0000008075 nova-conductor[99079]: DEBUG cotyledon.oslo_config_glue [-] oslo_messaging_rabbit.heartbeat_rate = 3 {{(pid=99079) log_opt_values /opt/stack/data/venv/lib/python3.12/site-packages/oslo_config/cfg.py:3560}}
Aug 25 11:14:20.254017 np0000008075 nova-conductor[99079]: DEBUG cotyledon.oslo_config_glue [-] oslo_messaging_rabbit.heartbeat_timeout_threshold = 60 {{(pid=99079) log_opt_values /opt/stack/data/venv/lib/python3.12/site-packages/oslo_config/cfg.py:3560}}
Aug 25 11:14:20.254017 np0000008075 nova-conductor[99079]: DEBUG cotyledon.oslo_config_glue [-] oslo_messaging_rabbit.hostname = np0000008075 {{(pid=99079) log_opt_values /opt/stack/data/venv/lib/python3.12/site-packages/oslo_config/cfg.py:3560}}
Aug 25 11:14:20.254180 np0000008075 nova-conductor[99079]: DEBUG cotyledon.oslo_config_glue [-] oslo_messaging_rabbit.kombu_compression = None {{(pid=99079) log_opt_values /opt/stack/data/venv/lib/python3.12/site-packages/oslo_config/cfg.py:3560}}
Aug 25 11:14:20.254180 np0000008075 nova-conductor[99079]: DEBUG cotyledon.oslo_config_glue [-] oslo_messaging_rabbit.kombu_failover_strategy = round-robin {{(pid=99079) log_opt_values /opt/stack/data/venv/lib/python3.12/site-packages/oslo_config/cfg.py:3560}}
Aug 25 11:14:20.254180 np0000008075 nova-conductor[99079]: DEBUG cotyledon.oslo_config_glue [-] oslo_messaging_rabbit.kombu_missing_consumer_retry_timeout = 60 {{(pid=99079) log_opt_values /opt/stack/data/venv/lib/python3.12/site-packages/oslo_config/cfg.py:3560}}
Aug 25 11:14:20.254180 np0000008075 nova-conductor[99079]: DEBUG cotyledon.oslo_config_glue [-] oslo_messaging_rabbit.kombu_reconnect_delay = 1.0 {{(pid=99079) log_opt_values /opt/stack/data/venv/lib/python3.12/site-packages/oslo_config/cfg.py:3560}}
Aug 25 11:14:20.254180 np0000008075 nova-conductor[99079]: DEBUG cotyledon.oslo_config_glue [-] oslo_messaging_rabbit.kombu_reconnect_splay = 0.0 {{(pid=99079) log_opt_values /opt/stack/data/venv/lib/python3.12/site-packages/oslo_config/cfg.py:3560}}
Aug 25 11:14:20.254180 np0000008075 nova-conductor[99079]: DEBUG cotyledon.oslo_config_glue [-] oslo_messaging_rabbit.processname = nova-conductor {{(pid=99079) log_opt_values /opt/stack/data/venv/lib/python3.12/site-packages/oslo_config/cfg.py:3560}}
Aug 25 11:14:20.254180 np0000008075 nova-conductor[99079]: DEBUG cotyledon.oslo_config_glue [-] oslo_messaging_rabbit.rabbit_ha_queues = False {{(pid=99079) log_opt_values /opt/stack/data/venv/lib/python3.12/site-packages/oslo_config/cfg.py:3560}}
Aug 25 11:14:20.254180 np0000008075 nova-conductor[99079]: DEBUG cotyledon.oslo_config_glue [-] oslo_messaging_rabbit.rabbit_interval_max = 30 {{(pid=99079) log_opt_values /opt/stack/data/venv/lib/python3.12/site-packages/oslo_config/cfg.py:3560}}
Aug 25 11:14:20.254180 np0000008075 nova-conductor[99079]: DEBUG cotyledon.oslo_config_glue [-] oslo_messaging_rabbit.rabbit_login_method = AMQPLAIN {{(pid=99079) log_opt_values /opt/stack/data/venv/lib/python3.12/site-packages/oslo_config/cfg.py:3560}}
Aug 25 11:14:20.254336 np0000008075 nova-conductor[99073]: INFO dbcounter [None req-2d63e793-a7aa-4f34-a336-eedebd4f8888 None None] Registered counter for database nova_cell0
Aug 25 11:14:20.254363 np0000008075 nova-conductor[99079]: DEBUG cotyledon.oslo_config_glue [-] oslo_messaging_rabbit.rabbit_qos_prefetch_count = 0 {{(pid=99079) log_opt_values /opt/stack/data/venv/lib/python3.12/site-packages/oslo_config/cfg.py:3560}}
Aug 25 11:14:20.254363 np0000008075 nova-conductor[99079]: DEBUG cotyledon.oslo_config_glue [-] oslo_messaging_rabbit.rabbit_quorum_delivery_limit = 0 {{(pid=99079) log_opt_values /opt/stack/data/venv/lib/python3.12/site-packages/oslo_config/cfg.py:3560}}
Aug 25 11:14:20.254363 np0000008075 nova-conductor[99079]: DEBUG cotyledon.oslo_config_glue [-] oslo_messaging_rabbit.rabbit_quorum_max_memory_bytes = 0 {{(pid=99079) log_opt_values /opt/stack/data/venv/lib/python3.12/site-packages/oslo_config/cfg.py:3560}}
Aug 25 11:14:20.254363 np0000008075 nova-conductor[99079]: DEBUG cotyledon.oslo_config_glue [-] oslo_messaging_rabbit.rabbit_quorum_max_memory_length = 0 {{(pid=99079) log_opt_values /opt/stack/data/venv/lib/python3.12/site-packages/oslo_config/cfg.py:3560}}
Aug 25 11:14:20.254363 np0000008075 nova-conductor[99079]: DEBUG cotyledon.oslo_config_glue [-] oslo_messaging_rabbit.rabbit_quorum_queue = False {{(pid=99079) log_opt_values /opt/stack/data/venv/lib/python3.12/site-packages/oslo_config/cfg.py:3560}}
Aug 25 11:14:20.254363 np0000008075 nova-conductor[99079]: DEBUG cotyledon.oslo_config_glue [-] oslo_messaging_rabbit.rabbit_retry_backoff = 2 {{(pid=99079) log_opt_values /opt/stack/data/venv/lib/python3.12/site-packages/oslo_config/cfg.py:3560}}
Aug 25 11:14:20.254363 np0000008075 nova-conductor[99079]: DEBUG cotyledon.oslo_config_glue [-] oslo_messaging_rabbit.rabbit_retry_interval = 1 {{(pid=99079) log_opt_values /opt/stack/data/venv/lib/python3.12/site-packages/oslo_config/cfg.py:3560}}
Aug 25 11:14:20.254363 np0000008075 nova-conductor[99079]: DEBUG cotyledon.oslo_config_glue [-] oslo_messaging_rabbit.rabbit_stream_fanout = False {{(pid=99079) log_opt_values /opt/stack/data/venv/lib/python3.12/site-packages/oslo_config/cfg.py:3560}}
Aug 25 11:14:20.254523 np0000008075 nova-conductor[99079]: DEBUG cotyledon.oslo_config_glue [-] oslo_messaging_rabbit.rabbit_transient_queues_ttl = 1800 {{(pid=99079) log_opt_values /opt/stack/data/venv/lib/python3.12/site-packages/oslo_config/cfg.py:3560}}
Aug 25 11:14:20.254523 np0000008075 nova-conductor[99079]: DEBUG cotyledon.oslo_config_glue [-] oslo_messaging_rabbit.rabbit_transient_quorum_queue = False {{(pid=99079) log_opt_values /opt/stack/data/venv/lib/python3.12/site-packages/oslo_config/cfg.py:3560}}
Aug 25 11:14:20.254523 np0000008075 nova-conductor[99079]: DEBUG cotyledon.oslo_config_glue [-] oslo_messaging_rabbit.rpc_conn_pool_size = 30 {{(pid=99079) log_opt_values /opt/stack/data/venv/lib/python3.12/site-packages/oslo_config/cfg.py:3560}}
Aug 25 11:14:20.254523 np0000008075 nova-conductor[99079]: DEBUG cotyledon.oslo_config_glue [-] oslo_messaging_rabbit.ssl = False {{(pid=99079) log_opt_values /opt/stack/data/venv/lib/python3.12/site-packages/oslo_config/cfg.py:3560}}
Aug 25 11:14:20.254523 np0000008075 nova-conductor[99079]: DEBUG cotyledon.oslo_config_glue [-] oslo_messaging_rabbit.ssl_ca_file = {{(pid=99079) log_opt_values /opt/stack/data/venv/lib/python3.12/site-packages/oslo_config/cfg.py:3560}}
Aug 25 11:14:20.254523 np0000008075 nova-conductor[99079]: DEBUG cotyledon.oslo_config_glue [-] oslo_messaging_rabbit.ssl_cert_file = {{(pid=99079) log_opt_values /opt/stack/data/venv/lib/python3.12/site-packages/oslo_config/cfg.py:3560}}
Aug 25 11:14:20.254523 np0000008075 nova-conductor[99079]: DEBUG cotyledon.oslo_config_glue [-] oslo_messaging_rabbit.ssl_enforce_fips_mode = False {{(pid=99079) log_opt_values /opt/stack/data/venv/lib/python3.12/site-packages/oslo_config/cfg.py:3560}}
Aug 25 11:14:20.254523 np0000008075 nova-conductor[99079]: DEBUG cotyledon.oslo_config_glue [-] oslo_messaging_rabbit.ssl_enforce_hostname_verification = True {{(pid=99079) log_opt_values /opt/stack/data/venv/lib/python3.12/site-packages/oslo_config/cfg.py:3560}}
Aug 25 11:14:20.254523 np0000008075 nova-conductor[99079]: DEBUG cotyledon.oslo_config_glue [-] oslo_messaging_rabbit.ssl_key_file = {{(pid=99079) log_opt_values /opt/stack/data/venv/lib/python3.12/site-packages/oslo_config/cfg.py:3560}}
Aug 25 11:14:20.254705 np0000008075 nova-conductor[99079]: DEBUG cotyledon.oslo_config_glue [-] oslo_messaging_rabbit.ssl_version = {{(pid=99079) log_opt_values /opt/stack/data/venv/lib/python3.12/site-packages/oslo_config/cfg.py:3560}}
Aug 25 11:14:20.254705 np0000008075 nova-conductor[99079]: DEBUG cotyledon.oslo_config_glue [-] oslo_messaging_rabbit.use_queue_manager = False {{(pid=99079) log_opt_values /opt/stack/data/venv/lib/python3.12/site-packages/oslo_config/cfg.py:3560}}
Aug 25 11:14:20.254751 np0000008075 nova-conductor[99062]: DEBUG oslo_db.sqlalchemy.engines [None req-6cb59083-4811-4e92-ac43-ae9c989a894c None None] MySQL server mode set to STRICT_TRANS_TABLES,STRICT_ALL_TABLES,NO_ZERO_IN_DATE,NO_ZERO_DATE,ERROR_FOR_DIVISION_BY_ZERO,TRADITIONAL,NO_ENGINE_SUBSTITUTION {{(pid=99062) _check_effective_sql_mode /opt/stack/data/venv/lib/python3.12/site-packages/oslo_db/sqlalchemy/engines.py:325}}
Aug 25 11:14:20.254797 np0000008075 nova-conductor[99079]: DEBUG cotyledon.oslo_config_glue [-] oslo_messaging_notifications.driver = ['messagingv2'] {{(pid=99079) log_opt_values /opt/stack/data/venv/lib/python3.12/site-packages/oslo_config/cfg.py:3560}}
Aug 25 11:14:20.254797 np0000008075 nova-conductor[99079]: DEBUG cotyledon.oslo_config_glue [-] oslo_messaging_notifications.retry = -1 {{(pid=99079) log_opt_values /opt/stack/data/venv/lib/python3.12/site-packages/oslo_config/cfg.py:3560}}
Aug 25 11:14:20.254797 np0000008075 nova-conductor[99079]: DEBUG cotyledon.oslo_config_glue [-] oslo_messaging_notifications.topics = ['notifications'] {{(pid=99079) log_opt_values /opt/stack/data/venv/lib/python3.12/site-packages/oslo_config/cfg.py:3560}}
Aug 25 11:14:20.254797 np0000008075 nova-conductor[99079]: DEBUG cotyledon.oslo_config_glue [-] oslo_messaging_notifications.transport_url = **** {{(pid=99079) log_opt_values /opt/stack/data/venv/lib/python3.12/site-packages/oslo_config/cfg.py:3560}}
Aug 25 11:14:20.254797 np0000008075 nova-conductor[99079]: DEBUG cotyledon.oslo_config_glue [-] oslo_limit.auth_section = None {{(pid=99079) log_opt_values /opt/stack/data/venv/lib/python3.12/site-packages/oslo_config/cfg.py:3560}}
Aug 25 11:14:20.254797 np0000008075 nova-conductor[99079]: DEBUG cotyledon.oslo_config_glue [-] oslo_limit.auth_type = None {{(pid=99079) log_opt_values /opt/stack/data/venv/lib/python3.12/site-packages/oslo_config/cfg.py:3560}}
Aug 25 11:14:20.254797 np0000008075 nova-conductor[99079]: DEBUG cotyledon.oslo_config_glue [-] oslo_limit.cafile = None {{(pid=99079) log_opt_values /opt/stack/data/venv/lib/python3.12/site-packages/oslo_config/cfg.py:3560}}
Aug 25 11:14:20.254797 np0000008075 nova-conductor[99079]: DEBUG cotyledon.oslo_config_glue [-] oslo_limit.certfile = None {{(pid=99079) log_opt_values /opt/stack/data/venv/lib/python3.12/site-packages/oslo_config/cfg.py:3560}}
Aug 25 11:14:20.254797 np0000008075 nova-conductor[99079]: DEBUG cotyledon.oslo_config_glue [-] oslo_limit.collect_timing = False {{(pid=99079) log_opt_values /opt/stack/data/venv/lib/python3.12/site-packages/oslo_config/cfg.py:3560}}
Aug 25 11:14:20.254977 np0000008075 nova-conductor[99079]: DEBUG cotyledon.oslo_config_glue [-] oslo_limit.connect_retries = None {{(pid=99079) log_opt_values /opt/stack/data/venv/lib/python3.12/site-packages/oslo_config/cfg.py:3560}}
Aug 25 11:14:20.254977 np0000008075 nova-conductor[99079]: DEBUG cotyledon.oslo_config_glue [-] oslo_limit.connect_retry_delay = None {{(pid=99079) log_opt_values /opt/stack/data/venv/lib/python3.12/site-packages/oslo_config/cfg.py:3560}}
Aug 25 11:14:20.254977 np0000008075 nova-conductor[99079]: DEBUG cotyledon.oslo_config_glue [-] oslo_limit.endpoint_id = None {{(pid=99079) log_opt_values /opt/stack/data/venv/lib/python3.12/site-packages/oslo_config/cfg.py:3560}}
Aug 25 11:14:20.254977 np0000008075 nova-conductor[99079]: DEBUG cotyledon.oslo_config_glue [-] oslo_limit.endpoint_interface = public {{(pid=99079) log_opt_values /opt/stack/data/venv/lib/python3.12/site-packages/oslo_config/cfg.py:3560}}
Aug 25 11:14:20.254977 np0000008075 nova-conductor[99079]: DEBUG cotyledon.oslo_config_glue [-] oslo_limit.endpoint_override = None {{(pid=99079) log_opt_values /opt/stack/data/venv/lib/python3.12/site-packages/oslo_config/cfg.py:3560}}
Aug 25 11:14:20.254977 np0000008075 nova-conductor[99079]: DEBUG cotyledon.oslo_config_glue [-] oslo_limit.endpoint_region_name = None {{(pid=99079) log_opt_values /opt/stack/data/venv/lib/python3.12/site-packages/oslo_config/cfg.py:3560}}
Aug 25 11:14:20.254977 np0000008075 nova-conductor[99079]: DEBUG cotyledon.oslo_config_glue [-] oslo_limit.endpoint_service_name = None {{(pid=99079) log_opt_values /opt/stack/data/venv/lib/python3.12/site-packages/oslo_config/cfg.py:3560}}
Aug 25 11:14:20.254977 np0000008075 nova-conductor[99079]: DEBUG cotyledon.oslo_config_glue [-] oslo_limit.endpoint_service_type = None {{(pid=99079) log_opt_values /opt/stack/data/venv/lib/python3.12/site-packages/oslo_config/cfg.py:3560}}
Aug 25 11:14:20.254977 np0000008075 nova-conductor[99079]: DEBUG cotyledon.oslo_config_glue [-] oslo_limit.insecure = False {{(pid=99079) log_opt_values /opt/stack/data/venv/lib/python3.12/site-packages/oslo_config/cfg.py:3560}}
Aug 25 11:14:20.255155 np0000008075 nova-conductor[99079]: DEBUG cotyledon.oslo_config_glue [-] oslo_limit.keyfile = None {{(pid=99079) log_opt_values /opt/stack/data/venv/lib/python3.12/site-packages/oslo_config/cfg.py:3560}}
Aug 25 11:14:20.255155 np0000008075 nova-conductor[99079]: DEBUG cotyledon.oslo_config_glue [-] oslo_limit.max_version = None {{(pid=99079) log_opt_values /opt/stack/data/venv/lib/python3.12/site-packages/oslo_config/cfg.py:3560}}
Aug 25 11:14:20.255155 np0000008075 nova-conductor[99079]: DEBUG cotyledon.oslo_config_glue [-] oslo_limit.min_version = None {{(pid=99079) log_opt_values /opt/stack/data/venv/lib/python3.12/site-packages/oslo_config/cfg.py:3560}}
Aug 25 11:14:20.255155 np0000008075 nova-conductor[99079]: DEBUG cotyledon.oslo_config_glue [-] oslo_limit.region_name = None {{(pid=99079) log_opt_values /opt/stack/data/venv/lib/python3.12/site-packages/oslo_config/cfg.py:3560}}
Aug 25 11:14:20.255155 np0000008075 nova-conductor[99079]: DEBUG cotyledon.oslo_config_glue [-] oslo_limit.retriable_status_codes = None {{(pid=99079) log_opt_values /opt/stack/data/venv/lib/python3.12/site-packages/oslo_config/cfg.py:3560}}
Aug 25 11:14:20.255155 np0000008075 nova-conductor[99079]: DEBUG cotyledon.oslo_config_glue [-] oslo_limit.service_name = None {{(pid=99079) log_opt_values /opt/stack/data/venv/lib/python3.12/site-packages/oslo_config/cfg.py:3560}}
Aug 25 11:14:20.255155 np0000008075 nova-conductor[99079]: DEBUG cotyledon.oslo_config_glue [-] oslo_limit.service_type = None {{(pid=99079) log_opt_values /opt/stack/data/venv/lib/python3.12/site-packages/oslo_config/cfg.py:3560}}
Aug 25 11:14:20.255155 np0000008075 nova-conductor[99079]: DEBUG cotyledon.oslo_config_glue [-] oslo_limit.split_loggers = False {{(pid=99079) log_opt_values /opt/stack/data/venv/lib/python3.12/site-packages/oslo_config/cfg.py:3560}}
Aug 25 11:14:20.255155 np0000008075 nova-conductor[99079]: DEBUG cotyledon.oslo_config_glue [-] oslo_limit.status_code_retries = None {{(pid=99079) log_opt_values /opt/stack/data/venv/lib/python3.12/site-packages/oslo_config/cfg.py:3560}}
Aug 25 11:14:20.255333 np0000008075 nova-conductor[99079]: DEBUG cotyledon.oslo_config_glue [-] oslo_limit.status_code_retry_delay = None {{(pid=99079) log_opt_values /opt/stack/data/venv/lib/python3.12/site-packages/oslo_config/cfg.py:3560}}
Aug 25 11:14:20.255333 np0000008075 nova-conductor[99079]: DEBUG cotyledon.oslo_config_glue [-] oslo_limit.timeout = None {{(pid=99079) log_opt_values /opt/stack/data/venv/lib/python3.12/site-packages/oslo_config/cfg.py:3560}}
Aug 25 11:14:20.255333 np0000008075 nova-conductor[99079]: DEBUG cotyledon.oslo_config_glue [-] oslo_limit.valid_interfaces = None {{(pid=99079) log_opt_values /opt/stack/data/venv/lib/python3.12/site-packages/oslo_config/cfg.py:3560}}
Aug 25 11:14:20.255333 np0000008075 nova-conductor[99079]: DEBUG cotyledon.oslo_config_glue [-] oslo_limit.version = None {{(pid=99079) log_opt_values /opt/stack/data/venv/lib/python3.12/site-packages/oslo_config/cfg.py:3560}}
Aug 25 11:14:20.255333 np0000008075 nova-conductor[99079]: DEBUG cotyledon.oslo_config_glue [-] oslo_reports.file_event_handler = None {{(pid=99079) log_opt_values /opt/stack/data/venv/lib/python3.12/site-packages/oslo_config/cfg.py:3560}}
Aug 25 11:14:20.255333 np0000008075 nova-conductor[99079]: DEBUG cotyledon.oslo_config_glue [-] oslo_reports.file_event_handler_interval = 1 {{(pid=99079) log_opt_values /opt/stack/data/venv/lib/python3.12/site-packages/oslo_config/cfg.py:3560}}
Aug 25 11:14:20.255333 np0000008075 nova-conductor[99079]: DEBUG cotyledon.oslo_config_glue [-] oslo_reports.log_dir = None {{(pid=99079) log_opt_values /opt/stack/data/venv/lib/python3.12/site-packages/oslo_config/cfg.py:3560}}
Aug 25 11:14:20.255333 np0000008075 nova-conductor[99079]: DEBUG cotyledon.oslo_config_glue [-] ******************************************************************************** {{(pid=99079) log_opt_values /opt/stack/data/venv/lib/python3.12/site-packages/oslo_config/cfg.py:3567}}
Aug 25 11:14:20.255333 np0000008075 nova-conductor[99079]: DEBUG cotyledon._service_worker [-] Run service ServiceWrapper(3) [99079] {{(pid=99079) wait_forever /opt/stack/data/venv/lib/python3.12/site-packages/cotyledon/_service_worker.py:218}}
Aug 25 11:14:20.255575 np0000008075 nova-conductor[99079]: INFO nova.service [-] Starting conductor node (version 33.1.0)
Aug 25 11:14:20.255995 np0000008075 nova-conductor[99079]: INFO dbcounter [None req-e97d8ac7-1f58-43d9-a18b-e51f0c5ffe17 None None] Registered counter for database nova_cell0
Aug 25 11:14:20.259159 np0000008075 nova-conductor[99062]: DEBUG dbcounter [-] [99062] Writer thread running {{(pid=99062) stat_writer /opt/stack/data/venv/lib/python3.12/site-packages/dbcounter.py:102}}
Aug 25 11:14:20.275419 np0000008075 nova-conductor[99062]: DEBUG nova.service [None req-6cb59083-4811-4e92-ac43-ae9c989a894c None None] Creating RPC server for service: nova-conductor on topic: conductor {{(pid=99062) start /opt/stack/nova/nova/service.py:262}}
Aug 25 11:14:20.286672 np0000008075 nova-conductor[99073]: DEBUG oslo_db.sqlalchemy.engines [None req-2d63e793-a7aa-4f34-a336-eedebd4f8888 None None] MySQL server mode set to STRICT_TRANS_TABLES,STRICT_ALL_TABLES,NO_ZERO_IN_DATE,NO_ZERO_DATE,ERROR_FOR_DIVISION_BY_ZERO,TRADITIONAL,NO_ENGINE_SUBSTITUTION {{(pid=99073) _check_effective_sql_mode /opt/stack/data/venv/lib/python3.12/site-packages/oslo_db/sqlalchemy/engines.py:325}}
Aug 25 11:14:20.290695 np0000008075 nova-conductor[99069]: DEBUG oslo_db.sqlalchemy.engines [None req-c5daaaa6-c70e-427b-9683-f1ca85c071fc None None] MySQL server mode set to STRICT_TRANS_TABLES,STRICT_ALL_TABLES,NO_ZERO_IN_DATE,NO_ZERO_DATE,ERROR_FOR_DIVISION_BY_ZERO,TRADITIONAL,NO_ENGINE_SUBSTITUTION {{(pid=99069) _check_effective_sql_mode /opt/stack/data/venv/lib/python3.12/site-packages/oslo_db/sqlalchemy/engines.py:325}}
Aug 25 11:14:20.295649 np0000008075 nova-conductor[99073]: DEBUG dbcounter [-] [99073] Writer thread running {{(pid=99073) stat_writer /opt/stack/data/venv/lib/python3.12/site-packages/dbcounter.py:102}}
Aug 25 11:14:20.296710 np0000008075 nova-conductor[99079]: DEBUG oslo_db.sqlalchemy.engines [None req-e97d8ac7-1f58-43d9-a18b-e51f0c5ffe17 None None] MySQL server mode set to STRICT_TRANS_TABLES,STRICT_ALL_TABLES,NO_ZERO_IN_DATE,NO_ZERO_DATE,ERROR_FOR_DIVISION_BY_ZERO,TRADITIONAL,NO_ENGINE_SUBSTITUTION {{(pid=99079) _check_effective_sql_mode /opt/stack/data/venv/lib/python3.12/site-packages/oslo_db/sqlalchemy/engines.py:325}}
Aug 25 11:14:20.298261 np0000008075 nova-conductor[99073]: DEBUG nova.service [None req-2d63e793-a7aa-4f34-a336-eedebd4f8888 None None] Creating RPC server for service: nova-conductor on topic: conductor {{(pid=99073) start /opt/stack/nova/nova/service.py:262}}
Aug 25 11:14:20.298956 np0000008075 nova-conductor[99062]: DEBUG nova.service [None req-6cb59083-4811-4e92-ac43-ae9c989a894c None None] Join ServiceGroup membership for this service conductor {{(pid=99062) start /opt/stack/nova/nova/service.py:288}}
Aug 25 11:14:20.299168 np0000008075 nova-conductor[99062]: DEBUG nova.servicegroup.drivers.db [None req-6cb59083-4811-4e92-ac43-ae9c989a894c None None] DB_Driver: join new ServiceGroup member np0000008075 to the conductor group, service = {{(pid=99062) join /opt/stack/nova/nova/servicegroup/drivers/db.py:44}}
Aug 25 11:14:20.300116 np0000008075 nova-conductor[99069]: DEBUG dbcounter [-] [99069] Writer thread running {{(pid=99069) stat_writer /opt/stack/data/venv/lib/python3.12/site-packages/dbcounter.py:102}}
Aug 25 11:14:20.303098 np0000008075 nova-conductor[99069]: DEBUG nova.service [None req-c5daaaa6-c70e-427b-9683-f1ca85c071fc None None] Creating RPC server for service: nova-conductor on topic: conductor {{(pid=99069) start /opt/stack/nova/nova/service.py:262}}
Aug 25 11:14:20.306111 np0000008075 nova-conductor[99079]: DEBUG dbcounter [-] [99079] Writer thread running {{(pid=99079) stat_writer /opt/stack/data/venv/lib/python3.12/site-packages/dbcounter.py:102}}
Aug 25 11:14:20.308900 np0000008075 nova-conductor[99079]: DEBUG nova.service [None req-e97d8ac7-1f58-43d9-a18b-e51f0c5ffe17 None None] Creating RPC server for service: nova-conductor on topic: conductor {{(pid=99079) start /opt/stack/nova/nova/service.py:262}}
Aug 25 11:14:20.314021 np0000008075 nova-conductor[99073]: DEBUG nova.service [None req-2d63e793-a7aa-4f34-a336-eedebd4f8888 None None] Join ServiceGroup membership for this service conductor {{(pid=99073) start /opt/stack/nova/nova/service.py:288}}
Aug 25 11:14:20.314193 np0000008075 nova-conductor[99073]: DEBUG nova.servicegroup.drivers.db [None req-2d63e793-a7aa-4f34-a336-eedebd4f8888 None None] DB_Driver: join new ServiceGroup member np0000008075 to the conductor group, service = {{(pid=99073) join /opt/stack/nova/nova/servicegroup/drivers/db.py:44}}
Aug 25 11:14:20.318812 np0000008075 nova-conductor[99069]: DEBUG nova.service [None req-c5daaaa6-c70e-427b-9683-f1ca85c071fc None None] Join ServiceGroup membership for this service conductor {{(pid=99069) start /opt/stack/nova/nova/service.py:288}}
Aug 25 11:14:20.319022 np0000008075 nova-conductor[99069]: DEBUG nova.servicegroup.drivers.db [None req-c5daaaa6-c70e-427b-9683-f1ca85c071fc None None] DB_Driver: join new ServiceGroup member np0000008075 to the conductor group, service = {{(pid=99069) join /opt/stack/nova/nova/servicegroup/drivers/db.py:44}}
Aug 25 11:14:20.324443 np0000008075 nova-conductor[99079]: DEBUG nova.service [None req-e97d8ac7-1f58-43d9-a18b-e51f0c5ffe17 None None] Join ServiceGroup membership for this service conductor {{(pid=99079) start /opt/stack/nova/nova/service.py:288}}
Aug 25 11:14:20.324646 np0000008075 nova-conductor[99079]: DEBUG nova.servicegroup.drivers.db [None req-e97d8ac7-1f58-43d9-a18b-e51f0c5ffe17 None None] DB_Driver: join new ServiceGroup member np0000008075 to the conductor group, service = {{(pid=99079) join /opt/stack/nova/nova/servicegroup/drivers/db.py:44}}
Aug 25 11:14:25.317613 np0000008075 nova-conductor[99062]: DEBUG oslo.service.backend._threading.loopingcall [-] Fixed interval looping call 'nova.servicegroup.drivers.db.DbDriver._report_state' sleeping for 119.98 seconds {{(pid=99062) _run_loop /opt/stack/data/venv/lib/python3.12/site-packages/oslo_service/backend/_threading/loopingcall.py:125}}
Aug 25 11:14:25.325929 np0000008075 nova-conductor[99073]: DEBUG oslo.service.backend._threading.loopingcall [-] Fixed interval looping call 'nova.servicegroup.drivers.db.DbDriver._report_state' sleeping for 119.99 seconds {{(pid=99073) _run_loop /opt/stack/data/venv/lib/python3.12/site-packages/oslo_service/backend/_threading/loopingcall.py:125}}
Aug 25 11:14:25.340309 np0000008075 nova-conductor[99079]: DEBUG oslo.service.backend._threading.loopingcall [-] Fixed interval looping call 'nova.servicegroup.drivers.db.DbDriver._report_state' sleeping for 119.99 seconds {{(pid=99079) _run_loop /opt/stack/data/venv/lib/python3.12/site-packages/oslo_service/backend/_threading/loopingcall.py:125}}
Aug 25 11:14:25.341124 np0000008075 nova-conductor[99069]: DEBUG oslo.service.backend._threading.loopingcall [-] Fixed interval looping call 'nova.servicegroup.drivers.db.DbDriver._report_state' sleeping for 119.98 seconds {{(pid=99069) _run_loop /opt/stack/data/venv/lib/python3.12/site-packages/oslo_service/backend/_threading/loopingcall.py:125}}
Aug 25 11:14:28.902734 np0000008075 nova-conductor[97565]: DEBUG dbcounter [-] [97565] Writing DB stats nova_api:SELECT=1 {{(pid=97565) stat_writer /opt/stack/data/venv/lib/python3.12/site-packages/dbcounter.py:115}}
Aug 25 11:14:29.032742 np0000008075 nova-conductor[97565]: DEBUG dbcounter [-] [97565] Writing DB stats nova_cell0:SELECT=1 {{(pid=97565) stat_writer /opt/stack/data/venv/lib/python3.12/site-packages/dbcounter.py:115}}
Aug 25 11:14:29.035720 np0000008075 nova-conductor[97565]: DEBUG dbcounter [-] [97565] Writing DB stats nova_cell1:SELECT=1 {{(pid=97565) stat_writer /opt/stack/data/venv/lib/python3.12/site-packages/dbcounter.py:115}}
Aug 25 11:14:34.316185 np0000008075 nova-conductor[99073]: DEBUG oslo.service.backend._threading.loopingcall [None req-51c06b3d-6335-4a8c-b0f4-99407c663967 None None] Dynamic interval looping call 'nova.service.Service.periodic_tasks' sleeping for 60.00 seconds {{(pid=99073) _run_loop /opt/stack/data/venv/lib/python3.12/site-packages/oslo_service/backend/_threading/loopingcall.py:125}}
Aug 25 11:14:35.312882 np0000008075 nova-conductor[99062]: DEBUG dbcounter [-] [99062] Writing DB stats nova_cell0:SELECT=4,nova_cell0:INSERT=1,nova_cell0:UPDATE=1 {{(pid=99062) stat_writer /opt/stack/data/venv/lib/python3.12/site-packages/dbcounter.py:115}}
Aug 25 11:14:35.322960 np0000008075 nova-conductor[99073]: DEBUG dbcounter [-] [99073] Writing DB stats nova_cell0:SELECT=3 {{(pid=99073) stat_writer /opt/stack/data/venv/lib/python3.12/site-packages/dbcounter.py:115}}
Aug 25 11:14:35.333955 np0000008075 nova-conductor[99079]: DEBUG dbcounter [-] [99079] Writing DB stats nova_cell0:SELECT=3 {{(pid=99079) stat_writer /opt/stack/data/venv/lib/python3.12/site-packages/dbcounter.py:115}}
Aug 25 11:14:35.335385 np0000008075 nova-conductor[99069]: DEBUG dbcounter [-] [99069] Writing DB stats nova_cell0:SELECT=3 {{(pid=99069) stat_writer /opt/stack/data/venv/lib/python3.12/site-packages/dbcounter.py:115}}
Aug 25 11:14:49.326475 np0000008075 nova-conductor[99079]: DEBUG oslo.service.backend._threading.loopingcall [None req-4e0c87b2-d9b2-4373-9412-acc2f20da522 None None] Dynamic interval looping call 'nova.service.Service.periodic_tasks' sleeping for 60.00 seconds {{(pid=99079) _run_loop /opt/stack/data/venv/lib/python3.12/site-packages/oslo_service/backend/_threading/loopingcall.py:125}}
Aug 25 11:14:58.320735 np0000008075 nova-conductor[99069]: DEBUG oslo.service.backend._threading.loopingcall [None req-85a08b18-8c57-444e-8ae2-7bb36253635d None None] Dynamic interval looping call 'nova.service.Service.periodic_tasks' sleeping for 60.00 seconds {{(pid=99069) _run_loop /opt/stack/data/venv/lib/python3.12/site-packages/oslo_service/backend/_threading/loopingcall.py:125}}
Aug 25 11:15:05.301974 np0000008075 nova-conductor[99062]: DEBUG oslo.service.backend._threading.loopingcall [None req-24e2d64f-2db7-4dd7-a74f-1400953a6a81 None None] Dynamic interval looping call 'nova.service.Service.periodic_tasks' sleeping for 60.00 seconds {{(pid=99062) _run_loop /opt/stack/data/venv/lib/python3.12/site-packages/oslo_service/backend/_threading/loopingcall.py:125}}
Aug 25 11:15:34.316729 np0000008075 nova-conductor[99073]: DEBUG oslo.service.backend._threading.loopingcall [None req-51c06b3d-6335-4a8c-b0f4-99407c663967 None None] Dynamic interval looping call 'nova.service.Service.periodic_tasks' sleeping for 60.00 seconds {{(pid=99073) _run_loop /opt/stack/data/venv/lib/python3.12/site-packages/oslo_service/backend/_threading/loopingcall.py:125}}
Aug 25 11:15:49.327033 np0000008075 nova-conductor[99079]: DEBUG oslo.service.backend._threading.loopingcall [None req-4e0c87b2-d9b2-4373-9412-acc2f20da522 None None] Dynamic interval looping call 'nova.service.Service.periodic_tasks' sleeping for 60.00 seconds {{(pid=99079) _run_loop /opt/stack/data/venv/lib/python3.12/site-packages/oslo_service/backend/_threading/loopingcall.py:125}}
Aug 25 11:15:58.321216 np0000008075 nova-conductor[99069]: DEBUG oslo.service.backend._threading.loopingcall [None req-85a08b18-8c57-444e-8ae2-7bb36253635d None None] Dynamic interval looping call 'nova.service.Service.periodic_tasks' sleeping for 60.00 seconds {{(pid=99069) _run_loop /opt/stack/data/venv/lib/python3.12/site-packages/oslo_service/backend/_threading/loopingcall.py:125}}
Aug 25 11:16:05.302448 np0000008075 nova-conductor[99062]: DEBUG oslo.service.backend._threading.loopingcall [None req-24e2d64f-2db7-4dd7-a74f-1400953a6a81 None None] Dynamic interval looping call 'nova.service.Service.periodic_tasks' sleeping for 60.00 seconds {{(pid=99062) _run_loop /opt/stack/data/venv/lib/python3.12/site-packages/oslo_service/backend/_threading/loopingcall.py:125}}